124.115.0.157 - - [30/Jan/2010:22:11:07 -0800] "GET /installation/index.php HTTP/1.1" 200 2046 "-" "Sosospider+(+http://help.soso.com/webspider.htm)"
124.115.0.157 - - [30/Jan/2010:22:11:21 -0800] "GET /installation/template/css/template/css/template.css HTTP/1.1" 302 349 "http://sharkbomb.com/" "Sosospider+(+http://help.soso.com/webspider.htm)"
124.115.0.157 - - [30/Jan/2010:22:11:22 -0800] "GET /media/system/media/system/js/mootools.js HTTP/1.1" 302 349 "http://sharkbomb.com/" "Sosospider+(+http://help.soso.com/webspider.htm)"
124.115.0.157 - - [30/Jan/2010:22:11:22 -0800] "GET /installation/includes/js/includes/js/installation.js HTTP/1.1" 302 349 "http://sharkbomb.com/" "Sosospider+(+http://help.soso.com/webspider.htm)"
124.115.0.157 - - [30/Jan/2010:22:11:23 -0800] "GET /installation/template/js/template/js/validation.js HTTP/1.1" 302 349 "http://sharkbomb.com/" "Sosospider+(+http://help.soso.com/webspider.htm)"
123.125.66.45 - - [30/Jan/2010:22:36:27 -0800] "GET /robots.txt HTTP/1.1" 200 304 "-" "Baiduspider+(+http://www.baidu.com/search/spider.htm)"
66.249.71.6 - - [31/Jan/2010:01:52:10 -0800] "GET /robots.txt HTTP/1.1" 200 304 "-" "Mozilla/5.0 (compatible; Googlebot/2.1; +http://www.google.com/bot.html)"
66.249.71.6 - - [31/Jan/2010:01:52:11 -0800] "GET /index.php/photos/reply/2/photo/2/album/1.html HTTP/1.1" 302 - "-" "Mozilla/5.0 (compatible; Googlebot/2.1; +http://www.google.com/bot.html)"
66.249.71.6 - - [31/Jan/2010:01:52:11 -0800] "GET /index.php/photos/reply/2/photo/2/album/installation/index.php HTTP/1.1" 302 - "-" "Mozilla/5.0 (compatible; Googlebot/2.1; +http://www.google.com/bot.html)"
66.249.71.6 - - [31/Jan/2010:01:52:12 -0800] "GET /index.php/photos/reply/2/photo/2/album/installation/installation/index.php HTTP/1.1" 302 - "-" "Mozilla/5.0 (compatible; Googlebot/2.1; +http://www.google.com/bot.html)"
66.249.71.6 - - [31/Jan/2010:01:52:12 -0800] "GET /index.php/photos/reply/2/photo/2/album/installation/installation/installation/index.php HTTP/1.1" 302 - "-" "Mozilla/5.0 (compatible; Googlebot/2.1; +http://www.google.com/bot.html)"
66.249.71.6 - - [31/Jan/2010:01:52:13 -0800] "GET /index.php/photos/reply/2/photo/2/album/installation/installation/installation/installation/index.php HTTP/1.1" 302 - "-" "Mozilla/5.0 (compatible; Googlebot/2.1; +http://www.google.com/bot.html)"
66.249.71.6 - - [31/Jan/2010:01:52:14 -0800] "GET /index.php/photos/reply/2/photo/2/album/installation/installation/installation/installation/installation/index.php HTTP/1.1" 302 - "-" "Mozilla/5.0 (compatible; Googlebot/2.1; +http://www.google.com/bot.html)"
216.129.119.40 - - [31/Jan/2010:02:27:29 -0800] "GET /robots.txt HTTP/1.0" 200 304 "-" "Mozilla/5.0 (Twiceler-0.9 http://www.cuil.com/twiceler/robot.html)"
58.61.164.39 - - [31/Jan/2010:04:36:57 -0800] "GET / HTTP/1.1" 302 - "-" "Mozilla/4.0 (compatible; MSIE 6.0; Windows NT 5.1)"
58.61.164.39 - - [31/Jan/2010:04:36:57 -0800] "GET /installation/index.php HTTP/1.1" 200 2046 "-" "Mozilla/4.0 (compatible; MSIE 6.0; Windows NT 5.1)"
58.61.164.39 - - [31/Jan/2010:04:37:15 -0800] "GET /installation/template/css/template.css HTTP/1.1" 200 7375 "http://sharkbomb.com/" "Mozilla/4.0 (compatible; MSIE 6.0; Windows NT 5.1)"
58.61.164.39 - - [31/Jan/2010:04:37:16 -0800] "GET /media/system/js/mootools.js HTTP/1.1" 200 74434 "http://sharkbomb.com/" "Mozilla/4.0 (compatible; MSIE 6.0; Windows NT 5.1)"
58.61.164.39 - - [31/Jan/2010:04:37:18 -0800] "GET /installation/includes/js/installation.js HTTP/1.1" 200 598 "http://sharkbomb.com/" "Mozilla/4.0 (compatible; MSIE 6.0; Windows NT 5.1)"
58.61.164.39 - - [31/Jan/2010:04:37:19 -0800] "GET /installation/template/js/validation.js HTTP/1.1" 200 7137 "http://sharkbomb.com/" "Mozilla/4.0 (compatible; MSIE 6.0; Windows NT 5.1)"
124.115.0.16 - - [31/Jan/2010:05:32:16 -0800] "GET / HTTP/1.1" 302 - "-" "Sosospider+(+http://help.soso.com/webspider.htm)"
124.115.0.16 - - [31/Jan/2010:05:32:17 -0800] "GET /installation/index.php HTTP/1.1" 200 2046 "-" "Sosospider+(+http://help.soso.com/webspider.htm)"
124.115.0.16 - - [31/Jan/2010:05:32:30 -0800] "GET /installation/template/css/template/css/template.css HTTP/1.1" 302 349 "http://sharkbomb.com/" "Sosospider+(+http://help.soso.com/webspider.htm)"
124.115.0.16 - - [31/Jan/2010:05:32:31 -0800] "GET /media/system/media/system/js/mootools.js HTTP/1.1" 302 349 "http://sharkbomb.com/" "Sosospider+(+http://help.soso.com/webspider.htm)"
124.115.0.16 - - [31/Jan/2010:05:32:31 -0800] "GET /installation/includes/js/includes/js/installation.js HTTP/1.1" 302 349 "http://sharkbomb.com/" "Sosospider+(+http://help.soso.com/webspider.htm)"
124.115.0.16 - - [31/Jan/2010:05:32:32 -0800] "GET /installation/template/js/template/js/validation.js HTTP/1.1" 302 349 "http://sharkbomb.com/" "Sosospider+(+http://help.soso.com/webspider.htm)"
124.115.4.215 - - [31/Jan/2010:05:35:22 -0800] "GET / HTTP/1.1" 302 - "-" "Mozilla/4.0 (compatible; MSIE 6.0; Windows NT 5.1)"
124.115.4.215 - - [31/Jan/2010:05:35:23 -0800] "GET /installation/index.php HTTP/1.1" 200 2046 "-" "Mozilla/4.0 (compatible; MSIE 6.0; Windows NT 5.1)"
124.115.4.215 - - [31/Jan/2010:05:35:36 -0800] "GET /installation/template/css/template.css HTTP/1.1" 200 7375 "http://sharkbomb.com/" "Mozilla/4.0 (compatible; MSIE 6.0; Windows NT 5.1)"
124.115.4.215 - - [31/Jan/2010:05:35:37 -0800] "GET /media/system/js/mootools.js HTTP/1.1" 200 74434 "http://sharkbomb.com/" "Mozilla/4.0 (compatible; MSIE 6.0; Windows NT 5.1)"
124.115.4.215 - - [31/Jan/2010:05:35:40 -0800] "GET /installation/includes/js/installation.js HTTP/1.1" 200 598 "http://sharkbomb.com/" "Mozilla/4.0 (compatible; MSIE 6.0; Windows NT 5.1)"
124.115.4.215 - - [31/Jan/2010:05:35:40 -0800] "GET /installation/template/js/validation.js HTTP/1.1" 200 7137 "http://sharkbomb.com/" "Mozilla/4.0 (compatible; MSIE 6.0; Windows NT 5.1)"
114.80.93.73 - - [31/Jan/2010:05:38:15 -0800] "GET / HTTP/1.1" 302 - "-" "Mozilla/4.0 (compatible; MSIE 6.0; Windows NT 5.1)"
114.80.93.73 - - [31/Jan/2010:05:38:16 -0800] "GET /installation/index.php HTTP/1.1" 200 2046 "-" "Mozilla/4.0 (compatible; MSIE 6.0; Windows NT 5.1)"
114.80.93.73 - - [31/Jan/2010:05:38:29 -0800] "GET /installation/template/css/template.css HTTP/1.1" 200 7375 "http://sharkbomb.com/" "Mozilla/4.0 (compatible; MSIE 6.0; Windows NT 5.1)"
114.80.93.73 - - [31/Jan/2010:05:38:30 -0800] "GET /media/system/js/mootools.js HTTP/1.1" 200 74434 "http://sharkbomb.com/" "Mozilla/4.0 (compatible; MSIE 6.0; Windows NT 5.1)"
114.80.93.73 - - [31/Jan/2010:05:38:32 -0800] "GET /installation/includes/js/installation.js HTTP/1.1" 200 598 "http://sharkbomb.com/" "Mozilla/4.0 (compatible; MSIE 6.0; Windows NT 5.1)"
114.80.93.73 - - [31/Jan/2010:05:38:32 -0800] "GET /installation/template/js/validation.js HTTP/1.1" 200 7137 "http://sharkbomb.com/" "Mozilla/4.0 (compatible; MSIE 6.0; Windows NT 5.1)"
74.222.4.82 - - [31/Jan/2010:06:13:43 -0800] "GET /robots.txt HTTP/1.0" 200 304 "http://sharkbomb.com/robots.txt" "Mozilla/4.0 (compatible; MSIE 6.0; Windows NT 5.1; SV1; .NET CLR 2.0.50727)"
74.222.4.82 - - [31/Jan/2010:06:13:43 -0800] "GET / HTTP/1.0" 302 - "http://sharkbomb.com/" "Mozilla/4.0 (compatible; MSIE 6.0; Windows NT 5.1; SV1; .NET CLR 2.0.50727)"
74.222.4.82 - - [31/Jan/2010:06:13:49 -0800] "GET /robots.txt HTTP/1.0" 200 304 "http://sharkbomb.com/robots.txt" "Mozilla/4.0 (compatible; MSIE 6.0; Windows NT 5.1; SV1; .NET CLR 2.0.50727)"
93.158.148.31 - - [31/Jan/2010:08:27:12 -0800] "GET /robots.txt HTTP/1.1" 200 304 "-" "Yandex/1.01.001 (compatible; Win16; I)"
93.158.148.31 - - [31/Jan/2010:08:27:12 -0800] "GET /robots.txt HTTP/1.1" 200 304 "-" "Yandex/1.01.001 (compatible; Win16; I)"
124.115.6.17 - - [31/Jan/2010:10:33:31 -0800] "GET /robots.txt HTTP/1.1" 200 304 "-" "Sosospider+(+http://help.soso.com/webspider.htm)"
208.80.193.42 - - [31/Jan/2010:11:25:59 -0800] "GET / HTTP/1.0" 302 - "-" "Mozilla/4.0 (compatible; MSIE 6.0; AOL 9.0; Windows NT 5.1; SV1; .NET CLR 1.0.3705; .NET CLR 1.1.4322; Media Center PC 4.0; MEGAUPLOAD 1.0; HbTools 4.8.4)"
124.115.4.191 - - [31/Jan/2010:13:22:29 -0800] "GET / HTTP/1.1" 302 - "-" "Sosospider+(+http://help.soso.com/webspider.htm)"
124.115.4.191 - - [31/Jan/2010:13:22:30 -0800] "GET /installation/index.php HTTP/1.1" 200 2046 "-" "Sosospider+(+http://help.soso.com/webspider.htm)"
124.115.4.191 - - [31/Jan/2010:13:22:43 -0800] "GET /installation/template/css/template/css/template.css HTTP/1.1" 302 349 "http://sharkbomb.com/" "Sosospider+(+http://help.soso.com/webspider.htm)"
124.115.4.191 - - [31/Jan/2010:13:22:43 -0800] "GET /media/system/media/system/js/mootools.js HTTP/1.1" 302 349 "http://sharkbomb.com/" "Sosospider+(+http://help.soso.com/webspider.htm)"
124.115.4.191 - - [31/Jan/2010:13:22:44 -0800] "GET /installation/includes/js/includes/js/installation.js HTTP/1.1" 302 349 "http://sharkbomb.com/" "Sosospider+(+http://help.soso.com/webspider.htm)"
124.115.4.191 - - [31/Jan/2010:13:22:44 -0800] "GET /installation/template/js/template/js/validation.js HTTP/1.1" 302 349 "http://sharkbomb.com/" "Sosospider+(+http://help.soso.com/webspider.htm)"
67.218.116.133 - - [31/Jan/2010:14:13:46 -0800] "GET /robots.txt HTTP/1.0" 200 304 "-" "Mozilla/5.0 (Twiceler-0.9 http://www.cuil.com/twiceler/robot.html)"
193.47.80.41 - - [31/Jan/2010:15:12:34 -0800] "GET / HTTP/1.1" 302 - "-" "Mozilla/5.0 (compatible; Exabot/3.0; +http://www.exabot.com/go/robot)"
193.47.80.41 - - [31/Jan/2010:15:29:02 -0800] "GET /robots.txt HTTP/1.1" 200 304 "-" "Mozilla/5.0 (compatible; Exabot/3.0; +http://www.exabot.com/go/robot)"
93.158.148.31 - - [31/Jan/2010:16:14:14 -0800] "GET / HTTP/1.1" 302 - "-" "Yandex/1.01.001 (compatible; Win16; I)"
93.158.148.31 - - [31/Jan/2010:16:14:14 -0800] "GET / HTTP/1.1" 302 - "-" "Yandex/1.01.001 (compatible; Win16; I)"
208.80.193.39 - - [31/Jan/2010:16:35:13 -0800] "GET /blog/archive/2006_03_01_index.html&h=224&w=300&sz=12&hl=en&start=46 HTTP/1.0" 302 353 "-" "Mozilla/4.0 (compatible; MSIE 5.5; Windows 98; AT&T CSM 6; FunWebProducts; HbTools 4.8.0)"
124.115.1.7 - - [31/Jan/2010:17:14:27 -0800] "GET / HTTP/1.1" 302 - "-" "Mozilla/4.0 (compatible; MSIE 6.0; Windows NT 5.1)"
124.115.1.7 - - [31/Jan/2010:17:14:28 -0800] "GET /installation/index.php HTTP/1.1" 416 459 "-" "Mozilla/4.0 (compatible; MSIE 6.0; Windows NT 5.1)"
124.115.1.8 - - [31/Jan/2010:17:19:30 -0800] "GET / HTTP/1.1" 302 - "-" "Mozilla/4.0 (compatible; MSIE 6.0; Windows NT 5.1)"
124.115.1.8 - - [31/Jan/2010:17:19:31 -0800] "GET /installation/index.php HTTP/1.1" 416 459 "-" "Mozilla/4.0 (compatible; MSIE 6.0; Windows NT 5.1)"
208.80.193.29 - - [31/Jan/2010:17:43:33 -0800] "GET /blog/archive/2006_03_01_index.html&h=224&w=300&sz=12&hl=en&start=21 HTTP/1.0" 302 353 "-" "Mozilla/4.0 (compatible; MSIE 7.0; Windows NT 5.1; {5B1844BE-4DA8-4880-AEA2-2C23BAA3AC4F}; .NET CLR 1.0.3705)"
58.61.164.39 - - [31/Jan/2010:17:50:13 -0800] "GET / HTTP/1.1" 302 - "-" "Mozilla/4.0 (compatible; MSIE 6.0; Windows NT 5.1)"
58.61.164.39 - - [31/Jan/2010:17:50:13 -0800] "GET /installation/index.php HTTP/1.1" 200 2046 "-" "Mozilla/4.0 (compatible; MSIE 6.0; Windows NT 5.1)"
58.61.164.39 - - [31/Jan/2010:17:50:26 -0800] "GET /installation/template/css/template.css HTTP/1.1" 200 7375 "http://sharkbomb.com/" "Mozilla/4.0 (compatible; MSIE 6.0; Windows NT 5.1)"
58.61.164.39 - - [31/Jan/2010:17:50:27 -0800] "GET /media/system/js/mootools.js HTTP/1.1" 200 74434 "http://sharkbomb.com/" "Mozilla/4.0 (compatible; MSIE 6.0; Windows NT 5.1)"
58.61.164.39 - - [31/Jan/2010:17:50:29 -0800] "GET /installation/includes/js/installation.js HTTP/1.1" 200 598 "http://sharkbomb.com/" "Mozilla/4.0 (compatible; MSIE 6.0; Windows NT 5.1)"
58.61.164.39 - - [31/Jan/2010:17:50:29 -0800] "GET /installation/template/js/validation.js HTTP/1.1" 200 7137 "http://sharkbomb.com/" "Mozilla/4.0 (compatible; MSIE 6.0; Windows NT 5.1)"
58.61.164.40 - - [31/Jan/2010:17:51:32 -0800] "GET / HTTP/1.1" 302 - "-" "Mozilla/4.0 (compatible; MSIE 6.0; Windows NT 5.1)"
58.61.164.40 - - [31/Jan/2010:17:51:32 -0800] "GET /installation/index.php HTTP/1.1" 200 2046 "-" "Mozilla/4.0 (compatible; MSIE 6.0; Windows NT 5.1)"
58.61.164.40 - - [31/Jan/2010:17:51:46 -0800] "GET /installation/template/css/template.css HTTP/1.1" 200 7375 "http://sharkbomb.com/" "Mozilla/4.0 (compatible; MSIE 6.0; Windows NT 5.1)"
58.61.164.40 - - [31/Jan/2010:17:51:46 -0800] "GET /media/system/js/mootools.js HTTP/1.1" 200 74434 "http://sharkbomb.com/" "Mozilla/4.0 (compatible; MSIE 6.0; Windows NT 5.1)"
58.61.164.40 - - [31/Jan/2010:17:51:48 -0800] "GET /installation/includes/js/installation.js HTTP/1.1" 200 598 "http://sharkbomb.com/" "Mozilla/4.0 (compatible; MSIE 6.0; Windows NT 5.1)"
58.61.164.40 - - [31/Jan/2010:17:51:49 -0800] "GET /installation/template/js/validation.js HTTP/1.1" 200 7137 "http://sharkbomb.com/" "Mozilla/4.0 (compatible; MSIE 6.0; Windows NT 5.1)"
58.61.164.139 - - [31/Jan/2010:18:19:20 -0800] "GET / HTTP/1.1" 302 - "-" "Mozilla/4.0 (compatible; MSIE 6.0; Windows NT 5.1)"
58.61.164.139 - - [31/Jan/2010:18:19:21 -0800] "GET /installation/index.php HTTP/1.1" 200 2046 "-" "Mozilla/4.0 (compatible; MSIE 6.0; Windows NT 5.1)"
58.61.164.139 - - [31/Jan/2010:18:19:33 -0800] "GET /installation/template/css/template.css HTTP/1.1" 200 7375 "http://sharkbomb.com/" "Mozilla/4.0 (compatible; MSIE 6.0; Windows NT 5.1)"
58.61.164.139 - - [31/Jan/2010:18:19:34 -0800] "GET /media/system/js/mootools.js HTTP/1.1" 200 74434 "http://sharkbomb.com/" "Mozilla/4.0 (compatible; MSIE 6.0; Windows NT 5.1)"
58.61.164.139 - - [31/Jan/2010:18:19:36 -0800] "GET /installation/includes/js/installation.js HTTP/1.1" 200 598 "http://sharkbomb.com/" "Mozilla/4.0 (compatible; MSIE 6.0; Windows NT 5.1)"
58.61.164.139 - - [31/Jan/2010:18:19:36 -0800] "GET /installation/template/js/validation.js HTTP/1.1" 200 7137 "http://sharkbomb.com/" "Mozilla/4.0 (compatible; MSIE 6.0; Windows NT 5.1)"
58.61.164.140 - - [31/Jan/2010:18:25:41 -0800] "GET / HTTP/1.1" 302 - "-" "Mozilla/4.0 (compatible; MSIE 6.0; Windows NT 5.1)"
58.61.164.140 - - [31/Jan/2010:18:25:42 -0800] "GET /installation/index.php HTTP/1.1" 200 2046 "-" "Mozilla/4.0 (compatible; MSIE 6.0; Windows NT 5.1)"
58.61.164.140 - - [31/Jan/2010:18:25:54 -0800] "GET /installation/template/css/template.css HTTP/1.1" 200 7375 "http://sharkbomb.com/" "Mozilla/4.0 (compatible; MSIE 6.0; Windows NT 5.1)"
58.61.164.140 - - [31/Jan/2010:18:25:55 -0800] "GET /media/system/js/mootools.js HTTP/1.1" 200 74434 "http://sharkbomb.com/" "Mozilla/4.0 (compatible; MSIE 6.0; Windows NT 5.1)"
58.61.164.140 - - [31/Jan/2010:18:25:57 -0800] "GET /installation/includes/js/installation.js HTTP/1.1" 200 598 "http://sharkbomb.com/" "Mozilla/4.0 (compatible; MSIE 6.0; Windows NT 5.1)"
58.61.164.140 - - [31/Jan/2010:18:25:57 -0800] "GET /installation/template/js/validation.js HTTP/1.1" 200 7137 "http://sharkbomb.com/" "Mozilla/4.0 (compatible; MSIE 6.0; Windows NT 5.1)"
58.61.164.141 - - [31/Jan/2010:18:28:39 -0800] "GET / HTTP/1.1" 302 - "-" "Mozilla/4.0 (compatible; MSIE 6.0; Windows NT 5.1)"
58.61.164.141 - - [31/Jan/2010:18:28:40 -0800] "GET /installation/index.php HTTP/1.1" 200 2046 "-" "Mozilla/4.0 (compatible; MSIE 6.0; Windows NT 5.1)"
58.61.164.141 - - [31/Jan/2010:18:28:52 -0800] "GET /installation/template/css/template.css HTTP/1.1" 200 7375 "http://sharkbomb.com/" "Mozilla/4.0 (compatible; MSIE 6.0; Windows NT 5.1)"
58.61.164.141 - - [31/Jan/2010:18:28:53 -0800] "GET /media/system/js/mootools.js HTTP/1.1" 200 74434 "http://sharkbomb.com/" "Mozilla/4.0 (compatible; MSIE 6.0; Windows NT 5.1)"
58.61.164.141 - - [31/Jan/2010:18:28:55 -0800] "GET /installation/includes/js/installation.js HTTP/1.1" 200 598 "http://sharkbomb.com/" "Mozilla/4.0 (compatible; MSIE 6.0; Windows NT 5.1)"
58.61.164.141 - - [31/Jan/2010:18:28:55 -0800] "GET /installation/template/js/validation.js HTTP/1.1" 200 7137 "http://sharkbomb.com/" "Mozilla/4.0 (compatible; MSIE 6.0; Windows NT 5.1)"
124.115.6.17 - - [31/Jan/2010:19:14:57 -0800] "GET /robots.txt HTTP/1.1" 200 304 "-" "Sosospider+(+http://help.soso.com/webspider.htm)"
124.115.0.17 - - [31/Jan/2010:21:26:20 -0800] "GET / HTTP/1.1" 302 - "-" "Sosospider+(+http://help.soso.com/webspider.htm)"
124.115.0.17 - - [31/Jan/2010:21:26:21 -0800] "GET /installation/index.php HTTP/1.1" 200 2046 "-" "Sosospider+(+http://help.soso.com/webspider.htm)"
124.115.0.17 - - [31/Jan/2010:21:26:34 -0800] "GET /installation/template/css/template/css/template.css HTTP/1.1" 302 349 "http://sharkbomb.com/" "Sosospider+(+http://help.soso.com/webspider.htm)"
124.115.0.17 - - [31/Jan/2010:21:26:35 -0800] "GET /media/system/media/system/js/mootools.js HTTP/1.1" 302 349 "http://sharkbomb.com/" "Sosospider+(+http://help.soso.com/webspider.htm)"
124.115.0.17 - - [31/Jan/2010:21:26:35 -0800] "GET /installation/includes/js/includes/js/installation.js HTTP/1.1" 302 349 "http://sharkbomb.com/" "Sosospider+(+http://help.soso.com/webspider.htm)"
124.115.0.17 - - [31/Jan/2010:21:26:36 -0800] "GET /installation/template/js/template/js/validation.js HTTP/1.1" 302 349 "http://sharkbomb.com/" "Sosospider+(+http://help.soso.com/webspider.htm)"
61.49.180.18 - - [31/Jan/2010:21:58:34 -0800] "GET /coppermine/login.php?lang=english HTTP/1.1" 200 - "-" "Mozilla/4.0 (compatible; Windows XP 5.1; MSIE 6)"
123.125.66.26 - - [01/Feb/2010:00:11:19 -0800] "GET /robots.txt HTTP/1.1" 200 304 "-" "Baiduspider+(+http://www.baidu.com/search/spider.htm)"
220.181.94.223 - - [01/Feb/2010:00:51:41 -0800] "GET /robots.txt HTTP/1.1" 304 - "-" "Sogou web spider/4.0(+http://www.sogou.com/docs/help/webmasters.htm#07)"
220.181.94.223 - - [01/Feb/2010:00:51:51 -0800] "GET /robots.txt HTTP/1.1" 304 - "-" "Sogou web spider/4.0(+http://www.sogou.com/docs/help/webmasters.htm#07)"
208.80.193.35 - - [01/Feb/2010:02:16:39 -0800] "GET / HTTP/1.0" 302 - "-" "Mozilla/4.0 (compatible; MSIE 6.0; Windows NT 5.2; SV1; .NET CLR 1.1.4322; .NET CLR 2.0.50727; .NET CLR 3.0.04506.30; MS-RTC LM 8)"
216.129.119.40 - - [01/Feb/2010:02:23:21 -0800] "GET /robots.txt HTTP/1.0" 200 304 "-" "Mozilla/5.0 (Twiceler-0.9 http://www.cuil.com/twiceler/robot.html)"
124.115.0.157 - - [01/Feb/2010:05:06:08 -0800] "GET / HTTP/1.1" 302 - "-" "Sosospider+(+http://help.soso.com/webspider.htm)"
124.115.0.157 - - [01/Feb/2010:05:06:08 -0800] "GET /installation/index.php HTTP/1.1" 200 2046 "-" "Sosospider+(+http://help.soso.com/webspider.htm)"
124.115.0.157 - - [01/Feb/2010:05:06:22 -0800] "GET /installation/template/css/template/css/template.css HTTP/1.1" 302 349 "http://sharkbomb.com/" "Sosospider+(+http://help.soso.com/webspider.htm)"
124.115.0.157 - - [01/Feb/2010:05:06:23 -0800] "GET /media/system/media/system/js/mootools.js HTTP/1.1" 302 349 "http://sharkbomb.com/" "Sosospider+(+http://help.soso.com/webspider.htm)"
124.115.0.157 - - [01/Feb/2010:05:06:23 -0800] "GET /installation/includes/js/includes/js/installation.js HTTP/1.1" 302 349 "http://sharkbomb.com/" "Sosospider+(+http://help.soso.com/webspider.htm)"
124.115.0.157 - - [01/Feb/2010:05:06:24 -0800] "GET /installation/template/js/template/js/validation.js HTTP/1.1" 302 349 "http://sharkbomb.com/" "Sosospider+(+http://help.soso.com/webspider.htm)"
58.61.164.39 - - [01/Feb/2010:05:11:01 -0800] "GET / HTTP/1.1" 302 - "-" "Mozilla/4.0 (compatible; MSIE 6.0; Windows NT 5.1)"
58.61.164.39 - - [01/Feb/2010:05:11:01 -0800] "GET /installation/index.php HTTP/1.1" 416 459 "-" "Mozilla/4.0 (compatible; MSIE 6.0; Windows NT 5.1)"
124.115.4.215 - - [01/Feb/2010:05:32:04 -0800] "GET / HTTP/1.1" 302 - "-" "Mozilla/4.0 (compatible; MSIE 6.0; Windows NT 5.1)"
124.115.4.215 - - [01/Feb/2010:05:32:05 -0800] "GET /installation/index.php HTTP/1.1" 200 2046 "-" "Mozilla/4.0 (compatible; MSIE 6.0; Windows NT 5.1)"
124.115.4.215 - - [01/Feb/2010:05:32:18 -0800] "GET /installation/template/css/template.css HTTP/1.1" 200 7375 "http://sharkbomb.com/" "Mozilla/4.0 (compatible; MSIE 6.0; Windows NT 5.1)"
124.115.4.215 - - [01/Feb/2010:05:32:19 -0800] "GET /media/system/js/mootools.js HTTP/1.1" 200 74434 "http://sharkbomb.com/" "Mozilla/4.0 (compatible; MSIE 6.0; Windows NT 5.1)"
124.115.4.215 - - [01/Feb/2010:05:32:22 -0800] "GET /installation/includes/js/installation.js HTTP/1.1" 200 598 "http://sharkbomb.com/" "Mozilla/4.0 (compatible; MSIE 6.0; Windows NT 5.1)"
124.115.4.215 - - [01/Feb/2010:05:32:22 -0800] "GET /installation/template/js/validation.js HTTP/1.1" 200 7137 "http://sharkbomb.com/" "Mozilla/4.0 (compatible; MSIE 6.0; Windows NT 5.1)"
114.80.93.73 - - [01/Feb/2010:05:34:45 -0800] "GET / HTTP/1.1" 302 - "-" "Mozilla/4.0 (compatible; MSIE 6.0; Windows NT 5.1)"
114.80.93.73 - - [01/Feb/2010:05:34:46 -0800] "GET /installation/index.php HTTP/1.1" 200 2046 "-" "Mozilla/4.0 (compatible; MSIE 6.0; Windows NT 5.1)"
114.80.93.73 - - [01/Feb/2010:05:34:59 -0800] "GET /installation/template/css/template.css HTTP/1.1" 200 7375 "http://sharkbomb.com/" "Mozilla/4.0 (compatible; MSIE 6.0; Windows NT 5.1)"
114.80.93.73 - - [01/Feb/2010:05:35:00 -0800] "GET /media/system/js/mootools.js HTTP/1.1" 200 74434 "http://sharkbomb.com/" "Mozilla/4.0 (compatible; MSIE 6.0; Windows NT 5.1)"
114.80.93.73 - - [01/Feb/2010:05:35:02 -0800] "GET /installation/includes/js/installation.js HTTP/1.1" 200 598 "http://sharkbomb.com/" "Mozilla/4.0 (compatible; MSIE 6.0; Windows NT 5.1)"
114.80.93.73 - - [01/Feb/2010:05:35:02 -0800] "GET /installation/template/js/validation.js HTTP/1.1" 200 7137 "http://sharkbomb.com/" "Mozilla/4.0 (compatible; MSIE 6.0; Windows NT 5.1)"
66.249.71.6 - - [01/Feb/2010:06:37:36 -0800] "GET /robots.txt HTTP/1.1" 200 304 "-" "Mozilla/5.0 (compatible; Googlebot/2.1; +http://www.google.com/bot.html)"
212.117.183.169 - - [01/Feb/2010:08:48:42 -0800] "GET / HTTP/1.0" 302 - "http://sharkbomb.com/" "Mozilla/4.0 (compatible; MSIE 6.0; Windows ME) Opera 7.11 [en]"
212.117.183.169 - - [01/Feb/2010:08:48:43 -0800] "GET /installation/index.php HTTP/1.0" 200 2232 "http://sharkbomb.com/installation/index.php" "Mozilla/4.0 (compatible; MSIE 6.0; Windows ME) Opera 7.11 [en]"
114.80.93.71 - - [01/Feb/2010:09:51:30 -0800] "GET / HTTP/1.1" 302 - "-" "Mozilla/4.0 (compatible; MSIE 6.0; Windows NT 5.1)"
114.80.93.71 - - [01/Feb/2010:09:51:31 -0800] "GET /installation/index.php HTTP/1.1" 200 2046 "-" "Mozilla/4.0 (compatible; MSIE 6.0; Windows NT 5.1)"
114.80.93.71 - - [01/Feb/2010:09:51:44 -0800] "GET /installation/template/css/template.css HTTP/1.1" 200 7375 "http://sharkbomb.com/" "Mozilla/4.0 (compatible; MSIE 6.0; Windows NT 5.1)"
114.80.93.71 - - [01/Feb/2010:09:51:45 -0800] "GET /media/system/js/mootools.js HTTP/1.1" 200 74434 "http://sharkbomb.com/" "Mozilla/4.0 (compatible; MSIE 6.0; Windows NT 5.1)"
114.80.93.71 - - [01/Feb/2010:09:51:47 -0800] "GET /installation/includes/js/installation.js HTTP/1.1" 200 598 "http://sharkbomb.com/" "Mozilla/4.0 (compatible; MSIE 6.0; Windows NT 5.1)"
114.80.93.71 - - [01/Feb/2010:09:51:47 -0800] "GET /installation/template/js/validation.js HTTP/1.1" 200 7137 "http://sharkbomb.com/" "Mozilla/4.0 (compatible; MSIE 6.0; Windows NT 5.1)"
61.49.180.18 - - [01/Feb/2010:12:29:53 -0800] "GET /coppermine/login.php?lang=english HTTP/1.1" 200 - "-" "Mozilla/4.0 (compatible; Windows XP 5.1; MSIE 6)"
212.117.183.169 - - [01/Feb/2010:12:34:58 -0800] "GET / HTTP/1.0" 302 - "http://sharkbomb.com/" "Mozilla/4.0 (compatible; MSIE 6.0; Windows NT 5.1; SV1; Crazy Browser 2.0.0 Beta 1; .NET CLR 1.0.3705; .NET CLR 1.1.4322)"
212.117.183.169 - - [01/Feb/2010:12:34:59 -0800] "GET /installation/index.php HTTP/1.0" 200 2232 "http://sharkbomb.com/installation/index.php" "Mozilla/4.0 (compatible; MSIE 6.0; Windows NT 5.1; SV1; Crazy Browser 2.0.0 Beta 1; .NET CLR 1.0.3705; .NET CLR 1.1.4322)"
124.115.0.157 - - [01/Feb/2010:13:07:35 -0800] "GET / HTTP/1.1" 302 - "-" "Sosospider+(+http://help.soso.com/webspider.htm)"
124.115.0.157 - - [01/Feb/2010:13:07:36 -0800] "GET /installation/index.php HTTP/1.1" 200 2046 "-" "Sosospider+(+http://help.soso.com/webspider.htm)"
124.115.0.157 - - [01/Feb/2010:13:07:49 -0800] "GET /installation/template/css/template/css/template.css HTTP/1.1" 302 349 "http://sharkbomb.com/" "Sosospider+(+http://help.soso.com/webspider.htm)"
124.115.0.157 - - [01/Feb/2010:13:07:50 -0800] "GET /media/system/media/system/js/mootools.js HTTP/1.1" 302 349 "http://sharkbomb.com/" "Sosospider+(+http://help.soso.com/webspider.htm)"
124.115.0.157 - - [01/Feb/2010:13:07:50 -0800] "GET /installation/includes/js/includes/js/installation.js HTTP/1.1" 302 349 "http://sharkbomb.com/" "Sosospider+(+http://help.soso.com/webspider.htm)"
124.115.0.157 - - [01/Feb/2010:13:07:51 -0800] "GET /installation/template/js/template/js/validation.js HTTP/1.1" 302 349 "http://sharkbomb.com/" "Sosospider+(+http://help.soso.com/webspider.htm)"
124.115.6.17 - - [01/Feb/2010:14:59:31 -0800] "GET /robots.txt HTTP/1.1" 200 304 "-" "Sosospider+(+http://help.soso.com/webspider.htm)"
193.47.80.41 - - [01/Feb/2010:15:10:39 -0800] "GET / HTTP/1.1" 302 - "-" "Mozilla/5.0 (compatible; Exabot/3.0; +http://www.exabot.com/go/robot)"
220.181.94.223 - - [01/Feb/2010:20:39:42 -0800] "GET /robots.txt HTTP/1.1" 304 - "-" "Sogou web spider/4.0(+http://www.sogou.com/docs/help/webmasters.htm#07)"
220.181.94.223 - - [01/Feb/2010:20:39:51 -0800] "GET /robots.txt HTTP/1.1" 304 - "-" "Sogou web spider/4.0(+http://www.sogou.com/docs/help/webmasters.htm#07)"
194.72.238.61 - - [01/Feb/2010:21:56:03 -0800] "HEAD / HTTP/1.1" 302 - "http://www.netcraft.com/survey/" "Mozilla/4.0 (compatible; Netcraft Web Server Survey)"
124.115.6.17 - - [01/Feb/2010:23:46:25 -0800] "GET /robots.txt HTTP/1.1" 200 304 "-" "Sosospider+(+http://help.soso.com/webspider.htm)"
220.181.7.98 - - [02/Feb/2010:00:39:39 -0800] "GET /robots.txt HTTP/1.1" 200 304 "-" "Baiduspider+(+http://www.baidu.com/search/spider.htm)"
208.80.193.38 - - [02/Feb/2010:01:01:51 -0800] "GET / HTTP/1.0" 302 - "-" "Mozilla/4.0 (compatible; MSIE 7.0; Windows NT 5.1; MEGAUPLOAD 1.0; .NET CLR 1.1.4322; InfoPath.2)"
66.249.71.6 - - [02/Feb/2010:02:09:01 -0800] "GET /robots.txt HTTP/1.1" 200 304 "-" "Mozilla/5.0 (compatible; Googlebot/2.1; +http://www.google.com/bot.html)"
216.129.119.40 - - [02/Feb/2010:02:23:53 -0800] "GET /robots.txt HTTP/1.0" 200 304 "-" "Mozilla/5.0 (Twiceler-0.9 http://www.cuil.com/twiceler/robot.html)"
58.61.164.39 - - [02/Feb/2010:04:49:09 -0800] "GET / HTTP/1.1" 302 - "-" "Mozilla/4.0 (compatible; MSIE 6.0; Windows NT 5.1)"
58.61.164.39 - - [02/Feb/2010:04:49:10 -0800] "GET /installation/index.php HTTP/1.1" 200 2046 "-" "Mozilla/4.0 (compatible; MSIE 6.0; Windows NT 5.1)"
58.61.164.39 - - [02/Feb/2010:04:49:22 -0800] "GET /installation/template/css/template.css HTTP/1.1" 200 7375 "http://sharkbomb.com/" "Mozilla/4.0 (compatible; MSIE 6.0; Windows NT 5.1)"
58.61.164.39 - - [02/Feb/2010:04:49:24 -0800] "GET /media/system/js/mootools.js HTTP/1.1" 200 74434 "http://sharkbomb.com/" "Mozilla/4.0 (compatible; MSIE 6.0; Windows NT 5.1)"
58.61.164.39 - - [02/Feb/2010:04:49:25 -0800] "GET /installation/includes/js/installation.js HTTP/1.1" 200 598 "http://sharkbomb.com/" "Mozilla/4.0 (compatible; MSIE 6.0; Windows NT 5.1)"
58.61.164.39 - - [02/Feb/2010:04:49:26 -0800] "GET /installation/template/js/validation.js HTTP/1.1" 200 7137 "http://sharkbomb.com/" "Mozilla/4.0 (compatible; MSIE 6.0; Windows NT 5.1)"
124.115.4.215 - - [02/Feb/2010:05:14:24 -0800] "GET / HTTP/1.1" 302 - "-" "Mozilla/4.0 (compatible; MSIE 6.0; Windows NT 5.1)"
124.115.4.215 - - [02/Feb/2010:05:14:25 -0800] "GET /installation/index.php HTTP/1.1" 416 459 "-" "Mozilla/4.0 (compatible; MSIE 6.0; Windows NT 5.1)"
114.80.93.73 - - [02/Feb/2010:05:17:15 -0800] "GET / HTTP/1.1" 302 - "-" "Mozilla/4.0 (compatible; MSIE 6.0; Windows NT 5.1)"
114.80.93.73 - - [02/Feb/2010:05:17:16 -0800] "GET /installation/index.php HTTP/1.1" 200 2046 "-" "Mozilla/4.0 (compatible; MSIE 6.0; Windows NT 5.1)"
114.80.93.73 - - [02/Feb/2010:05:17:29 -0800] "GET /installation/template/css/template.css HTTP/1.1" 200 7375 "http://sharkbomb.com/" "Mozilla/4.0 (compatible; MSIE 6.0; Windows NT 5.1)"
114.80.93.73 - - [02/Feb/2010:05:17:30 -0800] "GET /media/system/js/mootools.js HTTP/1.1" 200 74434 "http://sharkbomb.com/" "Mozilla/4.0 (compatible; MSIE 6.0; Windows NT 5.1)"
114.80.93.73 - - [02/Feb/2010:05:17:32 -0800] "GET /installation/includes/js/installation.js HTTP/1.1" 200 598 "http://sharkbomb.com/" "Mozilla/4.0 (compatible; MSIE 6.0; Windows NT 5.1)"
114.80.93.73 - - [02/Feb/2010:05:17:32 -0800] "GET /installation/template/js/validation.js HTTP/1.1" 200 7137 "http://sharkbomb.com/" "Mozilla/4.0 (compatible; MSIE 6.0; Windows NT 5.1)"
89.248.172.58 - - [02/Feb/2010:05:48:06 -0800] "GET /index.php/page/index.html HTTP/1.1" 302 - "-" "Mozilla/4.0 (compatible; MSIE 6.0; Windows NT 5.1; SV1)"
89.248.172.58 - - [02/Feb/2010:05:48:06 -0800] "GET /index.php/page/installation/index.php HTTP/1.1" 302 - "-" "Mozilla/4.0 (compatible; MSIE 6.0; Windows NT 5.1; SV1)"
89.248.172.58 - - [02/Feb/2010:05:48:07 -0800] "GET /index.php/page/installation/installation/index.php HTTP/1.1" 302 - "-" "Mozilla/4.0 (compatible; MSIE 6.0; Windows NT 5.1; SV1)"
89.248.172.58 - - [02/Feb/2010:05:48:08 -0800] "GET /index.php/page/installation/installation/installation/index.php HTTP/1.1" 302 - "-" "Mozilla/4.0 (compatible; MSIE 6.0; Windows NT 5.1; SV1)"
89.248.172.58 - - [02/Feb/2010:05:48:09 -0800] "GET /index.php/page/installation/installation/installation/installation/index.php HTTP/1.1" 302 - "-" "Mozilla/4.0 (compatible; MSIE 6.0; Windows NT 5.1; SV1)"
89.248.172.58 - - [02/Feb/2010:05:48:10 -0800] "GET /index.php/page/installation/installation/installation/installation/installation/index.php HTTP/1.1" 302 - "-" "Mozilla/4.0 (compatible; MSIE 6.0; Windows NT 5.1; SV1)"
208.80.193.28 - - [02/Feb/2010:06:04:24 -0800] "GET /blog/archive/2006_03_01_index.html&h=224&w=300&sz=12&hl=en&start=46 HTTP/1.0" 302 353 "-" "Mozilla/4.0 (compatible; MSIE 7.0; Windows NT 5.1; {9D97AF62-586D-B45B-9479-D58EAB989FCC}; SIMBAR={080F2990-7FD9-4262-BBC9-68EBEDC23FA6}; .NET CLR 1.1.4322)"
208.80.193.29 - - [02/Feb/2010:07:28:18 -0800] "GET /blog/archive/2006_03_01_index.html&h=224&w=300&sz=12&hl=en&start=21 HTTP/1.0" 302 353 "-" "Mozilla/4.0 (compatible; MSIE 7.0; Windows NT 5.1; FunWebProducts; .NET CLR 1.1.4322; .NET CLR 2.0.50727; InfoPath.1; IEMB3; IEMB3)"
193.47.80.41 - - [02/Feb/2010:08:22:12 -0800] "GET /robots.txt HTTP/1.1" 200 304 "-" "Mozilla/5.0 (compatible; Exabot/3.0; +http://www.exabot.com/go/robot)"
193.47.80.41 - - [02/Feb/2010:08:22:12 -0800] "GET /index.php/photos/album/1/photo/5.html HTTP/1.1" 302 - "-" "Mozilla/5.0 (compatible; Exabot/3.0; +http://www.exabot.com/go/robot)"
70.36.103.42 - - [02/Feb/2010:09:16:41 -0800] "GET /robots.txt HTTP/1.0" 200 304 "http://sharkbomb.com/robots.txt" "Mozilla/4.0 (compatible; MSIE 6.0; Windows NT 5.1; SV1; .NET CLR 2.0.50727)"
70.36.103.42 - - [02/Feb/2010:09:16:41 -0800] "GET / HTTP/1.0" 302 - "http://sharkbomb.com/" "Mozilla/4.0 (compatible; MSIE 6.0; Windows NT 5.1; SV1; .NET CLR 2.0.50727)"
70.36.103.42 - - [02/Feb/2010:09:16:50 -0800] "GET /robots.txt HTTP/1.0" 200 304 "http://sharkbomb.com/robots.txt" "Mozilla/4.0 (compatible; MSIE 6.0; Windows NT 5.1; SV1; .NET CLR 2.0.50727)"
174.129.144.34 - - [02/Feb/2010:14:32:56 -0800] "GET /robots.txt HTTP/1.1" 200 304 "-" "Mozilla/5.0 (compatible; spbot/1.0; +http://www.seoprofiler.com/bot/ )"
174.129.144.34 - - [02/Feb/2010:14:32:56 -0800] "GET / HTTP/1.1" 302 - "-" "Mozilla/5.0 (compatible; spbot/1.0; +http://www.seoprofiler.com/bot/ )"
67.218.116.133 - - [02/Feb/2010:14:38:37 -0800] "GET /robots.txt HTTP/1.0" 200 304 "-" "Mozilla/5.0 (Twiceler-0.9 http://www.cuil.com/twiceler/robot.html)"
193.47.80.41 - - [02/Feb/2010:15:16:16 -0800] "GET /robots.txt HTTP/1.1" 200 304 "-" "Mozilla/5.0 (compatible; Exabot/3.0; +http://www.exabot.com/go/robot)"
193.47.80.41 - - [02/Feb/2010:15:16:19 -0800] "GET / HTTP/1.1" 302 - "-" "Mozilla/5.0 (compatible; Exabot/3.0; +http://www.exabot.com/go/robot)"
208.80.193.42 - - [02/Feb/2010:15:57:30 -0800] "GET / HTTP/1.0" 302 - "-" "Mozilla/4.0 (compatible; MSIE 7.0; Windows NT 5.1; FunWebProducts; .NET CLR 1.1.4322; .NET CLR 2.0.50215)"
174.129.106.91 - - [02/Feb/2010:16:24:47 -0800] "GET /robots.txt HTTP/1.1" 200 304 "-" "Mozilla/5.0 (compatible; spbot/1.0; +http://www.seoprofiler.com/bot/ )"
174.129.106.91 - - [02/Feb/2010:16:24:48 -0800] "GET / HTTP/1.1" 302 - "-" "Mozilla/5.0 (compatible; spbot/1.0; +http://www.seoprofiler.com/bot/ )"
124.115.6.17 - - [02/Feb/2010:19:28:38 -0800] "GET /robots.txt HTTP/1.1" 200 304 "-" "Sosospider+(+http://help.soso.com/webspider.htm)"
209.205.65.171 - - [02/Feb/2010:20:54:48 -0800] "GET / HTTP/1.1" 302 - "http://www.dealplanet.us" "Mozilla/5.0 (compatible; DealPlanetAnalysisAgent/1.0; http://www.dealplanet.us)"
209.205.65.171 - - [02/Feb/2010:20:54:50 -0800] "GET /installation/index.php HTTP/1.1" 200 2232 "http://www.dealplanet.us" "Mozilla/5.0 (compatible; DealPlanetAnalysisAgent/1.0; http://www.dealplanet.us)"
75.101.179.97 - - [02/Feb/2010:21:45:26 -0800] "GET /robots.txt HTTP/1.1" 200 304 "-" "Mozilla/5.0 (compatible; spbot/1.0; +http://www.seoprofiler.com/bot/ )"
75.101.179.97 - - [02/Feb/2010:21:45:26 -0800] "GET / HTTP/1.1" 302 - "-" "Mozilla/5.0 (compatible; spbot/1.0; +http://www.seoprofiler.com/bot/ )"
174.129.61.74 - - [02/Feb/2010:23:46:11 -0800] "GET /robots.txt HTTP/1.1" 200 304 "-" "Mozilla/5.0 (compatible; spbot/1.0; +http://www.seoprofiler.com/bot/ )"
174.129.61.74 - - [02/Feb/2010:23:46:11 -0800] "GET / HTTP/1.1" 302 - "-" "Mozilla/5.0 (compatible; spbot/1.0; +http://www.seoprofiler.com/bot/ )"
220.181.7.98 - - [03/Feb/2010:00:27:00 -0800] "GET /robots.txt HTTP/1.1" 200 304 "-" "Baiduspider+(+http://www.baidu.com/search/spider.htm)"
220.181.94.223 - - [03/Feb/2010:00:46:56 -0800] "GET /robots.txt HTTP/1.1" 304 - "-" "Sogou web spider/4.0(+http://www.sogou.com/docs/help/webmasters.htm#07)"
220.181.94.223 - - [03/Feb/2010:00:47:06 -0800] "GET /robots.txt HTTP/1.1" 304 - "-" "Sogou web spider/4.0(+http://www.sogou.com/docs/help/webmasters.htm#07)"
216.129.119.40 - - [03/Feb/2010:01:12:14 -0800] "GET /robots.txt HTTP/1.0" 200 304 "-" "Mozilla/5.0 (Twiceler-0.9 http://www.cuil.com/twiceler/robot.html)"
67.202.40.146 - - [03/Feb/2010:02:00:48 -0800] "GET /robots.txt HTTP/1.0" 200 304 "-" "SheenBot/SheenBot-1.0.3 (Sheen web crawler)"
67.202.40.146 - - [03/Feb/2010:02:00:48 -0800] "GET / HTTP/1.0" 302 - "-" "SheenBot/SheenBot-1.0.3 (Sheen web crawler)"
220.181.94.223 - - [03/Feb/2010:02:24:22 -0800] "GET /robots.txt HTTP/1.1" 304 - "-" "Sogou web spider/4.0(+http://www.sogou.com/docs/help/webmasters.htm#07)"
220.181.94.223 - - [03/Feb/2010:02:24:32 -0800] "GET / HTTP/1.1" 302 - "-" "Sogou-Test-Spider/4.0 (compatible; MSIE 5.5; Windows 98)"
220.181.94.223 - - [03/Feb/2010:02:24:42 -0800] "GET /installation/index.php HTTP/1.1" 200 2046 "-" "Sogou-Test-Spider/4.0 (compatible; MSIE 5.5; Windows 98)"
94.244.168.15 - - [03/Feb/2010:05:04:19 -0800] "GET / HTTP/1.0" 302 - "http://sharkbomb.com/" "Mozilla/4.0 (compatible; MSIE 6.0; Windows NT 5.1; SV1)"
94.244.168.15 - - [03/Feb/2010:05:04:20 -0800] "GET /installation/index.php HTTP/1.0" 200 2232 "http://sharkbomb.com/installation/index.php" "Mozilla/4.0 (compatible; MSIE 6.0; Windows NT 5.1; SV1)"
66.249.71.6 - - [03/Feb/2010:05:39:10 -0800] "GET /robots.txt HTTP/1.1" 200 304 "-" "Mozilla/5.0 (compatible; Googlebot/2.1; +http://www.google.com/bot.html)"
75.101.219.131 - - [03/Feb/2010:05:57:56 -0800] "GET /robots.txt HTTP/1.1" 200 304 "-" "Mozilla/5.0 (compatible; spbot/1.0; +http://www.seoprofiler.com/bot/ )"
75.101.219.131 - - [03/Feb/2010:05:57:57 -0800] "GET / HTTP/1.1" 302 - "-" "Mozilla/5.0 (compatible; spbot/1.0; +http://www.seoprofiler.com/bot/ )"
204.236.242.36 - - [03/Feb/2010:07:28:21 -0800] "GET /robots.txt HTTP/1.1" 200 304 "-" "Mozilla/5.0 (compatible; spbot/1.0; +http://www.seoprofiler.com/bot/ )"
204.236.242.36 - - [03/Feb/2010:07:28:21 -0800] "GET / HTTP/1.1" 302 - "-" "Mozilla/5.0 (compatible; spbot/1.0; +http://www.seoprofiler.com/bot/ )"
204.236.241.141 - - [03/Feb/2010:07:36:38 -0800] "GET /robots.txt HTTP/1.1" 200 304 "-" "Mozilla/5.0 (compatible; spbot/1.0; +http://www.seoprofiler.com/bot/ )"
204.236.241.141 - - [03/Feb/2010:07:36:38 -0800] "GET / HTTP/1.1" 302 - "-" "Mozilla/5.0 (compatible; spbot/1.0; +http://www.seoprofiler.com/bot/ )"
123.129.76.203 - - [03/Feb/2010:08:32:13 -0800] "GET / HTTP/1.0" 302 - "http://sharkbomb.com/" "Mozilla/4.0 (compatible; MSIE 6.0; Windows NT 5.1; ru) Opera 8.01"
123.129.76.203 - - [03/Feb/2010:08:32:16 -0800] "GET /installation/index.php HTTP/1.0" 200 2232 "http://sharkbomb.com/installation/index.php" "Mozilla/4.0 (compatible; MSIE 6.0; Windows NT 5.1; ru) Opera 8.01"
193.47.80.41 - - [03/Feb/2010:09:06:41 -0800] "GET / HTTP/1.1" 302 - "-" "Mozilla/5.0 (compatible; Exabot/3.0; +http://www.exabot.com/go/robot)"
124.115.6.17 - - [03/Feb/2010:09:51:19 -0800] "GET /robots.txt HTTP/1.1" 200 304 "-" "Sosospider+(+http://help.soso.com/webspider.htm)"
124.115.0.17 - - [03/Feb/2010:10:34:54 -0800] "GET / HTTP/1.1" 302 - "-" "Sosospider+(+http://help.soso.com/webspider.htm)"
124.115.0.17 - - [03/Feb/2010:10:34:55 -0800] "GET /installation/index.php HTTP/1.1" 200 2046 "-" "Sosospider+(+http://help.soso.com/webspider.htm)"
124.115.0.17 - - [03/Feb/2010:10:35:10 -0800] "GET /installation/template/css/template/css/template.css HTTP/1.1" 302 349 "http://sharkbomb.com/" "Sosospider+(+http://help.soso.com/webspider.htm)"
124.115.0.17 - - [03/Feb/2010:10:35:10 -0800] "GET /media/system/media/system/js/mootools.js HTTP/1.1" 302 349 "http://sharkbomb.com/" "Sosospider+(+http://help.soso.com/webspider.htm)"
124.115.0.17 - - [03/Feb/2010:10:35:11 -0800] "GET /installation/includes/js/includes/js/installation.js HTTP/1.1" 302 349 "http://sharkbomb.com/" "Sosospider+(+http://help.soso.com/webspider.htm)"
124.115.0.17 - - [03/Feb/2010:10:35:11 -0800] "GET /installation/template/js/template/js/validation.js HTTP/1.1" 302 349 "http://sharkbomb.com/" "Sosospider+(+http://help.soso.com/webspider.htm)"
124.115.6.17 - - [03/Feb/2010:10:39:23 -0800] "GET /robots.txt HTTP/1.1" 200 304 "-" "Sosospider+(+http://help.soso.com/webspider.htm)"
204.236.242.141 - - [03/Feb/2010:11:14:42 -0800] "GET /robots.txt HTTP/1.1" 200 304 "-" "Mozilla/5.0 (compatible; spbot/1.0; +http://www.seoprofiler.com/bot/ )"
204.236.242.141 - - [03/Feb/2010:11:14:43 -0800] "GET / HTTP/1.1" 302 - "-" "Mozilla/5.0 (compatible; spbot/1.0; +http://www.seoprofiler.com/bot/ )"
75.101.179.141 - - [03/Feb/2010:13:20:46 -0800] "GET /robots.txt HTTP/1.1" 200 304 "-" "Mozilla/5.0 (compatible; spbot/1.0; +http://www.seoprofiler.com/bot/ )"
75.101.179.141 - - [03/Feb/2010:13:20:47 -0800] "GET / HTTP/1.1" 302 - "-" "Mozilla/5.0 (compatible; spbot/1.0; +http://www.seoprofiler.com/bot/ )"
208.80.193.36 - - [03/Feb/2010:13:49:45 -0800] "GET / HTTP/1.0" 302 - "-" "Mozilla/4.0 (compatible; MSIE 6.0; Windows NT 5.1; SaveWealth)"
124.115.6.17 - - [03/Feb/2010:16:04:29 -0800] "GET /robots.txt HTTP/1.1" 200 304 "-" "Sosospider+(+http://help.soso.com/webspider.htm)"
124.115.1.8 - - [03/Feb/2010:16:51:02 -0800] "GET / HTTP/1.1" 302 - "-" "Mozilla/4.0 (compatible; MSIE 6.0; Windows NT 5.1)"
124.115.1.8 - - [03/Feb/2010:16:51:03 -0800] "GET /installation/index.php HTTP/1.1" 416 459 "-" "Mozilla/4.0 (compatible; MSIE 6.0; Windows NT 5.1)"
58.61.164.39 - - [03/Feb/2010:17:08:20 -0800] "GET / HTTP/1.1" 302 - "-" "Mozilla/4.0 (compatible; MSIE 6.0; Windows NT 5.1)"
58.61.164.39 - - [03/Feb/2010:17:08:21 -0800] "GET /installation/index.php HTTP/1.1" 200 2046 "-" "Mozilla/4.0 (compatible; MSIE 6.0; Windows NT 5.1)"
58.61.164.39 - - [03/Feb/2010:17:08:34 -0800] "GET /installation/template/css/template.css HTTP/1.1" 200 7375 "http://sharkbomb.com/" "Mozilla/4.0 (compatible; MSIE 6.0; Windows NT 5.1)"
58.61.164.39 - - [03/Feb/2010:17:08:35 -0800] "GET /media/system/js/mootools.js HTTP/1.1" 200 74434 "http://sharkbomb.com/" "Mozilla/4.0 (compatible; MSIE 6.0; Windows NT 5.1)"
58.61.164.39 - - [03/Feb/2010:17:08:37 -0800] "GET /installation/includes/js/installation.js HTTP/1.1" 200 598 "http://sharkbomb.com/" "Mozilla/4.0 (compatible; MSIE 6.0; Windows NT 5.1)"
58.61.164.39 - - [03/Feb/2010:17:08:38 -0800] "GET /installation/template/js/validation.js HTTP/1.1" 200 7137 "http://sharkbomb.com/" "Mozilla/4.0 (compatible; MSIE 6.0; Windows NT 5.1)"
124.115.1.7 - - [03/Feb/2010:17:17:51 -0800] "GET / HTTP/1.1" 302 - "-" "Mozilla/4.0 (compatible; MSIE 6.0; Windows NT 5.1)"
124.115.1.7 - - [03/Feb/2010:17:17:52 -0800] "GET /installation/index.php HTTP/1.1" 200 2046 "-" "Mozilla/4.0 (compatible; MSIE 6.0; Windows NT 5.1)"
124.115.1.7 - - [03/Feb/2010:17:18:05 -0800] "GET /installation/template/css/template.css HTTP/1.1" 200 7375 "http://sharkbomb.com/" "Mozilla/4.0 (compatible; MSIE 6.0; Windows NT 5.1)"
124.115.1.7 - - [03/Feb/2010:17:18:06 -0800] "GET /media/system/js/mootools.js HTTP/1.1" 200 74434 "http://sharkbomb.com/" "Mozilla/4.0 (compatible; MSIE 6.0; Windows NT 5.1)"
124.115.1.7 - - [03/Feb/2010:17:18:08 -0800] "GET /installation/includes/js/installation.js HTTP/1.1" 200 598 "http://sharkbomb.com/" "Mozilla/4.0 (compatible; MSIE 6.0; Windows NT 5.1)"
124.115.1.7 - - [03/Feb/2010:17:18:08 -0800] "GET /installation/template/js/validation.js HTTP/1.1" 200 7137 "http://sharkbomb.com/" "Mozilla/4.0 (compatible; MSIE 6.0; Windows NT 5.1)"
58.61.164.139 - - [03/Feb/2010:17:19:12 -0800] "GET / HTTP/1.1" 302 - "-" "Mozilla/4.0 (compatible; MSIE 6.0; Windows NT 5.1)"
58.61.164.139 - - [03/Feb/2010:17:19:13 -0800] "GET /installation/index.php HTTP/1.1" 200 2046 "-" "Mozilla/4.0 (compatible; MSIE 6.0; Windows NT 5.1)"
58.61.164.139 - - [03/Feb/2010:17:19:28 -0800] "GET /installation/template/css/template.css HTTP/1.1" 200 7375 "http://sharkbomb.com/" "Mozilla/4.0 (compatible; MSIE 6.0; Windows NT 5.1)"
58.61.164.139 - - [03/Feb/2010:17:19:29 -0800] "GET /media/system/js/mootools.js HTTP/1.1" 200 74434 "http://sharkbomb.com/" "Mozilla/4.0 (compatible; MSIE 6.0; Windows NT 5.1)"
58.61.164.139 - - [03/Feb/2010:17:19:31 -0800] "GET /installation/includes/js/installation.js HTTP/1.1" 200 598 "http://sharkbomb.com/" "Mozilla/4.0 (compatible; MSIE 6.0; Windows NT 5.1)"
58.61.164.139 - - [03/Feb/2010:17:19:31 -0800] "GET /installation/template/js/validation.js HTTP/1.1" 200 7137 "http://sharkbomb.com/" "Mozilla/4.0 (compatible; MSIE 6.0; Windows NT 5.1)"
58.61.164.40 - - [03/Feb/2010:17:50:47 -0800] "GET / HTTP/1.1" 302 - "-" "Mozilla/4.0 (compatible; MSIE 6.0; Windows NT 5.1)"
58.61.164.40 - - [03/Feb/2010:17:50:50 -0800] "GET /installation/index.php HTTP/1.1" 200 2046 "-" "Mozilla/4.0 (compatible; MSIE 6.0; Windows NT 5.1)"
58.61.164.40 - - [03/Feb/2010:17:51:03 -0800] "GET /installation/template/css/template.css HTTP/1.1" 200 7375 "http://sharkbomb.com/" "Mozilla/4.0 (compatible; MSIE 6.0; Windows NT 5.1)"
58.61.164.40 - - [03/Feb/2010:17:51:04 -0800] "GET /media/system/js/mootools.js HTTP/1.1" 200 74434 "http://sharkbomb.com/" "Mozilla/4.0 (compatible; MSIE 6.0; Windows NT 5.1)"
58.61.164.40 - - [03/Feb/2010:17:51:06 -0800] "GET /installation/includes/js/installation.js HTTP/1.1" 200 598 "http://sharkbomb.com/" "Mozilla/4.0 (compatible; MSIE 6.0; Windows NT 5.1)"
58.61.164.40 - - [03/Feb/2010:17:51:07 -0800] "GET /installation/template/js/validation.js HTTP/1.1" 200 7137 "http://sharkbomb.com/" "Mozilla/4.0 (compatible; MSIE 6.0; Windows NT 5.1)"
58.61.164.140 - - [03/Feb/2010:17:58:02 -0800] "GET / HTTP/1.1" 302 - "-" "Mozilla/4.0 (compatible; MSIE 6.0; Windows NT 5.1)"
58.61.164.140 - - [03/Feb/2010:17:58:03 -0800] "GET /installation/index.php HTTP/1.1" 200 2046 "-" "Mozilla/4.0 (compatible; MSIE 6.0; Windows NT 5.1)"
58.61.164.140 - - [03/Feb/2010:17:58:16 -0800] "GET /installation/template/css/template.css HTTP/1.1" 200 7375 "http://sharkbomb.com/" "Mozilla/4.0 (compatible; MSIE 6.0; Windows NT 5.1)"
58.61.164.140 - - [03/Feb/2010:17:58:17 -0800] "GET /media/system/js/mootools.js HTTP/1.1" 200 74434 "http://sharkbomb.com/" "Mozilla/4.0 (compatible; MSIE 6.0; Windows NT 5.1)"
58.61.164.140 - - [03/Feb/2010:17:58:19 -0800] "GET /installation/includes/js/installation.js HTTP/1.1" 200 598 "http://sharkbomb.com/" "Mozilla/4.0 (compatible; MSIE 6.0; Windows NT 5.1)"
58.61.164.140 - - [03/Feb/2010:17:58:19 -0800] "GET /installation/template/js/validation.js HTTP/1.1" 200 7137 "http://sharkbomb.com/" "Mozilla/4.0 (compatible; MSIE 6.0; Windows NT 5.1)"
58.61.164.141 - - [03/Feb/2010:18:16:53 -0800] "GET / HTTP/1.1" 302 - "-" "Mozilla/4.0 (compatible; MSIE 6.0; Windows NT 5.1)"
58.61.164.141 - - [03/Feb/2010:18:16:54 -0800] "GET /installation/index.php HTTP/1.1" 200 2046 "-" "Mozilla/4.0 (compatible; MSIE 6.0; Windows NT 5.1)"
58.61.164.141 - - [03/Feb/2010:18:17:18 -0800] "GET /installation/template/css/template.css HTTP/1.1" 200 7375 "http://sharkbomb.com/" "Mozilla/4.0 (compatible; MSIE 6.0; Windows NT 5.1)"
58.61.164.141 - - [03/Feb/2010:18:17:19 -0800] "GET /media/system/js/mootools.js HTTP/1.1" 200 74434 "http://sharkbomb.com/" "Mozilla/4.0 (compatible; MSIE 6.0; Windows NT 5.1)"
58.61.164.141 - - [03/Feb/2010:18:17:21 -0800] "GET /installation/includes/js/installation.js HTTP/1.1" 200 598 "http://sharkbomb.com/" "Mozilla/4.0 (compatible; MSIE 6.0; Windows NT 5.1)"
58.61.164.141 - - [03/Feb/2010:18:17:22 -0800] "GET /installation/template/js/validation.js HTTP/1.1" 200 7137 "http://sharkbomb.com/" "Mozilla/4.0 (compatible; MSIE 6.0; Windows NT 5.1)"
208.80.193.27 - - [03/Feb/2010:18:37:02 -0800] "GET /blog/archive/2006_03_01_index.html&h=224&w=300&sz=12&hl=en&start=46 HTTP/1.0" 302 353 "-" "Mozilla/4.0 (compatible; MSIE 6.0; Windows NT 5.1; Rogers Hi-Speed Internet; FunWebProducts-MyWay; SV1; .NET CLR 1.1.4322)"
124.115.0.17 - - [03/Feb/2010:18:39:31 -0800] "GET / HTTP/1.1" 302 - "-" "Sosospider+(+http://help.soso.com/webspider.htm)"
124.115.0.17 - - [03/Feb/2010:18:39:31 -0800] "GET /installation/index.php HTTP/1.1" 200 2046 "-" "Sosospider+(+http://help.soso.com/webspider.htm)"
124.115.0.17 - - [03/Feb/2010:18:39:44 -0800] "GET /installation/template/css/template/css/template.css HTTP/1.1" 302 349 "http://sharkbomb.com/" "Sosospider+(+http://help.soso.com/webspider.htm)"
124.115.0.17 - - [03/Feb/2010:18:39:45 -0800] "GET /media/system/media/system/js/mootools.js HTTP/1.1" 302 349 "http://sharkbomb.com/" "Sosospider+(+http://help.soso.com/webspider.htm)"
124.115.0.17 - - [03/Feb/2010:18:39:45 -0800] "GET /installation/includes/js/includes/js/installation.js HTTP/1.1" 302 349 "http://sharkbomb.com/" "Sosospider+(+http://help.soso.com/webspider.htm)"
124.115.0.17 - - [03/Feb/2010:18:39:46 -0800] "GET /installation/template/js/template/js/validation.js HTTP/1.1" 302 349 "http://sharkbomb.com/" "Sosospider+(+http://help.soso.com/webspider.htm)"
67.218.116.133 - - [03/Feb/2010:19:26:24 -0800] "GET /robots.txt HTTP/1.0" 200 304 "-" "Mozilla/5.0 (Twiceler-0.9 http://www.cuil.com/twiceler/robot.html)"
208.80.193.32 - - [03/Feb/2010:20:04:00 -0800] "GET /blog/archive/2006_03_01_index.html&h=224&w=300&sz=12&hl=en&start=21 HTTP/1.0" 302 353 "-" "Mozilla/4.0 (compatible; MSIE 7.0; Windows NT 5.2; WOW64; InfoPath.2)"
66.249.71.38 - - [03/Feb/2010:21:31:28 -0800] "GET /robots.txt HTTP/1.1" 200 304 "-" "Mozilla/5.0 (compatible; Googlebot/2.1; +http://www.google.com/bot.html)"
66.249.71.38 - - [03/Feb/2010:21:31:29 -0800] "GET / HTTP/1.1" 302 - "-" "Mozilla/5.0 (compatible; Googlebot/2.1; +http://www.google.com/bot.html)"
124.115.6.17 - - [04/Feb/2010:00:08:53 -0800] "GET /robots.txt HTTP/1.1" 200 304 "-" "Sosospider+(+http://help.soso.com/webspider.htm)"
123.125.66.106 - - [04/Feb/2010:00:47:05 -0800] "GET /robots.txt HTTP/1.1" 200 304 "-" "Baiduspider+(+http://www.baidu.com/search/spider.htm)"
208.115.111.243 - - [04/Feb/2010:01:10:52 -0800] "GET /robots.txt HTTP/1.1" 200 304 "-" "Mozilla/5.0 (compatible; DotBot/1.1; http://www.dotnetdotcom.org/, crawler@dotnetdotcom.org)"
216.129.119.40 - - [04/Feb/2010:01:26:51 -0800] "GET /robots.txt HTTP/1.0" 200 304 "-" "Mozilla/5.0 (Twiceler-0.9 http://www.cuil.com/twiceler/robot.html)"
66.249.71.6 - - [04/Feb/2010:01:38:10 -0800] "GET /robots.txt HTTP/1.1" 200 304 "-" "Mozilla/5.0 (compatible; Googlebot/2.1; +http://www.google.com/bot.html)"
124.115.0.16 - - [04/Feb/2010:01:57:28 -0800] "GET / HTTP/1.1" 302 - "-" "Sosospider+(+http://help.soso.com/webspider.htm)"
124.115.0.16 - - [04/Feb/2010:01:57:29 -0800] "GET /installation/index.php HTTP/1.1" 200 2046 "-" "Sosospider+(+http://help.soso.com/webspider.htm)"
124.115.0.16 - - [04/Feb/2010:01:57:42 -0800] "GET /installation/template/css/template/css/template.css HTTP/1.1" 302 349 "http://sharkbomb.com/" "Sosospider+(+http://help.soso.com/webspider.htm)"
124.115.0.16 - - [04/Feb/2010:01:57:43 -0800] "GET /media/system/media/system/js/mootools.js HTTP/1.1" 302 349 "http://sharkbomb.com/" "Sosospider+(+http://help.soso.com/webspider.htm)"
124.115.0.16 - - [04/Feb/2010:01:57:44 -0800] "GET /installation/includes/js/includes/js/installation.js HTTP/1.1" 302 349 "http://sharkbomb.com/" "Sosospider+(+http://help.soso.com/webspider.htm)"
124.115.0.16 - - [04/Feb/2010:01:57:44 -0800] "GET /installation/template/js/template/js/validation.js HTTP/1.1" 302 349 "http://sharkbomb.com/" "Sosospider+(+http://help.soso.com/webspider.htm)"
208.80.193.41 - - [04/Feb/2010:04:33:28 -0800] "GET / HTTP/1.0" 302 - "-" "Mozilla/4.0 (compatible; MSIE 7.0; Windows NT 5.1; .NET CLR 1.1.4322; InfoPath.1; Creative ZENcast v1.02.10)"
58.61.164.39 - - [04/Feb/2010:04:41:20 -0800] "GET / HTTP/1.1" 302 - "-" "Mozilla/4.0 (compatible; MSIE 6.0; Windows NT 5.1)"
58.61.164.39 - - [04/Feb/2010:04:41:20 -0800] "GET /installation/index.php HTTP/1.1" 200 2046 "-" "Mozilla/4.0 (compatible; MSIE 6.0; Windows NT 5.1)"
58.61.164.39 - - [04/Feb/2010:04:41:36 -0800] "GET /installation/template/css/template.css HTTP/1.1" 200 7375 "http://sharkbomb.com/" "Mozilla/4.0 (compatible; MSIE 6.0; Windows NT 5.1)"
