97.123.123.198 - - [09/Dec/2010:15:04:34 -0800] "GET /installation/template/images/j_header_left.png HTTP/1.1" 200 5148 "http://www.sharkbomb.com/installation/template/css/template.css" "Mozilla/5.0 (Windows; U; Windows NT 6.0; en-US; rv:1.9.2.11) Gecko/20101012 Firefox/3.6.11 ( .NET CLR 3.5.30729)"
97.123.123.198 - - [09/Dec/2010:15:04:34 -0800] "GET /installation/template/images/j_bottom.png HTTP/1.1" 200 232 "http://www.sharkbomb.com/installation/template/css/template.css" "Mozilla/5.0 (Windows; U; Windows NT 6.0; en-US; rv:1.9.2.11) Gecko/20101012 Firefox/3.6.11 ( .NET CLR 3.5.30729)"
97.123.123.198 - - [09/Dec/2010:15:04:34 -0800] "GET /installation/template/images/j_corner_bl.png HTTP/1.1" 200 303 "http://www.sharkbomb.com/installation/template/css/template.css" "Mozilla/5.0 (Windows; U; Windows NT 6.0; en-US; rv:1.9.2.11) Gecko/20101012 Firefox/3.6.11 ( .NET CLR 3.5.30729)"
208.80.194.29 - - [09/Dec/2010:15:57:22 -0800] "GET / HTTP/1.0" 302 - "-" "Mozilla/4.0 (compatible; MSIE 7.0; Windows NT 5.1; (R1 1.5); .NET CLR 1.1.4322; Windows-Media-Player/10.00.00.3990)"
208.80.194.29 - - [09/Dec/2010:15:57:25 -0800] "GET /installation/index.php HTTP/1.0" 200 2232 "-" "Mozilla/4.0 (compatible; MSIE 6.0; Windows NT 5.1; SV1; sbcydsl 3.12; YComp 5.0.0.0; YPC 3.2.0; FunWebProducts; .NET CLR 1.1.4322; ZangoToolbar 4.8.2; yplus 5.1.04b)"
66.249.68.100 - - [09/Dec/2010:19:25:51 -0800] "GET /ct.html HTTP/1.1" 302 349 "-" "Mozilla/5.0 (compatible; Googlebot/2.1; +http://www.google.com/bot.html)"
208.80.194.26 - - [09/Dec/2010:20:54:56 -0800] "GET /blog/archive/2006_03_01_index.html&h=224&w=300&sz=12&hl=en&start=46 HTTP/1.0" 302 353 "-" "Mozilla/4.0 (compatible; MSIE 6.0; Windows NT 5.1; {5042952F-7961-D060-D2AD-8D35872D4837})"
208.80.194.26 - - [09/Dec/2010:20:54:56 -0800] "GET / HTTP/1.0" 302 - "-" "Mozilla/4.0 (compatible; MSIE 7.0; Windows NT 5.1; {77C7ABC6-4551-457A-A878-4F7DEBC713E4}; .NET CLR 1.1.4322; .NET CLR 2.0.50727; Creative ZENcast v1.02.11)"
208.80.194.26 - - [09/Dec/2010:20:54:57 -0800] "GET /installation/index.php HTTP/1.0" 200 2232 "-" "Mozilla/4.0 (compatible; MSIE 7.0; Windows NT 5.1; .NET CLR 1.0.3705; .NET CLR 1.1.4322; Tablet PC 1.7; IEMB3; .NET CLR 2.0.50727; IEMB3)"
208.80.194.26 - - [09/Dec/2010:21:53:26 -0800] "GET /blog/archive/2006_03_01_index.html&h=224&w=300&sz=12&hl=en&start=21 HTTP/1.0" 302 353 "-" "Mozilla/4.0 (compatible; MSIE 7.0; Windows NT 5.1; .NET CLR 1.0.3705; .NET CLR 1.1.4322; Media Center PC 4.0; .NET CLR 2.0.50727; Hotbar 10.0.356.0)"
208.80.194.26 - - [09/Dec/2010:21:53:26 -0800] "GET / HTTP/1.0" 302 - "-" "Mozilla/4.0 (compatible; MSIE 6.0; Windows NT 5.1; SV1; FunWebProducts; .NET CLR 1.0.3705; .NET CLR 1.1.4322; Media Center PC 4.0; PeoplePal 6.2; yplus 5.1.04b)"
208.80.194.26 - - [09/Dec/2010:21:53:26 -0800] "GET /installation/index.php HTTP/1.0" 200 2232 "-" "Mozilla/4.0 (compatible; MSIE 6.0; AOL 9.0; Windows NT 5.1; {C9F6D9CF-7177-882A-08E5-251B83A3EAA7}; SV1; .NET CLR 1.1.4322; Windows-Media-Player/10.00.00.3990)"
65.52.108.12 - - [09/Dec/2010:22:39:16 -0800] "GET /robots.txt HTTP/1.1" 200 304 "-" "Mozilla/5.0 (compatible; bingbot/2.0; +http://www.bing.com/bingbot.htm)"
65.52.108.12 - - [09/Dec/2010:22:43:21 -0800] "GET / HTTP/1.1" 302 - "-" "Mozilla/5.0 (compatible; bingbot/2.0; +http://www.bing.com/bingbot.htm)"
66.249.68.100 - - [10/Dec/2010:02:55:55 -0800] "GET /blog HTTP/1.1" 302 349 "-" "Mozilla/5.0 (compatible; Googlebot/2.1; +http://www.google.com/bot.html)"
66.249.68.26 - - [10/Dec/2010:03:39:53 -0800] "GET /robots.txt HTTP/1.1" 200 304 "-" "Mozilla/5.0 (compatible; Googlebot/2.1; +http://www.google.com/bot.html)"
66.249.68.26 - - [10/Dec/2010:03:39:53 -0800] "GET /blog/ HTTP/1.1" 302 353 "-" "Mozilla/5.0 (compatible; Googlebot/2.1; +http://www.google.com/bot.html)"
208.80.194.26 - - [10/Dec/2010:05:19:52 -0800] "GET / HTTP/1.0" 302 - "-" "Mozilla/4.0 (compatible; MSIE 7.0; Windows NT 5.1; .NET CLR 1.0.3705; .NET CLR 1.1.4322; Media Center PC 4.0; SpamBlockerUtility 4.8.4; yplus 5.1.02b)"
208.80.194.26 - - [10/Dec/2010:05:19:53 -0800] "GET /installation/index.php HTTP/1.0" 200 2232 "-" "Mozilla/4.0 (compatible; MSIE 7.0; Windows NT 5.1; FunWebProducts; .NET CLR 1.0.3705; .NET CLR 1.1.4322; Media Center PC 4.0; HbTools 4.8.2)"
66.249.68.100 - - [10/Dec/2010:13:14:42 -0800] "GET /robots.txt HTTP/1.1" 200 304 "-" "Mozilla/5.0 (compatible; Googlebot/2.1; +http://www.google.com/bot.html)"
66.249.68.100 - - [10/Dec/2010:13:14:43 -0800] "GET / HTTP/1.1" 302 - "-" "Mozilla/5.0 (compatible; Googlebot/2.1; +http://www.google.com/bot.html)"
38.101.148.124 - - [10/Dec/2010:13:36:59 -0800] "GET /robots.txt HTTP/1.1" 200 304 "-" "Mozilla/5.0 (compatible; discobot/1.1; +http://discoveryengine.com/discobot.html"
38.101.148.124 - - [10/Dec/2010:13:37:04 -0800] "GET /robots.txt HTTP/1.1" 200 304 "-" "Mozilla/5.0 (compatible; discobot/1.1; +http://discoveryengine.com/discobot.html"
66.249.72.140 - - [10/Dec/2010:15:53:59 -0800] "GET /robots.txt HTTP/1.1" 200 304 "-" "Mozilla/5.0 (compatible; Googlebot/2.1; +http://www.google.com/bot.html)"
66.249.72.140 - - [10/Dec/2010:15:53:59 -0800] "GET /blog/2005/11/some-of-us-may-be-new-to-world-of.html HTTP/1.1" 302 353 "-" "Mozilla/5.0 (compatible; Googlebot/2.1; +http://www.google.com/bot.html)"
66.249.72.121 - - [10/Dec/2010:15:53:59 -0800] "GET /robots.txt HTTP/1.1" 200 304 "-" "Mozilla/5.0 (compatible; Googlebot/2.1; +http://www.google.com/bot.html)"
66.249.72.121 - - [10/Dec/2010:15:54:00 -0800] "GET / HTTP/1.1" 302 - "-" "Mozilla/5.0 (compatible; Googlebot/2.1; +http://www.google.com/bot.html)"
66.249.72.140 - - [10/Dec/2010:16:42:37 -0800] "GET /blog/2005/10/fun-for-whole-family.html HTTP/1.1" 302 353 "-" "Mozilla/5.0 (compatible; Googlebot/2.1; +http://www.google.com/bot.html)"
208.80.194.35 - - [11/Dec/2010:05:19:31 -0800] "GET / HTTP/1.0" 302 - "-" "Mozilla/4.0 (compatible; MSIE 6.0; Windows NT 5.1; OptusNetDSL6; SV1; .NET CLR 2.0.50727)"
208.80.194.35 - - [11/Dec/2010:05:19:31 -0800] "GET /installation/index.php HTTP/1.0" 200 2232 "-" "Mozilla/4.0 (compatible; MSIE 6.0; Windows NT 5.1; SV1; YPC 3.0.3; Media Center PC 3.0; .NET CLR 1.0.3705)"
79.142.68.43 - - [11/Dec/2010:06:14:35 -0800] "GET /index.php HTTP/1.0" 302 - "http://sharkbomb.com/index.php" "Mozilla/4.0 (compatible; MSIE 6.0; Windows 98; Win 9x 4.90)"
79.142.68.43 - - [11/Dec/2010:06:14:35 -0800] "GET /installation/index.php HTTP/1.0" 200 2232 "http://sharkbomb.com/installation/index.php" "Mozilla/4.0 (compatible; MSIE 6.0; Windows 98; Win 9x 4.90)"
74.50.100.8 - - [11/Dec/2010:08:00:45 -0800] "GET /index.php HTTP/1.0" 302 - "http://sharkbomb.com/index.php" "Mozilla/4.0 (compatible; MSIE 6.0; Windows 98; Win 9x 4.90)"
208.80.194.31 - - [11/Dec/2010:09:40:20 -0800] "GET /blog/archive/2006_03_01_index.html&h=224&w=300&sz=12&hl=en&start=46 HTTP/1.0" 302 353 "-" "Mozilla/4.0 (compatible; MSIE 6.0; Windows NT 5.1; SV1; YPC 3.2.0; FunWebProducts; .NET CLR 1.1.4322; .NET CLR 2.0.50727; yplus 5.1.04b)"
208.80.194.31 - - [11/Dec/2010:09:40:20 -0800] "GET / HTTP/1.0" 302 - "-" "Mozilla/4.0 (compatible; MSIE 7.0; Windows NT 5.1; Q312461; .NET CLR 1.1.4322; .NET CLR 2.0.50727; .NET CLR 3.0.04506.30; InfoPath.2)"
208.80.194.31 - - [11/Dec/2010:09:40:20 -0800] "GET /installation/index.php HTTP/1.0" 200 2232 "-" "Mozilla/4.0 (compatible; MSIE 7.0b; Windows NT 5.1; .NET CLR 2.0.50727; InfoPath.2)"
208.80.194.28 - - [11/Dec/2010:10:39:47 -0800] "GET /blog/archive/2006_03_01_index.html&h=224&w=300&sz=12&hl=en&start=21 HTTP/1.0" 302 353 "-" "Mozilla/4.0 (compatible; MSIE 6.0; Windows NT 5.0; H010818; .NET CLR 1.0.3705; .NET CLR 1.1.4322)"
208.80.194.28 - - [11/Dec/2010:10:39:47 -0800] "GET / HTTP/1.0" 302 - "-" "Mozilla/4.0 (compatible; MSIE 6.0; Windows NT 5.1; {966FEF99-B3DE-30E6-3690-481CB73F6F06})"
208.80.194.28 - - [11/Dec/2010:10:39:47 -0800] "GET /installation/index.php HTTP/1.0" 200 2232 "-" "Mozilla/4.0 (compatible; MSIE 6.0; Windows NT 5.1; SV1; Mozilla/4.0(Compatible Mozilla/4.0(Compatible-EmbeddedWB 14.57 http://bsalsa.com/ EmbeddedWB- 14.57 from: http://bsalsa.com/ ; .NET CLR 1.1.4322; PeoplePal 3.0)"
208.80.194.31 - - [11/Dec/2010:18:13:21 -0800] "GET / HTTP/1.0" 302 - "-" "Mozilla/4.0 (compatible; MSIE 7.0; Windows NT 5.1; Mozilla/4.0 (compatible; MSIE 6.0; Windows NT 5.1; SV1) ; .NET CLR 1.0.3705; .NET CLR 1.1.4322; .NET CLR 2.0.50727)"
208.80.194.31 - - [11/Dec/2010:18:13:21 -0800] "GET /installation/index.php HTTP/1.0" 200 2232 "-" "Mozilla/4.0 (compatible; MSIE 6.0; Windows NT 5.0; Advanced Searchbar 3.25; FunWebProducts; HbTools 4.8.4)"
98.197.49.220 - - [11/Dec/2010:20:20:10 -0800] "GET / HTTP/1.1" 302 - "http://www.google.com/search?sourceid=navclient&aq=1h&oq=shark&ie=UTF-8&rlz=1T4ADFA_enUS380US381&q=sharkbomb" "Mozilla/4.0 (compatible; MSIE 8.0; Windows NT 6.0; Trident/4.0; GTB6.5; SLCC1; .NET CLR 2.0.50727; .NET CLR 3.0.30618; .NET CLR 3.5.30729)"
98.197.49.220 - - [11/Dec/2010:20:20:10 -0800] "GET /installation/index.php HTTP/1.1" 200 2231 "http://www.google.com/search?sourceid=navclient&aq=1h&oq=shark&ie=UTF-8&rlz=1T4ADFA_enUS380US381&q=sharkbomb" "Mozilla/4.0 (compatible; MSIE 8.0; Windows NT 6.0; Trident/4.0; GTB6.5; SLCC1; .NET CLR 2.0.50727; .NET CLR 3.0.30618; .NET CLR 3.5.30729)"
98.197.49.220 - - [11/Dec/2010:20:20:13 -0800] "GET /installation/template/css/template.css HTTP/1.1" 200 7375 "http://sharkbomb.com/installation/index.php" "Mozilla/4.0 (compatible; MSIE 8.0; Windows NT 6.0; Trident/4.0; GTB6.5; SLCC1; .NET CLR 2.0.50727; .NET CLR 3.0.30618; .NET CLR 3.5.30729)"
98.197.49.220 - - [11/Dec/2010:20:20:13 -0800] "GET /installation/includes/js/installation.js HTTP/1.1" 200 598 "http://sharkbomb.com/installation/index.php" "Mozilla/4.0 (compatible; MSIE 8.0; Windows NT 6.0; Trident/4.0; GTB6.5; SLCC1; .NET CLR 2.0.50727; .NET CLR 3.0.30618; .NET CLR 3.5.30729)"
98.197.49.220 - - [11/Dec/2010:20:20:13 -0800] "GET /installation/template/js/validation.js HTTP/1.1" 200 7137 "http://sharkbomb.com/installation/index.php" "Mozilla/4.0 (compatible; MSIE 8.0; Windows NT 6.0; Trident/4.0; GTB6.5; SLCC1; .NET CLR 2.0.50727; .NET CLR 3.0.30618; .NET CLR 3.5.30729)"
98.197.49.220 - - [11/Dec/2010:20:20:13 -0800] "GET /media/system/js/mootools.js HTTP/1.1" 200 74434 "http://sharkbomb.com/installation/index.php" "Mozilla/4.0 (compatible; MSIE 8.0; Windows NT 6.0; Trident/4.0; GTB6.5; SLCC1; .NET CLR 2.0.50727; .NET CLR 3.0.30618; .NET CLR 3.5.30729)"
98.197.49.220 - - [11/Dec/2010:20:20:14 -0800] "GET /installation/template/images/j_header_middle.png HTTP/1.1" 200 385 "http://sharkbomb.com/installation/index.php" "Mozilla/4.0 (compatible; MSIE 8.0; Windows NT 6.0; Trident/4.0; GTB6.5; SLCC1; .NET CLR 2.0.50727; .NET CLR 3.0.30618; .NET CLR 3.5.30729)"
98.197.49.220 - - [11/Dec/2010:20:20:14 -0800] "GET /installation/template/images/j_header_left.png HTTP/1.1" 200 5148 "http://sharkbomb.com/installation/index.php" "Mozilla/4.0 (compatible; MSIE 8.0; Windows NT 6.0; Trident/4.0; GTB6.5; SLCC1; .NET CLR 2.0.50727; .NET CLR 3.0.30618; .NET CLR 3.5.30729)"
98.197.49.220 - - [11/Dec/2010:20:20:14 -0800] "GET /installation/template/images/j_header_right.png HTTP/1.1" 200 366 "http://sharkbomb.com/installation/index.php" "Mozilla/4.0 (compatible; MSIE 8.0; Windows NT 6.0; Trident/4.0; GTB6.5; SLCC1; .NET CLR 2.0.50727; .NET CLR 3.0.30618; .NET CLR 3.5.30729)"
98.197.49.220 - - [11/Dec/2010:20:20:14 -0800] "GET /installation/template/images/j_bottom.png HTTP/1.1" 200 232 "http://sharkbomb.com/installation/index.php" "Mozilla/4.0 (compatible; MSIE 8.0; Windows NT 6.0; Trident/4.0; GTB6.5; SLCC1; .NET CLR 2.0.50727; .NET CLR 3.0.30618; .NET CLR 3.5.30729)"
98.197.49.220 - - [11/Dec/2010:20:20:14 -0800] "GET /installation/template/images/j_corner_br.png HTTP/1.1" 200 314 "http://sharkbomb.com/installation/index.php" "Mozilla/4.0 (compatible; MSIE 8.0; Windows NT 6.0; Trident/4.0; GTB6.5; SLCC1; .NET CLR 2.0.50727; .NET CLR 3.0.30618; .NET CLR 3.5.30729)"
98.197.49.220 - - [11/Dec/2010:20:20:14 -0800] "GET /installation/template/images/j_corner_bl.png HTTP/1.1" 200 303 "http://sharkbomb.com/installation/index.php" "Mozilla/4.0 (compatible; MSIE 8.0; Windows NT 6.0; Trident/4.0; GTB6.5; SLCC1; .NET CLR 2.0.50727; .NET CLR 3.0.30618; .NET CLR 3.5.30729)"
72.94.249.38 - - [11/Dec/2010:21:21:16 -0800] "GET / HTTP/1.1" 302 - "-" "Mozilla/4.0 (compatible; MSIE 6.0; Windows NT 5.1; SV1; .NET CLR 1.1.4322)"
72.94.249.38 - - [11/Dec/2010:21:21:17 -0800] "GET / HTTP/1.1" 302 - "-" "Mozilla/4.0 (compatible; MSIE 6.0; Windows NT 5.1; SV1; .NET CLR 1.1.4322)"
72.94.249.38 - - [11/Dec/2010:21:21:17 -0800] "GET /installation/index.php HTTP/1.1" 200 2232 "-" "Mozilla/4.0 (compatible; MSIE 6.0; Windows NT 5.1; SV1; .NET CLR 1.1.4322)"
38.101.148.124 - - [11/Dec/2010:21:30:23 -0800] "GET /robots.txt HTTP/1.1" 200 304 "-" "Mozilla/5.0 (compatible; discobot/1.1; +http://discoveryengine.com/discobot.html"
66.249.68.100 - - [12/Dec/2010:12:19:04 -0800] "GET /robots.txt HTTP/1.1" 200 304 "-" "Mozilla/5.0 (compatible; Googlebot/2.1; +http://www.google.com/bot.html)"
66.249.68.100 - - [12/Dec/2010:12:19:04 -0800] "GET /blog HTTP/1.1" 302 349 "-" "Mozilla/5.0 (compatible; Googlebot/2.1; +http://www.google.com/bot.html)"
66.249.68.100 - - [12/Dec/2010:12:19:04 -0800] "GET / HTTP/1.1" 302 - "-" "Mozilla/5.0 (compatible; Googlebot/2.1; +http://www.google.com/bot.html)"
74.50.100.8 - - [12/Dec/2010:13:21:02 -0800] "GET /index.php HTTP/1.0" 302 - "http://sharkbomb.com/index.php" "Mozilla/4.0 (compatible; MSIE 6.0; Windows 98; Win 9x 4.90)"
66.249.68.26 - - [12/Dec/2010:16:59:14 -0800] "GET /robots.txt HTTP/1.1" 200 304 "-" "Mozilla/5.0 (compatible; Googlebot/2.1; +http://www.google.com/bot.html)"
66.249.68.26 - - [12/Dec/2010:16:59:14 -0800] "GET /blog/ HTTP/1.1" 302 353 "-" "Mozilla/5.0 (compatible; Googlebot/2.1; +http://www.google.com/bot.html)"
208.80.194.36 - - [12/Dec/2010:17:50:34 -0800] "GET / HTTP/1.0" 302 - "-" "Mozilla/4.0 (compatible; MSIE 7.0; AOL 9.0; Windows NT 5.1; .NET CLR 1.0.3705; .NET CLR 1.1.4322; Media Center PC 3.1; SpamBlockerUtility 4.7.1)"
208.80.194.36 - - [12/Dec/2010:17:50:34 -0800] "GET /installation/index.php HTTP/1.0" 200 2232 "-" "Mozilla/4.0 (compatible; MSIE 7.0; AOL 9.0; Windows NT 5.1; FunWebProducts; (R1 1.5); .NET CLR 1.1.4322)"
95.108.150.235 - - [12/Dec/2010:18:29:11 -0800] "GET /robots.txt HTTP/1.1" 200 304 "-" "Mozilla/5.0 (compatible; YandexBot/3.0; MirrorDetector; +http://yandex.com/bots)"
95.108.150.235 - - [12/Dec/2010:18:29:11 -0800] "GET /robots.txt HTTP/1.1" 200 304 "-" "Mozilla/5.0 (compatible; YandexBot/3.0; MirrorDetector; +http://yandex.com/bots)"
95.108.150.235 - - [12/Dec/2010:18:29:12 -0800] "GET / HTTP/1.1" 302 - "-" "-"
95.108.150.235 - - [12/Dec/2010:18:29:12 -0800] "GET / HTTP/1.1" 302 - "-" "-"
95.108.150.235 - - [12/Dec/2010:18:29:13 -0800] "GET /installation/index.php HTTP/1.1" 200 2189 "-" "-"
95.108.150.235 - - [12/Dec/2010:18:29:13 -0800] "GET /installation/index.php HTTP/1.1" 200 2189 "-" "-"
95.108.150.235 - - [12/Dec/2010:18:29:16 -0800] "GET /installation/index.php HTTP/1.1" 200 2189 "-" "-"
95.108.150.235 - - [12/Dec/2010:18:29:16 -0800] "GET /installation/index.php HTTP/1.1" 200 2189 "-" "-"
208.80.194.29 - - [12/Dec/2010:22:14:17 -0800] "GET /blog/archive/2006_03_01_index.html&h=224&w=300&sz=12&hl=en&start=46 HTTP/1.0" 302 353 "-" "Mozilla/4.0 (compatible; MSIE 7.0; Windows NT 5.1; .NET CLR 1.1.4322; IEMB3; Windows-Media-Player/10.00.00.3990; IEMB3; yplus 5.1.04b)"
208.80.194.29 - - [12/Dec/2010:22:14:17 -0800] "GET / HTTP/1.0" 302 - "-" "Mozilla/4.0 (compatible; MSIE 7.0; Windows NT 5.1; ESB{E6565FC5-6AAE-453D-8305-ADCF17C58FA7})"
208.80.194.29 - - [12/Dec/2010:22:14:17 -0800] "GET /installation/index.php HTTP/1.0" 200 2232 "-" "Mozilla/4.0 (compatible; MSIE 6.0; Windows NT 5.1; SV1; SIMBAR={F7BC5A6E-A8AC-4dbe-8452-A2287A033141}; InfoPath.2; .NET CLR 1.1.4322)"
208.80.194.30 - - [12/Dec/2010:23:16:20 -0800] "GET /blog/archive/2006_03_01_index.html&h=224&w=300&sz=12&hl=en&start=21 HTTP/1.0" 302 353 "-" "Mozilla/4.0 (compatible; MSIE 6.0; Windows NT 5.1; SV1; Maxthon; .NET CLR 1.0.3705; .NET CLR 1.1.4322; Media Center PC 4.0; .NET CLR 3.0.04506.30)"
208.80.194.30 - - [12/Dec/2010:23:16:20 -0800] "GET / HTTP/1.0" 302 - "-" "Mozilla/4.0 (compatible; MSIE 7.0; Windows NT 5.1; CCTB 1.2; .NET CLR 1.1.4322)"
208.80.194.30 - - [12/Dec/2010:23:16:20 -0800] "GET /installation/index.php HTTP/1.0" 200 2232 "-" "Mozilla/4.0 (compatible; MSIE 6.0; Windows NT 5.1; SV1; DI60SP1001; InfoPath.1)"
38.101.148.124 - - [13/Dec/2010:02:20:55 -0800] "GET /robots.txt HTTP/1.1" 200 304 "-" "Mozilla/5.0 (compatible; discobot/1.1; +http://discoveryengine.com/discobot.html"
38.101.148.124 - - [13/Dec/2010:02:21:03 -0800] "GET /robots.txt HTTP/1.1" 200 304 "-" "Mozilla/5.0 (compatible; discobot/1.1; +http://discoveryengine.com/discobot.html"
208.80.194.36 - - [13/Dec/2010:06:50:57 -0800] "GET / HTTP/1.0" 302 - "-" "Mozilla/4.0 (compatible; MSIE 6.0; AOL 9.0; Windows NT 5.1; SV1; FunWebProducts; HbTools 4.8.0)"
208.80.194.36 - - [13/Dec/2010:06:50:57 -0800] "GET /installation/index.php HTTP/1.0" 200 2232 "-" "Mozilla/4.0 (compatible; MSIE 6.0; Windows NT 5.1; SV1; MyIE2; Maxthon; .NET CLR 1.1.4322; IEMB3)"
93.158.148.31 - - [13/Dec/2010:07:15:58 -0800] "GET /robots.txt HTTP/1.1" 200 304 "-" "Mozilla/5.0 (compatible; YandexBot/3.0; +http://yandex.com/bots)"
93.158.148.31 - - [13/Dec/2010:07:16:00 -0800] "GET / HTTP/1.1" 302 - "-" "Mozilla/5.0 (compatible; YandexBot/3.0; +http://yandex.com/bots)"
69.28.58.15 - - [13/Dec/2010:07:50:00 -0800] "GET /robots.txt HTTP/1.0" 200 304 "http://sharkbomb.com/robots.txt" "Mozilla/4.0 (compatible; MSIE 8.0; Windows NT 5.1; SV1; .NET CLR 2.0.50727)"
69.28.58.15 - - [13/Dec/2010:07:50:01 -0800] "GET / HTTP/1.0" 302 - "http://sharkbomb.com/" "Mozilla/4.0 (compatible; MSIE 8.0; Windows NT 5.1; SV1; .NET CLR 2.0.50727)"
66.249.68.26 - - [13/Dec/2010:10:11:06 -0800] "GET /blog/2005/11/43-things.html HTTP/1.1" 302 353 "-" "Mozilla/5.0 (compatible; Googlebot/2.1; +http://www.google.com/bot.html)"
66.249.68.100 - - [13/Dec/2010:10:11:08 -0800] "GET /robots.txt HTTP/1.1" 200 304 "-" "Mozilla/5.0 (compatible; Googlebot/2.1; +http://www.google.com/bot.html)"
66.249.68.100 - - [13/Dec/2010:10:11:08 -0800] "GET / HTTP/1.1" 302 - "-" "Mozilla/5.0 (compatible; Googlebot/2.1; +http://www.google.com/bot.html)"
66.249.68.100 - - [13/Dec/2010:12:43:05 -0800] "GET /ct.html HTTP/1.1" 302 349 "-" "Mozilla/5.0 (compatible; Googlebot/2.1; +http://www.google.com/bot.html)"
66.249.68.26 - - [13/Dec/2010:16:07:59 -0800] "GET /robots.txt HTTP/1.1" 200 304 "-" "Mozilla/5.0 (compatible; Googlebot/2.1; +http://www.google.com/bot.html)"
66.249.68.26 - - [13/Dec/2010:16:07:59 -0800] "GET /blog/2005/11/wake-n-bacon.html HTTP/1.1" 302 353 "-" "Mozilla/5.0 (compatible; Googlebot/2.1; +http://www.google.com/bot.html)"
66.249.68.26 - - [13/Dec/2010:22:32:22 -0800] "GET /blog HTTP/1.1" 302 353 "-" "Mozilla/5.0 (compatible; Googlebot/2.1; +http://www.google.com/bot.html)"
208.80.194.26 - - [14/Dec/2010:11:13:05 -0800] "GET /blog/archive/2006_03_01_index.html&h=224&w=300&sz=12&hl=en&start=46 HTTP/1.0" 302 353 "-" "Mozilla/4.0 (compatible; MSIE 7.0; Windows NT 5.1; {B1AD470A-3027-10FD-B223-0AE5EBF10837}; .NET CLR 1.1.4322; .NET CLR 2.0.50727; IEMB3; .NET CLR 3.0.04506.30; IEMB3)"
208.80.194.26 - - [14/Dec/2010:11:13:05 -0800] "GET / HTTP/1.0" 302 - "-" "Mozilla/4.0 (compatible; MSIE 7.0; Windows NT 5.1; .NET CLR 1.1.4322; .NET CLR 2.0.50727; .NET CLR 3.0.04506.30; InfoPath.2; MSN 9.0;MSN 9.1; MSNbQ002; MSNmen-us; MSNcOTH)"
38.101.148.124 - - [14/Dec/2010:12:01:22 -0800] "GET /robots.txt HTTP/1.1" 200 304 "-" "Mozilla/5.0 (compatible; discobot/1.1; +http://discoveryengine.com/discobot.html"
38.101.148.124 - - [14/Dec/2010:12:01:30 -0800] "GET /blog HTTP/1.1" 302 349 "-" "Mozilla/5.0 (compatible; discobot/1.1; +http://discoveryengine.com/discobot.html"
208.80.194.35 - - [14/Dec/2010:19:45:02 -0800] "GET / HTTP/1.0" 302 - "-" "Mozilla/4.0 (compatible; MSIE 7.0; America Online Browser 1.1; rev1.2; Windows NT 5.1; .NET CLR 1.1.4322; IEMB3)"
208.80.194.35 - - [14/Dec/2010:19:45:02 -0800] "GET /installation/index.php HTTP/1.0" 200 2232 "-" "Mozilla/4.0 (compatible; MSIE 6.0; Windows NT 5.1; FunWebProducts; SV1; YPC 3.0.3)"
95.108.150.235 - - [14/Dec/2010:19:50:13 -0800] "GET /robots.txt HTTP/1.1" 200 304 "-" "Mozilla/5.0 (compatible; YandexBot/3.0; MirrorDetector; +http://yandex.com/bots)"
95.108.150.235 - - [14/Dec/2010:19:50:13 -0800] "GET /robots.txt HTTP/1.1" 200 304 "-" "Mozilla/5.0 (compatible; YandexBot/3.0; MirrorDetector; +http://yandex.com/bots)"
95.108.150.235 - - [14/Dec/2010:19:50:14 -0800] "GET / HTTP/1.1" 302 - "-" "-"
95.108.150.235 - - [14/Dec/2010:19:50:14 -0800] "GET / HTTP/1.1" 302 - "-" "-"
95.108.150.235 - - [14/Dec/2010:19:50:15 -0800] "GET /installation/index.php HTTP/1.1" 200 2189 "-" "-"
95.108.150.235 - - [14/Dec/2010:19:50:15 -0800] "GET /installation/index.php HTTP/1.1" 200 2189 "-" "-"
95.108.150.235 - - [14/Dec/2010:19:50:19 -0800] "GET /installation/index.php HTTP/1.1" 200 2189 "-" "-"
95.108.150.235 - - [14/Dec/2010:19:50:19 -0800] "GET /installation/index.php HTTP/1.1" 200 2189 "-" "-"
66.249.67.10 - - [14/Dec/2010:22:52:09 -0800] "GET /ct.html HTTP/1.1" 302 349 "-" "Mozilla/5.0 (compatible; Googlebot/2.1; +http://www.google.com/bot.html)"
38.101.148.124 - - [15/Dec/2010:02:07:21 -0800] "GET /robots.txt HTTP/1.1" 200 304 "-" "Mozilla/5.0 (compatible; discobot/1.1; +http://discoveryengine.com/discobot.html"
38.101.148.124 - - [15/Dec/2010:02:07:27 -0800] "GET /blog HTTP/1.1" 302 349 "-" "Mozilla/5.0 (compatible; discobot/1.1; +http://discoveryengine.com/discobot.html"
64.246.165.160 - - [15/Dec/2010:03:41:24 -0800] "GET /robots.txt HTTP/1.0" 200 304 "-" "Mozilla/5.0 (Windows; U; Windows NT 5.1; en; rv:1.9.0.13) Gecko/2009073022 Firefox/3.5.2 (.NET CLR 3.5.30729) SurveyBot/2.3 (DomainTools)"
64.246.165.160 - - [15/Dec/2010:03:41:25 -0800] "GET / HTTP/1.1" 302 - "http://whois.domaintools.com/sharkbomb.com" "Mozilla/5.0 (Windows; U; Windows NT 5.1; en; rv:1.9.0.13) Gecko/2009073022 Firefox/3.5.2 (.NET CLR 3.5.30729) SurveyBot/2.3 (DomainTools)"
64.246.165.160 - - [15/Dec/2010:03:41:25 -0800] "GET /installation/index.php HTTP/1.1" 200 2231 "http://whois.domaintools.com/sharkbomb.com" "Mozilla/5.0 (Windows; U; Windows NT 5.1; en; rv:1.9.0.13) Gecko/2009073022 Firefox/3.5.2 (.NET CLR 3.5.30729) SurveyBot/2.3 (DomainTools)"
38.101.148.124 - - [15/Dec/2010:10:23:50 -0800] "GET /robots.txt HTTP/1.1" 200 304 "-" "Mozilla/5.0 (compatible; discobot/1.1; +http://discoveryengine.com/discobot.html"
38.101.148.124 - - [15/Dec/2010:10:24:08 -0800] "GET / HTTP/1.1" 302 - "-" "Mozilla/5.0 (compatible; discobot/1.1; +http://discoveryengine.com/discobot.html"
66.249.72.112 - - [15/Dec/2010:11:03:23 -0800] "GET /robots.txt HTTP/1.1" 200 304 "-" "Mozilla/5.0 (compatible; Googlebot/2.1; +http://www.google.com/bot.html)"
66.249.72.112 - - [15/Dec/2010:11:03:23 -0800] "GET /blog HTTP/1.1" 302 349 "-" "Mozilla/5.0 (compatible; Googlebot/2.1; +http://www.google.com/bot.html)"
66.249.72.112 - - [15/Dec/2010:11:03:24 -0800] "GET / HTTP/1.1" 302 - "-" "Mozilla/5.0 (compatible; Googlebot/2.1; +http://www.google.com/bot.html)"
208.80.194.36 - - [15/Dec/2010:19:31:32 -0800] "GET / HTTP/1.0" 302 - "-" "Mozilla/4.0 (compatible; MSIE 6.0; Windows NT 5.1; SV1; 3B 2.3; FunWebProducts; .NET CLR 1.0.3705; .NET CLR 1.1.4322; Media Center PC 4.0; .NET CLR 2.0.50727)"
208.80.194.36 - - [15/Dec/2010:19:31:32 -0800] "GET /installation/index.php HTTP/1.0" 200 2232 "-" "Mozilla/4.0 (compatible; MSIE 7.0; Windows NT 6.0; Avant Browser; Avant Browser; SLCC1; .NET CLR 2.0.50727; Media Center PC 5.0; .NET CLR 3.0.04506; InfoPath.2)"
66.219.58.44 - - [15/Dec/2010:22:05:34 -0800] "GET /robots.txt HTTP/1.1" 200 304 "-" "MLBot (www.metadatalabs.com/mlbot)"
66.219.58.44 - - [15/Dec/2010:22:05:34 -0800] "GET / HTTP/1.1" 302 - "-" "MLBot (www.metadatalabs.com/mlbot)"
208.80.194.26 - - [15/Dec/2010:23:45:26 -0800] "GET /blog/archive/2006_03_01_index.html&h=224&w=300&sz=12&hl=en&start=46 HTTP/1.0" 302 353 "-" "Mozilla/4.0 (compatible; MSIE 6.0; Windows NT 5.1; {3A1D666A-49FA-4F8B-BAB3-B37EC201DCF0}; SV1)"
208.80.194.26 - - [15/Dec/2010:23:45:26 -0800] "GET / HTTP/1.0" 302 - "-" "Mozilla/4.0 (compatible; MSIE 6.0; Windows NT 5.1; SV1; LocalNet3; FunWebProducts; .NET CLR 1.0.3705; .NET CLR 1.1.4322)"
208.80.194.26 - - [15/Dec/2010:23:45:26 -0800] "GET /installation/index.php HTTP/1.0" 200 2232 "-" "Mozilla/4.0 (compatible; MSIE 6.0; AOL 9.0; Windows NT 5.1; {E5EC7D79-A272-DE99-D799-E4EF0BB31C45})"
208.80.194.29 - - [16/Dec/2010:00:55:55 -0800] "GET /blog/archive/2006_03_01_index.html&h=224&w=300&sz=12&hl=en&start=21 HTTP/1.0" 302 353 "-" "Mozilla/4.0 (compatible; MSIE 6.0; Windows NT 5.1; Sgrunt|V109|301|S-1474170524|dial; Sgrunt|V109|301|S-1474170524|dialno; snprtz|S25179000000738|2600#Service Pack 1#2#5#1; .NET CLR 1.1.4322)"
208.80.194.29 - - [16/Dec/2010:00:55:55 -0800] "GET / HTTP/1.0" 302 - "-" "Mozilla/4.0 (compatible; MSIE 6.0; Windows NT 5.1; {30377ED9-AF7C-4B03-8A09-EB283D60689E}; SV1; SU 2.010; .NET CLR 1.0.3705)"
208.80.194.29 - - [16/Dec/2010:00:55:55 -0800] "GET /installation/index.php HTTP/1.0" 200 2232 "-" "Mozilla/4.0 (compatible; MSIE 7.0; Windows NT 5.1; FunWebProducts; ga=MDAwY2YxZDI0NTEx; .NET CLR 1.1.4322; ZangoToolbar 4.8.2)"
38.101.148.124 - - [16/Dec/2010:01:39:10 -0800] "GET /robots.txt HTTP/1.1" 200 304 "-" "Mozilla/5.0 (compatible; discobot/1.1; +http://discoveryengine.com/discobot.html"
38.101.148.124 - - [16/Dec/2010:01:39:19 -0800] "GET /blog HTTP/1.1" 302 349 "-" "Mozilla/5.0 (compatible; discobot/1.1; +http://discoveryengine.com/discobot.html"
220.181.94.223 - - [16/Dec/2010:01:43:33 -0800] "GET /robots.txt HTTP/1.1" 200 304 "-" "Sogou web spider/4.0(+http://www.sogou.com/docs/help/webmasters.htm#07)"
220.181.94.223 - - [16/Dec/2010:01:43:45 -0800] "GET / HTTP/1.1" 302 - "-" "Sogou-Test-Spider/4.0 (compatible; MSIE 5.5; Windows 98)"
220.181.94.223 - - [16/Dec/2010:01:43:56 -0800] "GET /installation/index.php HTTP/1.1" 200 2046 "-" "Sogou-Test-Spider/4.0 (compatible; MSIE 5.5; Windows 98)"
74.117.176.30 - - [16/Dec/2010:05:08:22 -0800] "GET / HTTP/1.1" 302 - "http://www.google.com" "Mozilla/5.0 (compatible; Googlebot/2.1; +http://www.google.com/bot.html)"
74.117.176.30 - - [16/Dec/2010:05:08:22 -0800] "GET /installation/index.php HTTP/1.1" 200 2232 "http://sharkbomb.com" "Mozilla/5.0 (compatible; Googlebot/2.1; +http://www.google.com/bot.html)"
208.80.194.31 - - [16/Dec/2010:08:25:08 -0800] "GET / HTTP/1.0" 302 - "-" "Mozilla/4.0 (compatible; MSIE 7.0; Windows NT 5.1; .NET CLR 1.0.3705; .NET CLR 1.1.4322; Media Center PC 4.0; Alexa Toolbar)"
208.80.194.31 - - [16/Dec/2010:08:25:08 -0800] "GET /installation/index.php HTTP/1.0" 200 2232 "-" "Mozilla/4.0 (compatible; MSIE 6.0; Windows 98; Smart Explorer v6.0 ( Evaluation Period ))"
66.249.71.7 - - [16/Dec/2010:10:46:21 -0800] "GET /robots.txt HTTP/1.1" 200 304 "-" "Mozilla/5.0 (compatible; Googlebot/2.1; +http://www.google.com/bot.html)"
66.249.71.7 - - [16/Dec/2010:10:46:21 -0800] "GET /blog HTTP/1.1" 302 349 "-" "Mozilla/5.0 (compatible; Googlebot/2.1; +http://www.google.com/bot.html)"
66.249.71.7 - - [16/Dec/2010:10:46:22 -0800] "GET / HTTP/1.1" 302 - "-" "Mozilla/5.0 (compatible; Googlebot/2.1; +http://www.google.com/bot.html)"
66.249.71.7 - - [16/Dec/2010:15:11:05 -0800] "GET /ct.html HTTP/1.1" 302 349 "-" "Mozilla/5.0 (compatible; Googlebot/2.1; +http://www.google.com/bot.html)"
66.249.71.44 - - [16/Dec/2010:16:52:21 -0800] "GET /robots.txt HTTP/1.1" 200 304 "-" "Mozilla/5.0 (compatible; Googlebot/2.1; +http://www.google.com/bot.html)"
66.249.71.44 - - [16/Dec/2010:16:52:21 -0800] "GET /blog/ HTTP/1.1" 302 353 "-" "Mozilla/5.0 (compatible; Googlebot/2.1; +http://www.google.com/bot.html)"
76.230.244.165 - - [16/Dec/2010:21:14:08 -0800] "GET / HTTP/1.1" 302 - "-" "Mozilla/5.0 (Windows; U; Windows NT 6.0; en-US; rv:1.9.1.16) Gecko/20101130 Firefox/3.5.16 (.NET CLR 3.5.30729)"
76.230.244.165 - - [16/Dec/2010:21:14:08 -0800] "GET /installation/index.php HTTP/1.1" 200 2231 "-" "Mozilla/5.0 (Windows; U; Windows NT 6.0; en-US; rv:1.9.1.16) Gecko/20101130 Firefox/3.5.16 (.NET CLR 3.5.30729)"
76.230.244.165 - - [16/Dec/2010:21:14:11 -0800] "GET /installation/favicon.ico HTTP/1.1" 200 1150 "-" "Mozilla/5.0 (Windows; U; Windows NT 6.0; en-US; rv:1.9.1.16) Gecko/20101130 Firefox/3.5.16 (.NET CLR 3.5.30729)"
76.230.244.165 - - [16/Dec/2010:21:14:11 -0800] "GET /installation/template/css/template.css HTTP/1.1" 200 7375 "http://sharkbomb.com/installation/index.php" "Mozilla/5.0 (Windows; U; Windows NT 6.0; en-US; rv:1.9.1.16) Gecko/20101130 Firefox/3.5.16 (.NET CLR 3.5.30729)"
76.230.244.165 - - [16/Dec/2010:21:14:11 -0800] "GET /installation/includes/js/installation.js HTTP/1.1" 200 598 "http://sharkbomb.com/installation/index.php" "Mozilla/5.0 (Windows; U; Windows NT 6.0; en-US; rv:1.9.1.16) Gecko/20101130 Firefox/3.5.16 (.NET CLR 3.5.30729)"
76.230.244.165 - - [16/Dec/2010:21:14:11 -0800] "GET /installation/template/js/validation.js HTTP/1.1" 200 7137 "http://sharkbomb.com/installation/index.php" "Mozilla/5.0 (Windows; U; Windows NT 6.0; en-US; rv:1.9.1.16) Gecko/20101130 Firefox/3.5.16 (.NET CLR 3.5.30729)"
76.230.244.165 - - [16/Dec/2010:21:14:11 -0800] "GET /favicon.ico HTTP/1.1" 302 349 "-" "Mozilla/5.0 (compatible; Google Desktop/5.9.1005.12335; http://desktop.google.com/)"
76.230.244.165 - - [16/Dec/2010:21:14:11 -0800] "GET / HTTP/1.1" 302 - "-" "Mozilla/5.0 (compatible; Google Desktop/5.9.1005.12335; http://desktop.google.com/)"
76.230.244.165 - - [16/Dec/2010:21:14:11 -0800] "GET /media/system/js/mootools.js HTTP/1.1" 200 74434 "http://sharkbomb.com/installation/index.php" "Mozilla/5.0 (Windows; U; Windows NT 6.0; en-US; rv:1.9.1.16) Gecko/20101130 Firefox/3.5.16 (.NET CLR 3.5.30729)"
76.230.244.165 - - [16/Dec/2010:21:14:11 -0800] "GET /installation/index.php HTTP/1.1" 200 2232 "-" "Mozilla/5.0 (compatible; Google Desktop/5.9.1005.12335; http://desktop.google.com/)"
76.230.244.165 - - [16/Dec/2010:21:14:12 -0800] "GET /installation/template/images/j_header_right.png HTTP/1.1" 200 366 "http://sharkbomb.com/installation/template/css/template.css" "Mozilla/5.0 (Windows; U; Windows NT 6.0; en-US; rv:1.9.1.16) Gecko/20101130 Firefox/3.5.16 (.NET CLR 3.5.30729)"
76.230.244.165 - - [16/Dec/2010:21:14:12 -0800] "GET /installation/template/images/j_header_left.png HTTP/1.1" 200 5148 "http://sharkbomb.com/installation/template/css/template.css" "Mozilla/5.0 (Windows; U; Windows NT 6.0; en-US; rv:1.9.1.16) Gecko/20101130 Firefox/3.5.16 (.NET CLR 3.5.30729)"
76.230.244.165 - - [16/Dec/2010:21:14:12 -0800] "GET /installation/template/images/j_bottom.png HTTP/1.1" 200 232 "http://sharkbomb.com/installation/template/css/template.css" "Mozilla/5.0 (Windows; U; Windows NT 6.0; en-US; rv:1.9.1.16) Gecko/20101130 Firefox/3.5.16 (.NET CLR 3.5.30729)"
76.230.244.165 - - [16/Dec/2010:21:14:12 -0800] "GET /installation/template/images/j_corner_br.png HTTP/1.1" 200 314 "http://sharkbomb.com/installation/template/css/template.css" "Mozilla/5.0 (Windows; U; Windows NT 6.0; en-US; rv:1.9.1.16) Gecko/20101130 Firefox/3.5.16 (.NET CLR 3.5.30729)"
76.230.244.165 - - [16/Dec/2010:21:14:12 -0800] "GET /installation/template/images/j_header_middle.png HTTP/1.1" 200 385 "http://sharkbomb.com/installation/template/css/template.css" "Mozilla/5.0 (Windows; U; Windows NT 6.0; en-US; rv:1.9.1.16) Gecko/20101130 Firefox/3.5.16 (.NET CLR 3.5.30729)"
76.230.244.165 - - [16/Dec/2010:21:14:12 -0800] "GET /installation/template/images/j_corner_bl.png HTTP/1.1" 200 303 "http://sharkbomb.com/installation/template/css/template.css" "Mozilla/5.0 (Windows; U; Windows NT 6.0; en-US; rv:1.9.1.16) Gecko/20101130 Firefox/3.5.16 (.NET CLR 3.5.30729)"
66.249.71.7 - - [16/Dec/2010:22:03:19 -0800] "GET /ct.html HTTP/1.1" 302 349 "-" "Mozilla/5.0 (compatible; Googlebot/2.1; +http://www.google.com/bot.html)"
173.192.34.95 - - [17/Dec/2010:00:57:43 -0800] "GET /robots.txt HTTP/1.1" 200 304 "-" "Mozilla/4.0 (compatible; MSIE 7.0; Windows NT 6.0; Mozilla/4.0 (compatible; MSIE 6.0; Windows NT 5.1; SV1) ; Media Center PC 5.0)"
173.192.34.95 - "" [17/Dec/2010:00:57:43 -0800] "GET / HTTP/1.1" 302 - "-" "Mozilla/4.0 (compatible; MSIE 7.0; Windows NT 6.0; Mozilla/4.0 (compatible; MSIE 6.0; Windows NT 5.1; SV1) ; Media Center PC 5.0)"
173.192.34.95 - "" [17/Dec/2010:00:57:43 -0800] "GET /installation/index.php HTTP/1.1" 200 2232 "-" "Mozilla/4.0 (compatible; MSIE 7.0; Windows NT 6.0; Mozilla/4.0 (compatible; MSIE 6.0; Windows NT 5.1; SV1) ; Media Center PC 5.0)"
184.72.23.121 - - [17/Dec/2010:03:07:32 -0800] "GET / HTTP/1.0" 302 - "-" "Mozilla/5.0 (Macintosh; U; Intel Mac OS X 10.7; en-US; rv:13.37) Gecko/20121221 Firefox/4.7"
184.72.23.121 - - [17/Dec/2010:03:07:33 -0800] "GET /installation/index.php HTTP/1.0" 200 2232 "-" "Mozilla/5.0 (Macintosh; U; Intel Mac OS X 10.7; en-US; rv:13.37) Gecko/20121221 Firefox/4.7"
66.249.71.44 - - [17/Dec/2010:04:13:41 -0800] "GET /robots.txt HTTP/1.1" 200 304 "-" "Mozilla/5.0 (compatible; Googlebot/2.1; +http://www.google.com/bot.html)"
208.80.194.32 - - [17/Dec/2010:08:21:08 -0800] "GET / HTTP/1.0" 302 - "-" "Mozilla/4.0 (compatible; MSIE 6.0; Windows NT 5.1; SV1; FunWebProducts; .NET CLR 1.1.4322; .NET CLR 2.0.50727; .NET CLR 3.0.04506.30; MSN 9.0;MSN 9.1; MSNbQ002; MSNmen-us; MSNcOTH)"
208.80.194.32 - - [17/Dec/2010:08:21:09 -0800] "GET /installation/index.php HTTP/1.0" 200 2232 "-" "Mozilla/4.0 (compatible; MSIE 6.0; Windows NT 5.1; YComp 5.0.8.6)"
38.127.197.105 - - [17/Dec/2010:10:41:33 -0800] "GET / HTTP/1.1" 302 - "-" "Mozilla/4.0 (compatible; MSIE 7.0; Windows NT 5.2)"
38.127.197.105 - - [17/Dec/2010:10:41:34 -0800] "GET /installation/index.php HTTP/1.1" 200 2231 "http://www.sharkbomb.com/" "Mozilla/4.0 (compatible; MSIE 7.0; Windows NT 5.2)"
38.127.197.105 - - [17/Dec/2010:10:41:37 -0800] "GET /installation/../ HTTP/1.1" 302 - "http://www.sharkbomb.com/installation/index.php" "Mozilla/4.0 (compatible; MSIE 7.0; Windows NT 5.2)"
38.127.197.105 - - [17/Dec/2010:10:41:37 -0800] "GET /installation/template/css/template.css HTTP/1.1" 200 7375 "http://www.sharkbomb.com/installation/index.php" "Mozilla/4.0 (compatible; MSIE 7.0; Windows NT 5.2)"
208.80.194.34 - - [17/Dec/2010:12:35:15 -0800] "GET /blog/archive/2006_03_01_index.html&h=224&w=300&sz=12&hl=en&start=46 HTTP/1.0" 302 353 "-" "Mozilla/4.0 (compatible; MSIE 6.0; Windows NT 5.2; WOW64; SV1; .NET CLR 2.0.50727; InfoPath.1)"
208.80.194.34 - - [17/Dec/2010:12:35:15 -0800] "GET / HTTP/1.0" 302 - "-" "Mozilla/4.0 (compatible; MSIE 7.0; Windows NT 5.1; .NET CLR 1.0.3705; .NET CLR 1.1.4322; Media Center PC 3.1; ZangoToolbar 4.8.2)"
208.80.194.34 - - [17/Dec/2010:12:35:15 -0800] "GET /installation/index.php HTTP/1.0" 200 2232 "-" "Mozilla/4.0 (compatible; MSIE 7.0; Windows NT 5.1; SIMBAR={90A356D4-4DFA-4E15-AC62-633EC859C4D5}; InfoPath.1; .NET CLR 2.0.50727)"
208.80.194.30 - - [17/Dec/2010:13:38:29 -0800] "GET /blog/archive/2006_03_01_index.html&h=224&w=300&sz=12&hl=en&start=21 HTTP/1.0" 302 353 "-" "Mozilla/4.0 (compatible; MSIE 6.0; Windows NT 5.1; Sgrunt|V108|932|S1886517748|dial; Sgrunt|V109|454|S1886517748|dial; Sgrunt|V109|1746|S1886517748|dial; SV1; snprtz|S04032994112138#1727|isdn; .NET CLR 1.1.4322)"
208.80.194.30 - - [17/Dec/2010:13:38:30 -0800] "GET / HTTP/1.0" 302 - "-" "Mozilla/4.0 (compatible; MSIE 6.0; Windows NT 5.1; SIMBAR Enabled; SIMBAR={17D192A1-7F56-4244-A658-6C6685452FB6}; SIMBAR=0)"
208.80.194.30 - - [17/Dec/2010:13:38:30 -0800] "GET /installation/index.php HTTP/1.0" 200 2232 "-" "Mozilla/4.0 (compatible; MSIE 7.0; Windows NT 5.1; (R1 1.5); .NET CLR 1.1.4322; .NET CLR 2.0.50727; .NET CLR 3.0.04506.30; InfoPath.1)"
208.80.194.29 - - [17/Dec/2010:21:01:39 -0800] "GET / HTTP/1.0" 302 - "-" "Mozilla/4.0 (compatible; MSIE 6.0; Windows NT 5.1; SV1; .NET CLR 1.0.3705; InfoPath.1; .NET CLR 1.1.4322; Media Center PC 4.0; .NET CLR 2.0.50727; .NET CLR 3.0.04506.30)"
208.80.194.29 - - [17/Dec/2010:21:01:39 -0800] "GET /installation/index.php HTTP/1.0" 200 2232 "-" "Mozilla/4.0 (compatible; MSIE 7.0; Windows NT 5.1; FunWebProducts; ESB{F8EDEDE1-D7F7-4245-80EF-AC8C756F55B5}; .NET CLR 1.0.3705; .NET CLR 1.1.4322)"
66.249.71.44 - - [18/Dec/2010:02:02:37 -0800] "GET /robots.txt HTTP/1.1" 200 304 "-" "Mozilla/5.0 (compatible; Googlebot/2.1; +http://www.google.com/bot.html)"
66.249.71.44 - - [18/Dec/2010:02:02:38 -0800] "GET /blog/ HTTP/1.1" 302 353 "-" "Mozilla/5.0 (compatible; Googlebot/2.1; +http://www.google.com/bot.html)"
66.249.71.7 - - [18/Dec/2010:02:30:12 -0800] "GET /robots.txt HTTP/1.1" 200 304 "-" "Mozilla/5.0 (compatible; Googlebot/2.1; +http://www.google.com/bot.html)"
66.249.71.7 - - [18/Dec/2010:02:30:12 -0800] "GET /blog HTTP/1.1" 302 349 "-" "Mozilla/5.0 (compatible; Googlebot/2.1; +http://www.google.com/bot.html)"
66.249.71.7 - - [18/Dec/2010:02:30:12 -0800] "GET / HTTP/1.1" 302 - "-" "Mozilla/5.0 (compatible; Googlebot/2.1; +http://www.google.com/bot.html)"
64.202.161.41 - - [18/Dec/2010:06:03:09 -0800] "GET / HTTP/1.1" 302 - "-" "Mozilla/5.0 (Windows; U; Windows NT 5.1; en-US; rv:1.9.1.8) Gecko/20100202 Firefox/3.5.8 ( .NET CLR 3.5.30729)"
64.202.161.41 - - [18/Dec/2010:06:03:10 -0800] "GET /installation/index.php HTTP/1.1" 200 2232 "-" "Mozilla/5.0 (Windows; U; Windows NT 5.1; en-US; rv:1.9.1.8) Gecko/20100202 Firefox/3.5.8 ( .NET CLR 3.5.30729)"
64.202.161.41 - - [18/Dec/2010:06:03:15 -0800] "GET / HTTP/1.1" 302 - "-" "Mozilla/5.0 (Windows; U; Windows NT 5.1; en-US; rv:1.9.1.8) Gecko/20100202 Firefox/3.5.8 ( .NET CLR 3.5.30729)"
64.202.161.41 - - [18/Dec/2010:06:03:15 -0800] "GET /installation/index.php HTTP/1.1" 200 2232 "-" "Mozilla/5.0 (Windows; U; Windows NT 5.1; en-US; rv:1.9.1.8) Gecko/20100202 Firefox/3.5.8 ( .NET CLR 3.5.30729)"
66.249.72.112 - - [18/Dec/2010:10:27:16 -0800] "GET /robots.txt HTTP/1.1" 200 304 "-" "Mozilla/5.0 (compatible; Googlebot/2.1; +http://www.google.com/bot.html)"
66.249.72.112 - - [18/Dec/2010:10:27:16 -0800] "GET /blog HTTP/1.1" 302 349 "-" "Mozilla/5.0 (compatible; Googlebot/2.1; +http://www.google.com/bot.html)"
66.249.72.112 - - [18/Dec/2010:10:27:16 -0800] "GET / HTTP/1.1" 302 - "-" "Mozilla/5.0 (compatible; Googlebot/2.1; +http://www.google.com/bot.html)"
66.249.72.44 - - [18/Dec/2010:12:29:39 -0800] "GET /robots.txt HTTP/1.1" 200 304 "-" "Mozilla/5.0 (compatible; Googlebot/2.1; +http://www.google.com/bot.html)"
66.249.72.44 - - [18/Dec/2010:12:29:39 -0800] "GET /blog/ HTTP/1.1" 302 353 "-" "Mozilla/5.0 (compatible; Googlebot/2.1; +http://www.google.com/bot.html)"
66.249.72.112 - - [18/Dec/2010:12:29:40 -0800] "GET / HTTP/1.1" 302 - "-" "Mozilla/5.0 (compatible; Googlebot/2.1; +http://www.google.com/bot.html)"
41.214.64.19 - - [18/Dec/2010:14:03:18 -0800] "GET / HTTP/1.1" 302 - "-" "Mozilla/4.0 (compatible; MSIE 5.0; Windows NT; DigExt; DTS Agent"
208.80.194.26 - - [18/Dec/2010:16:04:54 -0800] "GET / HTTP/1.0" 302 - "-" "Mozilla/4.0 (compatible; MSIE 6.0; Windows NT 5.1; SV1; FunWebProducts; SaveWealth; PeoplePal 3.0)"
208.80.194.26 - - [18/Dec/2010:16:04:54 -0800] "GET /installation/index.php HTTP/1.0" 200 2232 "-" "Mozilla/4.0 (compatible; MSIE 6.0; AOL 9.0; Windows NT 5.1; SV1; Ringo; .NET CLR 1.1.4322; .NET CLR 2.0.50727)"
208.80.194.36 - - [18/Dec/2010:20:30:09 -0800] "GET /blog/archive/2006_03_01_index.html&h=224&w=300&sz=12&hl=en&start=46 HTTP/1.0" 302 353 "-" "Mozilla/4.0 (compatible; MSIE 6.0; Windows NT 5.1; acc=jocker; SV1; FunWebProducts; .NET CLR 2.0.50727)"
208.80.194.36 - - [18/Dec/2010:20:30:09 -0800] "GET / HTTP/1.0" 302 - "-" "Mozilla/4.0 (compatible; MSIE 7.0; Windows NT 5.1; SIMBAR={7D4FCA5C-3ED7-4a50-BDB7-770E9F4CF12B}; .NET CLR 1.1.4322; .NET CLR 2.0.50727)"
208.80.194.36 - - [18/Dec/2010:20:30:10 -0800] "GET /installation/index.php HTTP/1.0" 200 2232 "-" "Mozilla/4.0 (compatible; MSIE 6.0; Windows NT 5.1; SV1; SIMBAR Enabled; SIMBAR={DA846BDB-2C89-4493-9D50-CAB409377F7C}; FunWebProducts; .NET CLR 1.1.4322)"
208.80.194.32 - - [18/Dec/2010:21:34:29 -0800] "GET /blog/archive/2006_03_01_index.html&h=224&w=300&sz=12&hl=en&start=21 HTTP/1.0" 302 353 "-" "Mozilla/4.0 (compatible; MSIE 6.0; Windows NT 5.1; Mozilla/4.0 (compatible; MSIE 6.0; Windows NT 5.1; SV1) ; .NET CLR 2.0.50727)"
208.80.194.32 - - [18/Dec/2010:21:34:30 -0800] "GET / HTTP/1.0" 302 - "-" "Mozilla/4.0 (compatible; MSIE 7.0; Windows NT 5.1; SV1; .NET CLR 1.1.4322; ZangoToolbar 4.8.3)"
208.80.194.32 - - [18/Dec/2010:21:34:30 -0800] "GET /installation/index.php HTTP/1.0" 200 2232 "-" "Mozilla/4.0 (compatible; MSIE 7.0; Windows NT 5.1; {50E50ACF-8820-41E0-8983-104C28B6AC96}; .NET CLR 1.0.3705; .NET CLR 1.1.4322; yplus 5.1.04b)"
66.249.72.44 - - [19/Dec/2010:04:16:54 -0800] "GET /robots.txt HTTP/1.1" 200 304 "-" "Mozilla/5.0 (compatible; Googlebot/2.1; +http://www.google.com/bot.html)"
208.80.194.37 - - [19/Dec/2010:04:52:40 -0800] "GET / HTTP/1.0" 302 - "-" "Mozilla/4.0 (compatible; MSIE 7.0; Windows NT 5.1; Windows-Media-Player/10.00.00.3990; InfoPath.2)"
208.80.194.37 - - [19/Dec/2010:04:52:40 -0800] "GET /installation/index.php HTTP/1.0" 200 2232 "-" "Mozilla/4.0 (compatible; MSIE 6.0; Windows NT 5.1; Avant Browser; InfoPath.1; MEGAUPLOAD 1.0)"
66.249.72.112 - - [19/Dec/2010:09:58:15 -0800] "GET /ct.html HTTP/1.1" 302 349 "-" "Mozilla/5.0 (compatible; Googlebot/2.1; +http://www.google.com/bot.html)"
69.71.222.186 - - [19/Dec/2010:13:17:57 -0800] "GET / HTTP/1.0" 302 - "http://www.sitedossier.com/site/sharkbomb.com" "-"
178.77.72.217 - - [19/Dec/2010:15:08:21 -0800] "GET / HTTP/1.0" 302 - "http://www.lopoca-friends.com" "Mozilla/4.0 (compatible; MSIE 7.0; Windows NT 6.0; Trident/4.0)"
208.80.194.26 - - [19/Dec/2010:19:59:32 -0800] "GET / HTTP/1.0" 302 - "-" "Mozilla/4.0 (compatible; MSIE 6.0; Windows NT 5.1; SV1; .NET CLR 1.0.3705; .NET CLR 1.1.4322; Media Center PC 4.0; ZangoToolbar 4.8.3; InfoPath.1)"
208.80.194.26 - - [19/Dec/2010:19:59:32 -0800] "GET /installation/index.php HTTP/1.0" 200 2232 "-" "Mozilla/4.0 (compatible; MSIE 5.5; AOL 9.0; Windows NT 5.0)"
188.143.232.39 - - [20/Dec/2010:00:34:24 -0800] "GET / HTTP/1.0" 302 - "http://sharkbomb.com/" "Mozilla/4.0 (compatible; MSIE 6.0; Windows NT 5.1; SV1)"
188.143.232.39 - - [20/Dec/2010:00:34:25 -0800] "GET /installation/index.php HTTP/1.0" 200 2232 "http://sharkbomb.com/installation/index.php" "Mozilla/4.0 (compatible; MSIE 6.0; Windows NT 5.1; SV1)"
187.61.61.192 - - [20/Dec/2010:00:56:56 -0800] "PUT /index.htm HTTP/1.1" 405 375 "-" "Microsoft Data Access Internet Publishing Provider DAV 1.1"
187.61.61.192 - - [20/Dec/2010:00:57:00 -0800] "PUT /index.html HTTP/1.1" 405 376 "-" "Microsoft Data Access Internet Publishing Provider DAV 1.1"
187.61.61.192 - - [20/Dec/2010:00:57:01 -0800] "PUT /welcome.htm HTTP/1.1" 405 377 "-" "Microsoft Data Access Internet Publishing Provider DAV 1.1"
187.61.61.192 - - [20/Dec/2010:00:57:01 -0800] "PUT /welcome.html HTTP/1.1" 405 378 "-" "Microsoft Data Access Internet Publishing Provider DAV 1.1"
187.61.61.192 - - [20/Dec/2010:00:57:01 -0800] "PUT /home.htm HTTP/1.1" 405 374 "-" "Microsoft Data Access Internet Publishing Provider DAV 1.1"
187.61.61.192 - - [20/Dec/2010:00:57:01 -0800] "PUT /home.html HTTP/1.1" 405 375 "-" "Microsoft Data Access Internet Publishing Provider DAV 1.1"
187.61.61.192 - - [20/Dec/2010:00:57:02 -0800] "PUT /index.aspx HTTP/1.1" 405 376 "-" "Microsoft Data Access Internet Publishing Provider DAV 1.1"
187.61.61.192 - - [20/Dec/2010:00:57:02 -0800] "PUT /defaut.aspx HTTP/1.1" 405 377 "-" "Microsoft Data Access Internet Publishing Provider DAV 1.1"
187.61.61.192 - - [20/Dec/2010:00:57:02 -0800] "PUT /home.aspx HTTP/1.1" 405 375 "-" "Microsoft Data Access Internet Publishing Provider DAV 1.1"
187.61.61.192 - - [20/Dec/2010:00:57:02 -0800] "PUT /default.htm HTTP/1.1" 405 377 "-" "Microsoft Data Access Internet Publishing Provider DAV 1.1"
187.61.61.192 - - [20/Dec/2010:00:57:03 -0800] "PUT /default.html HTTP/1.1" 405 378 "-" "Microsoft Data Access Internet Publishing Provider DAV 1.1"
187.61.61.192 - - [20/Dec/2010:00:57:03 -0800] "PUT /index.asp HTTP/1.1" 405 375 "-" "Microsoft Data Access Internet Publishing Provider DAV 1.1"
187.61.61.192 - - [20/Dec/2010:00:57:03 -0800] "PUT /main.htm HTTP/1.1" 405 374 "-" "Microsoft Data Access Internet Publishing Provider DAV 1.1"
187.61.61.192 - - [20/Dec/2010:00:57:03 -0800] "PUT /iisstart.asp HTTP/1.1" 405 378 "-" "Microsoft Data Access Internet Publishing Provider DAV 1.1"
187.61.61.192 - - [20/Dec/2010:00:57:04 -0800] "PUT /main.html HTTP/1.1" 405 375 "-" "Microsoft Data Access Internet Publishing Provider DAV 1.1"
187.61.61.192 - - [20/Dec/2010:00:57:04 -0800] "PUT /main.asp HTTP/1.1" 405 374 "-" "Microsoft Data Access Internet Publishing Provider DAV 1.1"
187.61.61.192 - - [20/Dec/2010:00:57:04 -0800] "PUT /main.aspx HTTP/1.1" 405 375 "-" "Microsoft Data Access Internet Publishing Provider DAV 1.1"
187.61.61.192 - - [20/Dec/2010:00:57:04 -0800] "PUT /default.asp HTTP/1.1" 405 377 "-" "Microsoft Data Access Internet Publishing Provider DAV 1.1"
187.61.61.192 - - [20/Dec/2010:00:57:04 -0800] "PUT /home.asp HTTP/1.1" 405 374 "-" "Microsoft Data Access Internet Publishing Provider DAV 1.1"
187.61.61.192 - - [20/Dec/2010:00:57:05 -0800] "PUT /index.php HTTP/1.1" 302 - "-" "Microsoft Data Access Internet Publishing Provider DAV 1.1"
187.61.61.192 - - [20/Dec/2010:00:57:05 -0800] "PUT /default.php HTTP/1.1" 302 349 "-" "Microsoft Data Access Internet Publishing Provider DAV 1.1"
187.61.61.192 - - [20/Dec/2010:00:57:05 -0800] "PUT /home.php HTTP/1.1" 302 349 "-" "Microsoft Data Access Internet Publishing Provider DAV 1.1"
187.61.61.192 - - [20/Dec/2010:00:57:05 -0800] "PUT /iisstart.asp HTTP/1.1" 405 378 "-" "Microsoft Data Access Internet Publishing Provider DAV 1.1"
187.61.61.192 - - [20/Dec/2010:00:57:06 -0800] "PUT /localstart.asp HTTP/1.1" 405 380 "-" "Microsoft Data Access Internet Publishing Provider DAV 1.1"
187.61.61.192 - - [20/Dec/2010:00:57:06 -0800] "PUT /Entrada.asp HTTP/1.1" 405 377 "-" "Microsoft Data Access Internet Publishing Provider DAV 1.1"
187.61.61.192 - - [20/Dec/2010:00:57:06 -0800] "GET / HTTP/1.1" 302 - "-" "libwww-perl/5.837"
187.61.61.192 - - [20/Dec/2010:00:57:07 -0800] "GET /installation/index.php HTTP/1.1" 200 2232 "-" "libwww-perl/5.837"
193.47.80.41 - - [20/Dec/2010:01:54:30 -0800] "GET /robots.txt HTTP/1.1" 200 304 "-" "Mozilla/5.0 (compatible; Exabot/3.0; +http://www.exabot.com/go/robot)"
193.47.80.41 - - [20/Dec/2010:01:54:31 -0800] "GET / HTTP/1.1" 302 - "-" "Mozilla/5.0 (compatible; Exabot/3.0; +http://www.exabot.com/go/robot)"
207.46.199.45 - - [20/Dec/2010:05:27:55 -0800] "GET /robots.txt HTTP/1.1" 200 304 "-" "Mozilla/5.0 (compatible; bingbot/2.0; +http://www.bing.com/bingbot.htm)"
208.80.194.36 - - [20/Dec/2010:05:34:35 -0800] "GET /blog/archive/2006_03_01_index.html&h=224&w=300&sz=12&hl=en&start=21 HTTP/1.0" 302 353 "-" "Mozilla/4.0 (compatible; MSIE 6.0; Windows NT 5.0; iowatelecom; FunWebProducts; ZangoToolbar 4.8.3)"
208.80.194.36 - - [20/Dec/2010:05:34:35 -0800] "GET / HTTP/1.0" 302 - "-" "Mozilla/4.0 (compatible; MSIE 6.0; Windows NT 5.1; SV1; FunWebProducts; .NET CLR 1.0.3705; .NET CLR 1.1.4322; ZangoToolbar 4.8.3)"
208.80.194.36 - - [20/Dec/2010:05:34:35 -0800] "GET /installation/index.php HTTP/1.0" 200 2232 "-" "Mozilla/4.0 (compatible; MSIE 7.0; Windows NT 6.0; SLCC1; .NET CLR 2.0.50727; Media Center PC 5.0; .NET CLR 3.0.04506; .NET CLR 1.1.4322; HbTools 4.8.4)"
207.46.199.45 - - [20/Dec/2010:06:07:21 -0800] "GET / HTTP/1.1" 302 - "-" "Mozilla/5.0 (compatible; bingbot/2.0; +http://www.bing.com/bingbot.htm)"
66.249.71.7 - - [20/Dec/2010:10:53:47 -0800] "GET /robots.txt HTTP/1.1" 200 304 "-" "Mozilla/5.0 (compatible; Googlebot/2.1; +http://www.google.com/bot.html)"
66.249.71.7 - - [20/Dec/2010:10:53:47 -0800] "GET /blog HTTP/1.1" 302 349 "-" "Mozilla/5.0 (compatible; Googlebot/2.1; +http://www.google.com/bot.html)"
66.249.71.7 - - [20/Dec/2010:10:53:48 -0800] "GET / HTTP/1.1" 302 - "-" "Mozilla/5.0 (compatible; Googlebot/2.1; +http://www.google.com/bot.html)"
66.249.71.44 - - [20/Dec/2010:12:00:58 -0800] "GET /robots.txt HTTP/1.1" 200 304 "-" "Mozilla/5.0 (compatible; Googlebot/2.1; +http://www.google.com/bot.html)"
66.249.71.44 - - [20/Dec/2010:12:00:58 -0800] "GET /blog/ HTTP/1.1" 302 353 "-" "Mozilla/5.0 (compatible; Googlebot/2.1; +http://www.google.com/bot.html)"
86.134.109.31 - - [20/Dec/2010:19:56:50 -0800] "GET / HTTP/1.1" 302 - "-" "WinWebBot/1.0; (Balaena Ltd, UK); http://www.balaena.com/winwebbot.html; winwebbot@balaena.com;)"
86.134.109.31 - - [20/Dec/2010:19:56:50 -0800] "GET /installation/index.php HTTP/1.1" 200 2232 "-" "WinWebBot/1.0; (Balaena Ltd, UK); http://www.balaena.com/winwebbot.html; winwebbot@balaena.com;)"
89.212.180.105 - - [21/Dec/2010:01:45:22 -0800] "GET / HTTP/1.0" 302 - "http://sharkbomb.com/" "Mozilla/4.0 (compatible; MSIE 6.0; Windows NT 5.1; MyIE2; Deepnet Explorer)"
89.212.180.105 - - [21/Dec/2010:01:45:23 -0800] "GET /installation/index.php HTTP/1.0" 200 2232 "http://sharkbomb.com/installation/index.php" "Mozilla/4.0 (compatible; MSIE 6.0; Windows NT 5.1; MyIE2; Deepnet Explorer)"
93.158.148.31 - - [21/Dec/2010:04:12:59 -0800] "GET /robots.txt HTTP/1.1" 200 304 "-" "Mozilla/5.0 (compatible; YandexBot/3.0; +http://yandex.com/bots)"
93.158.148.31 - - [21/Dec/2010:04:13:02 -0800] "GET / HTTP/1.1" 302 - "-" "Mozilla/5.0 (compatible; YandexBot/3.0; +http://yandex.com/bots)"
208.80.194.32 - - [21/Dec/2010:07:52:33 -0800] "GET / HTTP/1.0" 302 - "-" "Mozilla/4.0 (compatible; MSIE 6.0; Windows NT 5.1; SV1; elertz 2.4.022)"
208.80.194.32 - - [21/Dec/2010:07:52:33 -0800] "GET /installation/index.php HTTP/1.0" 200 2232 "-" "Mozilla/4.0 (compatible; MSIE 6.0; Windows NT 5.0; HbTools 4.8.2; yplus 5.1.04b)"
66.249.71.7 - - [21/Dec/2010:09:31:45 -0800] "GET /robots.txt HTTP/1.1" 200 304 "-" "Mozilla/5.0 (compatible; Googlebot/2.1; +http://www.google.com/bot.html)"
