66.249.68.107 - - [24/Mar/2010:20:41:34 -0700] "GET /blog HTTP/1.1" 302 349 "-" "Mozilla/5.0 (compatible; Googlebot/2.1; +http://www.google.com/bot.html)"
66.249.68.107 - - [24/Mar/2010:20:41:35 -0700] "GET / HTTP/1.1" 302 - "-" "Mozilla/5.0 (compatible; Googlebot/2.1; +http://www.google.com/bot.html)"
64.56.65.218 - - [24/Mar/2010:20:46:41 -0700] "GET /robots.txt HTTP/1.0" 200 304 "http://sharkbomb.com/robots.txt" "Mozilla/4.0 (compatible; MSIE 6.0; Windows NT 5.1; SV1; .NET CLR 2.0.50727)"
64.56.65.218 - - [24/Mar/2010:20:46:41 -0700] "GET / HTTP/1.0" 302 - "http://sharkbomb.com/" "Mozilla/4.0 (compatible; MSIE 6.0; Windows NT 5.1; SV1; .NET CLR 2.0.50727)"
64.56.65.218 - - [24/Mar/2010:20:46:51 -0700] "GET /robots.txt HTTP/1.0" 200 304 "http://sharkbomb.com/robots.txt" "Mozilla/4.0 (compatible; MSIE 6.0; Windows NT 5.1; SV1; .NET CLR 2.0.50727)"
124.115.1.60 - - [24/Mar/2010:21:03:44 -0700] "GET / HTTP/1.1" 302 - "-" "Mozilla/4.0 (compatible; MSIE 6.0; Windows NT 5.1)"
124.115.1.60 - - [24/Mar/2010:21:03:45 -0700] "GET /installation/index.php HTTP/1.1" 200 2046 "-" "Mozilla/4.0 (compatible; MSIE 6.0; Windows NT 5.1)"
124.115.1.60 - - [24/Mar/2010:21:03:58 -0700] "GET /installation/template/css/template/css/template.css HTTP/1.1" 302 353 "http://www.sharkbomb.com/" "Mozilla/4.0 (compatible; MSIE 6.0; Windows NT 5.1)"
124.115.1.60 - - [24/Mar/2010:21:03:58 -0700] "GET /media/system/media/system/js/mootools.js HTTP/1.1" 302 353 "http://www.sharkbomb.com/" "Mozilla/4.0 (compatible; MSIE 6.0; Windows NT 5.1)"
124.115.1.60 - - [24/Mar/2010:21:03:59 -0700] "GET /installation/includes/js/includes/js/installation.js HTTP/1.1" 302 353 "http://www.sharkbomb.com/" "Mozilla/4.0 (compatible; MSIE 6.0; Windows NT 5.1)"
124.115.1.60 - - [24/Mar/2010:21:03:59 -0700] "GET /installation/template/js/template/js/validation.js HTTP/1.1" 302 353 "http://www.sharkbomb.com/" "Mozilla/4.0 (compatible; MSIE 6.0; Windows NT 5.1)"
93.158.148.31 - - [24/Mar/2010:21:52:06 -0700] "GET / HTTP/1.1" 302 - "-" "Yandex/1.01.001 (compatible; Win16; I)"
216.129.119.40 - - [24/Mar/2010:22:38:42 -0700] "GET /robots.txt HTTP/1.1" 200 304 "-" "Mozilla/5.0 (Twiceler-0.9 http://www.cuil.com/twiceler/robot.html)"
208.80.193.35 - - [25/Mar/2010:00:43:29 -0700] "GET / HTTP/1.0" 302 - "-" "Mozilla/4.0 (compatible; MSIE 6.0; Windows NT 5.1; SV1; FunWebProducts; SIMBAR={731C04B8-4220-11DC-82A2-001109821E58}; .NET CLR 1.1.4322)"
220.181.94.223 - - [25/Mar/2010:01:40:17 -0700] "GET /robots.txt HTTP/1.1" 304 - "-" "Sogou web spider/4.0(+http://www.sogou.com/docs/help/webmasters.htm#07)"
220.181.94.223 - - [25/Mar/2010:01:40:27 -0700] "GET /robots.txt HTTP/1.1" 304 - "-" "Sogou web spider/4.0(+http://www.sogou.com/docs/help/webmasters.htm#07)"
67.218.116.133 - - [25/Mar/2010:13:09:40 -0700] "GET /robots.txt HTTP/1.1" 200 304 "-" "Mozilla/5.0 (Twiceler-0.9 http://www.cuil.com/twiceler/robot.html)"
194.44.166.172 - - [25/Mar/2010:16:15:39 -0700] "GET / HTTP/1.0" 302 - "http://sharkbomb.com/" "Mozilla/4.0 (compatible; MSIE 6.0; Windows NT 5.1; SV1; Media Center PC"
194.44.166.172 - - [25/Mar/2010:16:15:40 -0700] "GET /installation/index.php HTTP/1.0" 200 2232 "http://sharkbomb.com/installation/index.php" "Mozilla/4.0 (compatible; MSIE 6.0; Windows NT 5.1; SV1; Media Center PC"
193.47.80.41 - - [25/Mar/2010:16:15:57 -0700] "GET / HTTP/1.1" 302 - "-" "Mozilla/5.0 (compatible; Exabot/3.0; +http://www.exabot.com/go/robot)"
65.55.106.160 - - [25/Mar/2010:16:19:01 -0700] "GET /robots.txt HTTP/1.1" 200 304 "-" "msnbot/2.0b (+http://search.msn.com/msnbot.htm)"
66.249.71.21 - - [25/Mar/2010:18:11:51 -0700] "GET /robots.txt HTTP/1.1" 200 304 "-" "Mozilla/5.0 (compatible; Googlebot/2.1; +http://www.google.com/bot.html)"
72.44.63.84 - - [25/Mar/2010:19:55:04 -0700] "GET /robots.txt HTTP/1.1" 200 304 "-" "Mozilla/5.0 (compatible; spbot/2.0.2; +http://www.seoprofiler.com/bot/ )"
72.44.63.84 - - [25/Mar/2010:19:55:05 -0700] "GET / HTTP/1.1" 302 - "-" "Mozilla/5.0 (compatible; spbot/2.0.2; +http://www.seoprofiler.com/bot/ )"
72.44.63.84 - - [25/Mar/2010:19:55:06 -0700] "GET /installation/index.php HTTP/1.1" 200 2232 "-" "Mozilla/5.0 (compatible; spbot/2.0.2; +http://www.seoprofiler.com/bot/ )"
216.129.119.40 - - [25/Mar/2010:22:44:37 -0700] "GET /robots.txt HTTP/1.1" 200 304 "-" "Mozilla/5.0 (Twiceler-0.9 http://www.cuil.com/twiceler/robot.html)"
220.181.94.223 - - [26/Mar/2010:00:07:39 -0700] "GET /robots.txt HTTP/1.1" 304 - "-" "Sogou web spider/4.0(+http://www.sogou.com/docs/help/webmasters.htm#07)"
220.181.94.223 - - [26/Mar/2010:00:07:49 -0700] "GET /robots.txt HTTP/1.1" 304 - "-" "Sogou web spider/4.0(+http://www.sogou.com/docs/help/webmasters.htm#07)"
208.80.193.39 - - [26/Mar/2010:01:17:13 -0700] "GET / HTTP/1.0" 302 - "-" "Mozilla/4.0 (compatible; MSIE 6.0; Windows NT 5.1; SV1; Anacomp Inc; .NET CLR 1.1.4322)"
121.229.180.170 - - [26/Mar/2010:04:25:03 -0700] "GET /coppermine/register.php?lang=english HTTP/1.1" 200 - "-" "Mozilla/4.0 (compatible; Windows XP 5.1; MSIE 6)"
65.55.207.75 - - [26/Mar/2010:05:35:32 -0700] "GET /robots.txt HTTP/1.1" 200 304 "-" "msnbot/2.0b (+http://search.msn.com/msnbot.htm)"
208.80.193.39 - - [26/Mar/2010:06:01:32 -0700] "GET /blog/archive/2006_03_01_index.html&h=224&w=300&sz=12&hl=en&start=46 HTTP/1.0" 302 353 "-" "Mozilla/4.0 (compatible; MSIE 7.0; AOL 9.0; Windows NT 5.1; (R1 1.5); .NET CLR 1.1.4322)"
66.249.71.6 - - [26/Mar/2010:06:42:20 -0700] "GET /robots.txt HTTP/1.1" 200 304 "-" "Mozilla/5.0 (compatible; Googlebot/2.1; +http://www.google.com/bot.html)"
208.80.193.35 - - [26/Mar/2010:07:18:29 -0700] "GET /blog/archive/2006_03_01_index.html&h=224&w=300&sz=12&hl=en&start=21 HTTP/1.0" 302 353 "-" "Mozilla/4.0 (compatible; MSIE 7.0; Windows NT 5.1; .NET CLR 1.1.4322; SpamBlockerUtility 4.7.1; .NET CLR 2.0.50727; ZangoToolbar 4.8.3)"
67.218.116.133 - - [26/Mar/2010:13:23:04 -0700] "GET /robots.txt HTTP/1.1" 200 304 "-" "Mozilla/5.0 (Twiceler-0.9 http://www.cuil.com/twiceler/robot.html)"
83.167.62.171 - - [26/Mar/2010:14:11:23 -0700] "GET /robots.txt HTTP/1.1" 200 304 "-" "Mozilla/5.0 (compatible; Exabot/3.0 (BiggerBetter); +http://www.exabot.com/go/robot)"
83.167.62.171 - - [26/Mar/2010:14:11:23 -0700] "GET /blog HTTP/1.1" 302 349 "-" "Mozilla/5.0 (compatible; Exabot/3.0 (BiggerBetter); +http://www.exabot.com/go/robot)"
83.167.62.171 - - [26/Mar/2010:14:11:26 -0700] "GET / HTTP/1.1" 302 - "-" "Mozilla/5.0 (compatible; Exabot/3.0 (BiggerBetter); +http://www.exabot.com/go/robot)"
93.158.148.31 - - [26/Mar/2010:14:11:34 -0700] "GET /robots.txt HTTP/1.1" 200 304 "-" "Yandex/1.01.001 (compatible; Win16; I)"
93.158.148.31 - - [26/Mar/2010:14:51:20 -0700] "GET /robots.txt HTTP/1.1" 200 304 "-" "Yandex/1.01.001 (compatible; Win16; I)"
208.80.193.30 - - [26/Mar/2010:15:45:44 -0700] "GET / HTTP/1.0" 302 - "-" "Mozilla/4.0 (compatible; MSIE 5.5; Windows 98; Win 9x 4.90; {4A9ABEB8-ACCD-4AE9-AEA5-D65F77CC0151}; (R1 1.5))"
95.108.150.235 - - [26/Mar/2010:15:55:52 -0700] "GET /robots.txt HTTP/1.1" 200 304 "-" "Yandex/1.01.001 (compatible; Win16; H)"
95.108.150.235 - - [26/Mar/2010:15:55:53 -0700] "GET /robots.txt HTTP/1.1" 200 304 "-" "Yandex/1.01.001 (compatible; Win16; H)"
95.108.150.235 - - [26/Mar/2010:15:55:54 -0700] "GET / HTTP/1.1" 302 - "-" "Yandex/1.01.001 (compatible; Win16; H)"
95.108.150.235 - - [26/Mar/2010:15:55:55 -0700] "GET / HTTP/1.1" 302 - "-" "Yandex/1.01.001 (compatible; Win16; H)"
95.108.150.235 - - [26/Mar/2010:15:55:56 -0700] "GET /installation/index.php HTTP/1.1" 200 2189 "-" "Yandex/1.01.001 (compatible; Win16; H)"
95.108.150.235 - - [26/Mar/2010:15:55:57 -0700] "GET /installation/index.php HTTP/1.1" 200 2189 "-" "Yandex/1.01.001 (compatible; Win16; H)"
95.108.150.235 - - [26/Mar/2010:15:56:01 -0700] "GET /installation/index.php HTTP/1.1" 200 2189 "-" "Yandex/1.01.001 (compatible; Win16; H)"
95.108.150.235 - - [26/Mar/2010:15:56:02 -0700] "GET /installation/index.php HTTP/1.1" 200 2189 "-" "Yandex/1.01.001 (compatible; Win16; H)"
193.47.80.41 - - [26/Mar/2010:16:23:12 -0700] "GET /robots.txt HTTP/1.1" 200 304 "-" "Mozilla/5.0 (compatible; Exabot/3.0; +http://www.exabot.com/go/robot)"
193.47.80.41 - - [26/Mar/2010:16:23:12 -0700] "GET / HTTP/1.1" 302 - "-" "Mozilla/5.0 (compatible; Exabot/3.0; +http://www.exabot.com/go/robot)"
70.160.154.151 - - [26/Mar/2010:18:14:03 -0700] "GET / HTTP/1.1" 302 - "-" "Mozilla/4.0 (compatible; MSIE 8.0; Windows NT 5.1; Trident/4.0; FunWebProducts; GTB6.4; .NET CLR 1.1.4322; InfoPath.1)"
70.160.154.151 - - [26/Mar/2010:18:14:03 -0700] "GET /installation/index.php HTTP/1.1" 200 2231 "-" "Mozilla/4.0 (compatible; MSIE 8.0; Windows NT 5.1; Trident/4.0; FunWebProducts; GTB6.4; .NET CLR 1.1.4322; InfoPath.1)"
70.160.154.151 - - [26/Mar/2010:18:14:05 -0700] "GET /installation/template/css/template.css HTTP/1.1" 200 7375 "http://sharkbomb.com/installation/index.php" "Mozilla/4.0 (compatible; MSIE 8.0; Windows NT 5.1; Trident/4.0; FunWebProducts; GTB6.4; .NET CLR 1.1.4322; InfoPath.1)"
70.160.154.151 - - [26/Mar/2010:18:14:06 -0700] "GET /installation/includes/js/installation.js HTTP/1.1" 200 598 "http://sharkbomb.com/installation/index.php" "Mozilla/4.0 (compatible; MSIE 8.0; Windows NT 5.1; Trident/4.0; FunWebProducts; GTB6.4; .NET CLR 1.1.4322; InfoPath.1)"
70.160.154.151 - - [26/Mar/2010:18:14:06 -0700] "GET /installation/template/js/validation.js HTTP/1.1" 200 7137 "http://sharkbomb.com/installation/index.php" "Mozilla/4.0 (compatible; MSIE 8.0; Windows NT 5.1; Trident/4.0; FunWebProducts; GTB6.4; .NET CLR 1.1.4322; InfoPath.1)"
70.160.154.151 - - [26/Mar/2010:18:14:05 -0700] "GET /media/system/js/mootools.js HTTP/1.1" 200 74434 "http://sharkbomb.com/installation/index.php" "Mozilla/4.0 (compatible; MSIE 8.0; Windows NT 5.1; Trident/4.0; FunWebProducts; GTB6.4; .NET CLR 1.1.4322; InfoPath.1)"
70.160.154.151 - - [26/Mar/2010:18:14:07 -0700] "GET /installation/template/images/j_header_right.png HTTP/1.1" 200 366 "http://sharkbomb.com/installation/index.php" "Mozilla/4.0 (compatible; MSIE 8.0; Windows NT 5.1; Trident/4.0; FunWebProducts; GTB6.4; .NET CLR 1.1.4322; InfoPath.1)"
70.160.154.151 - - [26/Mar/2010:18:14:07 -0700] "GET /installation/template/images/j_header_left.png HTTP/1.1" 200 5148 "http://sharkbomb.com/installation/index.php" "Mozilla/4.0 (compatible; MSIE 8.0; Windows NT 5.1; Trident/4.0; FunWebProducts; GTB6.4; .NET CLR 1.1.4322; InfoPath.1)"
70.160.154.151 - - [26/Mar/2010:18:14:07 -0700] "GET /installation/template/images/j_header_middle.png HTTP/1.1" 200 385 "http://sharkbomb.com/installation/index.php" "Mozilla/4.0 (compatible; MSIE 8.0; Windows NT 5.1; Trident/4.0; FunWebProducts; GTB6.4; .NET CLR 1.1.4322; InfoPath.1)"
70.160.154.151 - - [26/Mar/2010:18:14:07 -0700] "GET /installation/template/images/j_corner_br.png HTTP/1.1" 200 314 "http://sharkbomb.com/installation/index.php" "Mozilla/4.0 (compatible; MSIE 8.0; Windows NT 5.1; Trident/4.0; FunWebProducts; GTB6.4; .NET CLR 1.1.4322; InfoPath.1)"
70.160.154.151 - - [26/Mar/2010:18:14:07 -0700] "GET /installation/template/images/j_corner_bl.png HTTP/1.1" 200 303 "http://sharkbomb.com/installation/index.php" "Mozilla/4.0 (compatible; MSIE 8.0; Windows NT 5.1; Trident/4.0; FunWebProducts; GTB6.4; .NET CLR 1.1.4322; InfoPath.1)"
70.160.154.151 - - [26/Mar/2010:18:14:07 -0700] "GET /installation/template/images/j_bottom.png HTTP/1.1" 200 232 "http://sharkbomb.com/installation/index.php" "Mozilla/4.0 (compatible; MSIE 8.0; Windows NT 5.1; Trident/4.0; FunWebProducts; GTB6.4; .NET CLR 1.1.4322; InfoPath.1)"
70.160.154.151 - - [26/Mar/2010:18:14:07 -0700] "GET /installation/favicon.ico HTTP/1.1" 200 1150 "-" "Mozilla/4.0 (compatible; MSIE 8.0; Windows NT 5.1; Trident/4.0; FunWebProducts; GTB6.4; .NET CLR 1.1.4322; InfoPath.1)"
66.249.71.21 - - [26/Mar/2010:21:12:14 -0700] "GET /robots.txt HTTP/1.1" 200 304 "-" "Mozilla/5.0 (compatible; Googlebot/2.1; +http://www.google.com/bot.html)"
66.249.71.21 - - [26/Mar/2010:21:12:14 -0700] "GET / HTTP/1.1" 302 - "-" "Mozilla/5.0 (compatible; Googlebot/2.1; +http://www.google.com/bot.html)"
216.129.119.40 - - [27/Mar/2010:00:44:25 -0700] "GET /robots.txt HTTP/1.1" 200 304 "-" "Mozilla/5.0 (Twiceler-0.9 http://www.cuil.com/twiceler/robot.html)"
220.181.94.223 - - [27/Mar/2010:01:33:36 -0700] "GET /robots.txt HTTP/1.1" 304 - "-" "Sogou web spider/4.0(+http://www.sogou.com/docs/help/webmasters.htm#07)"
220.181.94.223 - - [27/Mar/2010:01:33:46 -0700] "GET /robots.txt HTTP/1.1" 304 - "-" "Sogou web spider/4.0(+http://www.sogou.com/docs/help/webmasters.htm#07)"
93.158.148.31 - - [27/Mar/2010:04:39:35 -0700] "GET / HTTP/1.1" 302 - "-" "Yandex/1.01.001 (compatible; Win16; I)"
93.158.148.31 - - [27/Mar/2010:04:39:36 -0700] "GET / HTTP/1.1" 302 - "-" "Yandex/1.01.001 (compatible; Win16; I)"
188.92.74.34 - - [27/Mar/2010:04:39:50 -0700] "GET / HTTP/1.0" 302 - "http://sharkbomb.com/" "Mozilla/4.0 (compatible; MSIE 6.0; Windows NT 5.1; SV1; Media Center PC"
188.92.74.34 - - [27/Mar/2010:04:39:50 -0700] "GET /installation/index.php HTTP/1.0" 200 2232 "http://sharkbomb.com/installation/index.php" "Mozilla/4.0 (compatible; MSIE 6.0; Windows NT 5.1; SV1; Media Center PC"
65.55.207.22 - - [27/Mar/2010:07:41:39 -0700] "GET /robots.txt HTTP/1.1" 200 304 "-" "msnbot/2.0b (+http://search.msn.com/msnbot.htm)"
184.73.54.136 - - [27/Mar/2010:09:18:32 -0700] "GET /robots.txt HTTP/1.0" 200 304 "-" "SheenBot/SheenBot-1.0.4 (Sheen web crawler)"
184.73.54.136 - - [27/Mar/2010:09:18:32 -0700] "GET / HTTP/1.0" 302 - "-" "SheenBot/SheenBot-1.0.4 (Sheen web crawler)"
67.218.116.133 - - [27/Mar/2010:15:32:42 -0700] "GET /robots.txt HTTP/1.1" 200 304 "-" "Mozilla/5.0 (Twiceler-0.9 http://www.cuil.com/twiceler/robot.html)"
24.80.169.70 - - [27/Mar/2010:15:37:09 -0700] "GET / HTTP/1.1" 302 - "http://www.google.ca/search?hl=en&client=safari&rls=en&q=sharkbomb&meta=&aq=f&aqi=g-s1g-sx2&aql=&oq=&gs_rfai=" "Mozilla/5.0 (Macintosh; U; Intel Mac OS X 10_6_2; en-us) AppleWebKit/531.21.8 (KHTML, like Gecko) Version/4.0.4 Safari/531.21.10"
24.80.169.70 - - [27/Mar/2010:15:37:09 -0700] "GET /installation/index.php HTTP/1.1" 200 2231 "http://www.google.ca/search?hl=en&client=safari&rls=en&q=sharkbomb&meta=&aq=f&aqi=g-s1g-sx2&aql=&oq=&gs_rfai=" "Mozilla/5.0 (Macintosh; U; Intel Mac OS X 10_6_2; en-us) AppleWebKit/531.21.8 (KHTML, like Gecko) Version/4.0.4 Safari/531.21.10"
24.80.169.70 - - [27/Mar/2010:15:37:11 -0700] "GET /installation/includes/js/installation.js HTTP/1.1" 200 598 "http://sharkbomb.com/installation/index.php" "Mozilla/5.0 (Macintosh; U; Intel Mac OS X 10_6_2; en-us) AppleWebKit/531.21.8 (KHTML, like Gecko) Version/4.0.4 Safari/531.21.10"
24.80.169.70 - - [27/Mar/2010:15:37:11 -0700] "GET /installation/template/js/validation.js HTTP/1.1" 200 7137 "http://sharkbomb.com/installation/index.php" "Mozilla/5.0 (Macintosh; U; Intel Mac OS X 10_6_2; en-us) AppleWebKit/531.21.8 (KHTML, like Gecko) Version/4.0.4 Safari/531.21.10"
24.80.169.70 - - [27/Mar/2010:15:37:11 -0700] "GET /installation/template/css/template.css HTTP/1.1" 200 7375 "http://sharkbomb.com/installation/index.php" "Mozilla/5.0 (Macintosh; U; Intel Mac OS X 10_6_2; en-us) AppleWebKit/531.21.8 (KHTML, like Gecko) Version/4.0.4 Safari/531.21.10"
24.80.169.70 - - [27/Mar/2010:15:37:11 -0700] "GET /media/system/js/mootools.js HTTP/1.1" 200 74434 "http://sharkbomb.com/installation/index.php" "Mozilla/5.0 (Macintosh; U; Intel Mac OS X 10_6_2; en-us) AppleWebKit/531.21.8 (KHTML, like Gecko) Version/4.0.4 Safari/531.21.10"
24.80.169.70 - - [27/Mar/2010:15:37:13 -0700] "GET /installation/template/images/j_corner_br.png HTTP/1.1" 200 314 "http://sharkbomb.com/installation/index.php" "Mozilla/5.0 (Macintosh; U; Intel Mac OS X 10_6_2; en-us) AppleWebKit/531.21.8 (KHTML, like Gecko) Version/4.0.4 Safari/531.21.10"
24.80.169.70 - - [27/Mar/2010:15:37:13 -0700] "GET /installation/template/images/j_corner_bl.png HTTP/1.1" 200 303 "http://sharkbomb.com/installation/index.php" "Mozilla/5.0 (Macintosh; U; Intel Mac OS X 10_6_2; en-us) AppleWebKit/531.21.8 (KHTML, like Gecko) Version/4.0.4 Safari/531.21.10"
24.80.169.70 - - [27/Mar/2010:15:37:13 -0700] "GET /installation/template/images/j_header_left.png HTTP/1.1" 200 5148 "http://sharkbomb.com/installation/index.php" "Mozilla/5.0 (Macintosh; U; Intel Mac OS X 10_6_2; en-us) AppleWebKit/531.21.8 (KHTML, like Gecko) Version/4.0.4 Safari/531.21.10"
24.80.169.70 - - [27/Mar/2010:15:37:13 -0700] "GET /installation/template/images/j_bottom.png HTTP/1.1" 200 232 "http://sharkbomb.com/installation/index.php" "Mozilla/5.0 (Macintosh; U; Intel Mac OS X 10_6_2; en-us) AppleWebKit/531.21.8 (KHTML, like Gecko) Version/4.0.4 Safari/531.21.10"
24.80.169.70 - - [27/Mar/2010:15:37:13 -0700] "GET /installation/template/images/j_header_middle.png HTTP/1.1" 200 385 "http://sharkbomb.com/installation/index.php" "Mozilla/5.0 (Macintosh; U; Intel Mac OS X 10_6_2; en-us) AppleWebKit/531.21.8 (KHTML, like Gecko) Version/4.0.4 Safari/531.21.10"
24.80.169.70 - - [27/Mar/2010:15:37:13 -0700] "GET /installation/template/images/j_header_right.png HTTP/1.1" 200 366 "http://sharkbomb.com/installation/index.php" "Mozilla/5.0 (Macintosh; U; Intel Mac OS X 10_6_2; en-us) AppleWebKit/531.21.8 (KHTML, like Gecko) Version/4.0.4 Safari/531.21.10"
24.80.169.70 - - [27/Mar/2010:15:37:13 -0700] "GET /installation/favicon.ico HTTP/1.1" 200 1150 "http://sharkbomb.com/installation/index.php" "Mozilla/5.0 (Macintosh; U; Intel Mac OS X 10_6_2; en-us) AppleWebKit/531.21.8 (KHTML, like Gecko) Version/4.0.4 Safari/531.21.10"
208.80.193.39 - - [27/Mar/2010:16:08:40 -0700] "GET / HTTP/1.0" 302 - "-" "Mozilla/4.0 (compatible; MSIE 7.0; Windows NT 5.1; AT&T CSM6.0; .NET CLR 1.1.4322; Creative ZENcast v1.00.19; RRHSO_BLD1; .NET CLR 2.0.50727; RRHSO_BLD1)"
193.47.80.41 - - [27/Mar/2010:16:17:18 -0700] "GET / HTTP/1.1" 302 - "-" "Mozilla/5.0 (compatible; Exabot/3.0; +http://www.exabot.com/go/robot)"
193.47.80.41 - - [27/Mar/2010:16:29:13 -0700] "GET /robots.txt HTTP/1.1" 200 304 "-" "Mozilla/5.0 (compatible; Exabot/3.0; +http://www.exabot.com/go/robot)"
208.80.193.37 - - [27/Mar/2010:20:52:38 -0700] "GET /blog/archive/2006_03_01_index.html&h=224&w=300&sz=12&hl=en&start=46 HTTP/1.0" 302 353 "-" "Mozilla/4.0 (compatible; MSIE 7.0; America Online Browser 1.1; rev1.2; Windows NT 5.1; FunWebProducts; .NET CLR 1.1.4322; .NET CLR 3.0.04506.30)"
216.218.249.194 - - [27/Mar/2010:21:44:14 -0700] "GET / HTTP/1.1" 302 - "-" "Mozilla/4.0 (compatible; MSIE 7.0; Windows NT 5.1; .NET CLR 1.1.4322; .NET CLR 2.0.50727; .NET CLR 3.0.04506.30)"
216.218.249.194 - - [27/Mar/2010:21:44:14 -0700] "GET /installation/index.php HTTP/1.1" 200 2232 "-" "Mozilla/4.0 (compatible; MSIE 7.0; Windows NT 5.1; .NET CLR 1.1.4322; .NET CLR 2.0.50727; .NET CLR 3.0.04506.30)"
208.80.193.28 - - [27/Mar/2010:22:07:24 -0700] "GET /blog/archive/2006_03_01_index.html&h=224&w=300&sz=12&hl=en&start=21 HTTP/1.0" 302 353 "-" "Mozilla/4.0 (compatible; MSIE 6.0; Windows NT 5.1; {BF6280FE-27D0-C4D5-14AF-D66BCB4A7449}; (R1 1.5))"
70.36.103.59 - - [28/Mar/2010:00:00:14 -0700] "GET /robots.txt HTTP/1.0" 200 304 "http://sharkbomb.com/robots.txt" "Mozilla/4.0 (compatible; MSIE 6.0; Windows NT 5.1; SV1; .NET CLR 2.0.50727)"
70.36.103.59 - - [28/Mar/2010:00:00:14 -0700] "GET / HTTP/1.0" 302 - "http://sharkbomb.com/" "Mozilla/4.0 (compatible; MSIE 6.0; Windows NT 5.1; SV1; .NET CLR 2.0.50727)"
70.36.103.59 - - [28/Mar/2010:00:00:27 -0700] "GET /robots.txt HTTP/1.0" 200 304 "http://sharkbomb.com/robots.txt" "Mozilla/4.0 (compatible; MSIE 6.0; Windows NT 5.1; SV1; .NET CLR 2.0.50727)"
220.181.94.223 - - [28/Mar/2010:00:04:52 -0700] "GET /robots.txt HTTP/1.1" 304 - "-" "Sogou web spider/4.0(+http://www.sogou.com/docs/help/webmasters.htm#07)"
220.181.94.223 - - [28/Mar/2010:00:05:02 -0700] "GET /robots.txt HTTP/1.1" 304 - "-" "Sogou web spider/4.0(+http://www.sogou.com/docs/help/webmasters.htm#07)"
216.129.119.40 - - [28/Mar/2010:00:06:27 -0700] "GET /robots.txt HTTP/1.1" 200 304 "-" "Mozilla/5.0 (Twiceler-0.9 http://www.cuil.com/twiceler/robot.html)"
66.249.71.4 - - [28/Mar/2010:00:44:19 -0700] "GET /robots.txt HTTP/1.1" 200 304 "-" "Mozilla/5.0 (compatible; Googlebot/2.1; +http://www.google.com/bot.html)"
66.249.71.4 - - [28/Mar/2010:00:44:20 -0700] "GET / HTTP/1.1" 302 - "-" "Mozilla/5.0 (compatible; Googlebot/2.1; +http://www.google.com/bot.html)"
184.73.16.1 - - [28/Mar/2010:04:53:47 -0700] "GET /robots.txt HTTP/1.1" 200 304 "-" "Mozilla/5.0 (compatible; spbot/2.0.2; +http://www.seoprofiler.com/bot/ )"
184.73.16.1 - - [28/Mar/2010:04:53:47 -0700] "GET / HTTP/1.1" 302 - "-" "Mozilla/5.0 (compatible; spbot/2.0.2; +http://www.seoprofiler.com/bot/ )"
208.80.193.38 - - [28/Mar/2010:06:26:34 -0700] "GET / HTTP/1.0" 302 - "-" "Mozilla/4.0 (compatible; MSIE 6.0; Windows NT 5.1; {C82B7F9E-8A9D-4594-2E1B-5F43043423F2}; .NET CLR 1.1.4322)"
66.249.71.4 - - [28/Mar/2010:08:50:45 -0700] "GET /blog HTTP/1.1" 302 349 "-" "Mozilla/5.0 (compatible; Googlebot/2.1; +http://www.google.com/bot.html)"
66.249.71.4 - - [28/Mar/2010:08:50:46 -0700] "GET / HTTP/1.1" 302 - "-" "Mozilla/5.0 (compatible; Googlebot/2.1; +http://www.google.com/bot.html)"
67.218.116.133 - - [28/Mar/2010:15:24:18 -0700] "GET /robots.txt HTTP/1.1" 200 304 "-" "Mozilla/5.0 (Twiceler-0.9 http://www.cuil.com/twiceler/robot.html)"
70.36.103.59 - - [28/Mar/2010:16:27:50 -0700] "GET /robots.txt HTTP/1.0" 200 304 "http://sharkbomb.com/robots.txt" "Mozilla/4.0 (compatible; MSIE 6.0; Windows NT 5.1; SV1; .NET CLR 2.0.50727)"
70.36.103.59 - - [28/Mar/2010:16:27:50 -0700] "GET / HTTP/1.0" 302 - "http://sharkbomb.com/" "Mozilla/4.0 (compatible; MSIE 6.0; Windows NT 5.1; SV1; .NET CLR 2.0.50727)"
70.36.103.59 - - [28/Mar/2010:16:28:02 -0700] "GET /robots.txt HTTP/1.0" 200 304 "http://sharkbomb.com/robots.txt" "Mozilla/4.0 (compatible; MSIE 6.0; Windows NT 5.1; SV1; .NET CLR 2.0.50727)"
193.47.80.41 - - [28/Mar/2010:19:51:41 -0700] "GET /robots.txt HTTP/1.1" 200 304 "-" "Mozilla/5.0 (compatible; Exabot/3.0; +http://www.exabot.com/go/robot)"
193.47.80.41 - - [28/Mar/2010:19:51:41 -0700] "GET / HTTP/1.1" 302 - "-" "Mozilla/5.0 (compatible; Exabot/3.0; +http://www.exabot.com/go/robot)"
221.221.144.22 - - [28/Mar/2010:20:26:09 -0700] "GET /coppermine/login.php?lang=english HTTP/1.1" 200 - "-" "Mozilla/4.0 (compatible; Windows XP 5.1; MSIE 6)"
66.219.58.39 - - [28/Mar/2010:20:34:58 -0700] "GET /robots.txt HTTP/1.1" 200 304 "-" "MLBot (www.metadatalabs.com/mlbot)"
66.219.58.39 - - [28/Mar/2010:20:35:01 -0700] "GET / HTTP/1.1" 302 - "-" "MLBot (www.metadatalabs.com/mlbot)"
65.55.207.30 - - [28/Mar/2010:23:55:37 -0700] "GET /robots.txt HTTP/1.1" 200 304 "-" "msnbot/2.0b (+http://search.msn.com/msnbot.htm)"
216.129.119.40 - - [29/Mar/2010:00:09:01 -0700] "GET /robots.txt HTTP/1.1" 200 304 "-" "Mozilla/5.0 (Twiceler-0.9 http://www.cuil.com/twiceler/robot.html)"
220.181.94.223 - - [29/Mar/2010:01:33:02 -0700] "GET /robots.txt HTTP/1.1" 304 - "-" "Sogou web spider/4.0(+http://www.sogou.com/docs/help/webmasters.htm#07)"
220.181.94.223 - - [29/Mar/2010:01:33:12 -0700] "GET /robots.txt HTTP/1.1" 304 - "-" "Sogou web spider/4.0(+http://www.sogou.com/docs/help/webmasters.htm#07)"
208.80.193.29 - - [29/Mar/2010:05:45:32 -0700] "GET / HTTP/1.0" 302 - "-" "Mozilla/4.0 (compatible; MSIE 7.0; Windows NT 5.1; .NET CLR 1.0.3705; .NET CLR 1.1.4322; Media Center PC 4.0; ZangoToolbar 4.8.2; yplus 5.6.04b)"
205.118.89.2 - - [29/Mar/2010:08:02:12 -0700] "GET / HTTP/1.0" 302 - "-" "Mozilla/4.0 (compatible; MSIE 7.0; Windows NT 5.1)"
205.118.89.2 - - [29/Mar/2010:08:02:12 -0700] "GET /installation/index.php HTTP/1.0" 200 2231 "-" "Mozilla/4.0 (compatible; MSIE 7.0; Windows NT 5.1)"
205.118.89.2 - - [29/Mar/2010:08:02:14 -0700] "GET /installation/template/css/template.css HTTP/1.0" 200 7375 "http://sharkbomb.com/installation/index.php" "Mozilla/4.0 (compatible; MSIE 7.0; Windows NT 5.1)"
205.118.89.2 - - [29/Mar/2010:08:02:14 -0700] "GET /media/system/js/mootools.js HTTP/1.0" 200 74434 "http://sharkbomb.com/installation/index.php" "Mozilla/4.0 (compatible; MSIE 7.0; Windows NT 5.1)"
205.118.89.2 - - [29/Mar/2010:08:02:15 -0700] "GET /installation/includes/js/installation.js HTTP/1.0" 200 598 "http://sharkbomb.com/installation/index.php" "Mozilla/4.0 (compatible; MSIE 7.0; Windows NT 5.1)"
205.118.89.2 - - [29/Mar/2010:08:02:16 -0700] "GET /installation/template/js/validation.js HTTP/1.0" 200 7137 "http://sharkbomb.com/installation/index.php" "Mozilla/4.0 (compatible; MSIE 7.0; Windows NT 5.1)"
205.118.89.2 - - [29/Mar/2010:08:02:16 -0700] "GET /installation/template/images/j_header_middle.png HTTP/1.0" 200 385 "http://sharkbomb.com/installation/index.php" "Mozilla/4.0 (compatible; MSIE 7.0; Windows NT 5.1)"
205.118.89.2 - - [29/Mar/2010:08:02:16 -0700] "GET /installation/template/images/j_header_right.png HTTP/1.0" 200 366 "http://sharkbomb.com/installation/index.php" "Mozilla/4.0 (compatible; MSIE 7.0; Windows NT 5.1)"
205.118.89.2 - - [29/Mar/2010:08:02:16 -0700] "GET /installation/template/images/j_header_left.png HTTP/1.0" 200 5148 "http://sharkbomb.com/installation/index.php" "Mozilla/4.0 (compatible; MSIE 7.0; Windows NT 5.1)"
205.118.89.2 - - [29/Mar/2010:08:02:16 -0700] "GET /installation/template/images/j_bottom.png HTTP/1.0" 200 232 "http://sharkbomb.com/installation/index.php" "Mozilla/4.0 (compatible; MSIE 7.0; Windows NT 5.1)"
205.118.89.2 - - [29/Mar/2010:08:02:16 -0700] "GET /installation/template/images/j_corner_bl.png HTTP/1.0" 200 303 "http://sharkbomb.com/installation/index.php" "Mozilla/4.0 (compatible; MSIE 7.0; Windows NT 5.1)"
205.118.89.2 - - [29/Mar/2010:08:02:16 -0700] "GET /installation/template/images/j_corner_br.png HTTP/1.0" 200 314 "http://sharkbomb.com/installation/index.php" "Mozilla/4.0 (compatible; MSIE 7.0; Windows NT 5.1)"
205.118.89.2 - - [29/Mar/2010:08:02:16 -0700] "GET /installation/favicon.ico HTTP/1.0" 200 1150 "-" "Mozilla/4.0 (compatible; MSIE 7.0; Windows NT 5.1)"
208.80.193.42 - - [29/Mar/2010:10:18:11 -0700] "GET /blog/archive/2006_03_01_index.html&h=224&w=300&sz=12&hl=en&start=46 HTTP/1.0" 302 353 "-" "Mozilla/4.0 (compatible; MSIE 7.0; America Online Browser 1.1; rev1.2; Windows NT 5.1; YPC 3.0.1; .NET CLR 1.1.4322; .NET CLR 2.0.50727)"
208.80.193.40 - - [29/Mar/2010:11:15:57 -0700] "GET /blog/archive/2006_03_01_index.html&h=224&w=300&sz=12&hl=en&start=21 HTTP/1.0" 302 353 "-" "Mozilla/4.0 (compatible; MSIE 7.0; Windows NT 5.1; TeomaBar 2.01; .NET CLR 1.1.4322; IEMB3; IEMB3)"
65.55.106.230 - - [29/Mar/2010:12:35:47 -0700] "GET /robots.txt HTTP/1.1" 200 304 "-" "msnbot/2.0b (+http://search.msn.com/msnbot.htm)"
66.249.71.21 - - [29/Mar/2010:13:28:15 -0700] "GET /robots.txt HTTP/1.1" 200 304 "-" "Mozilla/5.0 (compatible; Googlebot/2.1; +http://www.google.com/bot.html)"
66.249.71.21 - - [29/Mar/2010:13:28:15 -0700] "GET / HTTP/1.1" 302 - "-" "Mozilla/5.0 (compatible; Googlebot/2.1; +http://www.google.com/bot.html)"
67.218.116.133 - - [29/Mar/2010:15:04:26 -0700] "GET /robots.txt HTTP/1.1" 200 304 "-" "Mozilla/5.0 (Twiceler-0.9 http://www.cuil.com/twiceler/robot.html)"
193.47.80.41 - - [29/Mar/2010:15:13:47 -0700] "GET / HTTP/1.1" 302 - "-" "Mozilla/5.0 (compatible; Exabot/3.0; +http://www.exabot.com/go/robot)"
66.249.71.4 - - [29/Mar/2010:15:33:10 -0700] "GET /robots.txt HTTP/1.1" 200 304 "-" "Mozilla/5.0 (compatible; Googlebot/2.1; +http://www.google.com/bot.html)"
208.80.193.35 - - [29/Mar/2010:18:45:36 -0700] "GET / HTTP/1.0" 302 - "-" "Mozilla/4.0 (compatible; MSIE 6.0; Windows NT 5.1; SV1; YPC 3.0.0; .NET CLR 1.0.3705; .NET CLR 1.1.4322; Media Center PC 4.0; yplus 4.0.00d)"
91.213.174.123 - - [29/Mar/2010:19:08:06 -0700] "POST /coppermine/picEditor.php?img_dir=http%3A%2F%2Fgaccess.dynsite.net%2Fs.txt&CURRENT_PIC[filename]=/list.gif.php HTTP/1.1" 200 - "-" "User-Agent: Mozilla/5.0 (Windows; U; Windows NT 5.1; en-US; rv:1.8.1.3) Gecko/20070309 Firefox/2.0.0.3"
93.158.148.31 - - [29/Mar/2010:19:40:58 -0700] "GET /robots.txt HTTP/1.1" 200 304 "-" "Yandex/1.01.001 (compatible; Win16; I)"
93.158.148.31 - - [29/Mar/2010:19:41:00 -0700] "GET /robots.txt HTTP/1.1" 200 304 "-" "Yandex/1.01.001 (compatible; Win16; I)"
93.158.148.31 - - [29/Mar/2010:19:41:01 -0700] "GET / HTTP/1.1" 302 - "-" "Yandex/1.01.001 (compatible; Win16; I)"
220.181.94.223 - - [30/Mar/2010:00:10:36 -0700] "GET /robots.txt HTTP/1.1" 304 - "-" "Sogou web spider/4.0(+http://www.sogou.com/docs/help/webmasters.htm#07)"
220.181.94.223 - - [30/Mar/2010:00:10:46 -0700] "GET /robots.txt HTTP/1.1" 304 - "-" "Sogou web spider/4.0(+http://www.sogou.com/docs/help/webmasters.htm#07)"
65.55.207.54 - - [30/Mar/2010:14:40:57 -0700] "GET /robots.txt HTTP/1.1" 200 304 "-" "msnbot/2.0b (+http://search.msn.com/msnbot.htm)"
93.158.148.31 - - [30/Mar/2010:15:14:38 -0700] "GET /robots.txt HTTP/1.1" 200 304 "-" "Yandex/1.01.001 (compatible; Win16; I)"
193.47.80.41 - - [30/Mar/2010:15:26:42 -0700] "GET /robots.txt HTTP/1.1" 200 304 "-" "Mozilla/5.0 (compatible; Exabot/3.0; +http://www.exabot.com/go/robot)"
193.47.80.41 - - [30/Mar/2010:15:26:43 -0700] "GET / HTTP/1.1" 302 - "-" "Mozilla/5.0 (compatible; Exabot/3.0; +http://www.exabot.com/go/robot)"
208.80.193.27 - - [30/Mar/2010:15:39:30 -0700] "GET / HTTP/1.0" 302 - "-" "Mozilla/4.0 (compatible; MSIE 6.0; America Online Browser 1.1; Windows NT 5.1; isp1057; FunWebProducts; SV1; YPC 3.2.0; ZangoToolbar 4.8.3)"
66.249.71.4 - - [30/Mar/2010:18:05:28 -0700] "GET /robots.txt HTTP/1.1" 200 304 "-" "Mozilla/5.0 (compatible; Googlebot/2.1; +http://www.google.com/bot.html)"
66.249.71.4 - - [30/Mar/2010:18:05:28 -0700] "GET /blog HTTP/1.1" 302 349 "-" "Mozilla/5.0 (compatible; Googlebot/2.1; +http://www.google.com/bot.html)"
66.249.71.4 - - [30/Mar/2010:18:05:29 -0700] "GET / HTTP/1.1" 302 - "-" "Mozilla/5.0 (compatible; Googlebot/2.1; +http://www.google.com/bot.html)"
208.80.193.29 - - [30/Mar/2010:19:52:23 -0700] "GET /blog/archive/2006_03_01_index.html&h=224&w=300&sz=12&hl=en&start=46 HTTP/1.0" 302 353 "-" "Mozilla/4.0 (compatible; MSIE 7.0; Windows NT 5.1; .NET CLR 1.1.4322; .NET CLR 1.0.3705; Windows-Media-Player/10.00.00.3990)"
208.80.193.30 - - [30/Mar/2010:21:02:39 -0700] "GET /blog/archive/2006_03_01_index.html&h=224&w=300&sz=12&hl=en&start=21 HTTP/1.0" 302 353 "-" "Mozilla/4.0 (compatible; MSIE 7.0; Windows NT 5.1; SV1; .NET CLR 1.0.3705; ZangoToolbar 4.8.3)"
216.129.119.40 - - [31/Mar/2010:00:13:33 -0700] "GET /robots.txt HTTP/1.1" 200 304 "-" "Mozilla/5.0 (Twiceler-0.9 http://www.cuil.com/twiceler/robot.html)"
65.55.107.182 - - [31/Mar/2010:00:48:29 -0700] "GET /robots.txt HTTP/1.1" 200 304 "-" "msnbot/2.0b (+http://search.msn.com/msnbot.htm)"
220.181.94.223 - - [31/Mar/2010:01:34:47 -0700] "GET /robots.txt HTTP/1.1" 304 - "-" "Sogou web spider/4.0(+http://www.sogou.com/docs/help/webmasters.htm#07)"
220.181.94.223 - - [31/Mar/2010:01:34:57 -0700] "GET /robots.txt HTTP/1.1" 304 - "-" "Sogou web spider/4.0(+http://www.sogou.com/docs/help/webmasters.htm#07)"
220.181.94.223 - - [31/Mar/2010:03:08:21 -0700] "GET /robots.txt HTTP/1.1" 304 - "-" "Sogou web spider/4.0(+http://www.sogou.com/docs/help/webmasters.htm#07)"
220.181.94.223 - - [31/Mar/2010:03:08:31 -0700] "GET / HTTP/1.1" 302 - "-" "Sogou-Test-Spider/4.0 (compatible; MSIE 5.5; Windows 98)"
220.181.94.223 - - [31/Mar/2010:03:08:41 -0700] "GET /installation/index.php HTTP/1.1" 200 2046 "-" "Sogou-Test-Spider/4.0 (compatible; MSIE 5.5; Windows 98)"
208.80.193.27 - - [31/Mar/2010:04:34:53 -0700] "GET / HTTP/1.0" 302 - "-" "Mozilla/4.0 (compatible; MSIE 7.0; Windows NT 5.1; ZangoToolbar 4.8.2; .NET CLR 2.0.50727)"
221.221.163.234 - - [31/Mar/2010:06:26:50 -0700] "GET /coppermine/login.php?lang=english HTTP/1.1" 200 - "-" "Mozilla/4.0 (compatible; Windows XP 5.1; MSIE 6)"
66.249.65.207 - - [31/Mar/2010:10:19:14 -0700] "GET /robots.txt HTTP/1.1" 200 304 "-" "Mozilla/5.0 (compatible; Googlebot/2.1; +http://www.google.com/bot.html)"
66.249.65.207 - - [31/Mar/2010:10:19:14 -0700] "GET / HTTP/1.1" 302 - "-" "Mozilla/5.0 (compatible; Googlebot/2.1; +http://www.google.com/bot.html)"
67.218.116.133 - - [31/Mar/2010:14:38:53 -0700] "GET /robots.txt HTTP/1.1" 200 304 "-" "Mozilla/5.0 (Twiceler-0.9 http://www.cuil.com/twiceler/robot.html)"
221.221.163.234 - - [31/Mar/2010:14:54:40 -0700] "GET /coppermine/login.php?lang=english HTTP/1.1" 200 - "-" "Mozilla/4.0 (compatible; Windows XP 5.1; MSIE 6)"
193.47.80.41 - - [31/Mar/2010:15:20:45 -0700] "GET / HTTP/1.1" 302 - "-" "Mozilla/5.0 (compatible; Exabot/3.0; +http://www.exabot.com/go/robot)"
193.47.80.41 - - [31/Mar/2010:15:41:54 -0700] "GET /robots.txt HTTP/1.1" 200 304 "-" "Mozilla/5.0 (compatible; Exabot/3.0; +http://www.exabot.com/go/robot)"
65.55.106.206 - - [31/Mar/2010:17:06:58 -0700] "GET /robots.txt HTTP/1.1" 200 304 "-" "msnbot/2.0b (+http://search.msn.com/msnbot.htm)"
91.213.174.123 - - [31/Mar/2010:18:43:54 -0700] "GET /coppermine/albums/list.gif.php HTTP/1.1" 302 349 "-" "User-Agent: Mozilla/5.0 (Windows; U; Windows NT 5.1; en-US; rv:1.8.1.3) Gecko/20070309 Firefox/2.0.0.3"
91.213.174.123 - - [31/Mar/2010:18:43:54 -0700] "GET / HTTP/1.1" 302 - "-" "User-Agent: Mozilla/5.0 (Windows; U; Windows NT 5.1; en-US; rv:1.8.1.3) Gecko/20070309 Firefox/2.0.0.3"
91.213.174.123 - - [31/Mar/2010:18:43:55 -0700] "GET /installation/index.php HTTP/1.1" 200 2195 "-" "User-Agent: Mozilla/5.0 (Windows; U; Windows NT 5.1; en-US; rv:1.8.1.3) Gecko/20070309 Firefox/2.0.0.3"
69.76.150.57 - - [31/Mar/2010:22:29:10 -0700] "GET / HTTP/1.1" 302 - "http://www.google.com/url?sa=t&source=web&ct=res&cd=5&ved=0CCUQFjAE&url=http%3A%2F%2Fsharkbomb.com%2F&rct=j&q=shark+bomb&ei=GS-0S9qsJJXYNvDsuY8J&usg=AFQjCNFbfUY94jzmiRjhII_ZA905oc8LFQ" "Mozilla/4.0 (compatible; MSIE 8.0; Windows NT 6.0; Trident/4.0; FunWebProducts; SLCC1; .NET CLR 2.0.50727; Media Center PC 5.0; .NET CLR 3.0.30618; .NET CLR 3.5.30729)"
69.76.150.57 - - [31/Mar/2010:22:29:10 -0700] "GET /installation/index.php HTTP/1.1" 200 2231 "http://www.google.com/url?sa=t&source=web&ct=res&cd=5&ved=0CCUQFjAE&url=http%3A%2F%2Fsharkbomb.com%2F&rct=j&q=shark+bomb&ei=GS-0S9qsJJXYNvDsuY8J&usg=AFQjCNFbfUY94jzmiRjhII_ZA905oc8LFQ" "Mozilla/4.0 (compatible; MSIE 8.0; Windows NT 6.0; Trident/4.0; FunWebProducts; SLCC1; .NET CLR 2.0.50727; Media Center PC 5.0; .NET CLR 3.0.30618; .NET CLR 3.5.30729)"
69.76.150.57 - - [31/Mar/2010:22:29:13 -0700] "GET /installation/template/css/template.css HTTP/1.1" 200 7375 "http://sharkbomb.com/installation/index.php" "Mozilla/4.0 (compatible; MSIE 8.0; Windows NT 6.0; Trident/4.0; FunWebProducts; SLCC1; .NET CLR 2.0.50727; Media Center PC 5.0; .NET CLR 3.0.30618; .NET CLR 3.5.30729)"
69.76.150.57 - - [31/Mar/2010:22:29:13 -0700] "GET /installation/template/js/validation.js HTTP/1.1" 200 7137 "http://sharkbomb.com/installation/index.php" "Mozilla/4.0 (compatible; MSIE 8.0; Windows NT 6.0; Trident/4.0; FunWebProducts; SLCC1; .NET CLR 2.0.50727; Media Center PC 5.0; .NET CLR 3.0.30618; .NET CLR 3.5.30729)"
69.76.150.57 - - [31/Mar/2010:22:29:13 -0700] "GET /installation/includes/js/installation.js HTTP/1.1" 200 598 "http://sharkbomb.com/installation/index.php" "Mozilla/4.0 (compatible; MSIE 8.0; Windows NT 6.0; Trident/4.0; FunWebProducts; SLCC1; .NET CLR 2.0.50727; Media Center PC 5.0; .NET CLR 3.0.30618; .NET CLR 3.5.30729)"
69.76.150.57 - - [31/Mar/2010:22:29:13 -0700] "GET /media/system/js/mootools.js HTTP/1.1" 200 74434 "http://sharkbomb.com/installation/index.php" "Mozilla/4.0 (compatible; MSIE 8.0; Windows NT 6.0; Trident/4.0; FunWebProducts; SLCC1; .NET CLR 2.0.50727; Media Center PC 5.0; .NET CLR 3.0.30618; .NET CLR 3.5.30729)"
69.76.150.57 - - [31/Mar/2010:22:29:16 -0700] "GET /installation/template/images/j_header_middle.png HTTP/1.1" 200 385 "http://sharkbomb.com/installation/index.php" "Mozilla/4.0 (compatible; MSIE 8.0; Windows NT 6.0; Trident/4.0; FunWebProducts; SLCC1; .NET CLR 2.0.50727; Media Center PC 5.0; .NET CLR 3.0.30618; .NET CLR 3.5.30729)"
69.76.150.57 - - [31/Mar/2010:22:29:16 -0700] "GET /installation/template/images/j_header_left.png HTTP/1.1" 200 5148 "http://sharkbomb.com/installation/index.php" "Mozilla/4.0 (compatible; MSIE 8.0; Windows NT 6.0; Trident/4.0; FunWebProducts; SLCC1; .NET CLR 2.0.50727; Media Center PC 5.0; .NET CLR 3.0.30618; .NET CLR 3.5.30729)"
69.76.150.57 - - [31/Mar/2010:22:29:16 -0700] "GET /installation/template/images/j_header_right.png HTTP/1.1" 200 366 "http://sharkbomb.com/installation/index.php" "Mozilla/4.0 (compatible; MSIE 8.0; Windows NT 6.0; Trident/4.0; FunWebProducts; SLCC1; .NET CLR 2.0.50727; Media Center PC 5.0; .NET CLR 3.0.30618; .NET CLR 3.5.30729)"
69.76.150.57 - - [31/Mar/2010:22:29:17 -0700] "GET /installation/template/images/j_corner_bl.png HTTP/1.1" 200 303 "http://sharkbomb.com/installation/index.php" "Mozilla/4.0 (compatible; MSIE 8.0; Windows NT 6.0; Trident/4.0; FunWebProducts; SLCC1; .NET CLR 2.0.50727; Media Center PC 5.0; .NET CLR 3.0.30618; .NET CLR 3.5.30729)"
69.76.150.57 - - [31/Mar/2010:22:29:17 -0700] "GET /installation/template/images/j_corner_br.png HTTP/1.1" 200 314 "http://sharkbomb.com/installation/index.php" "Mozilla/4.0 (compatible; MSIE 8.0; Windows NT 6.0; Trident/4.0; FunWebProducts; SLCC1; .NET CLR 2.0.50727; Media Center PC 5.0; .NET CLR 3.0.30618; .NET CLR 3.5.30729)"
69.76.150.57 - - [31/Mar/2010:22:29:20 -0700] "GET /installation/template/images/j_bottom.png HTTP/1.1" 200 232 "http://sharkbomb.com/installation/index.php" "Mozilla/4.0 (compatible; MSIE 8.0; Windows NT 6.0; Trident/4.0; FunWebProducts; SLCC1; .NET CLR 2.0.50727; Media Center PC 5.0; .NET CLR 3.0.30618; .NET CLR 3.5.30729)"
69.76.150.57 - - [31/Mar/2010:22:29:20 -0700] "GET /installation/favicon.ico HTTP/1.1" 200 1150 "-" "Mozilla/4.0 (compatible; MSIE 8.0; Windows NT 6.0; Trident/4.0; FunWebProducts; SLCC1; .NET CLR 2.0.50727; Media Center PC 5.0; .NET CLR 3.0.30618; .NET CLR 3.5.30729)"
66.249.65.215 - - [31/Mar/2010:22:37:25 -0700] "GET /robots.txt HTTP/1.1" 200 304 "-" "Mozilla/5.0 (compatible; Googlebot/2.1; +http://www.google.com/bot.html)"
205.203.134.197 - - [31/Mar/2010:22:54:42 -0700] "GET / HTTP/1.0" 302 - "-" "Mozilla/4.0 (compatible; MSIE 6.0; Windows NT 5.0)"
205.203.134.197 - - [31/Mar/2010:22:54:42 -0700] "GET /installation/index.php HTTP/1.0" 200 2232 "-" "Mozilla/4.0 (compatible; MSIE 6.0; Windows NT 5.0)"
216.129.119.40 - - [01/Apr/2010:00:12:57 -0700] "GET /robots.txt HTTP/1.1" 200 304 "-" "Mozilla/5.0 (Twiceler-0.9 http://www.cuil.com/twiceler/robot.html)"
208.80.193.41 - - [01/Apr/2010:01:31:30 -0700] "GET / HTTP/1.0" 302 - "-" "Mozilla/4.0 (compatible; MSIE 7.0; Windows NT 5.1; .NET CLR 1.0.3705; .NET CLR 1.1.4322; Media Center PC 4.0; InfoPath.1; IEMB3; .NET CLR 2.0.50727; IEMB3)"
93.158.148.31 - - [01/Apr/2010:04:54:57 -0700] "GET /robots.txt HTTP/1.1" 200 304 "-" "Yandex/1.01.001 (compatible; Win16; I)"
208.80.193.37 - - [01/Apr/2010:05:38:32 -0700] "GET /blog/archive/2006_03_01_index.html&h=224&w=300&sz=12&hl=en&start=46 HTTP/1.0" 302 353 "-" "Mozilla/4.0 (compatible; MSIE 6.0; Windows NT 5.1; SV1; .NET CLR 1.0.3705; SpamBlockerUtility 4.7.7; ZangoToolbar 4.8.2; MSN 6.1; MSNbMSFT; MSNmen-us; MSNc00; v5m)"
93.158.148.31 - - [01/Apr/2010:06:21:58 -0700] "GET /robots.txt HTTP/1.1" 200 304 "-" "Yandex/1.01.001 (compatible; Win16; I)"
208.80.193.32 - - [01/Apr/2010:06:49:06 -0700] "GET /blog/archive/2006_03_01_index.html&h=224&w=300&sz=12&hl=en&start=21 HTTP/1.0" 302 353 "-" "Mozilla/4.0 (compatible; MSIE 7.0; Windows NT 5.1; provided by blueyonder; provided by blueyonder)"
66.249.65.207 - - [01/Apr/2010:09:29:38 -0700] "GET /robots.txt HTTP/1.1" 200 304 "-" "Mozilla/5.0 (compatible; Googlebot/2.1; +http://www.google.com/bot.html)"
66.249.65.207 - - [01/Apr/2010:09:29:39 -0700] "GET / HTTP/1.1" 302 - "-" "Mozilla/5.0 (compatible; Googlebot/2.1; +http://www.google.com/bot.html)"
208.80.193.38 - - [01/Apr/2010:14:18:45 -0700] "GET / HTTP/1.0" 302 - "-" "Mozilla/4.0 (compatible; MSIE 7.0; Windows NT 5.1; YPC 3.2.0; .NET CLR 1.1.4322; ZangoToolbar 4.8.3; yplus 4.1.00d)"
67.218.116.133 - - [01/Apr/2010:15:13:59 -0700] "GET /robots.txt HTTP/1.1" 200 304 "-" "Mozilla/5.0 (Twiceler-0.9 http://www.cuil.com/twiceler/robot.html)"
193.47.80.41 - - [01/Apr/2010:15:16:05 -0700] "GET / HTTP/1.1" 302 - "-" "Mozilla/5.0 (compatible; Exabot/3.0; +http://www.exabot.com/go/robot)"
193.47.80.41 - - [01/Apr/2010:15:55:20 -0700] "GET /robots.txt HTTP/1.1" 200 304 "-" "Mozilla/5.0 (compatible; Exabot/3.0; +http://www.exabot.com/go/robot)"
66.249.65.207 - - [01/Apr/2010:20:18:10 -0700] "GET /robots.txt HTTP/1.1" 200 304 "-" "Mozilla/5.0 (compatible; Googlebot/2.1; +http://www.google.com/bot.html)"
65.55.106.162 - - [01/Apr/2010:21:51:12 -0700] "GET /robots.txt HTTP/1.1" 200 304 "-" "msnbot/2.0b (+http://search.msn.com/msnbot.htm)"
220.181.94.223 - - [02/Apr/2010:00:05:58 -0700] "GET /robots.txt HTTP/1.1" 304 - "-" "Sogou web spider/4.0(+http://www.sogou.com/docs/help/webmasters.htm#07)"
220.181.94.223 - - [02/Apr/2010:00:06:08 -0700] "GET /robots.txt HTTP/1.1" 304 - "-" "Sogou web spider/4.0(+http://www.sogou.com/docs/help/webmasters.htm#07)"
220.181.94.223 - - [02/Apr/2010:01:33:38 -0700] "GET /robots.txt HTTP/1.1" 304 - "-" "Sogou web spider/4.0(+http://www.sogou.com/docs/help/webmasters.htm#07)"
220.181.94.223 - - [02/Apr/2010:01:33:51 -0700] "GET /robots.txt HTTP/1.1" 304 - "-" "Sogou web spider/4.0(+http://www.sogou.com/docs/help/webmasters.htm#07)"
195.128.18.19 - - [02/Apr/2010:06:04:58 -0700] "GET /robots.txt HTTP/1.0" 200 304 "-" "Mozilla/5.0 (compatible; aiHitBot/1.0-DS; +http://www.aihit.com/)"
195.128.18.19 - - [02/Apr/2010:06:05:03 -0700] "GET / HTTP/1.0" 302 - "-" "Mozilla/5.0 (compatible; aiHitBot/1.0-DS; +http://www.aihit.com/)"
195.128.18.19 - - [02/Apr/2010:06:05:07 -0700] "GET /sitemap/ HTTP/1.0" 302 353 "-" "Mozilla/5.0 (compatible; aiHitBot/1.0-DS; +http://www.aihit.com/)"
195.128.18.19 - - [02/Apr/2010:06:05:07 -0700] "GET /robots.txt HTTP/1.0" 200 304 "-" "Mozilla/5.0 (compatible; aiHitBot/1.0-DS; +http://www.aihit.com/)"
195.128.18.19 - - [02/Apr/2010:06:05:14 -0700] "GET / HTTP/1.0" 302 - "-" "Mozilla/5.0 (compatible; aiHitBot/1.0-DS; +http://www.aihit.com/)"
195.128.18.19 - - [02/Apr/2010:06:05:18 -0700] "GET /sitemap.xml HTTP/1.0" 302 353 "-" "Mozilla/5.0 (compatible; aiHitBot/1.0-DS; +http://www.aihit.com/)"
195.128.18.19 - - [02/Apr/2010:06:05:37 -0700] "GET /sitemap.xml.gz HTTP/1.0" 302 353 "-" "Mozilla/5.0 (compatible; aiHitBot/1.0-DS; +http://www.aihit.com/)"
195.128.18.19 - - [02/Apr/2010:06:05:42 -0700] "GET /google_sitemap.xml HTTP/1.0" 302 353 "-" "Mozilla/5.0 (compatible; aiHitBot/1.0-DS; +http://www.aihit.com/)"
195.128.18.19 - - [02/Apr/2010:06:05:46 -0700] "GET /google_sitemap.xml.gz HTTP/1.0" 302 353 "-" "Mozilla/5.0 (compatible; aiHitBot/1.0-DS; +http://www.aihit.com/)"
72.94.249.38 - - [02/Apr/2010:08:23:42 -0700] "GET / HTTP/1.1" 302 - "-" "Mozilla/4.0 (compatible; MSIE 6.0; Windows NT 5.1; SV1; .NET CLR 1.1.4322)"
72.94.249.38 - - [02/Apr/2010:08:23:42 -0700] "GET /installation/index.php HTTP/1.1" 200 2232 "-" "Mozilla/4.0 (compatible; MSIE 6.0; Windows NT 5.1; SV1; .NET CLR 1.1.4322)"
66.249.65.247 - - [02/Apr/2010:09:40:49 -0700] "GET /robots.txt HTTP/1.1" 200 304 "-" "Mozilla/5.0 (compatible; Googlebot/2.1; +http://www.google.com/bot.html)"
66.249.65.247 - - [02/Apr/2010:09:40:50 -0700] "GET / HTTP/1.1" 302 - "-" "Mozilla/5.0 (compatible; Googlebot/2.1; +http://www.google.com/bot.html)"
65.55.207.137 - - [02/Apr/2010:10:46:21 -0700] "GET /robots.txt HTTP/1.1" 200 304 "-" "msnbot/2.0b (+http://search.msn.com/msnbot.htm)"
208.80.193.39 - - [02/Apr/2010:11:35:02 -0700] "GET / HTTP/1.0" 302 - "-" "Mozilla/4.0 (compatible; MSIE 6.0; Windows NT 5.1; acc=bcuzZ; acc=; .NET CLR 1.1.4322; MSN 9.0;MSN 9.1; MSNbVZ02; MSNmen-us; MSNcOTH)"
67.218.116.133 - - [02/Apr/2010:14:46:43 -0700] "GET /robots.txt HTTP/1.1" 200 304 "-" "Mozilla/5.0 (Twiceler-0.9 http://www.cuil.com/twiceler/robot.html)"
193.47.80.41 - - [02/Apr/2010:15:44:10 -0700] "GET / HTTP/1.1" 302 - "-" "Mozilla/5.0 (compatible; Exabot/3.0; +http://www.exabot.com/go/robot)"
193.47.80.41 - - [02/Apr/2010:16:00:45 -0700] "GET /robots.txt HTTP/1.1" 200 304 "-" "Mozilla/5.0 (compatible; Exabot/3.0; +http://www.exabot.com/go/robot)"
66.249.65.201 - - [02/Apr/2010:16:09:54 -0700] "GET /robots.txt HTTP/1.1" 200 304 "-" "Mozilla/5.0 (compatible; Googlebot/2.1; +http://www.google.com/bot.html)"
66.249.65.201 - - [02/Apr/2010:16:09:54 -0700] "GET /blog HTTP/1.1" 302 349 "-" "Mozilla/5.0 (compatible; Googlebot/2.1; +http://www.google.com/bot.html)"
66.249.65.201 - - [02/Apr/2010:16:09:55 -0700] "GET / HTTP/1.1" 302 - "-" "Mozilla/5.0 (compatible; Googlebot/2.1; +http://www.google.com/bot.html)"
208.80.193.32 - - [02/Apr/2010:16:24:40 -0700] "GET /blog/archive/2006_03_01_index.html&h=224&w=300&sz=12&hl=en&start=46 HTTP/1.0" 302 353 "-" "Mozilla/4.0 (compatible; MSIE 6.0; Windows NT 5.1; SV1; BCD2000)"
93.158.148.31 - - [02/Apr/2010:17:43:08 -0700] "GET /robots.txt HTTP/1.1" 200 304 "-" "Yandex/1.01.001 (compatible; Win16; I)"
208.80.193.27 - - [02/Apr/2010:17:44:14 -0700] "GET /blog/archive/2006_03_01_index.html&h=224&w=300&sz=12&hl=en&start=21 HTTP/1.0" 302 353 "-" "Mozilla/4.0 (compatible; MSIE 6.0; Windows NT 5.1; SV1; .NET CLR 1.1.4322; yplus 5.3.04d)"
70.36.103.59 - - [02/Apr/2010:22:03:57 -0700] "GET /robots.txt HTTP/1.0" 200 304 "http://sharkbomb.com/robots.txt" "Mozilla/4.0 (compatible; MSIE 6.0; Windows NT 5.1; SV1; .NET CLR 2.0.50727)"
70.36.103.59 - - [02/Apr/2010:22:03:58 -0700] "GET / HTTP/1.0" 302 - "http://sharkbomb.com/" "Mozilla/4.0 (compatible; MSIE 6.0; Windows NT 5.1; SV1; .NET CLR 2.0.50727)"
70.36.103.59 - - [02/Apr/2010:22:04:11 -0700] "GET /robots.txt HTTP/1.0" 200 304 "http://sharkbomb.com/robots.txt" "Mozilla/4.0 (compatible; MSIE 6.0; Windows NT 5.1; SV1; .NET CLR 2.0.50727)"
66.249.65.241 - - [02/Apr/2010:23:40:56 -0700] "GET /robots.txt HTTP/1.1" 200 304 "-" "Mozilla/5.0 (compatible; Googlebot/2.1; +http://www.google.com/bot.html)"
66.249.65.241 - - [02/Apr/2010:23:40:56 -0700] "GET / HTTP/1.1" 302 - "-" "Mozilla/5.0 (compatible; Googlebot/2.1; +http://www.google.com/bot.html)"
208.80.193.28 - - [03/Apr/2010:02:13:24 -0700] "GET / HTTP/1.0" 302 - "-" "Mozilla/4.0 (compatible; MSIE 6.0; Windows NT 5.1; sbcydsl 3.12; YPC 3.2.0; .NET CLR 1.1.4322; Badongo 2.0.0; yplus 5.1.04b)"
211.154.136.237 - - [03/Apr/2010:03:38:49 -0700] "GET / HTTP/1.1" 302 - "-" "Dvtu/1.0 (compatible; MSIE 6.0; Windows NT 5.1; Linux; Vxworks)"
188.2.117.105 - - [03/Apr/2010:08:06:41 -0700] "GET / HTTP/1.1" 302 - "-" "Java/1.6.0_17"
188.2.117.105 - - [03/Apr/2010:08:06:50 -0700] "GET /installation/index.php HTTP/1.1" 200 2232 "-" "Java/1.6.0_17"
93.158.148.31 - - [03/Apr/2010:08:39:22 -0700] "GET / HTTP/1.1" 302 - "-" "Yandex/1.01.001 (compatible; Win16; I)"
66.249.65.201 - - [03/Apr/2010:09:11:20 -0700] "GET /robots.txt HTTP/1.1" 200 304 "-" "Mozilla/5.0 (compatible; Googlebot/2.1; +http://www.google.com/bot.html)"
61.145.118.250 - - [03/Apr/2010:10:25:33 -0700] "GET /? HTTP/1.1" 302 - "-" ""
65.55.207.120 - - [03/Apr/2010:14:46:20 -0700] "GET /robots.txt HTTP/1.1" 200 304 "-" "msnbot/2.0b (+http://search.msn.com/msnbot.htm)"
193.47.80.41 - - [03/Apr/2010:15:36:48 -0700] "GET / HTTP/1.1" 302 - "-" "Mozilla/5.0 (compatible; Exabot/3.0; +http://www.exabot.com/go/robot)"
193.47.80.41 - - [03/Apr/2010:16:01:40 -0700] "GET /robots.txt HTTP/1.1" 200 304 "-" "Mozilla/5.0 (compatible; Exabot/3.0; +http://www.exabot.com/go/robot)"
65.55.207.69 - - [03/Apr/2010:17:37:18 -0700] "GET /robots.txt HTTP/1.1" 200 304 "-" "msnbot/2.0b (+http://search.msn.com/msnbot.htm)"
93.158.148.31 - - [03/Apr/2010:17:46:31 -0700] "GET /robots.txt HTTP/1.1" 200 304 "-" "Yandex/1.01.001 (compatible; Win16; I)"
93.158.148.31 - - [03/Apr/2010:17:46:33 -0700] "GET / HTTP/1.1" 302 - "-" "Yandex/1.01.001 (compatible; Win16; I)"
66.249.65.201 - - [03/Apr/2010:18:15:30 -0700] "GET /robots.txt HTTP/1.1" 200 304 "-" "Mozilla/5.0 (compatible; Googlebot/2.1; +http://www.google.com/bot.html)"
216.129.119.40 - - [03/Apr/2010:22:56:30 -0700] "GET /robots.txt HTTP/1.1" 200 304 "-" "Mozilla/5.0 (Twiceler-0.9 http://www.cuil.com/twiceler/robot.html)"
174.133.83.226 - - [03/Apr/2010:23:22:32 -0700] "GET / HTTP/1.1" 302 - "-" "Mozilla/4.0 (compatible; MSIE 6.0; Windows NT 5.0; .NET CLR 1.0.3705)"
174.133.83.226 - - [03/Apr/2010:23:22:32 -0700] "GET /installation/index.php HTTP/1.1" 200 2232 "-" "Mozilla/4.0 (compatible; MSIE 6.0; Windows NT 5.0; .NET CLR 1.0.3705)"
220.181.94.223 - - [04/Apr/2010:00:09:14 -0700] "GET /robots.txt HTTP/1.1" 304 - "-" "Sogou web spider/4.0(+http://www.sogou.com/docs/help/webmasters.htm#07)"
220.181.94.223 - - [04/Apr/2010:00:09:24 -0700] "GET /robots.txt HTTP/1.1" 304 - "-" "Sogou web spider/4.0(+http://www.sogou.com/docs/help/webmasters.htm#07)"
66.249.65.241 - - [04/Apr/2010:00:47:32 -0700] "GET /robots.txt HTTP/1.1" 200 304 "-" "Mozilla/5.0 (compatible; Googlebot/2.1; +http://www.google.com/bot.html)"
220.181.94.223 - - [04/Apr/2010:01:36:18 -0700] "GET /robots.txt HTTP/1.1" 304 - "-" "Sogou web spider/4.0(+http://www.sogou.com/docs/help/webmasters.htm#07)"
220.181.94.223 - - [04/Apr/2010:01:36:28 -0700] "GET /robots.txt HTTP/1.1" 304 - "-" "Sogou web spider/4.0(+http://www.sogou.com/docs/help/webmasters.htm#07)"
95.108.150.235 - - [04/Apr/2010:02:39:33 -0700] "GET /robots.txt HTTP/1.1" 200 304 "-" "Yandex/1.01.001 (compatible; Win16; H)"
95.108.150.235 - - [04/Apr/2010:02:39:34 -0700] "GET /robots.txt HTTP/1.1" 200 304 "-" "Yandex/1.01.001 (compatible; Win16; H)"
95.108.150.235 - - [04/Apr/2010:02:39:35 -0700] "GET / HTTP/1.1" 302 - "-" "Yandex/1.01.001 (compatible; Win16; H)"
95.108.150.235 - - [04/Apr/2010:02:39:36 -0700] "GET / HTTP/1.1" 302 - "-" "Yandex/1.01.001 (compatible; Win16; H)"
95.108.150.235 - - [04/Apr/2010:02:39:37 -0700] "GET /installation/index.php HTTP/1.1" 200 2189 "-" "Yandex/1.01.001 (compatible; Win16; H)"
95.108.150.235 - - [04/Apr/2010:02:39:38 -0700] "GET /installation/index.php HTTP/1.1" 200 2189 "-" "Yandex/1.01.001 (compatible; Win16; H)"
