95.108.150.235 - - [29/Nov/2010:02:11:25 -0800] "GET /installation/index.php HTTP/1.1" 200 2232 "-" "Mozilla/5.0 (compatible; YandexBot/3.0; MirrorDetector; +http://yandex.com/bots)"
208.80.194.29 - - [29/Nov/2010:09:18:47 -0800] "GET / HTTP/1.0" 302 - "-" "Mozilla/4.0 (compatible; MSIE 6.0; Windows NT 5.1; SYMPA; SV1)"
208.80.194.29 - - [29/Nov/2010:09:18:47 -0800] "GET /installation/index.php HTTP/1.0" 200 2232 "-" "Mozilla/4.0 (compatible; MSIE 6.0; Windows NT 5.1; {4CAB6E3F-8717-EB27-98D8-9544987AB538}; .NET CLR 1.1.4322)"
195.162.69.94 - - [29/Nov/2010:11:04:07 -0800] "GET / HTTP/1.0" 302 - "http://sharkbomb.com/" "Mozilla/4.0 (compatible; MSIE 6.0; Windows NT 5.1; SV1; MRA 4.6 (build 01425); MRSPUTNIK 1, 5, 0, 19 SW)"
195.162.69.94 - - [29/Nov/2010:11:04:07 -0800] "GET /installation/index.php HTTP/1.0" 200 2232 "http://sharkbomb.com/installation/index.php" "Mozilla/4.0 (compatible; MSIE 6.0; Windows NT 5.1; SV1; MRA 4.6 (build 01425); MRSPUTNIK 1, 5, 0, 19 SW)"
193.47.80.41 - - [29/Nov/2010:14:21:27 -0800] "GET / HTTP/1.1" 302 - "-" "Mozilla/5.0 (compatible; Exabot/3.0; +http://www.exabot.com/go/robot)"
66.249.68.100 - - [29/Nov/2010:15:31:17 -0800] "GET /robots.txt HTTP/1.1" 200 304 "-" "Mozilla/5.0 (compatible; Googlebot/2.1; +http://www.google.com/bot.html)"
66.249.68.100 - - [29/Nov/2010:15:31:17 -0800] "GET /blog HTTP/1.1" 302 349 "-" "Mozilla/5.0 (compatible; Googlebot/2.1; +http://www.google.com/bot.html)"
66.249.68.100 - - [29/Nov/2010:15:31:18 -0800] "GET / HTTP/1.1" 302 - "-" "Mozilla/5.0 (compatible; Googlebot/2.1; +http://www.google.com/bot.html)"
195.162.69.94 - - [29/Nov/2010:21:36:24 -0800] "GET / HTTP/1.0" 302 - "http://sharkbomb.com/" "Mozilla/4.0 (compatible; MSIE 6.0; Windows NT 5.1; SV1; MRA 4.6 (build 01425); MRSPUTNIK 1, 5, 0, 19 SW)"
195.162.69.94 - - [29/Nov/2010:21:36:24 -0800] "GET /installation/index.php HTTP/1.0" 200 2232 "http://sharkbomb.com/installation/index.php" "Mozilla/4.0 (compatible; MSIE 6.0; Windows NT 5.1; SV1; MRA 4.6 (build 01425); MRSPUTNIK 1, 5, 0, 19 SW)"
207.46.204.229 - - [29/Nov/2010:23:36:32 -0800] "GET /robots.txt HTTP/1.1" 200 304 "-" "Mozilla/5.0 (compatible; bingbot/2.0; +http://www.bing.com/bingbot.htm)"
207.46.204.229 - - [29/Nov/2010:23:52:00 -0800] "GET / HTTP/1.1" 302 - "-" "Mozilla/5.0 (compatible; bingbot/2.0; +http://www.bing.com/bingbot.htm)"
208.80.194.35 - - [30/Nov/2010:09:06:57 -0800] "GET / HTTP/1.0" 302 - "-" "Mozilla/4.0 (compatible; MSIE 6.0; Windows NT 5.1; SV1; FunWebProducts; .NET CLR 1.1.4322; PeoplePal 3.0; yplus 5.1.02b)"
208.80.194.35 - - [30/Nov/2010:09:06:58 -0800] "GET /installation/index.php HTTP/1.0" 200 2232 "-" "Mozilla/4.0 (compatible; MSIE 6.0; Windows NT 5.1; SV1; Supplied by blueyonder; FunWebProducts; .NET CLR 1.1.4322; .NET CLR 2.0.50727)"
178.77.78.8 - - [30/Nov/2010:10:24:22 -0800] "GET / HTTP/1.0" 302 - "http://www.lopoca-friends.com" "Mozilla/4.0 (compatible; MSIE 7.0; Windows NT 6.0; Trident/4.0)"
82.76.204.103 - - [30/Nov/2010:11:12:26 -0800] "GET / HTTP/1.1" 302 - "-" "Mozilla/5.0 (compatible; DNSValidation/4.0.0; http://www.dnsvalidation.com/)"
95.132.127.66 - - [30/Nov/2010:13:18:50 -0800] "GET /index.php HTTP/1.0" 302 - "http://sharkbomb.com/index.php" "Mozilla/5.0 (Windows NT 5.1; U; en) Opera 8.01"
95.132.127.66 - - [30/Nov/2010:13:18:50 -0800] "GET /installation/index.php HTTP/1.0" 200 2232 "http://sharkbomb.com/installation/index.php" "Mozilla/5.0 (Windows NT 5.1; U; en) Opera 8.01"
208.80.194.32 - - [30/Nov/2010:13:37:37 -0800] "GET /blog/archive/2006_03_01_index.html&h=224&w=300&sz=12&hl=en&start=46 HTTP/1.0" 302 353 "-" "Mozilla/4.0 (compatible; MSIE 6.0; Windows NT 5.1; SV1; NN5.0.2.4; .NET CLR 1.1.4322)"
208.80.194.32 - - [30/Nov/2010:13:37:38 -0800] "GET / HTTP/1.0" 302 - "-" "Mozilla/4.0 (compatible; MSIE 7.0; Windows NT 5.1; .NET CLR 1.1.4322; .NET CLR 2.0.50727; MEGAUPLOAD 2.0)"
208.80.194.32 - - [30/Nov/2010:13:37:39 -0800] "GET /installation/index.php HTTP/1.0" 200 2232 "-" "Mozilla/4.0 (compatible; MSIE 6.0; Windows NT 5.1; Q312461; SV1; Advanced Searchbar 3.25; .NET CLR 1.0.3705)"
208.80.194.26 - - [30/Nov/2010:14:33:56 -0800] "GET /blog/archive/2006_03_01_index.html&h=224&w=300&sz=12&hl=en&start=21 HTTP/1.0" 302 353 "-" "Mozilla/4.0 (compatible; MSIE 6.0; Windows NT 5.1; {6187CB7D-2CC1-6075-5EF1-DD31A944EA5B}; .NET CLR 1.1.4322)"
208.80.194.26 - - [30/Nov/2010:14:33:59 -0800] "GET / HTTP/1.0" 302 - "-" "Mozilla/4.0 (compatible; MSIE 6.0; Windows NT 5.1; SV1; Hotbar 4.3.5.0; FunWebProducts; SpamBlockerUtility 4.8.4)"
208.80.194.26 - - [30/Nov/2010:14:34:00 -0800] "GET /installation/index.php HTTP/1.0" 200 2232 "-" "Mozilla/4.0 (compatible; MSIE 6.0; Windows NT 5.1; SV1; YPC 3.0.0; FunWebProducts; .NET CLR 1.0.3705; .NET CLR 1.1.4322; Media Center PC 4.0; ZangoToolbar 4.8.3)"
193.47.80.41 - - [30/Nov/2010:14:50:00 -0800] "GET /robots.txt HTTP/1.1" 200 304 "-" "Mozilla/5.0 (compatible; Exabot/3.0; +http://www.exabot.com/go/robot)"
193.47.80.41 - - [30/Nov/2010:14:50:00 -0800] "GET / HTTP/1.1" 302 - "-" "Mozilla/5.0 (compatible; Exabot/3.0; +http://www.exabot.com/go/robot)"
66.249.68.100 - - [30/Nov/2010:15:27:57 -0800] "GET /robots.txt HTTP/1.1" 200 304 "-" "Mozilla/5.0 (compatible; Googlebot/2.1; +http://www.google.com/bot.html)"
66.249.68.100 - - [30/Nov/2010:15:27:57 -0800] "GET /ct.html HTTP/1.1" 302 349 "-" "Mozilla/5.0 (compatible; Googlebot/2.1; +http://www.google.com/bot.html)"
66.249.68.100 - - [30/Nov/2010:15:27:57 -0800] "GET / HTTP/1.1" 302 - "-" "Mozilla/5.0 (compatible; Googlebot/2.1; +http://www.google.com/bot.html)"
66.45.246.226 - - [30/Nov/2010:17:35:37 -0800] "GET / HTTP/1.1" 302 - "-" "Mozilla/5.0 (Windows; U; Windows NT 5.1; en-US; rv:1.9.2.6) Gecko/20100625 Firefox/3.6.6"
66.45.246.226 - - [30/Nov/2010:17:35:37 -0800] "GET /installation/index.php HTTP/1.1" 200 2232 "http://SHARKBOMB.COM" "Mozilla/5.0 (Windows; U; Windows NT 5.1; en-US; rv:1.9.2.6) Gecko/20100625 Firefox/3.6.6"
208.80.194.29 - - [30/Nov/2010:22:11:48 -0800] "GET / HTTP/1.0" 302 - "-" "Mozilla/4.0 (compatible; MSIE 7.0; Windows NT 5.1; yie6; YPC 3.2.0; FunWebProducts; .NET CLR 1.1.4322; ZangoToolbar 4.8.3; yplus 5.1.04b)"
208.80.194.29 - - [30/Nov/2010:22:11:49 -0800] "GET /installation/index.php HTTP/1.0" 200 2232 "-" "Mozilla/4.0 (compatible; MSIE 6.0; Windows NT 5.1; SV1; .NET CLR 1.0.3705; Media Center PC 3.1; .NET CLR 1.1.4322; SpamBlockerUtility 4.8.0)"
95.108.150.235 - - [01/Dec/2010:00:39:23 -0800] "GET /robots.txt HTTP/1.1" 200 304 "-" "Mozilla/5.0 (compatible; YandexBot/3.0; MirrorDetector; +http://yandex.com/bots)"
95.108.150.235 - - [01/Dec/2010:00:39:23 -0800] "GET /robots.txt HTTP/1.1" 200 304 "-" "Mozilla/5.0 (compatible; YandexBot/3.0; MirrorDetector; +http://yandex.com/bots)"
95.108.150.235 - - [01/Dec/2010:00:39:24 -0800] "GET / HTTP/1.1" 302 - "-" "Mozilla/5.0 (compatible; YandexBot/3.0; MirrorDetector; +http://yandex.com/bots)"
95.108.150.235 - - [01/Dec/2010:00:39:24 -0800] "GET / HTTP/1.1" 302 - "-" "Mozilla/5.0 (compatible; YandexBot/3.0; MirrorDetector; +http://yandex.com/bots)"
95.108.150.235 - - [01/Dec/2010:00:39:25 -0800] "GET /installation/index.php HTTP/1.1" 200 2232 "-" "Mozilla/5.0 (compatible; YandexBot/3.0; MirrorDetector; +http://yandex.com/bots)"
95.108.150.235 - - [01/Dec/2010:00:39:25 -0800] "GET /installation/index.php HTTP/1.1" 200 2232 "-" "Mozilla/5.0 (compatible; YandexBot/3.0; MirrorDetector; +http://yandex.com/bots)"
95.108.150.235 - - [01/Dec/2010:00:39:27 -0800] "GET /installation/index.php HTTP/1.1" 200 2232 "-" "Mozilla/5.0 (compatible; YandexBot/3.0; MirrorDetector; +http://yandex.com/bots)"
95.108.150.235 - - [01/Dec/2010:00:39:27 -0800] "GET /installation/index.php HTTP/1.1" 200 2232 "-" "Mozilla/5.0 (compatible; YandexBot/3.0; MirrorDetector; +http://yandex.com/bots)"
91.205.96.13 - - [01/Dec/2010:08:09:23 -0800] "GET / HTTP/1.1" 302 - "-" "Mozilla/5.0 (compatible; Purebot/1.1; +http://www.puritysearch.net/)"
91.205.96.13 - - [01/Dec/2010:08:09:28 -0800] "GET /installation/index.php HTTP/1.1" 200 2232 "-" "Mozilla/5.0 (compatible; Purebot/1.1; +http://www.puritysearch.net/)"
184.73.134.151 - - [01/Dec/2010:10:01:49 -0800] "GET / HTTP/1.1" 302 - "-" "Mozilla/5.0 (Windows; U; Windows NT 6.1; en-US; rv:1.9.2.12) Gecko/20101026 Firefox/3.6.12"
178.77.77.48 - - [01/Dec/2010:11:27:34 -0800] "GET / HTTP/1.0" 302 - "http://www.friends-talk.eu" "Mozilla/4.0 (compatible; MSIE 7.0; Windows NT 6.0; Trident/4.0)"
178.77.72.217 - - [01/Dec/2010:14:04:24 -0800] "GET / HTTP/1.0" 302 - "http://www.lopoca-friends.com" "Mozilla/4.0 (compatible; MSIE 7.0; Windows NT 6.0; Trident/4.0)"
95.108.151.244 - - [01/Dec/2010:14:32:43 -0800] "GET /robots.txt HTTP/1.1" 200 304 "-" "Mozilla/5.0 (compatible; YandexBot/3.0; MirrorDetector; +http://yandex.com/bots)"
95.108.151.244 - - [01/Dec/2010:14:32:43 -0800] "GET /robots.txt HTTP/1.1" 200 304 "-" "Mozilla/5.0 (compatible; YandexBot/3.0; MirrorDetector; +http://yandex.com/bots)"
95.108.151.244 - - [01/Dec/2010:14:32:44 -0800] "GET / HTTP/1.1" 302 - "-" "Mozilla/5.0 (compatible; YandexBot/3.0; MirrorDetector; +http://yandex.com/bots)"
95.108.151.244 - - [01/Dec/2010:14:32:44 -0800] "GET / HTTP/1.1" 302 - "-" "Mozilla/5.0 (compatible; YandexBot/3.0; MirrorDetector; +http://yandex.com/bots)"
95.108.151.244 - - [01/Dec/2010:14:32:45 -0800] "GET /installation/index.php HTTP/1.1" 200 2232 "-" "Mozilla/5.0 (compatible; YandexBot/3.0; MirrorDetector; +http://yandex.com/bots)"
95.108.151.244 - - [01/Dec/2010:14:32:45 -0800] "GET /installation/index.php HTTP/1.1" 200 2232 "-" "Mozilla/5.0 (compatible; YandexBot/3.0; MirrorDetector; +http://yandex.com/bots)"
95.108.151.244 - - [01/Dec/2010:14:32:50 -0800] "GET /installation/index.php HTTP/1.1" 200 2232 "-" "Mozilla/5.0 (compatible; YandexBot/3.0; MirrorDetector; +http://yandex.com/bots)"
95.108.151.244 - - [01/Dec/2010:14:32:50 -0800] "GET /installation/index.php HTTP/1.1" 200 2232 "-" "Mozilla/5.0 (compatible; YandexBot/3.0; MirrorDetector; +http://yandex.com/bots)"
66.249.68.100 - - [01/Dec/2010:14:35:01 -0800] "GET /robots.txt HTTP/1.1" 200 304 "-" "Mozilla/5.0 (compatible; Googlebot/2.1; +http://www.google.com/bot.html)"
66.249.68.100 - - [01/Dec/2010:14:35:01 -0800] "GET /blog HTTP/1.1" 302 349 "-" "Mozilla/5.0 (compatible; Googlebot/2.1; +http://www.google.com/bot.html)"
66.249.68.100 - - [01/Dec/2010:14:35:01 -0800] "GET / HTTP/1.1" 302 - "-" "Mozilla/5.0 (compatible; Googlebot/2.1; +http://www.google.com/bot.html)"
208.80.194.37 - - [01/Dec/2010:22:16:17 -0800] "GET / HTTP/1.0" 302 - "-" "Mozilla/4.0 (compatible; MSIE 7.0; America Online Browser 1.1; rev1.2; Windows NT 5.1; .NET CLR 1.0.3705; .NET CLR 1.1.4322)"
208.80.194.37 - - [01/Dec/2010:22:16:17 -0800] "GET /installation/index.php HTTP/1.0" 200 2232 "-" "Mozilla/4.0 (compatible; MSIE 7.0; Windows NT 5.1; FunWebProducts; .NET CLR 2.0.50727; IEMB3; IEMB3; MSN 9.0;MSN 9.1; MSNbQ002; MSNmen-us; MSNcOTH)"
220.181.94.223 - - [02/Dec/2010:01:23:06 -0800] "GET /robots.txt HTTP/1.1" 200 304 "-" "Sogou web spider/4.0(+http://www.sogou.com/docs/help/webmasters.htm#07)"
220.181.94.223 - - [02/Dec/2010:01:23:16 -0800] "GET / HTTP/1.1" 302 - "-" "Sogou-Test-Spider/4.0 (compatible; MSIE 5.5; Windows 98)"
220.181.94.223 - - [02/Dec/2010:01:23:26 -0800] "GET /installation/index.php HTTP/1.1" 200 2046 "-" "Sogou-Test-Spider/4.0 (compatible; MSIE 5.5; Windows 98)"
208.80.194.31 - - [02/Dec/2010:02:42:58 -0800] "GET /blog/archive/2006_03_01_index.html&h=224&w=300&sz=12&hl=en&start=46 HTTP/1.0" 302 353 "-" "Mozilla/4.0 (compatible; MSIE 6.0; America Online Browser 1.1; rev1.2; Windows NT 5.1; SV1; (R1 1.5); .NET CLR 1.1.4322)"
208.80.194.31 - - [02/Dec/2010:02:42:59 -0800] "GET / HTTP/1.0" 302 - "-" "Mozilla/4.0 (compatible; MSIE 7.0; Windows NT 5.1; (R1 1.5); .NET CLR 1.1.4322; IEMB3)"
208.80.194.31 - - [02/Dec/2010:02:42:59 -0800] "GET /installation/index.php HTTP/1.0" 200 2232 "-" "Mozilla/4.0 (compatible; MSIE 6.0; Windows NT 5.1; {8949F47D-9266-D2B2-E624-83AA60FCEB78})"
66.219.58.45 - - [02/Dec/2010:03:31:29 -0800] "GET /robots.txt HTTP/1.1" 200 304 "-" "MLBot (www.metadatalabs.com/mlbot)"
66.219.58.45 - - [02/Dec/2010:03:31:29 -0800] "GET / HTTP/1.1" 302 - "-" "MLBot (www.metadatalabs.com/mlbot)"
208.80.194.28 - - [02/Dec/2010:03:42:54 -0800] "GET /blog/archive/2006_03_01_index.html&h=224&w=300&sz=12&hl=en&start=21 HTTP/1.0" 302 353 "-" "Mozilla/4.0 (compatible; MSIE 7.0; Windows NT 5.1; {EE284311-4AE0-0F02-05D7-46B0E14407A9}; yie6_SBCDSL; snprtz|S04062418602292; .NET CLR 1.1.4322)"
208.80.194.28 - - [02/Dec/2010:03:42:54 -0800] "GET / HTTP/1.0" 302 - "-" "Mozilla/4.0 (compatible; MSIE 6.0; Windows 98; Win 9x 4.90; Creative; yplus 5.1.02b)"
208.80.194.28 - - [02/Dec/2010:03:42:54 -0800] "GET /installation/index.php HTTP/1.0" 200 2232 "-" "Mozilla/4.0 (compatible; MSIE 7.0; Windows NT 5.1; .NET CLR 1.1.4322; InfoPath.1; .NET CLR 2.0.50727; .NET CLR 3.0.04506.30; IEMB3)"
66.249.68.26 - - [02/Dec/2010:07:18:12 -0800] "GET /robots.txt HTTP/1.1" 200 304 "-" "Mozilla/5.0 (compatible; Googlebot/2.1; +http://www.google.com/bot.html)"
66.249.68.26 - - [02/Dec/2010:07:18:12 -0800] "GET /blog/2005/10/nudicus-haiku-by-orb-other-than-bacon.html HTTP/1.1" 302 353 "-" "Mozilla/5.0 (compatible; Googlebot/2.1; +http://www.google.com/bot.html)"
66.249.68.100 - - [02/Dec/2010:07:18:13 -0800] "GET / HTTP/1.1" 302 - "-" "Mozilla/5.0 (compatible; Googlebot/2.1; +http://www.google.com/bot.html)"
208.80.194.29 - - [02/Dec/2010:11:20:22 -0800] "GET / HTTP/1.0" 302 - "-" "Mozilla/4.0 (compatible; MSIE 6.0; Windows NT 5.1; MEGAUPLOAD 1.0; ImageShack Toolbar 3.0.6)"
208.80.194.29 - - [02/Dec/2010:11:20:22 -0800] "GET /installation/index.php HTTP/1.0" 200 2232 "-" "Mozilla/4.0 (compatible; MSIE 6.0; America Online Browser 1.1; rev1.2; Windows NT 5.1; .NET CLR 1.1.4322)"
66.249.68.26 - - [02/Dec/2010:13:00:28 -0800] "GET /blog/ HTTP/1.1" 302 353 "-" "Mozilla/5.0 (compatible; Googlebot/2.1; +http://www.google.com/bot.html)"
66.249.68.100 - - [02/Dec/2010:13:00:29 -0800] "GET /robots.txt HTTP/1.1" 200 304 "-" "Mozilla/5.0 (compatible; Googlebot/2.1; +http://www.google.com/bot.html)"
174.129.117.237 - - [02/Dec/2010:13:33:29 -0800] "HEAD / HTTP/1.1" 302 - "-" "Mozilla/5.0 (compatible; AboutUsBot Johnny5/2.0; +http://www.AboutUs.org/)"
66.249.68.100 - - [02/Dec/2010:15:07:24 -0800] "GET /ct.html HTTP/1.1" 302 349 "-" "Mozilla/5.0 (compatible; Googlebot/2.1; +http://www.google.com/bot.html)"
115.135.113.239 - - [02/Dec/2010:16:43:46 -0800] "GET / HTTP/1.1" 302 - "-" "Mozilla/4.0 (compatible; MSIE 5.0; Windows NT; DigExt; DTS Agent"
68.168.105.56 - - [03/Dec/2010:00:53:48 -0800] "GET / HTTP/1.1" 302 - "-" "Mozilla/5.0 (compatible; MSIE 7.0; Windows NT 5.2; WOW64; .NET CLR 2.0.50727)"
68.168.105.56 - - [03/Dec/2010:00:53:49 -0800] "GET /installation/index.php HTTP/1.1" 200 2231 "-" "Mozilla/5.0 (compatible; MSIE 7.0; Windows NT 5.2; WOW64; .NET CLR 2.0.50727)"
95.108.150.235 - - [03/Dec/2010:01:12:45 -0800] "GET /robots.txt HTTP/1.1" 200 304 "-" "Mozilla/5.0 (compatible; YandexBot/3.0; MirrorDetector; +http://yandex.com/bots)"
95.108.150.235 - - [03/Dec/2010:01:12:45 -0800] "GET /robots.txt HTTP/1.1" 200 304 "-" "Mozilla/5.0 (compatible; YandexBot/3.0; MirrorDetector; +http://yandex.com/bots)"
95.108.150.235 - - [03/Dec/2010:01:12:46 -0800] "GET / HTTP/1.1" 302 - "-" "Mozilla/5.0 (compatible; YandexBot/3.0; MirrorDetector; +http://yandex.com/bots)"
95.108.150.235 - - [03/Dec/2010:01:12:46 -0800] "GET / HTTP/1.1" 302 - "-" "Mozilla/5.0 (compatible; YandexBot/3.0; MirrorDetector; +http://yandex.com/bots)"
95.108.150.235 - - [03/Dec/2010:01:12:47 -0800] "GET /installation/index.php HTTP/1.1" 200 2232 "-" "Mozilla/5.0 (compatible; YandexBot/3.0; MirrorDetector; +http://yandex.com/bots)"
95.108.150.235 - - [03/Dec/2010:01:12:48 -0800] "GET /installation/index.php HTTP/1.1" 200 2232 "-" "Mozilla/5.0 (compatible; YandexBot/3.0; MirrorDetector; +http://yandex.com/bots)"
95.108.150.235 - - [03/Dec/2010:01:12:49 -0800] "GET /installation/index.php HTTP/1.1" 200 2232 "-" "Mozilla/5.0 (compatible; YandexBot/3.0; MirrorDetector; +http://yandex.com/bots)"
95.108.150.235 - - [03/Dec/2010:01:12:49 -0800] "GET /installation/index.php HTTP/1.1" 200 2232 "-" "Mozilla/5.0 (compatible; YandexBot/3.0; MirrorDetector; +http://yandex.com/bots)"
208.80.194.34 - - [03/Dec/2010:11:17:38 -0800] "GET / HTTP/1.0" 302 - "-" "Mozilla/4.0 (compatible; MSIE 6.0; Windows NT 5.1; SV1; FunWebProducts; .NET CLR 1.1.4322; ZangoToolbar 4.8.3; HbTools 4.8.4)"
208.80.194.34 - - [03/Dec/2010:11:17:38 -0800] "GET /installation/index.php HTTP/1.0" 200 2232 "-" "Mozilla/4.0 (compatible; MSIE 6.0; Windows NT 5.1; YPC 3.2.0; SV1; SpamBlockerUtility 4.8.0; yplus 4.1.00b)"
66.249.65.121 - - [03/Dec/2010:14:17:12 -0800] "GET /robots.txt HTTP/1.1" 200 304 "-" "Mozilla/5.0 (compatible; Googlebot/2.1; +http://www.google.com/bot.html)"
66.249.65.121 - - [03/Dec/2010:14:17:12 -0800] "GET /blog HTTP/1.1" 302 349 "-" "Mozilla/5.0 (compatible; Googlebot/2.1; +http://www.google.com/bot.html)"
66.249.65.121 - - [03/Dec/2010:14:17:13 -0800] "GET / HTTP/1.1" 302 - "-" "Mozilla/5.0 (compatible; Googlebot/2.1; +http://www.google.com/bot.html)"
208.80.194.26 - - [03/Dec/2010:15:38:39 -0800] "GET /blog/archive/2006_03_01_index.html&h=224&w=300&sz=12&hl=en&start=46 HTTP/1.0" 302 353 "-" "Mozilla/4.0 (compatible; MSIE 7.0; America Online Browser 1.1; Windows NT 5.1; sbcydsl 3.12; YPC 3.2.0; .NET CLR 1.1.4322)"
208.80.194.26 - - [03/Dec/2010:15:38:39 -0800] "GET / HTTP/1.0" 302 - "-" "Mozilla/4.0 (compatible; MSIE 7.0; Windows NT 5.1; YPC 3.2.0; .NET CLR 2.0.50727; .NET CLR 1.1.4322; SpamBlockerUtility 4.8.4; ZangoToolbar 4.8.2; yplus 5.3.02b)"
208.80.194.26 - - [03/Dec/2010:15:38:40 -0800] "GET /installation/index.php HTTP/1.0" 200 2232 "-" "Mozilla/4.0 (compatible; MSIE 6.0; Windows 98; YPC 3.2.0; yplus 5.1.02b)"
184.72.203.108 - - [03/Dec/2010:16:23:25 -0800] "GET / HTTP/1.0" 302 - "-" "Mozilla/5.0 (compatible; NetcraftSurveyAgent/1.0; +info@netcraft.com)"
184.72.203.108 - - [03/Dec/2010:16:23:32 -0800] "GET /installation/index.php HTTP/1.0" 200 2232 "-" "Mozilla/5.0 (compatible; NetcraftSurveyAgent/1.0; +info@netcraft.com)"
208.80.194.36 - - [03/Dec/2010:16:38:53 -0800] "GET /blog/archive/2006_03_01_index.html&h=224&w=300&sz=12&hl=en&start=21 HTTP/1.0" 302 353 "-" "Mozilla/4.0 (compatible; MSIE 6.0; Windows NT 5.1; SV1; .NET CLR 1.1.4322; ZangoToolbar 4.8.2; SpamBlockerUtility 4.8.0)"
208.80.194.36 - - [03/Dec/2010:16:38:53 -0800] "GET / HTTP/1.0" 302 - "-" "Mozilla/4.0 (compatible; MSIE 6.0; Windows NT 5.1; SV1; acc=jocker; acc=none)"
208.80.194.36 - - [03/Dec/2010:16:38:53 -0800] "GET /installation/index.php HTTP/1.0" 200 2232 "-" "Mozilla/4.0 (compatible; MSIE 7.0; Windows NT 5.1; iebar; Comcast Install 1.0; .NET CLR 1.1.4322; .NET CLR 2.0.50727; .NET CLR 3.0.04506.30)"
66.90.103.190 - - [03/Dec/2010:21:29:44 -0800] "GET / HTTP/1.1" 302 - "-" "Java/1.6.0_22"
208.80.194.26 - - [04/Dec/2010:00:15:05 -0800] "GET / HTTP/1.0" 302 - "-" "Mozilla/4.0 (compatible; MSIE 7.0; Windows NT 5.1; savastore.com; .NET CLR 1.1.4322)"
208.80.194.26 - - [04/Dec/2010:00:15:05 -0800] "GET /installation/index.php HTTP/1.0" 200 2232 "-" "Mozilla/4.0 (compatible; MSIE 6.0; Windows NT 5.1; DigExt; Windows-Media-Player/10.00.00.3990)"
93.158.148.31 - - [04/Dec/2010:05:41:47 -0800] "GET /robots.txt HTTP/1.1" 200 304 "-" "Mozilla/5.0 (compatible; YandexBot/3.0; +http://yandex.com/bots)"
93.158.148.31 - - [04/Dec/2010:05:41:49 -0800] "GET / HTTP/1.1" 302 - "-" "Mozilla/5.0 (compatible; YandexBot/3.0; +http://yandex.com/bots)"
64.246.165.160 - - [04/Dec/2010:06:47:52 -0800] "GET /robots.txt HTTP/1.0" 200 304 "-" "Mozilla/5.0 (Windows; U; Windows NT 5.1; en; rv:1.9.0.13) Gecko/2009073022 Firefox/3.5.2 (.NET CLR 3.5.30729) SurveyBot/2.3 (DomainTools)"
64.246.165.160 - - [04/Dec/2010:06:47:52 -0800] "GET / HTTP/1.1" 302 - "http://whois.domaintools.com/sharkbomb.com" "Mozilla/5.0 (Windows; U; Windows NT 5.1; en; rv:1.9.0.13) Gecko/2009073022 Firefox/3.5.2 (.NET CLR 3.5.30729) SurveyBot/2.3 (DomainTools)"
64.246.165.160 - - [04/Dec/2010:06:47:52 -0800] "GET /installation/index.php HTTP/1.1" 200 2231 "http://whois.domaintools.com/sharkbomb.com" "Mozilla/5.0 (Windows; U; Windows NT 5.1; en; rv:1.9.0.13) Gecko/2009073022 Firefox/3.5.2 (.NET CLR 3.5.30729) SurveyBot/2.3 (DomainTools)"
67.195.115.60 - - [04/Dec/2010:08:46:21 -0800] "GET /robots.txt HTTP/1.0" 200 304 "-" "Mozilla/5.0 (compatible; Yahoo! Slurp; http://help.yahoo.com/help/us/ysearch/slurp)"
67.195.115.60 - - [04/Dec/2010:08:46:22 -0800] "GET / HTTP/1.0" 302 - "-" "Mozilla/5.0 (compatible; Yahoo! Slurp; http://help.yahoo.com/help/us/ysearch/slurp)"
193.47.80.41 - - [04/Dec/2010:10:28:49 -0800] "GET /robots.txt HTTP/1.1" 200 304 "-" "Mozilla/5.0 (compatible; Exabot/3.0; +http://www.exabot.com/go/robot)"
193.47.80.41 - - [04/Dec/2010:10:28:49 -0800] "GET / HTTP/1.1" 302 - "-" "Mozilla/5.0 (compatible; Exabot/3.0; +http://www.exabot.com/go/robot)"
66.249.68.100 - - [04/Dec/2010:13:48:38 -0800] "GET /robots.txt HTTP/1.1" 200 304 "-" "Mozilla/5.0 (compatible; Googlebot/2.1; +http://www.google.com/bot.html)"
66.249.68.100 - - [04/Dec/2010:13:48:38 -0800] "GET /blog HTTP/1.1" 302 349 "-" "Mozilla/5.0 (compatible; Googlebot/2.1; +http://www.google.com/bot.html)"
66.249.68.100 - - [04/Dec/2010:13:48:39 -0800] "GET / HTTP/1.1" 302 - "-" "Mozilla/5.0 (compatible; Googlebot/2.1; +http://www.google.com/bot.html)"
193.47.80.41 - - [04/Dec/2010:14:13:09 -0800] "GET / HTTP/1.1" 302 - "-" "Mozilla/5.0 (compatible; Exabot/3.0; +http://www.exabot.com/go/robot)"
66.249.68.100 - - [04/Dec/2010:22:15:37 -0800] "GET / HTTP/1.1" 302 - "-" "DoCoMo/2.0 N905i(c100;TB;W24H16) (compatible; Googlebot-Mobile/2.1; +http://www.google.com/bot.html)"
66.249.68.26 - - [04/Dec/2010:22:59:13 -0800] "GET /robots.txt HTTP/1.1" 200 304 "-" "Mozilla/5.0 (compatible; Googlebot/2.1; +http://www.google.com/bot.html)"
66.249.68.26 - - [04/Dec/2010:22:59:13 -0800] "GET /blog/ HTTP/1.1" 302 353 "-" "Mozilla/5.0 (compatible; Googlebot/2.1; +http://www.google.com/bot.html)"
66.249.68.100 - - [04/Dec/2010:22:59:14 -0800] "GET / HTTP/1.1" 302 - "-" "Mozilla/5.0 (compatible; Googlebot/2.1; +http://www.google.com/bot.html)"
208.80.194.29 - - [05/Dec/2010:00:28:23 -0800] "GET / HTTP/1.0" 302 - "-" "Mozilla/4.0 (compatible; MSIE 6.0; Windows NT 5.1; SV1; FunWebProducts; .NET CLR 1.1.4322; ZangoToolbar 4.8.3; MSN 9.0;MSN 9.1; MSNbVZ02; MSNmen-us; MSNcOTH)"
208.80.194.29 - - [05/Dec/2010:00:28:23 -0800] "GET /installation/index.php HTTP/1.0" 200 2232 "-" "Mozilla/4.0 (compatible; MSIE 6.0; Windows NT 5.1; SV1; SIMBAR={D9FF2428-CA2D-415d-9878-0B336B5BBEE5})"
66.249.68.100 - - [05/Dec/2010:01:08:40 -0800] "GET /robots.txt HTTP/1.1" 200 304 "-" "Mozilla/5.0 (compatible; Googlebot/2.1; +http://www.google.com/bot.html)"
66.249.68.100 - - [05/Dec/2010:01:08:40 -0800] "GET /ct.html HTTP/1.1" 302 349 "-" "Mozilla/5.0 (compatible; Googlebot/2.1; +http://www.google.com/bot.html)"
66.249.68.26 - - [05/Dec/2010:02:18:47 -0800] "GET /blog/2005/10/free-bacon-in-chrontab.html HTTP/1.1" 302 353 "-" "Mozilla/5.0 (compatible; Googlebot/2.1; +http://www.google.com/bot.html)"
95.108.150.235 - - [05/Dec/2010:02:32:06 -0800] "GET /robots.txt HTTP/1.1" 200 304 "-" "Mozilla/5.0 (compatible; YandexBot/3.0; MirrorDetector; +http://yandex.com/bots)"
95.108.150.235 - - [05/Dec/2010:02:32:06 -0800] "GET /robots.txt HTTP/1.1" 200 304 "-" "Mozilla/5.0 (compatible; YandexBot/3.0; MirrorDetector; +http://yandex.com/bots)"
95.108.150.235 - - [05/Dec/2010:02:32:06 -0800] "GET / HTTP/1.1" 302 - "-" "Mozilla/5.0 (compatible; YandexBot/3.0; MirrorDetector; +http://yandex.com/bots)"
95.108.150.235 - - [05/Dec/2010:02:32:07 -0800] "GET / HTTP/1.1" 302 - "-" "Mozilla/5.0 (compatible; YandexBot/3.0; MirrorDetector; +http://yandex.com/bots)"
95.108.150.235 - - [05/Dec/2010:02:32:07 -0800] "GET /installation/index.php HTTP/1.1" 200 2232 "-" "Mozilla/5.0 (compatible; YandexBot/3.0; MirrorDetector; +http://yandex.com/bots)"
95.108.150.235 - - [05/Dec/2010:02:32:08 -0800] "GET /installation/index.php HTTP/1.1" 200 2232 "-" "Mozilla/5.0 (compatible; YandexBot/3.0; MirrorDetector; +http://yandex.com/bots)"
95.108.150.235 - - [05/Dec/2010:02:32:09 -0800] "GET /installation/index.php HTTP/1.1" 200 2232 "-" "Mozilla/5.0 (compatible; YandexBot/3.0; MirrorDetector; +http://yandex.com/bots)"
95.108.150.235 - - [05/Dec/2010:02:32:09 -0800] "GET /installation/index.php HTTP/1.1" 200 2232 "-" "Mozilla/5.0 (compatible; YandexBot/3.0; MirrorDetector; +http://yandex.com/bots)"
208.80.194.32 - - [05/Dec/2010:04:52:47 -0800] "GET /blog/archive/2006_03_01_index.html&h=224&w=300&sz=12&hl=en&start=46 HTTP/1.0" 302 353 "-" "Mozilla/4.0 (compatible; MSIE 6.0; Windows NT 5.1; {3A1D666A-49FA-4F8B-BAB3-B37EC201DCF0}; SV1)"
208.80.194.32 - - [05/Dec/2010:04:52:47 -0800] "GET / HTTP/1.0" 302 - "-" "Mozilla/4.0 (compatible; MSIE 6.0; Windows NT 5.1; YPC 3.2.0; SV1; .NET CLR 1.1.4322; SpamBlockerUtility 4.8.4; ZangoToolbar 4.8.3)"
208.80.194.32 - - [05/Dec/2010:04:52:47 -0800] "GET /installation/index.php HTTP/1.0" 200 2232 "-" "Mozilla/4.0 (compatible; MSIE 6.0; Windows NT 5.1; SV1; .NET CLR 1.1.4322; .NET CLR 2.0.50727; .NET CLR 3.0.04506.30; MSN 9.0;MSN 9.1; MSNbMSNI; MSNmen-us; MSNcIA)"
208.80.194.37 - - [05/Dec/2010:06:00:00 -0800] "GET /blog/archive/2006_03_01_index.html&h=224&w=300&sz=12&hl=en&start=21 HTTP/1.0" 302 353 "-" "Mozilla/4.0 (compatible; MSIE 6.0; Windows NT 5.1; FunWebProducts; SV1; SpamBlockerUtility 4.8.0)"
208.80.194.37 - - [05/Dec/2010:06:00:00 -0800] "GET / HTTP/1.0" 302 - "-" "Mozilla/4.0 (compatible; MSIE 7.0; AOL 9.0; Windows NT 5.1; YPC 3.2.0; FunWebProducts; .NET CLR 1.0.3705; .NET CLR 1.1.4322; Media Center PC 4.0)"
208.80.194.37 - - [05/Dec/2010:06:00:00 -0800] "GET /installation/index.php HTTP/1.0" 200 2232 "-" "Mozilla/4.0 (compatible; MSIE 7.0; Windows NT 5.1; .NET CLR 1.1.4322; HbTools 4.8.4; (R1 1.5))"
208.80.194.30 - - [05/Dec/2010:13:38:53 -0800] "GET / HTTP/1.0" 302 - "-" "Mozilla/4.0 (compatible; MSIE 7.0; Windows NT 5.1; MSN 9.0; MSNbMSNI; MSNmen-us; MSNcOTH; MPLUS)"
208.80.194.30 - - [05/Dec/2010:13:38:53 -0800] "GET /installation/index.php HTTP/1.0" 200 2232 "-" "Mozilla/4.0 (compatible; MSIE 6.0; Windows NT 5.1; SV1; FunWebProducts; SIMBAR Enabled; SIMBAR={437A3228-36CF-4428-AF5E-0159FC41AF8B}; .NET CLR 1.1.4322)"
93.158.148.31 - - [05/Dec/2010:19:24:46 -0800] "GET /robots.txt HTTP/1.1" 200 304 "-" "Mozilla/5.0 (compatible; YandexBot/3.0; +http://yandex.com/bots)"
193.47.80.41 - - [05/Dec/2010:19:32:52 -0800] "GET /robots.txt HTTP/1.1" 200 304 "-" "Mozilla/5.0 (compatible; Exabot/3.0; +http://www.exabot.com/go/robot)"
193.47.80.41 - - [05/Dec/2010:19:32:53 -0800] "GET / HTTP/1.1" 302 - "-" "Mozilla/5.0 (compatible; Exabot/3.0; +http://www.exabot.com/go/robot)"
66.249.68.26 - - [06/Dec/2010:02:57:31 -0800] "GET /robots.txt HTTP/1.1" 200 304 "-" "Mozilla/5.0 (compatible; Googlebot/2.1; +http://www.google.com/bot.html)"
66.249.68.26 - - [06/Dec/2010:02:57:31 -0800] "GET / HTTP/1.1" 302 - "-" "Mozilla/5.0 (compatible; Googlebot/2.1; +http://www.google.com/bot.html)"
66.249.68.100 - - [06/Dec/2010:13:17:21 -0800] "GET /robots.txt HTTP/1.1" 200 304 "-" "Mozilla/5.0 (compatible; Googlebot/2.1; +http://www.google.com/bot.html)"
66.249.68.100 - - [06/Dec/2010:13:17:21 -0800] "GET /blog HTTP/1.1" 302 349 "-" "Mozilla/5.0 (compatible; Googlebot/2.1; +http://www.google.com/bot.html)"
66.249.68.100 - - [06/Dec/2010:13:17:22 -0800] "GET / HTTP/1.1" 302 - "-" "Mozilla/5.0 (compatible; Googlebot/2.1; +http://www.google.com/bot.html)"
208.80.194.29 - - [06/Dec/2010:13:49:54 -0800] "GET / HTTP/1.0" 302 - "-" "Mozilla/4.0 (compatible; MSIE 6.0; Windows NT 5.1; YPC 3.2.0; SV1; FunWebProducts; .NET CLR 1.1.4322; ZangoToolbar 4.8.3)"
208.80.194.29 - - [06/Dec/2010:13:49:54 -0800] "GET /installation/index.php HTTP/1.0" 200 2232 "-" "Mozilla/4.0 (compatible; MSIE 7.0; Windows NT 5.1; YPC 3.2.0; ftpwarez; .NET CLR 1.1.4322; IEMB3; IEMB3)"
193.47.80.41 - - [06/Dec/2010:14:18:47 -0800] "GET / HTTP/1.1" 302 - "-" "Mozilla/5.0 (compatible; Exabot/3.0; +http://www.exabot.com/go/robot)"
208.80.194.29 - - [06/Dec/2010:18:10:20 -0800] "GET /blog/archive/2006_03_01_index.html&h=224&w=300&sz=12&hl=en&start=46 HTTP/1.0" 302 353 "-" "Mozilla/4.0 (compatible; MSIE 6.0; Windows NT 5.1; {704A62EA-B19E-0D54-180C-2A8A4141BDFA})"
208.80.194.29 - - [06/Dec/2010:18:10:20 -0800] "GET / HTTP/1.0" 302 - "-" "Mozilla/4.0 (compatible; MSIE 6.0; Windows NT 5.1; SV1; .NET CLR 1.0.3705; .NET CLR 1.1.4322; Media Center PC 3.1; PeoplePal 3.0)"
208.80.194.29 - - [06/Dec/2010:18:10:20 -0800] "GET /installation/index.php HTTP/1.0" 200 2232 "-" "Mozilla/4.0 (compatible; MSIE 6.0; Windows NT 5.1; {91F3C84D-9E57-43E2-8308-F3881DD09F13}; iebar; SV1; ZangoToolbar 4.8.2)"
208.80.194.33 - - [06/Dec/2010:19:22:25 -0800] "GET /blog/archive/2006_03_01_index.html&h=224&w=300&sz=12&hl=en&start=21 HTTP/1.0" 302 353 "-" "Mozilla/4.0 (compatible; MSIE 6.0; Windows NT 5.1; {4AFCD376-A00B-6108-A26D-15B933AF9A88}; .NET CLR 1.1.4322)"
208.80.194.33 - - [06/Dec/2010:19:22:25 -0800] "GET / HTTP/1.0" 302 - "-" "Mozilla/4.0 (compatible; MSIE 6.0; Windows NT 5.1; iOpus-I-M; .NET CLR 1.1.4322)"
208.80.194.33 - - [06/Dec/2010:19:22:25 -0800] "GET /installation/index.php HTTP/1.0" 200 2232 "-" "Mozilla/4.0 (compatible; MSIE 6.0; Windows NT 5.1; SV1; .NET CLR 1.0.3705; .NET CLR 1.1.4322; Media Center PC 4.0; .NET CLR 2.0.50727; (R1 1.5))"
66.249.68.100 - - [06/Dec/2010:20:27:00 -0800] "GET / HTTP/1.1" 302 - "-" "SAMSUNG-SGH-E250/1.0 Profile/MIDP-2.0 Configuration/CLDC-1.1 UP.Browser/6.2.3.3.c.1.101 (GUI) MMP/2.0 (compatible; Googlebot-Mobile/2.1; +http://www.google.com/bot.html)"
66.249.68.100 - - [07/Dec/2010:00:29:24 -0800] "GET /ct.html HTTP/1.1" 302 349 "-" "Mozilla/5.0 (compatible; Googlebot/2.1; +http://www.google.com/bot.html)"
66.249.68.26 - - [07/Dec/2010:02:42:21 -0800] "GET /robots.txt HTTP/1.1" 200 304 "-" "Mozilla/5.0 (compatible; Googlebot/2.1; +http://www.google.com/bot.html)"
66.249.68.26 - - [07/Dec/2010:02:42:21 -0800] "GET /blog/2005/10/ode-to-yuni.html HTTP/1.1" 302 353 "-" "Mozilla/5.0 (compatible; Googlebot/2.1; +http://www.google.com/bot.html)"
208.80.194.26 - - [07/Dec/2010:02:47:12 -0800] "GET / HTTP/1.0" 302 - "-" "Mozilla/4.0 (compatible; MSIE 6.0; Windows NT 5.1; iebar; acc=ventura5; acc=; SV1)"
208.80.194.26 - - [07/Dec/2010:02:47:12 -0800] "GET /installation/index.php HTTP/1.0" 200 2232 "-" "Mozilla/4.0 (compatible; MSIE 7.0; Windows NT 5.1; FunWebProducts; SIMBAR Enabled; SIMBAR={0302242C-2182-494c-870B-236EDFB87A4B}; SIMBAR=0; .NET CLR 1.1.4322; .NET CLR 2.0.50727)"
66.249.68.26 - - [07/Dec/2010:05:46:15 -0800] "GET /blog/ HTTP/1.1" 302 353 "-" "Mozilla/5.0 (compatible; Googlebot/2.1; +http://www.google.com/bot.html)"
66.249.68.26 - - [07/Dec/2010:08:49:14 -0800] "GET /blog/2005/11/get-offa-computer-and-make-me-some.html HTTP/1.1" 302 353 "-" "Mozilla/5.0 (compatible; Googlebot/2.1; +http://www.google.com/bot.html)"
64.20.45.146 - - [07/Dec/2010:09:25:35 -0800] "GET / HTTP/1.0" 302 - "http://sharkbomb.com/" "Mozilla/4.0 (compatible; MSIE 6.0; Windows NT 5.0; T312461)"
64.20.45.146 - - [07/Dec/2010:09:25:35 -0800] "GET /installation/index.php HTTP/1.0" 200 2232 "http://sharkbomb.com/installation/index.php" "Mozilla/4.0 (compatible; MSIE 6.0; Windows NT 5.0; T312461)"
110.136.178.214 - - [07/Dec/2010:10:36:08 -0800] "GET /index.php HTTP/1.0" 302 - "http://sharkbomb.com/index.php" "Mozilla/4.0 (compatible; MSIE 6.0; Windows NT 5.1; SV1; FunWebProducts; MRA 4.6 (build 01425); .NET CLR 1.1.4322; .NET CLR 2.0.50727)"
173.242.115.182 - - [07/Dec/2010:10:36:31 -0800] "GET http://sharkbomb.com/installation/index.php HTTP/1.0" 200 2232 "http://sharkbomb.com/installation/index.php" "Mozilla/4.0 (compatible; MSIE 6.0; Windows NT 5.1; SV1; FunWebProducts; MRA 4.6 (build 01425); .NET CLR 1.1.4322; .NET CLR 2.0.50727)"
193.47.80.41 - - [07/Dec/2010:14:21:16 -0800] "GET /robots.txt HTTP/1.1" 200 304 "-" "Mozilla/5.0 (compatible; Exabot/3.0; +http://www.exabot.com/go/robot)"
193.47.80.41 - - [07/Dec/2010:14:21:17 -0800] "GET / HTTP/1.1" 302 - "-" "Mozilla/5.0 (compatible; Exabot/3.0; +http://www.exabot.com/go/robot)"
66.249.68.26 - - [07/Dec/2010:14:57:42 -0800] "GET /blog/2005/10/bourbon-its-whats-for-breakfast.html HTTP/1.1" 302 353 "-" "Mozilla/5.0 (compatible; Googlebot/2.1; +http://www.google.com/bot.html)"
66.249.68.100 - - [07/Dec/2010:14:57:44 -0800] "GET /robots.txt HTTP/1.1" 200 304 "-" "Mozilla/5.0 (compatible; Googlebot/2.1; +http://www.google.com/bot.html)"
66.249.68.100 - - [07/Dec/2010:14:57:44 -0800] "GET / HTTP/1.1" 302 - "-" "Mozilla/5.0 (compatible; Googlebot/2.1; +http://www.google.com/bot.html)"
66.249.68.26 - - [07/Dec/2010:21:04:58 -0800] "GET /blog/2005/10/hickory-smoked-vanilla-bourbon-bacon.html HTTP/1.1" 302 353 "-" "Mozilla/5.0 (compatible; Googlebot/2.1; +http://www.google.com/bot.html)"
66.249.68.26 - - [08/Dec/2010:02:38:11 -0800] "GET /robots.txt HTTP/1.1" 200 304 "-" "Mozilla/5.0 (compatible; Googlebot/2.1; +http://www.google.com/bot.html)"
66.249.68.26 - - [08/Dec/2010:02:38:11 -0800] "GET /blog/2005/11/its-almost-christmas.html HTTP/1.1" 302 353 "-" "Mozilla/5.0 (compatible; Googlebot/2.1; +http://www.google.com/bot.html)"
208.80.194.29 - - [08/Dec/2010:03:05:08 -0800] "GET / HTTP/1.0" 302 - "-" "Mozilla/4.0 (compatible; MSIE 6.0; Windows NT 5.1; SV1; Mozilla/4.0 (compatible; MSIE 6.0; Windows NT 5.1; SV1) ; SpamBlockerUtility 4.8.4; IEMB3)"
208.80.194.29 - - [08/Dec/2010:03:05:08 -0800] "GET /installation/index.php HTTP/1.0" 200 2232 "-" "Mozilla/4.0 (compatible; MSIE 6.0; Windows NT 5.1; SV1; acc=Messenger; .NET CLR 1.0.3705; .NET CLR 1.1.4322; .NET CLR 2.0.50727)"
208.80.194.27 - - [08/Dec/2010:07:27:01 -0800] "GET /blog/archive/2006_03_01_index.html&h=224&w=300&sz=12&hl=en&start=46 HTTP/1.0" 302 353 "-" "Mozilla/4.0 (compatible; MSIE 6.0; Windows NT 5.1; SV1; (R1 1.5); .NET CLR 1.1.4322; ZangoToolbar 4.8.3)"
208.80.194.27 - - [08/Dec/2010:07:27:01 -0800] "GET / HTTP/1.0" 302 - "-" "Mozilla/4.0 (compatible; MSIE 7.0; Windows NT 5.1; snprtz|S26160000000220|2600#Service Pack 2#2#5#1; .NET CLR 1.1.4322; Windows-Media-Player/10.00.00.3990)"
208.80.194.27 - - [08/Dec/2010:07:27:01 -0800] "GET /installation/index.php HTTP/1.0" 200 2232 "-" "Mozilla/4.0 (compatible; MSIE 7.0; Windows NT 5.1; FunWebProducts; .NET CLR 1.0.3705; .NET CLR 1.1.4322; Media Center PC 4.0; IEMB3; InfoPath.2; IEMB3)"
208.80.194.32 - - [08/Dec/2010:08:31:55 -0800] "GET /blog/archive/2006_03_01_index.html&h=224&w=300&sz=12&hl=en&start=21 HTTP/1.0" 302 353 "-" "Mozilla/4.0 (compatible; MSIE 6.0; Windows NT 5.1; SIMBAR={B57C412B-076C-4d24-A965-1B9A3C228CF4}; Crazy Browser 2.0.1)"
208.80.194.32 - - [08/Dec/2010:08:31:55 -0800] "GET / HTTP/1.0" 302 - "-" "Mozilla/4.0 (compatible; MSIE 7.0; Windows NT 5.1; .NET CLR 1.0.3705; MSN 8.0; MSNbMSNI; MSNmen-us; MSNcOTH)"
208.80.194.32 - - [08/Dec/2010:08:31:55 -0800] "GET /installation/index.php HTTP/1.0" 200 2232 "-" "Mozilla/4.0 (compatible; MSIE 7.0; Windows NT 6.0; {857F7A29-402F-4283-8810-C929446B0119}; SLCC1; .NET CLR 2.0.50727; Media Center PC 5.0; .NET CLR 3.0.04506)"
66.249.71.59 - - [08/Dec/2010:08:46:12 -0800] "GET /robots.txt HTTP/1.1" 200 304 "-" "Mozilla/5.0 (compatible; Googlebot/2.1; +http://www.google.com/bot.html)"
66.249.71.59 - - [08/Dec/2010:08:46:12 -0800] "GET /blog/2005/11/really-big-ass-rc-plane.html HTTP/1.1" 302 353 "-" "Mozilla/5.0 (compatible; Googlebot/2.1; +http://www.google.com/bot.html)"
66.249.71.7 - - [08/Dec/2010:08:46:13 -0800] "GET /robots.txt HTTP/1.1" 200 304 "-" "Mozilla/5.0 (compatible; Googlebot/2.1; +http://www.google.com/bot.html)"
66.249.71.7 - - [08/Dec/2010:08:46:13 -0800] "GET / HTTP/1.1" 302 - "-" "Mozilla/5.0 (compatible; Googlebot/2.1; +http://www.google.com/bot.html)"
66.249.71.7 - - [08/Dec/2010:12:01:11 -0800] "GET /blog HTTP/1.1" 302 349 "-" "Mozilla/5.0 (compatible; Googlebot/2.1; +http://www.google.com/bot.html)"
216.232.98.157 - - [08/Dec/2010:12:33:14 -0800] "GET / HTTP/1.1" 302 - "-" "Mozilla/5.0 (Windows; U; Windows NT 6.1; en-US) AppleWebKit/534.10 (KHTML, like Gecko) Chrome/8.0.552.215 Safari/534.10"
216.232.98.157 - - [08/Dec/2010:12:33:14 -0800] "GET /installation/index.php HTTP/1.1" 200 2231 "-" "Mozilla/5.0 (Windows; U; Windows NT 6.1; en-US) AppleWebKit/534.10 (KHTML, like Gecko) Chrome/8.0.552.215 Safari/534.10"
216.232.98.157 - - [08/Dec/2010:12:33:17 -0800] "GET /installation/template/css/template.css HTTP/1.1" 200 7375 "http://sharkbomb.com/installation/index.php" "Mozilla/5.0 (Windows; U; Windows NT 6.1; en-US) AppleWebKit/534.10 (KHTML, like Gecko) Chrome/8.0.552.215 Safari/534.10"
216.232.98.157 - - [08/Dec/2010:12:33:17 -0800] "GET /installation/includes/js/installation.js HTTP/1.1" 200 598 "http://sharkbomb.com/installation/index.php" "Mozilla/5.0 (Windows; U; Windows NT 6.1; en-US) AppleWebKit/534.10 (KHTML, like Gecko) Chrome/8.0.552.215 Safari/534.10"
216.232.98.157 - - [08/Dec/2010:12:33:17 -0800] "GET /installation/template/js/validation.js HTTP/1.1" 200 7137 "http://sharkbomb.com/installation/index.php" "Mozilla/5.0 (Windows; U; Windows NT 6.1; en-US) AppleWebKit/534.10 (KHTML, like Gecko) Chrome/8.0.552.215 Safari/534.10"
216.232.98.157 - - [08/Dec/2010:12:33:17 -0800] "GET /media/system/js/mootools.js HTTP/1.1" 200 74434 "http://sharkbomb.com/installation/index.php" "Mozilla/5.0 (Windows; U; Windows NT 6.1; en-US) AppleWebKit/534.10 (KHTML, like Gecko) Chrome/8.0.552.215 Safari/534.10"
216.232.98.157 - - [08/Dec/2010:12:33:18 -0800] "GET /installation/template/images/j_header_middle.png HTTP/1.1" 200 385 "http://sharkbomb.com/installation/index.php" "Mozilla/5.0 (Windows; U; Windows NT 6.1; en-US) AppleWebKit/534.10 (KHTML, like Gecko) Chrome/8.0.552.215 Safari/534.10"
216.232.98.157 - - [08/Dec/2010:12:33:18 -0800] "GET /installation/template/images/j_header_right.png HTTP/1.1" 200 366 "http://sharkbomb.com/installation/index.php" "Mozilla/5.0 (Windows; U; Windows NT 6.1; en-US) AppleWebKit/534.10 (KHTML, like Gecko) Chrome/8.0.552.215 Safari/534.10"
216.232.98.157 - - [08/Dec/2010:12:33:18 -0800] "GET /installation/template/images/j_bottom.png HTTP/1.1" 200 232 "http://sharkbomb.com/installation/index.php" "Mozilla/5.0 (Windows; U; Windows NT 6.1; en-US) AppleWebKit/534.10 (KHTML, like Gecko) Chrome/8.0.552.215 Safari/534.10"
216.232.98.157 - - [08/Dec/2010:12:33:18 -0800] "GET /installation/template/images/j_header_left.png HTTP/1.1" 200 5148 "http://sharkbomb.com/installation/index.php" "Mozilla/5.0 (Windows; U; Windows NT 6.1; en-US) AppleWebKit/534.10 (KHTML, like Gecko) Chrome/8.0.552.215 Safari/534.10"
216.232.98.157 - - [08/Dec/2010:12:33:18 -0800] "GET /installation/template/images/j_corner_br.png HTTP/1.1" 200 314 "http://sharkbomb.com/installation/index.php" "Mozilla/5.0 (Windows; U; Windows NT 6.1; en-US) AppleWebKit/534.10 (KHTML, like Gecko) Chrome/8.0.552.215 Safari/534.10"
216.232.98.157 - - [08/Dec/2010:12:33:18 -0800] "GET /installation/template/images/j_corner_bl.png HTTP/1.1" 200 303 "http://sharkbomb.com/installation/index.php" "Mozilla/5.0 (Windows; U; Windows NT 6.1; en-US) AppleWebKit/534.10 (KHTML, like Gecko) Chrome/8.0.552.215 Safari/534.10"
216.232.98.157 - - [08/Dec/2010:12:33:18 -0800] "GET /installation/favicon.ico HTTP/1.1" 200 1150 "-" "Mozilla/5.0 (Windows; U; Windows NT 6.1; en-US) AppleWebKit/534.10 (KHTML, like Gecko) Chrome/8.0.552.215 Safari/534.10"
216.232.98.157 - - [08/Dec/2010:12:33:39 -0800] "GET / HTTP/1.1" 302 - "-" "Mozilla/5.0 (Windows; U; Windows NT 6.1; en-US) AppleWebKit/534.10 (KHTML, like Gecko) Chrome/8.0.552.215 Safari/534.10"
216.232.98.157 - - [08/Dec/2010:12:33:39 -0800] "GET /installation/index.php HTTP/1.1" 200 2231 "-" "Mozilla/5.0 (Windows; U; Windows NT 6.1; en-US) AppleWebKit/534.10 (KHTML, like Gecko) Chrome/8.0.552.215 Safari/534.10"
216.232.98.157 - - [08/Dec/2010:12:33:41 -0800] "GET /installation/template/css/template.css HTTP/1.1" 200 7375 "http://www.sharkbomb.com/installation/index.php" "Mozilla/5.0 (Windows; U; Windows NT 6.1; en-US) AppleWebKit/534.10 (KHTML, like Gecko) Chrome/8.0.552.215 Safari/534.10"
216.232.98.157 - - [08/Dec/2010:12:33:41 -0800] "GET /installation/includes/js/installation.js HTTP/1.1" 200 598 "http://www.sharkbomb.com/installation/index.php" "Mozilla/5.0 (Windows; U; Windows NT 6.1; en-US) AppleWebKit/534.10 (KHTML, like Gecko) Chrome/8.0.552.215 Safari/534.10"
216.232.98.157 - - [08/Dec/2010:12:33:41 -0800] "GET /installation/template/js/validation.js HTTP/1.1" 200 7137 "http://www.sharkbomb.com/installation/index.php" "Mozilla/5.0 (Windows; U; Windows NT 6.1; en-US) AppleWebKit/534.10 (KHTML, like Gecko) Chrome/8.0.552.215 Safari/534.10"
216.232.98.157 - - [08/Dec/2010:12:33:41 -0800] "GET /media/system/js/mootools.js HTTP/1.1" 200 74434 "http://www.sharkbomb.com/installation/index.php" "Mozilla/5.0 (Windows; U; Windows NT 6.1; en-US) AppleWebKit/534.10 (KHTML, like Gecko) Chrome/8.0.552.215 Safari/534.10"
216.232.98.157 - - [08/Dec/2010:12:33:42 -0800] "GET /installation/template/images/j_header_middle.png HTTP/1.1" 200 385 "http://www.sharkbomb.com/installation/index.php" "Mozilla/5.0 (Windows; U; Windows NT 6.1; en-US) AppleWebKit/534.10 (KHTML, like Gecko) Chrome/8.0.552.215 Safari/534.10"
216.232.98.157 - - [08/Dec/2010:12:33:42 -0800] "GET /installation/template/images/j_header_right.png HTTP/1.1" 200 366 "http://www.sharkbomb.com/installation/index.php" "Mozilla/5.0 (Windows; U; Windows NT 6.1; en-US) AppleWebKit/534.10 (KHTML, like Gecko) Chrome/8.0.552.215 Safari/534.10"
216.232.98.157 - - [08/Dec/2010:12:33:42 -0800] "GET /installation/template/images/j_header_left.png HTTP/1.1" 200 5148 "http://www.sharkbomb.com/installation/index.php" "Mozilla/5.0 (Windows; U; Windows NT 6.1; en-US) AppleWebKit/534.10 (KHTML, like Gecko) Chrome/8.0.552.215 Safari/534.10"
216.232.98.157 - - [08/Dec/2010:12:33:42 -0800] "GET /installation/template/images/j_bottom.png HTTP/1.1" 200 232 "http://www.sharkbomb.com/installation/index.php" "Mozilla/5.0 (Windows; U; Windows NT 6.1; en-US) AppleWebKit/534.10 (KHTML, like Gecko) Chrome/8.0.552.215 Safari/534.10"
216.232.98.157 - - [08/Dec/2010:12:33:42 -0800] "GET /installation/template/images/j_corner_br.png HTTP/1.1" 200 314 "http://www.sharkbomb.com/installation/index.php" "Mozilla/5.0 (Windows; U; Windows NT 6.1; en-US) AppleWebKit/534.10 (KHTML, like Gecko) Chrome/8.0.552.215 Safari/534.10"
216.232.98.157 - - [08/Dec/2010:12:33:42 -0800] "GET /installation/template/images/j_corner_bl.png HTTP/1.1" 200 303 "http://www.sharkbomb.com/installation/index.php" "Mozilla/5.0 (Windows; U; Windows NT 6.1; en-US) AppleWebKit/534.10 (KHTML, like Gecko) Chrome/8.0.552.215 Safari/534.10"
216.232.98.157 - - [08/Dec/2010:12:33:42 -0800] "GET /installation/favicon.ico HTTP/1.1" 200 1150 "-" "Mozilla/5.0 (Windows; U; Windows NT 6.1; en-US) AppleWebKit/534.10 (KHTML, like Gecko) Chrome/8.0.552.215 Safari/534.10"
193.47.80.41 - - [08/Dec/2010:14:38:30 -0800] "GET /robots.txt HTTP/1.1" 200 304 "-" "Mozilla/5.0 (compatible; Exabot/3.0; +http://www.exabot.com/go/robot)"
193.47.80.41 - - [08/Dec/2010:14:38:31 -0800] "GET / HTTP/1.1" 302 - "-" "Mozilla/5.0 (compatible; Exabot/3.0; +http://www.exabot.com/go/robot)"
95.65.74.138 - - [08/Dec/2010:15:21:04 -0800] "GET / HTTP/1.0" 302 - "-" "Mozilla/4.0 (compatible; MSIE 6.0;)"
208.80.194.37 - - [08/Dec/2010:16:02:05 -0800] "GET / HTTP/1.0" 302 - "-" "Mozilla/4.0 (compatible; MSIE 7.0; Windows NT 5.1; .NET CLR 1.0.3705; .NET CLR 1.1.4322; Media Center PC 2.8; InfoPath.2)"
208.80.194.37 - - [08/Dec/2010:16:02:05 -0800] "GET /installation/index.php HTTP/1.0" 200 2232 "-" "Mozilla/4.0 (compatible; MSIE 7.0; Windows NT 5.1; SV1; .NET CLR 1.0.3705; ZangoToolbar 4.8.3)"
66.249.71.59 - - [08/Dec/2010:20:27:50 -0800] "GET /blog/ HTTP/1.1" 302 353 "-" "Mozilla/5.0 (compatible; Googlebot/2.1; +http://www.google.com/bot.html)"
220.181.94.223 - - [09/Dec/2010:01:31:47 -0800] "GET /robots.txt HTTP/1.1" 200 304 "-" "Sogou web spider/4.0(+http://www.sogou.com/docs/help/webmasters.htm#07)"
220.181.94.223 - - [09/Dec/2010:01:31:58 -0800] "GET / HTTP/1.1" 302 - "-" "Sogou-Test-Spider/4.0 (compatible; MSIE 5.5; Windows 98)"
220.181.94.223 - - [09/Dec/2010:01:32:08 -0800] "GET /installation/index.php HTTP/1.1" 200 2046 "-" "Sogou-Test-Spider/4.0 (compatible; MSIE 5.5; Windows 98)"
95.108.150.235 - - [09/Dec/2010:01:32:33 -0800] "GET /robots.txt HTTP/1.1" 200 304 "-" "Mozilla/5.0 (compatible; YandexBot/3.0; MirrorDetector; +http://yandex.com/bots)"
95.108.150.235 - - [09/Dec/2010:01:32:33 -0800] "GET /robots.txt HTTP/1.1" 200 304 "-" "Mozilla/5.0 (compatible; YandexBot/3.0; MirrorDetector; +http://yandex.com/bots)"
95.108.150.235 - - [09/Dec/2010:01:32:33 -0800] "GET / HTTP/1.1" 302 - "-" "Mozilla/5.0 (compatible; YandexBot/3.0; MirrorDetector; +http://yandex.com/bots)"
95.108.150.235 - - [09/Dec/2010:01:32:33 -0800] "GET / HTTP/1.1" 302 - "-" "Mozilla/5.0 (compatible; YandexBot/3.0; MirrorDetector; +http://yandex.com/bots)"
95.108.150.235 - - [09/Dec/2010:01:32:34 -0800] "GET /installation/index.php HTTP/1.1" 200 2232 "-" "Mozilla/5.0 (compatible; YandexBot/3.0; MirrorDetector; +http://yandex.com/bots)"
95.108.150.235 - - [09/Dec/2010:01:32:34 -0800] "GET /installation/index.php HTTP/1.1" 200 2232 "-" "Mozilla/5.0 (compatible; YandexBot/3.0; MirrorDetector; +http://yandex.com/bots)"
95.108.150.235 - - [09/Dec/2010:01:32:36 -0800] "GET /installation/index.php HTTP/1.1" 200 2232 "-" "Mozilla/5.0 (compatible; YandexBot/3.0; MirrorDetector; +http://yandex.com/bots)"
95.108.150.235 - - [09/Dec/2010:01:32:36 -0800] "GET /installation/index.php HTTP/1.1" 200 2232 "-" "Mozilla/5.0 (compatible; YandexBot/3.0; MirrorDetector; +http://yandex.com/bots)"
66.249.71.59 - - [09/Dec/2010:03:05:50 -0800] "GET /blog/2005/11/you-get-gas-face.html HTTP/1.1" 302 353 "-" "Mozilla/5.0 (compatible; Googlebot/2.1; +http://www.google.com/bot.html)"
93.158.148.31 - - [09/Dec/2010:07:37:20 -0800] "GET /robots.txt HTTP/1.1" 200 304 "-" "Mozilla/5.0 (compatible; YandexBot/3.0; +http://yandex.com/bots)"
93.158.148.31 - - [09/Dec/2010:07:37:23 -0800] "GET / HTTP/1.1" 302 - "-" "Mozilla/5.0 (compatible; YandexBot/3.0; +http://yandex.com/bots)"
38.101.148.124 - - [09/Dec/2010:09:27:36 -0800] "GET /robots.txt HTTP/1.1" 200 304 "-" "Mozilla/5.0 (compatible; discobot/1.1; +http://discoveryengine.com/discobot.html"
208.115.111.243 - - [09/Dec/2010:09:56:35 -0800] "GET /robots.txt HTTP/1.1" 200 304 "-" "Mozilla/5.0 (compatible; DotBot/1.1; http://www.dotnetdotcom.org/, crawler@dotnetdotcom.org)"
66.249.68.100 - - [09/Dec/2010:11:59:21 -0800] "GET /robots.txt HTTP/1.1" 200 304 "-" "Mozilla/5.0 (compatible; Googlebot/2.1; +http://www.google.com/bot.html)"
66.249.68.100 - - [09/Dec/2010:11:59:21 -0800] "GET / HTTP/1.1" 302 - "-" "Mozilla/5.0 (compatible; Googlebot/2.1; +http://www.google.com/bot.html)"
208.115.111.243 - - [09/Dec/2010:14:13:07 -0800] "GET / HTTP/1.1" 302 - "-" "Mozilla/5.0 (compatible; DotBot/1.1; http://www.dotnetdotcom.org/, crawler@dotnetdotcom.org)"
193.47.80.41 - - [09/Dec/2010:14:20:30 -0800] "GET / HTTP/1.1" 302 - "-" "Mozilla/5.0 (compatible; Exabot/3.0; +http://www.exabot.com/go/robot)"
97.123.123.198 - - [09/Dec/2010:15:04:28 -0800] "GET / HTTP/1.1" 302 - "-" "Mozilla/5.0 (Windows; U; Windows NT 6.0; en-US; rv:1.9.2.11) Gecko/20101012 Firefox/3.6.11 ( .NET CLR 3.5.30729)"
97.123.123.198 - - [09/Dec/2010:15:04:29 -0800] "GET /installation/index.php HTTP/1.1" 200 2231 "-" "Mozilla/5.0 (Windows; U; Windows NT 6.0; en-US; rv:1.9.2.11) Gecko/20101012 Firefox/3.6.11 ( .NET CLR 3.5.30729)"
97.123.123.198 - - [09/Dec/2010:15:04:32 -0800] "GET /installation/template/css/template.css HTTP/1.1" 200 7375 "http://www.sharkbomb.com/installation/index.php" "Mozilla/5.0 (Windows; U; Windows NT 6.0; en-US; rv:1.9.2.11) Gecko/20101012 Firefox/3.6.11 ( .NET CLR 3.5.30729)"
97.123.123.198 - - [09/Dec/2010:15:04:32 -0800] "GET /installation/template/js/validation.js HTTP/1.1" 200 7137 "http://www.sharkbomb.com/installation/index.php" "Mozilla/5.0 (Windows; U; Windows NT 6.0; en-US; rv:1.9.2.11) Gecko/20101012 Firefox/3.6.11 ( .NET CLR 3.5.30729)"
97.123.123.198 - - [09/Dec/2010:15:04:32 -0800] "GET /installation/includes/js/installation.js HTTP/1.1" 200 598 "http://www.sharkbomb.com/installation/index.php" "Mozilla/5.0 (Windows; U; Windows NT 6.0; en-US; rv:1.9.2.11) Gecko/20101012 Firefox/3.6.11 ( .NET CLR 3.5.30729)"
97.123.123.198 - - [09/Dec/2010:15:04:32 -0800] "GET /installation/favicon.ico HTTP/1.1" 200 1150 "-" "Mozilla/5.0 (Windows; U; Windows NT 6.0; en-US; rv:1.9.2.11) Gecko/20101012 Firefox/3.6.11 ( .NET CLR 3.5.30729)"
97.123.123.198 - - [09/Dec/2010:15:04:32 -0800] "GET /media/system/js/mootools.js HTTP/1.1" 200 74434 "http://www.sharkbomb.com/installation/index.php" "Mozilla/5.0 (Windows; U; Windows NT 6.0; en-US; rv:1.9.2.11) Gecko/20101012 Firefox/3.6.11 ( .NET CLR 3.5.30729)"
97.123.123.198 - - [09/Dec/2010:15:04:34 -0800] "GET /installation/template/images/j_header_middle.png HTTP/1.1" 200 385 "http://www.sharkbomb.com/installation/template/css/template.css" "Mozilla/5.0 (Windows; U; Windows NT 6.0; en-US; rv:1.9.2.11) Gecko/20101012 Firefox/3.6.11 ( .NET CLR 3.5.30729)"
97.123.123.198 - - [09/Dec/2010:15:04:34 -0800] "GET /installation/template/images/j_header_right.png HTTP/1.1" 200 366 "http://www.sharkbomb.com/installation/template/css/template.css" "Mozilla/5.0 (Windows; U; Windows NT 6.0; en-US; rv:1.9.2.11) Gecko/20101012 Firefox/3.6.11 ( .NET CLR 3.5.30729)"
97.123.123.198 - - [09/Dec/2010:15:04:34 -0800] "GET /installation/template/images/j_corner_br.png HTTP/1.1" 200 314 "http://www.sharkbomb.com/installation/template/css/template.css" "Mozilla/5.0 (Windows; U; Windows NT 6.0; en-US; rv:1.9.2.11) Gecko/20101012 Firefox/3.6.11 ( .NET CLR 3.5.30729)"
