66.249.71.7 - - [21/Dec/2010:09:31:45 -0800] "GET /ct.html HTTP/1.1" 302 349 "-" "Mozilla/5.0 (compatible; Googlebot/2.1; +http://www.google.com/bot.html)"
66.249.71.44 - - [21/Dec/2010:09:32:08 -0800] "GET /robots.txt HTTP/1.1" 200 304 "-" "Mozilla/5.0 (compatible; Googlebot/2.1; +http://www.google.com/bot.html)"
209.216.160.11 - - [21/Dec/2010:16:50:34 -0800] "GET / HTTP/1.1" 302 - "http://creepy.evilfuckers.org/" "Mozilla/5.0 (Windows; U; Windows NT 5.1; en-US) AppleWebKit/534.10 (KHTML, like Gecko) Chrome/8.0.552.224 Safari/534.10"
209.216.160.11 - - [21/Dec/2010:16:50:34 -0800] "GET /installation/index.php HTTP/1.1" 200 2231 "http://creepy.evilfuckers.org/" "Mozilla/5.0 (Windows; U; Windows NT 5.1; en-US) AppleWebKit/534.10 (KHTML, like Gecko) Chrome/8.0.552.224 Safari/534.10"
209.216.160.11 - - [21/Dec/2010:16:50:37 -0800] "GET /installation/template/css/template.css HTTP/1.1" 200 7375 "http://sharkbomb.com/installation/index.php" "Mozilla/5.0 (Windows; U; Windows NT 5.1; en-US) AppleWebKit/534.10 (KHTML, like Gecko) Chrome/8.0.552.224 Safari/534.10"
209.216.160.11 - - [21/Dec/2010:16:50:37 -0800] "GET /installation/includes/js/installation.js HTTP/1.1" 200 598 "http://sharkbomb.com/installation/index.php" "Mozilla/5.0 (Windows; U; Windows NT 5.1; en-US) AppleWebKit/534.10 (KHTML, like Gecko) Chrome/8.0.552.224 Safari/534.10"
209.216.160.11 - - [21/Dec/2010:16:50:37 -0800] "GET /installation/template/js/validation.js HTTP/1.1" 200 7137 "http://sharkbomb.com/installation/index.php" "Mozilla/5.0 (Windows; U; Windows NT 5.1; en-US) AppleWebKit/534.10 (KHTML, like Gecko) Chrome/8.0.552.224 Safari/534.10"
209.216.160.11 - - [21/Dec/2010:16:50:37 -0800] "GET /media/system/js/mootools.js HTTP/1.1" 200 74434 "http://sharkbomb.com/installation/index.php" "Mozilla/5.0 (Windows; U; Windows NT 5.1; en-US) AppleWebKit/534.10 (KHTML, like Gecko) Chrome/8.0.552.224 Safari/534.10"
209.216.160.11 - - [21/Dec/2010:16:50:38 -0800] "GET /installation/template/images/j_header_left.png HTTP/1.1" 200 5148 "http://sharkbomb.com/installation/index.php" "Mozilla/5.0 (Windows; U; Windows NT 5.1; en-US) AppleWebKit/534.10 (KHTML, like Gecko) Chrome/8.0.552.224 Safari/534.10"
209.216.160.11 - - [21/Dec/2010:16:50:38 -0800] "GET /installation/template/images/j_bottom.png HTTP/1.1" 200 232 "http://sharkbomb.com/installation/index.php" "Mozilla/5.0 (Windows; U; Windows NT 5.1; en-US) AppleWebKit/534.10 (KHTML, like Gecko) Chrome/8.0.552.224 Safari/534.10"
209.216.160.11 - - [21/Dec/2010:16:50:38 -0800] "GET /installation/template/images/j_header_right.png HTTP/1.1" 200 366 "http://sharkbomb.com/installation/index.php" "Mozilla/5.0 (Windows; U; Windows NT 5.1; en-US) AppleWebKit/534.10 (KHTML, like Gecko) Chrome/8.0.552.224 Safari/534.10"
209.216.160.11 - - [21/Dec/2010:16:50:38 -0800] "GET /installation/template/images/j_header_middle.png HTTP/1.1" 200 385 "http://sharkbomb.com/installation/index.php" "Mozilla/5.0 (Windows; U; Windows NT 5.1; en-US) AppleWebKit/534.10 (KHTML, like Gecko) Chrome/8.0.552.224 Safari/534.10"
209.216.160.11 - - [21/Dec/2010:16:50:38 -0800] "GET /installation/template/images/j_corner_br.png HTTP/1.1" 200 314 "http://sharkbomb.com/installation/index.php" "Mozilla/5.0 (Windows; U; Windows NT 5.1; en-US) AppleWebKit/534.10 (KHTML, like Gecko) Chrome/8.0.552.224 Safari/534.10"
209.216.160.11 - - [21/Dec/2010:16:50:38 -0800] "GET /installation/template/images/j_corner_bl.png HTTP/1.1" 200 303 "http://sharkbomb.com/installation/index.php" "Mozilla/5.0 (Windows; U; Windows NT 5.1; en-US) AppleWebKit/534.10 (KHTML, like Gecko) Chrome/8.0.552.224 Safari/534.10"
209.216.160.11 - - [21/Dec/2010:16:50:38 -0800] "GET /installation/favicon.ico HTTP/1.1" 200 1150 "-" "Mozilla/5.0 (Windows; U; Windows NT 5.1; en-US) AppleWebKit/534.10 (KHTML, like Gecko) Chrome/8.0.552.224 Safari/534.10"
208.80.194.35 - - [21/Dec/2010:17:38:06 -0800] "GET /blog/archive/2006_03_01_index.html&h=224&w=300&sz=12&hl=en&start=21 HTTP/1.0" 302 353 "-" "Mozilla/4.0 (compatible; MSIE 7.0; Windows NT 5.1; FunWebProducts; .NET CLR 2.0.50727; IEMB3; InfoPath.2; .NET CLR 1.1.4322; .NET CLR 3.0.04506.30; IEMB3)"
208.80.194.35 - - [21/Dec/2010:17:38:06 -0800] "GET / HTTP/1.0" 302 - "-" "Mozilla/4.0 (compatible; MSIE 6.0; Windows NT 5.1; SV1; InfoPath.1; .NET CLR 1.1.4322; .NET CLR 2.0.50727; .NET CLR 3.0.04506.30),gzip(gfe) (via translate.google.com)"
208.80.194.35 - - [21/Dec/2010:17:38:06 -0800] "GET /installation/index.php HTTP/1.0" 200 2232 "-" "Mozilla/4.0 (compatible; MSIE 7.0; Windows NT 5.1; .NET CLR 1.0.3705; .NET CLR 1.1.4322; Media Center PC 4.0; Alexa Toolbar)"
94.142.128.140 - - [21/Dec/2010:19:43:40 -0800] "GET /index.php HTTP/1.0" 302 - "http://sharkbomb.com/index.php" "Mozilla/1.22 (compatible; MSIE 2.0; Windows 95)"
94.142.128.140 - - [21/Dec/2010:19:43:40 -0800] "GET /installation/index.php HTTP/1.0" 200 2232 "http://sharkbomb.com/installation/index.php" "Mozilla/1.22 (compatible; MSIE 2.0; Windows 95)"
220.181.94.223 - - [22/Dec/2010:01:24:31 -0800] "GET / HTTP/1.1" 302 - "-" "Sogou-Test-Spider/4.0 (compatible; MSIE 5.5; Windows 98)"
220.181.94.223 - - [22/Dec/2010:01:24:41 -0800] "GET /installation/index.php HTTP/1.1" 200 2046 "-" "Sogou-Test-Spider/4.0 (compatible; MSIE 5.5; Windows 98)"
66.249.71.7 - - [22/Dec/2010:08:45:47 -0800] "GET /blog HTTP/1.1" 302 349 "-" "Mozilla/5.0 (compatible; Googlebot/2.1; +http://www.google.com/bot.html)"
66.249.71.7 - - [22/Dec/2010:08:45:48 -0800] "GET / HTTP/1.1" 302 - "-" "Mozilla/5.0 (compatible; Googlebot/2.1; +http://www.google.com/bot.html)"
69.71.222.186 - - [22/Dec/2010:12:18:44 -0800] "GET / HTTP/1.0" 302 - "http://www.sitedossier.com/site/www.sharkbomb.com" "-"
208.80.194.31 - - [22/Dec/2010:19:50:51 -0800] "GET / HTTP/1.0" 302 - "-" "Mozilla/4.0 (compatible; MSIE 7.0; Windows NT 5.1; FunWebProducts; (R1 1.5); .NET CLR 1.1.4322; MSN 9.0;MSN 9.1; MSNbBC01; MSNmen-ca; MSNcOTH)"
208.80.194.31 - - [22/Dec/2010:19:50:51 -0800] "GET /installation/index.php HTTP/1.0" 200 2232 "-" "Mozilla/4.0 (compatible; MSIE 6.0; Windows NT 5.1; SV1; .NET CLR 1.0.3705; .NET CLR 1.1.4322; .NET CLR 2.0.50727; Media Center PC 4.0; PeoplePal 3.0; MEGAUPLOAD 1.0)"
66.249.71.7 - - [22/Dec/2010:20:34:02 -0800] "GET /robots.txt HTTP/1.1" 200 304 "-" "Mozilla/5.0 (compatible; Googlebot/2.1; +http://www.google.com/bot.html)"
66.249.71.7 - - [22/Dec/2010:20:34:02 -0800] "GET / HTTP/1.1" 302 - "-" "Mozilla/5.0 (compatible; Googlebot/2.1; +http://www.google.com/bot.html)"
95.108.150.235 - - [23/Dec/2010:00:31:40 -0800] "GET /robots.txt HTTP/1.1" 200 304 "-" "Mozilla/5.0 (compatible; YandexBot/3.0; MirrorDetector; +http://yandex.com/bots)"
95.108.150.235 - - [23/Dec/2010:00:31:40 -0800] "GET /robots.txt HTTP/1.1" 200 304 "-" "Mozilla/5.0 (compatible; YandexBot/3.0; MirrorDetector; +http://yandex.com/bots)"
95.108.150.235 - - [23/Dec/2010:00:31:41 -0800] "GET / HTTP/1.1" 302 - "-" "Mozilla/5.0 (compatible; YandexBot/3.0; MirrorDetector; +http://yandex.com/bots)"
95.108.150.235 - - [23/Dec/2010:00:31:41 -0800] "GET / HTTP/1.1" 302 - "-" "Mozilla/5.0 (compatible; YandexBot/3.0; MirrorDetector; +http://yandex.com/bots)"
95.108.150.235 - - [23/Dec/2010:00:31:42 -0800] "GET /installation/index.php HTTP/1.1" 200 2232 "-" "Mozilla/5.0 (compatible; YandexBot/3.0; MirrorDetector; +http://yandex.com/bots)"
95.108.150.235 - - [23/Dec/2010:00:31:42 -0800] "GET /installation/index.php HTTP/1.1" 200 2232 "-" "Mozilla/5.0 (compatible; YandexBot/3.0; MirrorDetector; +http://yandex.com/bots)"
95.108.150.235 - - [23/Dec/2010:00:31:43 -0800] "GET /installation/index.php HTTP/1.1" 200 2232 "-" "Mozilla/5.0 (compatible; YandexBot/3.0; MirrorDetector; +http://yandex.com/bots)"
95.108.150.235 - - [23/Dec/2010:00:31:44 -0800] "GET /installation/index.php HTTP/1.1" 200 2232 "-" "Mozilla/5.0 (compatible; YandexBot/3.0; MirrorDetector; +http://yandex.com/bots)"
109.62.162.130 - - [23/Dec/2010:04:18:36 -0800] "GET /index.php HTTP/1.0" 302 - "-" "Mozilla/4.0 (compatible; MSIE 6.0; Windows NT 5.1)"
208.80.194.33 - - [23/Dec/2010:05:27:26 -0800] "GET /blog/archive/2006_03_01_index.html&h=224&w=300&sz=12&hl=en&start=21 HTTP/1.0" 302 353 "-" "Mozilla/4.0 (compatible; MSIE 7.0; Windows NT 5.1; .NET CLR 1.0.3705; Media Center PC 3.1; SpamBlockerUtility 4.8.4)"
208.80.194.33 - - [23/Dec/2010:05:27:26 -0800] "GET / HTTP/1.0" 302 - "-" "Mozilla/4.0 (compatible; MSIE 7.0; Windows NT 5.1; IEMB3; SV1)"
208.80.194.33 - - [23/Dec/2010:05:27:26 -0800] "GET /installation/index.php HTTP/1.0" 200 2232 "-" "Mozilla/4.0 (compatible; MSIE 7.0; Windows NT 5.1; Mozilla/4.0 (compatible; MSIE 6.0; Windows NT 5.1; SV1) ; .NET CLR 1.0.3705; .NET CLR 1.1.4322; Media Center PC 3.1)"
66.249.71.7 - - [23/Dec/2010:08:30:02 -0800] "GET /robots.txt HTTP/1.1" 200 304 "-" "Mozilla/5.0 (compatible; Googlebot/2.1; +http://www.google.com/bot.html)"
66.249.71.7 - - [23/Dec/2010:08:30:02 -0800] "GET /ct.html HTTP/1.1" 302 349 "-" "Mozilla/5.0 (compatible; Googlebot/2.1; +http://www.google.com/bot.html)"
66.249.71.7 - - [23/Dec/2010:08:30:03 -0800] "GET / HTTP/1.1" 302 - "-" "Mozilla/5.0 (compatible; Googlebot/2.1; +http://www.google.com/bot.html)"
66.249.71.44 - - [23/Dec/2010:08:56:54 -0800] "GET /robots.txt HTTP/1.1" 200 304 "-" "Mozilla/5.0 (compatible; Googlebot/2.1; +http://www.google.com/bot.html)"
66.249.71.44 - - [23/Dec/2010:08:56:54 -0800] "GET /blog/ HTTP/1.1" 302 353 "-" "Mozilla/5.0 (compatible; Googlebot/2.1; +http://www.google.com/bot.html)"
95.65.74.138 - - [23/Dec/2010:11:43:06 -0800] "GET /robots.txt HTTP/1.0" 200 304 "-" "Mozilla/4.0 (compatible; MSIE 6.0;)"
89.212.180.105 - - [23/Dec/2010:14:21:27 -0800] "GET / HTTP/1.0" 302 - "http://sharkbomb.com/" "Mozilla/4.0 (compatible; MSIE 6.0; MSIE 5.5; Windows NT 4.0) Opera 7.0 [en]"
89.212.180.105 - - [23/Dec/2010:14:21:28 -0800] "GET /installation/index.php HTTP/1.0" 200 2232 "http://sharkbomb.com/installation/index.php" "Mozilla/4.0 (compatible; MSIE 6.0; MSIE 5.5; Windows NT 4.0) Opera 7.0 [en]"
109.120.144.247 - - [23/Dec/2010:16:57:45 -0800] "GET /plugins/editors/tinymce/jscripts/tiny_mce/plugins/tinybrowser/tinybrowser.php?type=file&folder= HTTP/1.0" 200 17 "http://sharkbomb.com/plugins/editors/tinymce/jscripts/tiny_mce/plugins/tinybrowser/tinybrowser.php?type=file&folder=" "Mozilla/4.0 (compatible; MSIE 6.0; Windows 98; Win 9x 4.90)"
66.249.71.7 - - [23/Dec/2010:17:16:25 -0800] "GET /ct.html HTTP/1.1" 302 349 "-" "Mozilla/5.0 (compatible; Googlebot/2.1; +http://www.google.com/bot.html)"
69.28.58.15 - - [24/Dec/2010:03:00:58 -0800] "GET /robots.txt HTTP/1.0" 200 304 "http://sharkbomb.com/robots.txt" "Mozilla/4.0 (compatible; MSIE 8.0; Windows NT 5.1; SV1; .NET CLR 2.0.50727)"
69.28.58.15 - - [24/Dec/2010:03:01:08 -0800] "GET / HTTP/1.0" 302 - "http://sharkbomb.com/" "Mozilla/4.0 (compatible; MSIE 8.0; Windows NT 5.1; SV1; .NET CLR 2.0.50727)"
207.182.146.226 - - [24/Dec/2010:06:51:41 -0800] "GET / HTTP/1.1" 302 - "-" "Java/1.6.0_04"
207.182.146.226 - - [24/Dec/2010:06:51:42 -0800] "GET /installation/index.php HTTP/1.1" 200 2232 "-" "Java/1.6.0_04"
207.182.146.226 - - [24/Dec/2010:06:51:45 -0800] "GET /includes/js/installation.js HTTP/1.1" 302 349 "-" "Java/1.6.0_04"
207.182.146.226 - - [24/Dec/2010:06:51:45 -0800] "GET / HTTP/1.1" 302 - "-" "Java/1.6.0_04"
207.182.146.226 - - [24/Dec/2010:06:51:45 -0800] "GET /installation/index.php HTTP/1.1" 200 2232 "-" "Java/1.6.0_04"
207.182.146.226 - - [24/Dec/2010:06:51:46 -0800] "GET /includes HTTP/1.1" 301 383 "-" "Java/1.6.0_04"
207.182.146.226 - - [24/Dec/2010:06:51:46 -0800] "GET /includes/ HTTP/1.1" 200 47 "-" "Java/1.6.0_04"
207.182.146.226 - - [24/Dec/2010:06:51:46 -0800] "GET /template/js/validation.js HTTP/1.1" 302 349 "-" "Java/1.6.0_04"
207.182.146.226 - - [24/Dec/2010:06:51:46 -0800] "GET / HTTP/1.1" 302 - "-" "Java/1.6.0_04"
207.182.146.226 - - [24/Dec/2010:06:51:46 -0800] "GET /installation/index.php HTTP/1.1" 200 2232 "-" "Java/1.6.0_04"
207.182.146.226 - - [24/Dec/2010:06:51:47 -0800] "GET /template HTTP/1.1" 302 349 "-" "Java/1.6.0_04"
207.182.146.226 - - [24/Dec/2010:06:51:47 -0800] "GET / HTTP/1.1" 302 - "-" "Java/1.6.0_04"
207.182.146.226 - - [24/Dec/2010:06:51:48 -0800] "GET /installation/index.php HTTP/1.1" 200 2232 "-" "Java/1.6.0_04"
207.182.146.226 - - [24/Dec/2010:06:55:24 -0800] "GET / HTTP/1.1" 302 - "-" "Java/1.6.0_04"
207.182.146.226 - - [24/Dec/2010:06:55:24 -0800] "GET /installation/index.php HTTP/1.1" 200 2232 "-" "Java/1.6.0_04"
207.182.146.226 - - [24/Dec/2010:06:55:27 -0800] "GET /includes/js/installation.js HTTP/1.1" 302 353 "-" "Java/1.6.0_04"
207.182.146.226 - - [24/Dec/2010:06:55:27 -0800] "GET / HTTP/1.1" 302 - "-" "Java/1.6.0_04"
207.182.146.226 - - [24/Dec/2010:06:55:27 -0800] "GET /installation/index.php HTTP/1.1" 200 2232 "-" "Java/1.6.0_04"
207.182.146.226 - - [24/Dec/2010:06:55:28 -0800] "GET /includes HTTP/1.1" 301 391 "-" "Java/1.6.0_04"
207.182.146.226 - - [24/Dec/2010:06:55:28 -0800] "GET /includes/ HTTP/1.1" 200 47 "-" "Java/1.6.0_04"
207.182.146.226 - - [24/Dec/2010:06:55:28 -0800] "GET /template/js/validation.js HTTP/1.1" 302 353 "-" "Java/1.6.0_04"
207.182.146.226 - - [24/Dec/2010:06:55:28 -0800] "GET / HTTP/1.1" 302 - "-" "Java/1.6.0_04"
207.182.146.226 - - [24/Dec/2010:06:55:29 -0800] "GET /installation/index.php HTTP/1.1" 200 2232 "-" "Java/1.6.0_04"
207.182.146.226 - - [24/Dec/2010:06:55:29 -0800] "GET /template HTTP/1.1" 302 353 "-" "Java/1.6.0_04"
207.182.146.226 - - [24/Dec/2010:06:55:29 -0800] "GET / HTTP/1.1" 302 - "-" "Java/1.6.0_04"
207.182.146.226 - - [24/Dec/2010:06:55:30 -0800] "GET /installation/index.php HTTP/1.1" 200 2232 "-" "Java/1.6.0_04"
208.80.194.30 - - [24/Dec/2010:07:30:41 -0800] "GET / HTTP/1.0" 302 - "-" "Mozilla/4.0 (compatible; MSIE 6.0; Windows NT 5.1; YComp 5.0.0.0; FunWebProducts)"
208.80.194.30 - - [24/Dec/2010:07:30:41 -0800] "GET /installation/index.php HTTP/1.0" 200 2232 "-" "Mozilla/4.0 (compatible; MSIE 6.0; Windows NT 5.1; FunWebProducts; .NET CLR 1.1.4322; yplus 5.6.02b)"
66.249.71.7 - - [24/Dec/2010:07:43:51 -0800] "GET /blog HTTP/1.1" 302 349 "-" "Mozilla/5.0 (compatible; Googlebot/2.1; +http://www.google.com/bot.html)"
208.80.194.29 - - [24/Dec/2010:17:00:12 -0800] "GET /blog/archive/2006_03_01_index.html&h=224&w=300&sz=12&hl=en&start=21 HTTP/1.0" 302 353 "-" "Mozilla/4.0 (compatible; MSIE 6.0; Windows NT 5.1; FunWebProducts; Congoo NetPass; Embedded Web Browser from: http://bsalsa.com/; (R1 1.5); ZangoToolbar 4.8.3; MSN 6.1; MSNbMSFT; MSNmen-au; MSNcOTH)"
208.80.194.29 - - [24/Dec/2010:17:00:12 -0800] "GET / HTTP/1.0" 302 - "-" "Mozilla/4.0 (compatible; MSIE 7.0; Windows NT 5.1; .NET CLR 1.0.3705; Media Center PC 3.1; .NET CLR 1.1.4322; .NET CLR 2.0.50727; .NET CLR 3.0.04506.30; yplus 5.1.04b)"
208.80.194.29 - - [24/Dec/2010:17:00:12 -0800] "GET /installation/index.php HTTP/1.0" 200 2232 "-" "Mozilla/4.0 (compatible; MSIE 6.0; Windows NT 5.1; SV1; SIMBAR Enabled; FunWebProducts; SIMBAR=0; .NET CLR 1.1.4322; .NET CLR 2.0.50727)"
66.249.71.7 - - [24/Dec/2010:23:19:28 -0800] "GET /robots.txt HTTP/1.1" 200 304 "-" "DoCoMo/2.0 N905i(c100;TB;W24H16) (compatible; Googlebot-Mobile/2.1; +http://www.google.com/bot.html)"
66.249.71.7 - - [24/Dec/2010:23:19:28 -0800] "GET / HTTP/1.1" 302 - "-" "DoCoMo/2.0 N905i(c100;TB;W24H16) (compatible; Googlebot-Mobile/2.1; +http://www.google.com/bot.html)"
207.241.232.195 - - [25/Dec/2010:02:03:07 -0800] "GET / HTTP/1.1" 302 - "-" "Mozilla/5.0 (iPhone; U; CPU like Mac OS X; en) AppleWebKit/420+ (KHTML, like Gecko) Version/3.0 Mobile/1A535b Safari/419.3"
207.241.232.195 - - [25/Dec/2010:02:03:07 -0800] "GET /installation/index.php HTTP/1.1" 200 2232 "-" "Mozilla/5.0 (iPhone; U; CPU like Mac OS X; en) AppleWebKit/420+ (KHTML, like Gecko) Version/3.0 Mobile/1A535b Safari/419.3"
66.249.71.7 - - [25/Dec/2010:07:09:40 -0800] "GET /ct.html HTTP/1.1" 302 349 "-" "Mozilla/5.0 (compatible; Googlebot/2.1; +http://www.google.com/bot.html)"
66.249.71.7 - - [25/Dec/2010:07:09:41 -0800] "GET / HTTP/1.1" 302 - "-" "Mozilla/5.0 (compatible; Googlebot/2.1; +http://www.google.com/bot.html)"
66.249.67.20 - - [25/Dec/2010:08:37:07 -0800] "GET /robots.txt HTTP/1.1" 200 304 "-" "Mozilla/5.0 (compatible; Googlebot/2.1; +http://www.google.com/bot.html)"
66.249.67.20 - - [25/Dec/2010:08:37:07 -0800] "GET /blog/ HTTP/1.1" 302 353 "-" "Mozilla/5.0 (compatible; Googlebot/2.1; +http://www.google.com/bot.html)"
66.249.67.10 - - [25/Dec/2010:08:37:08 -0800] "GET /robots.txt HTTP/1.1" 200 304 "-" "Mozilla/5.0 (compatible; Googlebot/2.1; +http://www.google.com/bot.html)"
66.249.67.10 - - [25/Dec/2010:08:37:08 -0800] "GET / HTTP/1.1" 302 - "-" "Mozilla/5.0 (compatible; Googlebot/2.1; +http://www.google.com/bot.html)"
91.121.75.29 - - [25/Dec/2010:11:22:46 -0800] "GET /robots.txt HTTP/1.0" 200 304 "-" "Mozilla/5.0 (compatible; MJ12bot/v1.3.3; http://www.majestic12.co.uk/bot.php?+)"
174.51.135.182 - - [25/Dec/2010:12:00:30 -0800] "GET / HTTP/1.1" 302 - "-" "Mozilla/5.0 (Windows; U; Windows NT 5.1; en-US; rv:1.9.0.19) Gecko/2010062819 Firefox/3.0.19 Flock/2.6.1"
174.51.135.182 - - [25/Dec/2010:12:00:30 -0800] "GET /installation/index.php HTTP/1.1" 200 2231 "-" "Mozilla/5.0 (Windows; U; Windows NT 5.1; en-US; rv:1.9.0.19) Gecko/2010062819 Firefox/3.0.19 Flock/2.6.1"
174.51.135.182 - - [25/Dec/2010:12:00:33 -0800] "GET /installation/template/css/template.css HTTP/1.1" 200 7375 "http://sharkbomb.com/installation/index.php" "Mozilla/5.0 (Windows; U; Windows NT 5.1; en-US; rv:1.9.0.19) Gecko/2010062819 Firefox/3.0.19 Flock/2.6.1"
174.51.135.182 - - [25/Dec/2010:12:00:33 -0800] "GET /installation/favicon.ico HTTP/1.1" 200 1150 "-" "Mozilla/5.0 (Windows; U; Windows NT 5.1; en-US; rv:1.9.0.19) Gecko/2010062819 Firefox/3.0.19 Flock/2.6.1"
174.51.135.182 - - [25/Dec/2010:12:00:33 -0800] "GET /media/system/js/mootools.js HTTP/1.1" 200 74434 "http://sharkbomb.com/installation/index.php" "Mozilla/5.0 (Windows; U; Windows NT 5.1; en-US; rv:1.9.0.19) Gecko/2010062819 Firefox/3.0.19 Flock/2.6.1"
174.51.135.182 - - [25/Dec/2010:12:00:35 -0800] "GET /installation/includes/js/installation.js HTTP/1.1" 200 598 "http://sharkbomb.com/installation/index.php" "Mozilla/5.0 (Windows; U; Windows NT 5.1; en-US; rv:1.9.0.19) Gecko/2010062819 Firefox/3.0.19 Flock/2.6.1"
174.51.135.182 - - [25/Dec/2010:12:00:35 -0800] "GET /installation/template/js/validation.js HTTP/1.1" 200 7137 "http://sharkbomb.com/installation/index.php" "Mozilla/5.0 (Windows; U; Windows NT 5.1; en-US; rv:1.9.0.19) Gecko/2010062819 Firefox/3.0.19 Flock/2.6.1"
174.51.135.182 - - [25/Dec/2010:12:00:36 -0800] "GET /installation/template/images/j_header_left.png HTTP/1.1" 200 5148 "http://sharkbomb.com/installation/template/css/template.css" "Mozilla/5.0 (Windows; U; Windows NT 5.1; en-US; rv:1.9.0.19) Gecko/2010062819 Firefox/3.0.19 Flock/2.6.1"
174.51.135.182 - - [25/Dec/2010:12:00:36 -0800] "GET /installation/template/images/j_bottom.png HTTP/1.1" 200 232 "http://sharkbomb.com/installation/template/css/template.css" "Mozilla/5.0 (Windows; U; Windows NT 5.1; en-US; rv:1.9.0.19) Gecko/2010062819 Firefox/3.0.19 Flock/2.6.1"
174.51.135.182 - - [25/Dec/2010:12:00:36 -0800] "GET /installation/template/images/j_header_middle.png HTTP/1.1" 200 385 "http://sharkbomb.com/installation/template/css/template.css" "Mozilla/5.0 (Windows; U; Windows NT 5.1; en-US; rv:1.9.0.19) Gecko/2010062819 Firefox/3.0.19 Flock/2.6.1"
174.51.135.182 - - [25/Dec/2010:12:00:36 -0800] "GET /installation/template/images/j_header_right.png HTTP/1.1" 200 366 "http://sharkbomb.com/installation/template/css/template.css" "Mozilla/5.0 (Windows; U; Windows NT 5.1; en-US; rv:1.9.0.19) Gecko/2010062819 Firefox/3.0.19 Flock/2.6.1"
174.51.135.182 - - [25/Dec/2010:12:00:36 -0800] "GET /installation/template/images/j_corner_br.png HTTP/1.1" 200 314 "http://sharkbomb.com/installation/template/css/template.css" "Mozilla/5.0 (Windows; U; Windows NT 5.1; en-US; rv:1.9.0.19) Gecko/2010062819 Firefox/3.0.19 Flock/2.6.1"
174.51.135.182 - - [25/Dec/2010:12:00:36 -0800] "GET /installation/template/images/j_corner_bl.png HTTP/1.1" 200 303 "http://sharkbomb.com/installation/template/css/template.css" "Mozilla/5.0 (Windows; U; Windows NT 5.1; en-US; rv:1.9.0.19) Gecko/2010062819 Firefox/3.0.19 Flock/2.6.1"
87.139.66.19 - - [25/Dec/2010:16:49:26 -0800] "GET / HTTP/1.1" 302 - "-" "Mozilla/4.0 (compatible; MSIE 8.0; Windows NT 5.2; WOW64; Trident/4.0; .NET CLR 2.0.50727)"
208.80.194.35 - - [25/Dec/2010:19:06:20 -0800] "GET / HTTP/1.0" 302 - "-" "Mozilla/4.0 (compatible; MSIE 6.0; Windows NT 5.1; SV1; FunWebProducts; .NET CLR 1.1.4322; ImageShack Toolbar 4.0.4)"
208.80.194.35 - - [25/Dec/2010:19:06:21 -0800] "GET /installation/index.php HTTP/1.0" 200 2232 "-" "Mozilla/4.0 (compatible; MSIE 6.0; Windows NT 5.1; SV1; .NET CLR 1.0.3705; .NET CLR 1.1.4322; IEMB3)"
208.80.194.30 - - [26/Dec/2010:04:47:37 -0800] "GET /blog/archive/2006_03_01_index.html&h=224&w=300&sz=12&hl=en&start=21 HTTP/1.0" 302 353 "-" "Mozilla/4.0 (compatible; MSIE 7.0; Windows NT 5.1; YPC 3.0.0; (R1 1.5); .NET CLR 1.1.4322)"
208.80.194.30 - - [26/Dec/2010:04:47:37 -0800] "GET / HTTP/1.0" 302 - "-" "Mozilla/4.0 (compatible; MSIE 7.0; Windows NT 5.1; SU 2.010; MSDigitalLocker; FunWebProducts; .NET CLR 1.0.3705; .NET CLR 1.1.4322; Media Center PC 4.0; .NET CLR 2.0.50727)"
208.80.194.30 - - [26/Dec/2010:04:47:38 -0800] "GET /installation/index.php HTTP/1.0" 200 2232 "-" "Mozilla/4.0 (compatible; MSIE 6.0; Windows NT 5.1; T312461; SV1)"
66.249.67.10 - - [26/Dec/2010:06:55:36 -0800] "GET /blog HTTP/1.1" 302 349 "-" "Mozilla/5.0 (compatible; Googlebot/2.1; +http://www.google.com/bot.html)"
66.249.67.10 - - [26/Dec/2010:06:55:37 -0800] "GET / HTTP/1.1" 302 - "-" "Mozilla/5.0 (compatible; Googlebot/2.1; +http://www.google.com/bot.html)"
64.246.165.140 - - [26/Dec/2010:07:33:07 -0800] "GET /robots.txt HTTP/1.0" 200 304 "-" "Mozilla/5.0 (Windows; U; Windows NT 5.1; en; rv:1.9.0.13) Gecko/2009073022 Firefox/3.5.2 (.NET CLR 3.5.30729) SurveyBot/2.3 (DomainTools)"
64.246.165.140 - - [26/Dec/2010:07:33:07 -0800] "GET / HTTP/1.1" 302 - "http://whois.domaintools.com/sharkbomb.com" "Mozilla/5.0 (Windows; U; Windows NT 5.1; en; rv:1.9.0.13) Gecko/2009073022 Firefox/3.5.2 (.NET CLR 3.5.30729) SurveyBot/2.3 (DomainTools)"
64.246.165.140 - - [26/Dec/2010:07:33:07 -0800] "GET /installation/index.php HTTP/1.1" 200 2231 "http://whois.domaintools.com/sharkbomb.com" "Mozilla/5.0 (Windows; U; Windows NT 5.1; en; rv:1.9.0.13) Gecko/2009073022 Firefox/3.5.2 (.NET CLR 3.5.30729) SurveyBot/2.3 (DomainTools)"
95.108.150.235 - - [26/Dec/2010:20:57:06 -0800] "GET /robots.txt HTTP/1.1" 200 304 "-" "Mozilla/5.0 (compatible; YandexBot/3.0; MirrorDetector; +http://yandex.com/bots)"
95.108.150.235 - - [26/Dec/2010:20:57:06 -0800] "GET /robots.txt HTTP/1.1" 200 304 "-" "Mozilla/5.0 (compatible; YandexBot/3.0; MirrorDetector; +http://yandex.com/bots)"
95.108.150.235 - - [26/Dec/2010:20:57:07 -0800] "GET / HTTP/1.1" 302 - "-" "Mozilla/5.0 (compatible; YandexBot/3.0; MirrorDetector; +http://yandex.com/bots)"
95.108.150.235 - - [26/Dec/2010:20:57:07 -0800] "GET / HTTP/1.1" 302 - "-" "Mozilla/5.0 (compatible; YandexBot/3.0; MirrorDetector; +http://yandex.com/bots)"
95.108.150.235 - - [26/Dec/2010:20:57:08 -0800] "GET /installation/index.php HTTP/1.1" 200 2232 "-" "Mozilla/5.0 (compatible; YandexBot/3.0; MirrorDetector; +http://yandex.com/bots)"
95.108.150.235 - - [26/Dec/2010:20:57:08 -0800] "GET /installation/index.php HTTP/1.1" 200 2232 "-" "Mozilla/5.0 (compatible; YandexBot/3.0; MirrorDetector; +http://yandex.com/bots)"
95.108.150.235 - - [26/Dec/2010:20:57:09 -0800] "GET /installation/index.php HTTP/1.1" 200 2232 "-" "Mozilla/5.0 (compatible; YandexBot/3.0; MirrorDetector; +http://yandex.com/bots)"
95.108.150.235 - - [26/Dec/2010:20:57:10 -0800] "GET /installation/index.php HTTP/1.1" 200 2232 "-" "Mozilla/5.0 (compatible; YandexBot/3.0; MirrorDetector; +http://yandex.com/bots)"
66.249.67.10 - - [26/Dec/2010:22:18:42 -0800] "GET /robots.txt HTTP/1.1" 200 304 "-" "SAMSUNG-SGH-E250/1.0 Profile/MIDP-2.0 Configuration/CLDC-1.1 UP.Browser/6.2.3.3.c.1.101 (GUI) MMP/2.0 (compatible; Googlebot-Mobile/2.1; +http://www.google.com/bot.html)"
66.249.67.10 - - [26/Dec/2010:22:18:42 -0800] "GET / HTTP/1.1" 302 - "-" "SAMSUNG-SGH-E250/1.0 Profile/MIDP-2.0 Configuration/CLDC-1.1 UP.Browser/6.2.3.3.c.1.101 (GUI) MMP/2.0 (compatible; Googlebot-Mobile/2.1; +http://www.google.com/bot.html)"
208.80.194.29 - - [27/Dec/2010:06:28:42 -0800] "GET / HTTP/1.0" 302 - "-" "Mozilla/4.0 (compatible; MSIE 6.0; Windows NT 5.1; SV1; AT&T CSM 6.0; FunWebProducts; .NET CLR 1.1.4322)"
208.80.194.29 - - [27/Dec/2010:06:28:42 -0800] "GET /installation/index.php HTTP/1.0" 200 2232 "-" "Mozilla/4.0 (compatible; MSIE 6.0; Windows NT 5.1; YPC 3.2.0; SV1; SpamBlockerUtility 4.7.1)"
66.249.71.7 - - [27/Dec/2010:06:39:50 -0800] "GET /robots.txt HTTP/1.1" 200 304 "-" "Mozilla/5.0 (compatible; Googlebot/2.1; +http://www.google.com/bot.html)"
66.249.71.7 - - [27/Dec/2010:06:39:50 -0800] "GET /ct.html HTTP/1.1" 302 349 "-" "Mozilla/5.0 (compatible; Googlebot/2.1; +http://www.google.com/bot.html)"
66.249.71.7 - - [27/Dec/2010:06:39:51 -0800] "GET / HTTP/1.1" 302 - "-" "Mozilla/5.0 (compatible; Googlebot/2.1; +http://www.google.com/bot.html)"
188.106.217.180 - - [27/Dec/2010:10:47:29 -0800] "GET / HTTP/1.1" 302 - "-" "Mozilla/4.0 (compatible; MSIE 8.0; Windows NT 5.2; WOW64; Trident/4.0; .NET CLR 2.0.50727)"
188.106.217.180 - - [27/Dec/2010:10:47:29 -0800] "GET /installation/index.php HTTP/1.1" 200 2232 "-" "Mozilla/4.0 (compatible; MSIE 8.0; Windows NT 5.2; WOW64; Trident/4.0; .NET CLR 2.0.50727)"
91.217.153.96 - - [27/Dec/2010:12:11:49 -0800] "GET /index.php/page/index.html HTTP/1.0" 302 - "http://sharkbomb.com/index.php/page/index.html" "Mozilla/4.0 (compatible; MSIE 6.0; Windows NT 5.1; SV1; FunWebProducts)"
91.217.153.96 - - [27/Dec/2010:12:11:49 -0800] "GET /index.php/page/installation/index.php HTTP/1.0" 302 - "http://sharkbomb.com/installation/index.php" "Mozilla/4.0 (compatible; MSIE 6.0; Windows NT 5.1; SV1; FunWebProducts)"
91.217.153.96 - - [27/Dec/2010:12:11:51 -0800] "GET / HTTP/1.0" 302 - "http://sharkbomb.com/" "Mozilla/4.0 (compatible; MSIE 6.0; Windows NT 5.1; SV1; FunWebProducts)"
66.249.71.44 - - [27/Dec/2010:14:57:09 -0800] "GET /robots.txt HTTP/1.1" 200 304 "-" "Mozilla/5.0 (compatible; Googlebot/2.1; +http://www.google.com/bot.html)"
66.249.71.44 - - [27/Dec/2010:14:57:09 -0800] "GET / HTTP/1.1" 302 - "-" "Mozilla/5.0 (compatible; Googlebot/2.1; +http://www.google.com/bot.html)"
208.80.194.36 - - [27/Dec/2010:16:03:02 -0800] "GET /blog/archive/2006_03_01_index.html&h=224&w=300&sz=12&hl=en&start=21 HTTP/1.0" 302 353 "-" "Mozilla/4.0 (compatible; MSIE 6.0; Windows NT 5.0; SIMBAR Enabled; SIMBAR=0; SIMBAR={3039FEEF-967E-47a5-97E3-033397DB3EB1}; InfoPath.1; .NET CLR 1.1.4322)"
208.80.194.36 - - [27/Dec/2010:16:03:02 -0800] "GET / HTTP/1.0" 302 - "-" "Mozilla/4.0 (compatible; MSIE 7.0; Windows NT 5.1; FunWebProducts; MSN 9.0;MSN 9.1; MSNbMSNI; MSNmen-us; MSNcOTH; MPLUS)"
208.80.194.36 - - [27/Dec/2010:16:03:03 -0800] "GET /installation/index.php HTTP/1.0" 200 2232 "-" "Mozilla/4.0 (compatible; MSIE 6.0; Windows NT 5.1; SV1; .NET CLR 1.0.3705; .NET CLR 1.1.4322; Media Center PC 3.1; .NET CLR 2.0.50727; SpamBlockerUtility 4.8.4; InfoPath.1)"
85.17.124.48 - - [27/Dec/2010:20:07:58 -0800] "GET /index.php HTTP/1.0" 302 - "http://sharkbomb.com/index.php" "Mozilla/4.0 (compatible; MSIE 6.0; Windows 98; Win 9x 4.90)"
173.242.115.182 - - [27/Dec/2010:20:54:42 -0800] "GET /index.php HTTP/1.0" 302 - "http://sharkbomb.com/index.php" "Mozilla/4.0 (compatible; MSIE 5.5; Windows 95; BCD2000)"
173.242.115.182 - - [27/Dec/2010:20:54:42 -0800] "GET /installation/index.php HTTP/1.0" 200 2232 "http://sharkbomb.com/installation/index.php" "Mozilla/4.0 (compatible; MSIE 5.5; Windows 95; BCD2000)"
66.249.71.7 - - [28/Dec/2010:06:28:19 -0800] "GET /blog HTTP/1.1" 302 349 "-" "Mozilla/5.0 (compatible; Googlebot/2.1; +http://www.google.com/bot.html)"
66.249.71.7 - - [28/Dec/2010:06:28:19 -0800] "GET / HTTP/1.1" 302 - "-" "Mozilla/5.0 (compatible; Googlebot/2.1; +http://www.google.com/bot.html)"
50.16.85.68 - - [28/Dec/2010:13:00:25 -0800] "GET /robots.txt HTTP/1.1" 200 304 "-" "Mozilla/5.0 (compatible; proximic; +http://www.proximic.com)"
50.16.103.234 - - [28/Dec/2010:13:00:25 -0800] "GET / HTTP/1.1" 302 - "-" "Mozilla/5.0 (compatible; proximic; +http://www.proximic.com)"
50.16.103.234 - - [28/Dec/2010:13:00:25 -0800] "GET /installation/index.php HTTP/1.1" 200 2232 "-" "Mozilla/5.0 (compatible; proximic; +http://www.proximic.com)"
218.213.130.126 - - [28/Dec/2010:13:09:33 -0800] "GET /robots.txt HTTP/1.1" 200 304 "-" "DoCoMo/2.0 P900i(c100;TB;W24H11)(compatible; ichiro/mobile goo;+http://help.goo.ne.jp/door/crawler.html)"
218.213.130.126 - - [28/Dec/2010:13:09:36 -0800] "GET / HTTP/1.1" 302 - "-" "DoCoMo/2.0 P900i(c100;TB;W24H11)(compatible; ichiro/mobile goo;+http://help.goo.ne.jp/door/crawler.html)"
208.80.194.29 - - [28/Dec/2010:17:57:58 -0800] "GET / HTTP/1.0" 302 - "-" "Mozilla/4.0 (compatible; MSIE 6.0; Windows NT 5.1; SV1; .NET CLR 1.0.3705; ZangoToolbar 4.8.2)"
208.80.194.29 - - [28/Dec/2010:17:57:58 -0800] "GET /installation/index.php HTTP/1.0" 200 2232 "-" "Mozilla/4.0 (compatible; MSIE 7.0; Windows NT 5.1; .NET CLR 1.1.4322; FDM; InfoPath.1; .NET CLR 2.0.50727)"
66.249.71.44 - - [28/Dec/2010:18:05:59 -0800] "GET /robots.txt HTTP/1.1" 200 304 "-" "Mozilla/5.0 (compatible; Googlebot/2.1; +http://www.google.com/bot.html)"
109.74.36.1 - - [28/Dec/2010:22:51:10 -0800] "GET / HTTP/1.1" 302 - "http://www.bing.com/search?q=sharkbomb.com&FORM=SSRE" "Mozilla/4.0 (compatible; MSIE 6.0; Windows NT 5.1; SV1)"
64.38.3.50 - - [28/Dec/2010:22:51:11 -0800] "GET / HTTP/1.0" 302 - "-" "Mozilla/5.0 (Windows; U; Windows NT 5.1; en-US; rv:1.9) Gecko/2008052906 Firefox/3.0"
64.38.3.50 - - [28/Dec/2010:22:51:11 -0800] "GET /installation/index.php HTTP/1.0" 200 2232 "-" "Mozilla/5.0 (Windows; U; Windows NT 5.1; en-US; rv:1.9) Gecko/2008052906 Firefox/3.0"
64.38.3.50 - - [28/Dec/2010:22:51:12 -0800] "GET /installation/index.php HTTP/1.0" 200 2232 "-" "Mozilla/5.0 (Windows; U; Windows NT 5.1; en-US; rv:1.9) Gecko/2008052906 Firefox/3.0"
109.74.36.1 - - [28/Dec/2010:22:51:12 -0800] "GET /installation/index.php HTTP/1.1" 200 2484 "http://www.bing.com/search?q=sharkbomb.com&FORM=SSRE" "Mozilla/4.0 (compatible; MSIE 6.0; Windows NT 5.1; SV1)"
64.38.3.50 - - [28/Dec/2010:22:51:16 -0800] "GET /media/system/js/mootools.js HTTP/1.0" 200 74434 "-" "Mozilla/5.0 (Windows; U; Windows NT 5.1; en-US; rv:1.9) Gecko/2008052906 Firefox/3.0"
109.74.36.1 - - [28/Dec/2010:22:51:17 -0800] "GET /installation/template/css/template_rtl.css HTTP/1.1" 200 945 "http://sharkbomb.com/installation/index.php" "Mozilla/4.0 (compatible; MSIE 6.0; Windows NT 5.1; SV1)"
109.74.36.1 - - [28/Dec/2010:22:51:20 -0800] "GET /installation/template/css/template.css HTTP/1.1" 200 7375 "http://sharkbomb.com/installation/index.php" "Mozilla/4.0 (compatible; MSIE 6.0; Windows NT 5.1; SV1)"
109.74.36.1 - - [28/Dec/2010:22:51:20 -0800] "GET /media/system/js/mootools.js HTTP/1.1" 200 74434 "http://sharkbomb.com/installation/index.php" "Mozilla/4.0 (compatible; MSIE 6.0; Windows NT 5.1; SV1)"
109.74.36.1 - - [28/Dec/2010:22:51:32 -0800] "GET /installation/includes/js/installation.js HTTP/1.1" 200 598 "http://sharkbomb.com/installation/index.php" "Mozilla/4.0 (compatible; MSIE 6.0; Windows NT 5.1; SV1)"
64.38.3.50 - - [28/Dec/2010:22:51:32 -0800] "GET /installation/includes/js/installation.js HTTP/1.0" 200 598 "-" "Mozilla/5.0 (Windows; U; Windows NT 5.1; en-US; rv:1.9) Gecko/2008052906 Firefox/3.0"
109.74.36.1 - - [28/Dec/2010:22:51:32 -0800] "GET /installation/template/js/validation.js HTTP/1.1" 200 7137 "http://sharkbomb.com/installation/index.php" "Mozilla/4.0 (compatible; MSIE 6.0; Windows NT 5.1; SV1)"
64.38.3.50 - - [28/Dec/2010:22:51:33 -0800] "GET /installation/template/js/validation.js HTTP/1.0" 200 7137 "-" "Mozilla/5.0 (Windows; U; Windows NT 5.1; en-US; rv:1.9) Gecko/2008052906 Firefox/3.0"
109.74.36.1 - - [28/Dec/2010:22:51:34 -0800] "GET /installation/template/images/j_header_middle.png HTTP/1.1" 200 385 "http://sharkbomb.com/installation/index.php" "Mozilla/4.0 (compatible; MSIE 6.0; Windows NT 5.1; SV1)"
109.74.36.1 - - [28/Dec/2010:22:51:36 -0800] "GET /installation/template/images/j_corner_br.png HTTP/1.1" 200 314 "http://sharkbomb.com/installation/index.php" "Mozilla/4.0 (compatible; MSIE 6.0; Windows NT 5.1; SV1)"
109.74.36.1 - - [28/Dec/2010:22:51:37 -0800] "GET /installation/template/images/j_corner_bl.png HTTP/1.1" 200 303 "http://sharkbomb.com/installation/index.php" "Mozilla/4.0 (compatible; MSIE 6.0; Windows NT 5.1; SV1)"
109.74.36.1 - - [28/Dec/2010:22:51:37 -0800] "GET /installation/template/images/j_header_right_rtl.png HTTP/1.1" 200 5187 "http://sharkbomb.com/installation/index.php" "Mozilla/4.0 (compatible; MSIE 6.0; Windows NT 5.1; SV1)"
109.74.36.1 - - [28/Dec/2010:22:51:37 -0800] "GET /installation/template/images/j_header_left_rtl.png HTTP/1.1" 200 487 "http://sharkbomb.com/installation/index.php" "Mozilla/4.0 (compatible; MSIE 6.0; Windows NT 5.1; SV1)"
109.74.36.1 - - [28/Dec/2010:22:51:38 -0800] "GET /installation/template/images/j_bottom.png HTTP/1.1" 200 232 "http://sharkbomb.com/installation/index.php" "Mozilla/4.0 (compatible; MSIE 6.0; Windows NT 5.1; SV1)"
62.219.132.115 - - [29/Dec/2010:00:30:54 -0800] "GET / HTTP/1.1" 302 - "http://www.we-globe.net/Weblab/SiteCommonGraveReport.php?portal=http://sharkbomb.com/" "Mozilla/4.0 (compatible; MSIE 8.0; Windows NT 5.1; .NET CLR 1.1.4322; MS-RTC LM 8)"
95.108.150.235 - - [29/Dec/2010:00:38:02 -0800] "GET /robots.txt HTTP/1.1" 200 304 "-" "Mozilla/5.0 (compatible; YandexBot/3.0; MirrorDetector; +http://yandex.com/bots)"
95.108.150.235 - - [29/Dec/2010:00:38:02 -0800] "GET /robots.txt HTTP/1.1" 200 304 "-" "Mozilla/5.0 (compatible; YandexBot/3.0; MirrorDetector; +http://yandex.com/bots)"
95.108.150.235 - - [29/Dec/2010:00:38:04 -0800] "GET / HTTP/1.1" 302 - "-" "Mozilla/5.0 (compatible; YandexBot/3.0; MirrorDetector; +http://yandex.com/bots)"
95.108.150.235 - - [29/Dec/2010:00:38:04 -0800] "GET / HTTP/1.1" 302 - "-" "Mozilla/5.0 (compatible; YandexBot/3.0; MirrorDetector; +http://yandex.com/bots)"
95.108.150.235 - - [29/Dec/2010:00:38:05 -0800] "GET /installation/index.php HTTP/1.1" 200 2232 "-" "Mozilla/5.0 (compatible; YandexBot/3.0; MirrorDetector; +http://yandex.com/bots)"
95.108.150.235 - - [29/Dec/2010:00:38:05 -0800] "GET /installation/index.php HTTP/1.1" 200 2232 "-" "Mozilla/5.0 (compatible; YandexBot/3.0; MirrorDetector; +http://yandex.com/bots)"
95.108.150.235 - - [29/Dec/2010:00:38:07 -0800] "GET /installation/index.php HTTP/1.1" 200 2232 "-" "Mozilla/5.0 (compatible; YandexBot/3.0; MirrorDetector; +http://yandex.com/bots)"
95.108.150.235 - - [29/Dec/2010:00:38:07 -0800] "GET /installation/index.php HTTP/1.1" 200 2232 "-" "Mozilla/5.0 (compatible; YandexBot/3.0; MirrorDetector; +http://yandex.com/bots)"
208.80.194.26 - - [29/Dec/2010:03:47:19 -0800] "GET /blog/archive/2006_03_01_index.html&h=224&w=300&sz=12&hl=en&start=21 HTTP/1.0" 302 353 "-" "Mozilla/4.0 (compatible; MSIE 7.0; Windows NT 5.1; FunWebProducts; MathPlayer 2.0; .NET CLR 2.0.50727)"
208.80.194.26 - - [29/Dec/2010:03:48:00 -0800] "GET / HTTP/1.0" 302 - "-" "Mozilla/4.0 (compatible; MSIE 6.0; Windows NT 5.1; SV1; SIMBAR Enabled; FunWebProducts; .NET CLR 1.1.4322; HbTools 4.8.0)"
208.80.194.26 - - [29/Dec/2010:03:48:17 -0800] "GET /installation/index.php HTTP/1.0" 200 2232 "-" "Mozilla/4.0 (compatible; MSIE 6.0; Windows NT 5.1; {8278665C-6B7F-C9B7-9A91-C2127FFE509B}; SIMBAR={B99B7A67-425A-40ea-AD41-C5C32E8C747B}; snprtz|T1630690340|2600#Service Pack 2#2#5#154321|isdn; .NET CLR 2.0.50727)"
66.249.71.7 - - [29/Dec/2010:05:37:07 -0800] "GET /robots.txt HTTP/1.1" 200 304 "-" "Mozilla/5.0 (compatible; Googlebot/2.1; +http://www.google.com/bot.html)"
66.249.71.7 - - [29/Dec/2010:05:37:07 -0800] "GET / HTTP/1.1" 302 - "-" "Mozilla/5.0 (compatible; Googlebot/2.1; +http://www.google.com/bot.html)"
184.73.9.190 - - [29/Dec/2010:10:00:28 -0800] "GET / HTTP/1.0" 302 - "-" "Mozilla/5.0 (compatible; NetcraftSurveyAgent/1.0; +info@netcraft.com)"
184.73.9.190 - - [29/Dec/2010:10:00:44 -0800] "GET /installation/index.php HTTP/1.0" 200 2232 "-" "Mozilla/5.0 (compatible; NetcraftSurveyAgent/1.0; +info@netcraft.com)"
69.28.58.23 - - [29/Dec/2010:12:53:27 -0800] "GET /robots.txt HTTP/1.0" 200 304 "-" "Mozilla/4.0 (compatible; MSIE 6.0; Windows NT 5.0) (larbin2.6.3@unspecified.mail)"
69.28.58.23 - - [29/Dec/2010:12:53:27 -0800] "GET / HTTP/1.0" 302 - "-" "Mozilla/4.0 (compatible; MSIE 6.0; Windows NT 5.0) larbin2.6.3@unspecified.mail"
69.28.58.23 - - [29/Dec/2010:13:45:14 -0800] "GET /robots.txt HTTP/1.0" 200 304 "-" "Mozilla/4.0 (compatible; MSIE 6.0; Windows NT 5.0) (larbin2.6.3@unspecified.mail)"
69.28.58.23 - - [29/Dec/2010:13:45:15 -0800] "GET /installation/index.php HTTP/1.0" 200 2232 "-" "Mozilla/4.0 (compatible; MSIE 6.0; Windows NT 5.0) larbin2.6.3@unspecified.mail"
70.165.35.234 - - [29/Dec/2010:14:52:13 -0800] "GET / HTTP/1.1" 302 - "-" "Mozilla/5.0 (Windows; U; Windows NT 6.1; en-US; rv:1.9.1.6) Gecko/20091201 Firefox/3.5.6"
70.165.35.234 - - [29/Dec/2010:14:52:16 -0800] "GET /installation/index.php HTTP/1.1" 200 2231 "-" "Mozilla/5.0 (Windows; U; Windows NT 6.1; en-US; rv:1.9.1.6) Gecko/20091201 Firefox/3.5.6"
70.165.35.234 - - [29/Dec/2010:14:52:18 -0800] "GET /installation/includes/js/installation.js HTTP/1.1" 200 598 "http://www.sharkbomb.com/installation/index.php" "Mozilla/5.0 (Windows; U; Windows NT 6.1; en-US; rv:1.9.1.6) Gecko/20091201 Firefox/3.5.6"
70.165.35.234 - - [29/Dec/2010:14:52:18 -0800] "GET /installation/favicon.ico HTTP/1.1" 200 1150 "-" "Mozilla/5.0 (Windows; U; Windows NT 6.1; en-US; rv:1.9.1.6) Gecko/20091201 Firefox/3.5.6"
70.165.35.234 - - [29/Dec/2010:14:52:18 -0800] "GET /installation/template/css/template.css HTTP/1.1" 200 7375 "http://www.sharkbomb.com/installation/index.php" "Mozilla/5.0 (Windows; U; Windows NT 6.1; en-US; rv:1.9.1.6) Gecko/20091201 Firefox/3.5.6"
70.165.35.234 - - [29/Dec/2010:14:52:18 -0800] "GET /media/system/js/mootools.js HTTP/1.1" 200 74434 "http://www.sharkbomb.com/installation/index.php" "Mozilla/5.0 (Windows; U; Windows NT 6.1; en-US; rv:1.9.1.6) Gecko/20091201 Firefox/3.5.6"
70.165.35.234 - - [29/Dec/2010:14:52:19 -0800] "GET /installation/template/js/validation.js HTTP/1.1" 200 7137 "http://www.sharkbomb.com/installation/index.php" "Mozilla/5.0 (Windows; U; Windows NT 6.1; en-US; rv:1.9.1.6) Gecko/20091201 Firefox/3.5.6"
70.165.35.234 - - [29/Dec/2010:14:52:19 -0800] "GET /installation/template/images/j_header_middle.png HTTP/1.1" 200 385 "http://www.sharkbomb.com/installation/template/css/template.css" "Mozilla/5.0 (Windows; U; Windows NT 6.1; en-US; rv:1.9.1.6) Gecko/20091201 Firefox/3.5.6"
70.165.35.234 - - [29/Dec/2010:14:52:19 -0800] "GET /installation/template/images/j_header_right.png HTTP/1.1" 200 366 "http://www.sharkbomb.com/installation/template/css/template.css" "Mozilla/5.0 (Windows; U; Windows NT 6.1; en-US; rv:1.9.1.6) Gecko/20091201 Firefox/3.5.6"
70.165.35.234 - - [29/Dec/2010:14:52:19 -0800] "GET /installation/template/images/j_header_left.png HTTP/1.1" 200 5148 "http://www.sharkbomb.com/installation/template/css/template.css" "Mozilla/5.0 (Windows; U; Windows NT 6.1; en-US; rv:1.9.1.6) Gecko/20091201 Firefox/3.5.6"
70.165.35.234 - - [29/Dec/2010:14:52:19 -0800] "GET /installation/template/images/j_bottom.png HTTP/1.1" 200 232 "http://www.sharkbomb.com/installation/template/css/template.css" "Mozilla/5.0 (Windows; U; Windows NT 6.1; en-US; rv:1.9.1.6) Gecko/20091201 Firefox/3.5.6"
70.165.35.234 - - [29/Dec/2010:14:52:20 -0800] "GET /installation/template/images/j_corner_br.png HTTP/1.1" 200 314 "http://www.sharkbomb.com/installation/template/css/template.css" "Mozilla/5.0 (Windows; U; Windows NT 6.1; en-US; rv:1.9.1.6) Gecko/20091201 Firefox/3.5.6"
70.165.35.234 - - [29/Dec/2010:14:52:20 -0800] "GET /installation/template/images/j_corner_bl.png HTTP/1.1" 200 303 "http://www.sharkbomb.com/installation/template/css/template.css" "Mozilla/5.0 (Windows; U; Windows NT 6.1; en-US; rv:1.9.1.6) Gecko/20091201 Firefox/3.5.6"
70.165.35.234 - - [29/Dec/2010:14:52:34 -0800] "GET / HTTP/1.1" 302 - "http://www.sharkbomb.com/installation/index.php" "Mozilla/5.0 (Windows; U; Windows NT 6.1; en-US; rv:1.9.1.6) Gecko/20091201 Firefox/3.5.6"
70.165.35.234 - - [29/Dec/2010:14:52:34 -0800] "GET /installation/index.php HTTP/1.1" 200 2231 "http://www.sharkbomb.com/installation/index.php" "Mozilla/5.0 (Windows; U; Windows NT 6.1; en-US; rv:1.9.1.6) Gecko/20091201 Firefox/3.5.6"
184.73.117.224 - - [29/Dec/2010:16:31:59 -0800] "GET /robots.txt HTTP/1.1" 200 304 "-" "Mozilla/5.0 (compatible; spbot/3.0; +http://www.seoprofiler.com/bot )"
184.73.117.224 - - [29/Dec/2010:16:31:59 -0800] "GET / HTTP/1.1" 302 - "-" "Mozilla/5.0 (compatible; spbot/3.0; +http://www.seoprofiler.com/bot )"
220.181.94.223 - - [29/Dec/2010:16:43:49 -0800] "GET /robots.txt HTTP/1.1" 200 304 "-" "Sogou web spider/4.0(+http://www.sogou.com/docs/help/webmasters.htm#07)"
220.181.94.223 - - [29/Dec/2010:16:43:59 -0800] "GET / HTTP/1.1" 302 - "-" "Sogou-Test-Spider/4.0 (compatible; MSIE 5.5; Windows 98)"
220.181.94.223 - - [29/Dec/2010:16:44:09 -0800] "GET /installation/index.php HTTP/1.1" 200 2046 "-" "Sogou-Test-Spider/4.0 (compatible; MSIE 5.5; Windows 98)"
66.249.71.7 - - [29/Dec/2010:16:45:21 -0800] "GET /ct.html HTTP/1.1" 302 349 "-" "Mozilla/5.0 (compatible; Googlebot/2.1; +http://www.google.com/bot.html)"
66.249.71.7 - - [29/Dec/2010:16:45:21 -0800] "GET / HTTP/1.1" 302 - "-" "Mozilla/5.0 (compatible; Googlebot/2.1; +http://www.google.com/bot.html)"
93.158.148.31 - - [29/Dec/2010:22:00:41 -0800] "GET /robots.txt HTTP/1.1" 200 304 "-" "Mozilla/5.0 (compatible; YandexBot/3.0; +http://yandex.com/bots)"
93.158.148.31 - - [29/Dec/2010:22:00:43 -0800] "GET / HTTP/1.1" 302 - "-" "Mozilla/5.0 (compatible; YandexBot/3.0; +http://yandex.com/bots)"
66.249.71.44 - - [29/Dec/2010:22:58:33 -0800] "GET /robots.txt HTTP/1.1" 200 304 "-" "Mozilla/5.0 (compatible; Googlebot/2.1; +http://www.google.com/bot.html)"
66.249.71.44 - - [29/Dec/2010:22:58:34 -0800] "GET /blog/ HTTP/1.1" 302 353 "-" "Mozilla/5.0 (compatible; Googlebot/2.1; +http://www.google.com/bot.html)"
66.249.71.7 - - [30/Dec/2010:04:44:16 -0800] "GET /blog HTTP/1.1" 302 349 "-" "Mozilla/5.0 (compatible; Googlebot/2.1; +http://www.google.com/bot.html)"
66.249.71.44 - - [30/Dec/2010:05:59:40 -0800] "GET /robots.txt HTTP/1.1" 200 304 "-" "Mozilla/5.0 (compatible; Googlebot/2.1; +http://www.google.com/bot.html)"
66.249.71.44 - - [30/Dec/2010:05:59:40 -0800] "GET / HTTP/1.1" 302 - "-" "Mozilla/5.0 (compatible; Googlebot/2.1; +http://www.google.com/bot.html)"
208.80.194.26 - - [30/Dec/2010:06:34:18 -0800] "GET / HTTP/1.0" 302 - "-" "Mozilla/4.0 (compatible; MSIE 6.0; Windows NT 5.0; yie6_SBC; YPC 3.0.3; .NET CLR 1.1.4322; .NET CLR 2.0.50727)"
208.80.194.26 - - [30/Dec/2010:06:34:18 -0800] "GET /installation/index.php HTTP/1.0" 200 2232 "-" "Mozilla/4.0 (compatible; MSIE 6.0; Windows NT 5.1; SV1; Mailinfo [968765]; Avant Browser; .NET CLR 1.0.3705; .NET CLR 1.1.4322; Media Center PC 4.0; InfoPath.2)"
207.46.13.131 - - [30/Dec/2010:11:21:23 -0800] "GET /robots.txt HTTP/1.1" 200 304 "-" "Mozilla/5.0 (compatible; bingbot/2.0; +http://www.bing.com/bingbot.htm)"
207.46.13.131 - - [30/Dec/2010:11:32:48 -0800] "GET / HTTP/1.1" 302 - "-" "Mozilla/5.0 (compatible; bingbot/2.0; +http://www.bing.com/bingbot.htm)"
208.80.194.26 - - [30/Dec/2010:16:22:07 -0800] "GET /blog/archive/2006_03_01_index.html&h=224&w=300&sz=12&hl=en&start=21 HTTP/1.0" 302 353 "-" "Mozilla/4.0 (compatible; MSIE 6.0; Windows NT 5.1; SV1; 1&1 Internet AG by USt; .NET CLR 1.1.4322)"
208.80.194.26 - - [30/Dec/2010:16:22:52 -0800] "GET / HTTP/1.0" 302 - "-" "Mozilla/4.0 (compatible; MSIE 7.0; Windows NT 6.0; WOW64; SLCC1; .NET CLR 2.0.50727; .NET CLR 3.0.04506; InfoPath.2; .NET CLR 1.1.4322)"
208.80.194.26 - - [30/Dec/2010:16:23:10 -0800] "GET /installation/index.php HTTP/1.0" 200 2232 "-" "Mozilla/4.0 (compatible; MSIE 6.0; Windows NT 5.1; Avant Browser; FunWebProducts; .NET CLR 1.1.4322; ZangoToolbar 4.8.2; Creative ZENcast v1.00.19; HbTools 4.8.4)"
195.234.5.168 - - [30/Dec/2010:20:26:17 -0800] "GET /fckeditor/editor/images/anchor.gif HTTP/1.1" 302 349 "" "Mozilla/5.0 (Windows; U; Windows NT 6.0; en; rv:1.9.0.8) Gecko/2009032609 Firefox/3.0.8 (.NET CLR 3.5.30729)"
195.234.5.168 - - [30/Dec/2010:20:26:18 -0800] "GET / HTTP/1.1" 302 - "" "Mozilla/5.0 (Windows; U; Windows NT 6.0; en; rv:1.9.0.8) Gecko/2009032609 Firefox/3.0.8 (.NET CLR 3.5.30729)"
195.234.5.168 - - [30/Dec/2010:20:26:18 -0800] "GET /installation/index.php HTTP/1.1" 200 2231 "" "Mozilla/5.0 (Windows; U; Windows NT 6.0; en; rv:1.9.0.8) Gecko/2009032609 Firefox/3.0.8 (.NET CLR 3.5.30729)"
24.138.70.221 - - [30/Dec/2010:22:04:27 -0800] "GET / HTTP/1.1" 302 - "-" "Mozilla/4.0 (compatible; MSIE 5.0; Windows NT; DigExt; DTS Agent"
95.108.150.235 - - [31/Dec/2010:02:18:39 -0800] "GET /robots.txt HTTP/1.1" 200 304 "-" "Mozilla/5.0 (compatible; YandexBot/3.0; MirrorDetector; +http://yandex.com/bots)"
95.108.150.235 - - [31/Dec/2010:02:18:40 -0800] "GET /robots.txt HTTP/1.1" 200 304 "-" "Mozilla/5.0 (compatible; YandexBot/3.0; MirrorDetector; +http://yandex.com/bots)"
95.108.150.235 - - [31/Dec/2010:02:18:40 -0800] "GET / HTTP/1.1" 302 - "-" "Mozilla/5.0 (compatible; YandexBot/3.0; MirrorDetector; +http://yandex.com/bots)"
95.108.150.235 - - [31/Dec/2010:02:18:40 -0800] "GET / HTTP/1.1" 302 - "-" "Mozilla/5.0 (compatible; YandexBot/3.0; MirrorDetector; +http://yandex.com/bots)"
95.108.150.235 - - [31/Dec/2010:02:18:41 -0800] "GET /installation/index.php HTTP/1.1" 200 2232 "-" "Mozilla/5.0 (compatible; YandexBot/3.0; MirrorDetector; +http://yandex.com/bots)"
95.108.150.235 - - [31/Dec/2010:02:18:41 -0800] "GET /installation/index.php HTTP/1.1" 200 2232 "-" "Mozilla/5.0 (compatible; YandexBot/3.0; MirrorDetector; +http://yandex.com/bots)"
95.108.150.235 - - [31/Dec/2010:02:18:43 -0800] "GET /installation/index.php HTTP/1.1" 200 2232 "-" "Mozilla/5.0 (compatible; YandexBot/3.0; MirrorDetector; +http://yandex.com/bots)"
95.108.150.235 - - [31/Dec/2010:02:18:43 -0800] "GET /installation/index.php HTTP/1.1" 200 2232 "-" "Mozilla/5.0 (compatible; YandexBot/3.0; MirrorDetector; +http://yandex.com/bots)"
66.249.71.7 - - [31/Dec/2010:04:11:18 -0800] "GET /robots.txt HTTP/1.1" 200 304 "-" "Mozilla/5.0 (compatible; Googlebot/2.1; +http://www.google.com/bot.html)"
66.249.71.7 - - [31/Dec/2010:04:11:18 -0800] "GET / HTTP/1.1" 302 - "-" "Mozilla/5.0 (compatible; Googlebot/2.1; +http://www.google.com/bot.html)"
93.158.148.31 - - [31/Dec/2010:05:47:18 -0800] "GET /robots.txt HTTP/1.1" 200 304 "-" "Mozilla/5.0 (compatible; YandexBot/3.0; +http://yandex.com/bots)"
66.249.72.184 - - [31/Dec/2010:17:13:58 -0800] "GET /robots.txt HTTP/1.1" 200 304 "-" "Mozilla/5.0 (compatible; Googlebot/2.1; +http://www.google.com/bot.html)"
66.249.72.184 - - [31/Dec/2010:17:13:59 -0800] "GET / HTTP/1.1" 302 - "-" "Mozilla/5.0 (compatible; Googlebot/2.1; +http://www.google.com/bot.html)"
208.80.194.27 - - [31/Dec/2010:18:20:55 -0800] "GET / HTTP/1.0" 302 - "-" "Mozilla/4.0 (compatible; MSIE 6.0; Windows NT 5.1; {A07DE1B2-B862-F304-F72B-27C7BD8D3FB8})"
208.80.194.27 - - [31/Dec/2010:18:20:56 -0800] "GET /installation/index.php HTTP/1.0" 200 2232 "-" "Mozilla/4.0 (compatible; MSIE 7.0; Windows NT 5.1; Creative ZENcast v1.02.12)"
66.249.72.184 - - [01/Jan/2011:01:26:28 -0800] "GET /blog/ HTTP/1.1" 302 353 "-" "Mozilla/5.0 (compatible; Googlebot/2.1; +http://www.google.com/bot.html)"
66.249.72.71 - - [01/Jan/2011:01:26:30 -0800] "GET /robots.txt HTTP/1.1" 200 304 "-" "Mozilla/5.0 (compatible; Googlebot/2.1; +http://www.google.com/bot.html)"
66.249.72.71 - - [01/Jan/2011:01:26:30 -0800] "GET / HTTP/1.1" 302 - "-" "Mozilla/5.0 (compatible; Googlebot/2.1; +http://www.google.com/bot.html)"
208.80.194.36 - - [01/Jan/2011:03:57:41 -0800] "GET /blog/archive/2006_03_01_index.html&h=224&w=300&sz=12&hl=en&start=21 HTTP/1.0" 302 353 "-" "Mozilla/4.0 (compatible; MSIE 6.0; Windows NT 5.0; YPC 3.2.0; yie6_SBC; .NET CLR 1.1.4322; ZangoToolbar 4.8.3; .NET CLR 2.0.50727)"
208.80.194.36 - - [01/Jan/2011:03:57:41 -0800] "GET / HTTP/1.0" 302 - "-" "Mozilla/4.0 (compatible; MSIE 6.0; Windows NT 5.1; acc=ventura5; .NET CLR 1.1.4322)"
208.80.194.36 - - [01/Jan/2011:03:57:41 -0800] "GET /installation/index.php HTTP/1.0" 200 2232 "-" "Mozilla/4.0 (compatible; MSIE 7.0; Windows NT 5.1; Rogers Hi-Speed Internet; FunWebProducts; .NET CLR 1.1.4322; InfoPath.1)"
66.249.72.71 - - [01/Jan/2011:04:41:50 -0800] "GET /ct.html HTTP/1.1" 302 349 "-" "Mozilla/5.0 (compatible; Googlebot/2.1; +http://www.google.com/bot.html)"
95.108.151.244 - - [01/Jan/2011:13:01:00 -0800] "GET /robots.txt HTTP/1.1" 200 304 "-" "Mozilla/5.0 (compatible; YandexBot/3.0; MirrorDetector; +http://yandex.com/bots)"
95.108.151.244 - - [01/Jan/2011:13:01:00 -0800] "GET /robots.txt HTTP/1.1" 200 304 "-" "Mozilla/5.0 (compatible; YandexBot/3.0; MirrorDetector; +http://yandex.com/bots)"
95.108.151.244 - - [01/Jan/2011:13:01:00 -0800] "GET / HTTP/1.1" 302 - "-" "Mozilla/5.0 (compatible; YandexBot/3.0; MirrorDetector; +http://yandex.com/bots)"
95.108.151.244 - - [01/Jan/2011:13:01:00 -0800] "GET / HTTP/1.1" 302 - "-" "Mozilla/5.0 (compatible; YandexBot/3.0; MirrorDetector; +http://yandex.com/bots)"
95.108.151.244 - - [01/Jan/2011:13:01:01 -0800] "GET /installation/index.php HTTP/1.1" 200 2232 "-" "Mozilla/5.0 (compatible; YandexBot/3.0; MirrorDetector; +http://yandex.com/bots)"
95.108.151.244 - - [01/Jan/2011:13:01:03 -0800] "GET /installation/index.php HTTP/1.1" 200 2232 "-" "Mozilla/5.0 (compatible; YandexBot/3.0; MirrorDetector; +http://yandex.com/bots)"
