62.212.74.72 - - [26/Jan/2011:07:56:40 -0800] "GET /index.php HTTP/1.0" 302 - "http://sharkbomb.com/index.php" "Mozilla/4.0 (compatible; MSIE 7.0b; Windows NT 6.0)"
62.212.74.72 - - [26/Jan/2011:07:56:40 -0800] "GET /installation/index.php HTTP/1.0" 200 2232 "http://sharkbomb.com/installation/index.php" "Mozilla/4.0 (compatible; MSIE 7.0b; Windows NT 6.0)"
77.92.224.109 - - [26/Jan/2011:09:01:49 -0800] "GET /index.php/page/index.html HTTP/1.0" 302 - "http://sharkbomb.com/index.php/page/index.html" "Mozilla/4.0 (compatible; MSIE 6.0; MSIE 5.5; Windows NT 4.0) Opera 7.0 [en]"
77.92.224.109 - - [26/Jan/2011:09:01:50 -0800] "GET /index.php/page/installation/index.php HTTP/1.0" 302 - "http://sharkbomb.com/installation/index.php" "Mozilla/4.0 (compatible; MSIE 6.0; MSIE 5.5; Windows NT 4.0) Opera 7.0 [en]"
77.92.224.109 - - [26/Jan/2011:09:01:50 -0800] "GET / HTTP/1.0" 302 - "http://sharkbomb.com/" "Mozilla/4.0 (compatible; MSIE 6.0; MSIE 5.5; Windows NT 4.0) Opera 7.0 [en]"
80.251.113.54 - - [26/Jan/2011:11:39:01 -0800] "GET /index.php HTTP/1.0" 302 - "http://sharkbomb.com/index.php" "Mozilla/4.0 (compatible; MSIE 7.0b; Windows NT 6.0 ; .NET CLR 2.0.50215; SL Commerce Client v1.0; Tablet PC 2.0"
80.251.113.54 - - [26/Jan/2011:11:39:02 -0800] "GET /installation/index.php HTTP/1.0" 200 2232 "http://sharkbomb.com/installation/index.php" "Mozilla/4.0 (compatible; MSIE 7.0b; Windows NT 6.0 ; .NET CLR 2.0.50215; SL Commerce Client v1.0; Tablet PC 2.0"
66.249.67.10 - - [26/Jan/2011:15:27:29 -0800] "GET /robots.txt HTTP/1.1" 200 304 "-" "Mozilla/5.0 (compatible; Googlebot/2.1; +http://www.google.com/bot.html)"
66.249.67.10 - - [26/Jan/2011:15:27:29 -0800] "GET /blog HTTP/1.1" 302 349 "-" "Mozilla/5.0 (compatible; Googlebot/2.1; +http://www.google.com/bot.html)"
66.249.67.10 - - [26/Jan/2011:15:27:30 -0800] "GET / HTTP/1.1" 302 - "-" "Mozilla/5.0 (compatible; Googlebot/2.1; +http://www.google.com/bot.html)"
66.249.67.20 - - [26/Jan/2011:21:18:04 -0800] "GET /robots.txt HTTP/1.1" 200 304 "-" "Mozilla/5.0 (compatible; Googlebot/2.1; +http://www.google.com/bot.html)"
68.168.105.56 - - [26/Jan/2011:23:36:16 -0800] "GET / HTTP/1.1" 302 - "-" "Mozilla/4.0 (compatible; MSIE 8.0; Windows NT 6.1; WOW64; Trident/4.0; SLCC2; .NET CLR 2.0.50727; .NET CLR 3.5.30729; .NET CLR 3.0.30729; Media Center PC 6.0; InfoPath.2; MS-RTC LM 8)"
68.168.105.56 - - [26/Jan/2011:23:36:16 -0800] "GET /installation/index.php HTTP/1.1" 200 2231 "-" "Mozilla/4.0 (compatible; MSIE 8.0; Windows NT 6.1; WOW64; Trident/4.0; SLCC2; .NET CLR 2.0.50727; .NET CLR 3.5.30729; .NET CLR 3.0.30729; Media Center PC 6.0; InfoPath.2; MS-RTC LM 8)"
66.249.67.10 - - [27/Jan/2011:01:19:51 -0800] "GET /robots.txt HTTP/1.1" 200 304 "-" "Mozilla/5.0 (compatible; Googlebot/2.1; +http://www.google.com/bot.html)"
66.249.67.20 - - [27/Jan/2011:01:53:31 -0800] "GET /blog/ HTTP/1.1" 302 353 "-" "Mozilla/5.0 (compatible; Googlebot/2.1; +http://www.google.com/bot.html)"
66.249.67.10 - - [27/Jan/2011:03:14:46 -0800] "GET / HTTP/1.1" 302 - "-" "DoCoMo/2.0 N905i(c100;TB;W24H16) (compatible; Googlebot-Mobile/2.1; +http://www.google.com/bot.html)"
66.249.67.10 - - [27/Jan/2011:04:11:53 -0800] "GET / HTTP/1.1" 302 - "-" "SAMSUNG-SGH-E250/1.0 Profile/MIDP-2.0 Configuration/CLDC-1.1 UP.Browser/6.2.3.3.c.1.101 (GUI) MMP/2.0 (compatible; Googlebot-Mobile/2.1; +http://www.google.com/bot.html)"
66.249.67.20 - - [27/Jan/2011:10:51:29 -0800] "GET /robots.txt HTTP/1.1" 200 304 "-" "Mozilla/5.0 (compatible; Googlebot/2.1; +http://www.google.com/bot.html)"
66.249.67.20 - - [27/Jan/2011:10:51:29 -0800] "GET / HTTP/1.1" 302 - "-" "Mozilla/5.0 (compatible; Googlebot/2.1; +http://www.google.com/bot.html)"
208.80.194.28 - - [27/Jan/2011:11:01:52 -0800] "GET / HTTP/1.0" 302 - "-" "Mozilla/4.0 (compatible; MSIE 6.0; Windows NT 5.2; SV1; Hot Lingo 2.0; .NET CLR 1.1.4322)"
208.80.194.28 - - [27/Jan/2011:11:01:53 -0800] "GET /installation/index.php HTTP/1.0" 200 2232 "-" "Mozilla/4.0 (compatible; MSIE 6.0; Windows NT 5.1; SV1; PowerSearch 2.07; .NET CLR 1.1.4322)"
188.165.226.104 - - [27/Jan/2011:11:07:50 -0800] "GET /robots.txt HTTP/1.0" 200 304 "-" "Mozilla/5.0 (compatible; MJ12bot/v1.3.3; http://www.majestic12.co.uk/bot.php?+)"
188.165.226.104 - - [27/Jan/2011:11:07:51 -0800] "GET / HTTP/1.0" 302 - "-" "Mozilla/5.0 (compatible; MJ12bot/v1.3.3; http://www.majestic12.co.uk/bot.php?+)"
66.249.67.20 - - [27/Jan/2011:15:48:33 -0800] "GET / HTTP/1.1" 302 - "-" "Mozilla/5.0 (compatible; Googlebot/2.1; +http://www.google.com/bot.html)"
193.105.210.33 - - [27/Jan/2011:17:49:45 -0800] "GET /index.php HTTP/1.0" 302 - "http://sharkbomb.com/index.php" "Mozilla/4.0 (compatible; MSIE 6.0; Windows NT 5.1; SV1)"
193.105.210.33 - - [27/Jan/2011:17:49:45 -0800] "GET /installation/index.php HTTP/1.0" 200 2232 "http://sharkbomb.com/installation/index.php" "Mozilla/4.0 (compatible; MSIE 6.0; Windows NT 5.1; SV1)"
66.249.67.20 - - [27/Jan/2011:19:45:14 -0800] "GET /blog/ HTTP/1.1" 302 353 "-" "Mozilla/5.0 (compatible; Googlebot/2.1; +http://www.google.com/bot.html)"
66.249.67.10 - - [27/Jan/2011:19:45:15 -0800] "GET /robots.txt HTTP/1.1" 200 304 "-" "Mozilla/5.0 (compatible; Googlebot/2.1; +http://www.google.com/bot.html)"
66.249.67.10 - - [27/Jan/2011:19:45:15 -0800] "GET / HTTP/1.1" 302 - "-" "Mozilla/5.0 (compatible; Googlebot/2.1; +http://www.google.com/bot.html)"
208.80.194.28 - - [27/Jan/2011:21:07:01 -0800] "GET /blog/archive/2006_03_01_index.html&h=224&w=300&sz=12&hl=en&start=21 HTTP/1.0" 302 353 "-" "Mozilla/4.0 (compatible; MSIE 7.0; Windows NT 5.1; FunWebProducts; .NET CLR 1.0.3705; .NET CLR 1.1.4322; Media Center PC 4.0; SpamBlockerUtility 4.8.6)"
208.80.194.28 - - [27/Jan/2011:21:07:30 -0800] "GET / HTTP/1.0" 302 - "-" "Mozilla/4.0 (compatible; MSIE 7.0; Windows NT 5.1; SIMBAR Enabled; SIMBAR={5862462D-8BA8-42a0-BAED-9CACE6DEA5BD}; .NET CLR 1.1.4322; .NET CLR 2.0.50727)"
208.80.194.28 - - [27/Jan/2011:21:07:45 -0800] "GET /installation/index.php HTTP/1.0" 200 2232 "-" "Mozilla/4.0 (compatible; MSIE 7.0; Windows NT 5.1; Advanced Searchbar; acc=; acc=none; (none); .NET CLR 1.1.4322)"
66.249.67.10 - - [28/Jan/2011:00:36:22 -0800] "GET /blog HTTP/1.1" 302 349 "-" "Mozilla/5.0 (compatible; Googlebot/2.1; +http://www.google.com/bot.html)"
66.249.67.10 - - [28/Jan/2011:00:52:41 -0800] "GET /ct.html HTTP/1.1" 302 349 "-" "Mozilla/5.0 (compatible; Googlebot/2.1; +http://www.google.com/bot.html)"
64.246.165.50 - - [28/Jan/2011:09:49:37 -0800] "GET /robots.txt HTTP/1.0" 200 304 "-" "Mozilla/5.0 (Windows; U; Windows NT 5.1; en; rv:1.9.0.13) Gecko/2009073022 Firefox/3.5.2 (.NET CLR 3.5.30729) SurveyBot/2.3 (DomainTools)"
64.246.165.50 - - [28/Jan/2011:09:49:37 -0800] "GET / HTTP/1.1" 302 - "http://whois.domaintools.com/sharkbomb.com" "Mozilla/5.0 (Windows; U; Windows NT 5.1; en; rv:1.9.0.13) Gecko/2009073022 Firefox/3.5.2 (.NET CLR 3.5.30729) SurveyBot/2.3 (DomainTools)"
64.246.165.50 - - [28/Jan/2011:09:49:37 -0800] "GET /installation/index.php HTTP/1.1" 200 2231 "http://whois.domaintools.com/sharkbomb.com" "Mozilla/5.0 (Windows; U; Windows NT 5.1; en; rv:1.9.0.13) Gecko/2009073022 Firefox/3.5.2 (.NET CLR 3.5.30729) SurveyBot/2.3 (DomainTools)"
66.249.67.20 - - [28/Jan/2011:12:31:39 -0800] "GET /robots.txt HTTP/1.1" 200 304 "-" "Mozilla/5.0 (compatible; Googlebot/2.1; +http://www.google.com/bot.html)"
66.249.67.20 - - [28/Jan/2011:16:42:02 -0800] "GET / HTTP/1.1" 302 - "-" "Mozilla/5.0 (compatible; Googlebot/2.1; +http://www.google.com/bot.html)"
208.80.194.33 - - [29/Jan/2011:00:25:22 -0800] "GET / HTTP/1.0" 302 - "-" "Mozilla/4.0 (compatible; MSIE 7.0; Windows NT 5.1; Comcast Install 1.0; .NET CLR 1.0.3705; .NET CLR 1.1.4322; Media Center PC 4.0; .NET CLR 2.0.50727; .NET CLR 3.0.04506.30)"
208.80.194.33 - - [29/Jan/2011:00:25:22 -0800] "GET /installation/index.php HTTP/1.0" 200 2232 "-" "Mozilla/4.0 (compatible; MSIE 6.0; Windows NT 5.1; Bierce Library)"
213.5.71.58 - - [29/Jan/2011:01:20:32 -0800] "GET /index.php HTTP/1.0" 302 - "http://sharkbomb.com/index.php" "Mozilla/4.0 (compatible; MSIE 6.0; Windows NT) ::ELNSB50::000061100320025802a00111000000000507000900000000"
213.5.71.58 - - [29/Jan/2011:01:20:32 -0800] "GET /installation/index.php HTTP/1.0" 200 2232 "http://sharkbomb.com/installation/index.php" "Mozilla/4.0 (compatible; MSIE 6.0; Windows NT) ::ELNSB50::000061100320025802a00111000000000507000900000000"
208.80.194.31 - - [29/Jan/2011:10:26:54 -0800] "GET /blog/archive/2006_03_01_index.html&h=224&w=300&sz=12&hl=en&start=21 HTTP/1.0" 302 353 "-" "Mozilla/4.0 (compatible; MSIE 7.0; Windows NT 5.1; FunWebProducts; .NET CLR 1.0.3705; .NET CLR 1.1.4322; Media Center PC 4.0; HbTools 4.8.2)"
208.80.194.31 - - [29/Jan/2011:10:26:54 -0800] "GET / HTTP/1.0" 302 - "-" "Mozilla/4.0 (compatible; MSIE 6.0; America Online Browser 1.1; Windows NT 5.1; SV1; FunWebProducts; ZangoToolbar 4.8.2)"
208.80.194.31 - - [29/Jan/2011:10:26:55 -0800] "GET /installation/index.php HTTP/1.0" 200 2232 "-" "Mozilla/4.0 (compatible; MSIE 7.0; Windows NT 5.1; Media Center PC 3.0; .NET CLR 1.0.3705; .NET CLR 1.1.4322; InfoPath.2)"
91.201.66.165 - - [29/Jan/2011:18:46:06 -0800] "GET /index.php HTTP/1.0" 302 - "http://sharkbomb.com/index.php" "Mozilla/4.0 (compatible; MSIE 6.0; Windows NT 5.0; .NET CLR 1.0.3705; .NET CLR 1.1.4322)"
91.201.66.165 - - [29/Jan/2011:18:46:06 -0800] "GET /installation/index.php HTTP/1.0" 200 2232 "http://sharkbomb.com/installation/index.php" "Mozilla/4.0 (compatible; MSIE 6.0; Windows NT 5.0; .NET CLR 1.0.3705; .NET CLR 1.1.4322)"
66.249.71.7 - - [30/Jan/2011:00:14:27 -0800] "GET /robots.txt HTTP/1.1" 200 304 "-" "Mozilla/5.0 (compatible; Googlebot/2.1; +http://www.google.com/bot.html)"
66.249.71.7 - - [30/Jan/2011:00:14:27 -0800] "GET /blog HTTP/1.1" 302 349 "-" "Mozilla/5.0 (compatible; Googlebot/2.1; +http://www.google.com/bot.html)"
66.249.71.7 - - [30/Jan/2011:00:14:28 -0800] "GET / HTTP/1.1" 302 - "-" "Mozilla/5.0 (compatible; Googlebot/2.1; +http://www.google.com/bot.html)"
207.46.13.144 - - [30/Jan/2011:01:43:01 -0800] "GET /robots.txt HTTP/1.1" 200 304 "-" "Mozilla/5.0 (compatible; bingbot/2.0; +http://www.bing.com/bingbot.htm)"
207.46.13.144 - - [30/Jan/2011:01:44:29 -0800] "GET / HTTP/1.1" 302 - "-" "Mozilla/5.0 (compatible; bingbot/2.0; +http://www.bing.com/bingbot.htm)"
66.249.71.7 - - [30/Jan/2011:04:03:32 -0800] "GET / HTTP/1.1" 302 - "-" "SAMSUNG-SGH-E250/1.0 Profile/MIDP-2.0 Configuration/CLDC-1.1 UP.Browser/6.2.3.3.c.1.101 (GUI) MMP/2.0 (compatible; Googlebot-Mobile/2.1; +http://www.google.com/bot.html)"
208.80.194.35 - - [30/Jan/2011:14:18:09 -0800] "GET / HTTP/1.0" 302 - "-" "Mozilla/4.0 (compatible; MSIE 6.0; Windows NT 5.1; SV1; .NET CLR 1.0.3705; .NET CLR 1.1.4322; Media Center PC 4.0; .NET CLR 2.0.50727; SpamBlockerUtility 4.8.6)"
208.80.194.35 - - [30/Jan/2011:14:18:09 -0800] "GET /installation/index.php HTTP/1.0" 200 2232 "-" "Mozilla/4.0 (compatible; MSIE 6.0; Windows NT 5.1; Sky Broadband; CDSource=BP1b.00; .NET CLR 1.1.4322)"
204.236.143.245 - - [30/Jan/2011:16:30:41 -0800] "GET / HTTP/1.1" 302 - "-" "-"
184.154.7.186 - - [30/Jan/2011:19:37:35 -0800] "GET /robots.txt HTTP/1.0" 200 304 "-" "Mozilla/5.0 (compatible; MJ12bot/v1.3.3; http://www.majestic12.co.uk/bot.php?+)"
184.154.7.186 - - [30/Jan/2011:19:37:36 -0800] "GET / HTTP/1.0" 302 - "-" "Mozilla/5.0 (compatible; MJ12bot/v1.3.3; http://www.majestic12.co.uk/bot.php?+)"
66.249.72.184 - - [30/Jan/2011:20:57:32 -0800] "GET /robots.txt HTTP/1.1" 200 304 "-" "Mozilla/5.0 (compatible; Googlebot/2.1; +http://www.google.com/bot.html)"
66.249.72.184 - - [30/Jan/2011:20:57:32 -0800] "GET /blog/ HTTP/1.1" 302 353 "-" "Mozilla/5.0 (compatible; Googlebot/2.1; +http://www.google.com/bot.html)"
66.249.72.71 - - [30/Jan/2011:20:57:33 -0800] "GET /robots.txt HTTP/1.1" 200 304 "-" "Mozilla/5.0 (compatible; Googlebot/2.1; +http://www.google.com/bot.html)"
66.249.72.71 - - [30/Jan/2011:20:57:33 -0800] "GET / HTTP/1.1" 302 - "-" "Mozilla/5.0 (compatible; Googlebot/2.1; +http://www.google.com/bot.html)"
66.249.72.184 - - [30/Jan/2011:21:21:19 -0800] "GET /robots.txt HTTP/1.1" 200 304 "-" "Mozilla/5.0 (compatible; Googlebot/2.1; +http://www.google.com/bot.html)"
66.249.72.71 - - [30/Jan/2011:21:21:20 -0800] "GET / HTTP/1.1" 302 - "-" "Mozilla/5.0 (compatible; Googlebot/2.1; +http://www.google.com/bot.html)"
66.249.72.71 - - [30/Jan/2011:23:54:28 -0800] "GET /ct.html HTTP/1.1" 302 349 "-" "Mozilla/5.0 (compatible; Googlebot/2.1; +http://www.google.com/bot.html)"
208.80.194.26 - - [31/Jan/2011:00:46:24 -0800] "GET /blog/archive/2006_03_01_index.html&h=224&w=300&sz=12&hl=en&start=21 HTTP/1.0" 302 353 "-" "Mozilla/4.0 (compatible; MSIE 6.0; Windows NT 5.1; InfoPath.1; MSIECrawler)"
208.80.194.26 - - [31/Jan/2011:00:46:57 -0800] "GET / HTTP/1.0" 302 - "-" "Mozilla/4.0 (compatible; MSIE 7.0; Windows NT 5.1; YPC 3.2.0; .NET CLR 1.1.4322; InfoPath.1; yplus 5.6.04b)"
208.80.194.26 - - [31/Jan/2011:00:47:12 -0800] "GET /installation/index.php HTTP/1.0" 200 2232 "-" "Mozilla/4.0 (compatible; MSIE 7.0; Windows NT 5.1; Windows-Media-Player/10.00.00.3990; InfoPath.2)"
93.158.148.31 - - [31/Jan/2011:01:27:31 -0800] "GET /robots.txt HTTP/1.1" 200 304 "-" "Mozilla/5.0 (compatible; YandexBot/3.0; +http://yandex.com/bots)"
93.158.148.31 - - [31/Jan/2011:01:27:33 -0800] "GET / HTTP/1.1" 302 - "-" "Mozilla/5.0 (compatible; YandexBot/3.0; +http://yandex.com/bots)"
66.249.72.184 - - [31/Jan/2011:07:34:05 -0800] "GET /robots.txt HTTP/1.1" 200 304 "-" "Mozilla/5.0 (compatible; Googlebot/2.1; +http://www.google.com/bot.html)"
66.249.72.184 - - [31/Jan/2011:07:34:05 -0800] "GET / HTTP/1.1" 302 - "-" "Mozilla/5.0 (compatible; Googlebot/2.1; +http://www.google.com/bot.html)"
66.249.67.20 - - [31/Jan/2011:15:05:56 -0800] "GET /robots.txt HTTP/1.1" 200 304 "-" "Mozilla/5.0 (compatible; Googlebot/2.1; +http://www.google.com/bot.html)"
66.249.67.20 - - [31/Jan/2011:18:59:55 -0800] "GET / HTTP/1.1" 302 - "-" "Mozilla/5.0 (compatible; Googlebot/2.1; +http://www.google.com/bot.html)"
66.249.67.10 - - [31/Jan/2011:23:20:33 -0800] "GET /robots.txt HTTP/1.1" 200 304 "-" "Mozilla/5.0 (compatible; Googlebot/2.1; +http://www.google.com/bot.html)"
66.249.67.10 - - [31/Jan/2011:23:20:33 -0800] "GET /blog HTTP/1.1" 302 349 "-" "Mozilla/5.0 (compatible; Googlebot/2.1; +http://www.google.com/bot.html)"
66.249.67.10 - - [31/Jan/2011:23:20:33 -0800] "GET / HTTP/1.1" 302 - "-" "Mozilla/5.0 (compatible; Googlebot/2.1; +http://www.google.com/bot.html)"
69.28.58.22 - - [01/Feb/2011:01:46:12 -0800] "GET /robots.txt HTTP/1.0" 200 304 "-" "Mozilla/4.0 (compatible; MSIE 6.0; Windows NT 5.0) (larbin2.6.3@unspecified.mail)"
69.28.58.22 - - [01/Feb/2011:01:46:12 -0800] "GET / HTTP/1.0" 302 - "-" "Mozilla/4.0 (compatible; MSIE 6.0; Windows NT 5.0) larbin2.6.3@unspecified.mail"
208.80.194.33 - - [01/Feb/2011:04:36:45 -0800] "GET / HTTP/1.0" 302 - "-" "Mozilla/4.0 (compatible; MSIE 7.0; Windows NT 5.1; .NET CLR 1.0.3705; .NET CLR 1.1.4322; InfoPath.2; .NET CLR 2.0.50727; .NET CLR 3.0.04506.30)"
208.80.194.33 - - [01/Feb/2011:04:36:45 -0800] "GET /installation/index.php HTTP/1.0" 200 2232 "-" "Mozilla/4.0 (compatible; MSIE 7.0; Windows NT 5.1; Comcast Install 1.0; InfoPath.2; .NET CLR 1.1.4322)"
69.28.58.22 - - [01/Feb/2011:04:41:08 -0800] "GET /robots.txt HTTP/1.0" 200 304 "-" "Mozilla/4.0 (compatible; MSIE 6.0; Windows NT 5.0) (larbin2.6.3@unspecified.mail)"
69.28.58.22 - - [01/Feb/2011:04:41:08 -0800] "GET /installation/index.php HTTP/1.0" 200 2232 "-" "Mozilla/4.0 (compatible; MSIE 6.0; Windows NT 5.0) larbin2.6.3@unspecified.mail"
66.249.67.20 - - [01/Feb/2011:13:15:29 -0800] "GET /blog/ HTTP/1.1" 302 353 "-" "Mozilla/5.0 (compatible; Googlebot/2.1; +http://www.google.com/bot.html)"
66.249.67.10 - - [01/Feb/2011:13:15:30 -0800] "GET /robots.txt HTTP/1.1" 200 304 "-" "Mozilla/5.0 (compatible; Googlebot/2.1; +http://www.google.com/bot.html)"
66.249.67.10 - - [01/Feb/2011:13:15:30 -0800] "GET / HTTP/1.1" 302 - "-" "Mozilla/5.0 (compatible; Googlebot/2.1; +http://www.google.com/bot.html)"
208.80.194.29 - - [01/Feb/2011:14:29:36 -0800] "GET /blog/archive/2006_03_01_index.html&h=224&w=300&sz=12&hl=en&start=21 HTTP/1.0" 302 353 "-" "Mozilla/4.0 (compatible; MSIE 6.0; Windows NT 5.1; SV1; TrustyHound IE-TB(4.3); FunWebProducts; .NET CLR 1.1.4322; .NET CLR 2.0.50727)"
208.80.194.29 - - [01/Feb/2011:14:30:02 -0800] "GET / HTTP/1.0" 302 - "-" "Mozilla/4.0 (compatible; MSIE 6.0; Windows NT 5.1; SV1; Sgrunt|V109|598|S-1262292290|dial; E-nrgyPlus; dial; snprtz|S05272901980598Xe\\xad|isdn; .NET CLR 1.0.3705; .NET CLR 1.1.4322)"
208.80.194.29 - - [01/Feb/2011:14:30:10 -0800] "GET /installation/index.php HTTP/1.0" 200 2232 "-" "Mozilla/4.0 (compatible; MSIE 6.0; Windows NT 5.1; SV1; .NET CLR 1.0.3705; .NET CLR 1.1.4322; Media Center PC 4.0; ZangoToolbar 4.8.3; .NET CLR 2.0.50727; .NET CLR 3.0.04506.30)"
66.249.67.20 - - [01/Feb/2011:18:22:57 -0800] "GET /robots.txt HTTP/1.1" 200 304 "-" "Mozilla/5.0 (compatible; Googlebot/2.1; +http://www.google.com/bot.html)"
66.249.67.20 - - [01/Feb/2011:18:22:57 -0800] "GET / HTTP/1.1" 302 - "-" "Mozilla/5.0 (compatible; Googlebot/2.1; +http://www.google.com/bot.html)"
66.249.67.20 - - [01/Feb/2011:20:32:08 -0800] "GET /blog/ HTTP/1.1" 302 353 "-" "Mozilla/5.0 (compatible; Googlebot/2.1; +http://www.google.com/bot.html)"
66.249.67.10 - - [01/Feb/2011:20:32:09 -0800] "GET /robots.txt HTTP/1.1" 200 304 "-" "Mozilla/5.0 (compatible; Googlebot/2.1; +http://www.google.com/bot.html)"
66.249.67.10 - - [01/Feb/2011:23:30:52 -0800] "GET /robots.txt HTTP/1.1" 200 304 "-" "Mozilla/5.0 (compatible; Googlebot/2.1; +http://www.google.com/bot.html)"
66.249.67.10 - - [01/Feb/2011:23:30:52 -0800] "GET /blog HTTP/1.1" 302 349 "-" "Mozilla/5.0 (compatible; Googlebot/2.1; +http://www.google.com/bot.html)"
220.181.94.223 - - [02/Feb/2011:01:38:52 -0800] "GET / HTTP/1.1" 302 - "-" "Sogou-Test-Spider/4.0 (compatible; MSIE 5.5; Windows 98)"
220.181.94.223 - - [02/Feb/2011:01:39:02 -0800] "GET /installation/index.php HTTP/1.1" 200 2046 "-" "Sogou-Test-Spider/4.0 (compatible; MSIE 5.5; Windows 98)"
208.115.111.71 - - [02/Feb/2011:07:01:06 -0800] "GET /robots.txt HTTP/1.1" 200 304 "-" "Mozilla/5.0 (compatible; Ezooms/1.0; ezooms.bot@gmail.com)"
208.115.111.71 - - [02/Feb/2011:07:54:32 -0800] "GET / HTTP/1.1" 302 - "-" "Mozilla/5.0 (compatible; Ezooms/1.0; ezooms.bot@gmail.com)"
208.80.194.28 - - [02/Feb/2011:16:49:18 -0800] "GET / HTTP/1.0" 302 - "-" "Mozilla/4.0 (compatible; MSIE 7.0; Windows NT 5.1; SIMBAR Enabled; SIMBAR={5FB8C435-91A7-4d3f-A959-79C43F1D298F}; .NET CLR 1.1.4322; .NET CLR 2.0.50727)"
208.80.194.28 - - [02/Feb/2011:16:49:18 -0800] "GET /installation/index.php HTTP/1.0" 200 2232 "-" "Mozilla/4.0 (compatible; MSIE 7.0; Windows NT 5.1; FDM; .NET CLR 1.1.4322; .NET CLR 2.0.50727; Maxthon 2.0)"
184.154.7.186 - - [02/Feb/2011:22:44:44 -0800] "GET /robots.txt HTTP/1.0" 200 304 "-" "Mozilla/5.0 (compatible; MJ12bot/v1.3.3; http://www.majestic12.co.uk/bot.php?+)"
184.154.7.186 - - [02/Feb/2011:22:44:44 -0800] "GET / HTTP/1.0" 302 - "-" "Mozilla/5.0 (compatible; MJ12bot/v1.3.3; http://www.majestic12.co.uk/bot.php?+)"
66.249.67.10 - - [02/Feb/2011:22:50:33 -0800] "GET /ct.html HTTP/1.1" 302 349 "-" "Mozilla/5.0 (compatible; Googlebot/2.1; +http://www.google.com/bot.html)"
66.249.67.10 - - [02/Feb/2011:22:50:34 -0800] "GET / HTTP/1.1" 302 - "-" "Mozilla/5.0 (compatible; Googlebot/2.1; +http://www.google.com/bot.html)"
208.80.194.35 - - [03/Feb/2011:02:36:26 -0800] "GET /blog/archive/2006_03_01_index.html&h=224&w=300&sz=12&hl=en&start=21 HTTP/1.0" 302 353 "-" "Mozilla/4.0 (compatible; MSIE 6.0; Windows NT 5.1; SV1; FunWebProducts; SIMBAR Enabled; SIMBAR={437A3228-36CF-4428-AF5E-0159FC41AF8B}; .NET CLR 1.1.4322)"
208.80.194.35 - - [03/Feb/2011:02:36:26 -0800] "GET / HTTP/1.0" 302 - "-" "Mozilla/4.0 (compatible; MSIE 7.0; Windows NT 5.1; .NET CLR 1.1.4322; PeoplePal 6.2; PeoplePal 3.0; MSN 9.0;MSN 9.1; MSNbVZ02; MSNmen-us; MSNcOTH)"
208.80.194.35 - - [03/Feb/2011:02:36:26 -0800] "GET /installation/index.php HTTP/1.0" 200 2232 "-" "Mozilla/4.0 (compatible; MSIE 7.0; Windows NT 5.1; {E1BFA2F9-C6F9-3158-EB6A-E8325E3EC31D}; .NET CLR 1.0.3705; .NET CLR 1.1.4322; InfoPath.1)"
66.249.67.10 - - [03/Feb/2011:03:22:41 -0800] "GET /robots.txt HTTP/1.1" 200 304 "-" "Mozilla/5.0 (compatible; Googlebot/2.1; +http://www.google.com/bot.html)"
66.249.67.10 - - [03/Feb/2011:03:22:42 -0800] "GET /ct.html HTTP/1.1" 302 349 "-" "Mozilla/5.0 (compatible; Googlebot/2.1; +http://www.google.com/bot.html)"
95.108.151.244 - - [03/Feb/2011:05:55:42 -0800] "GET /robots.txt HTTP/1.1" 200 304 "-" "Mozilla/5.0 (compatible; YandexBot/3.0; MirrorDetector; +http://yandex.com/bots)"
95.108.151.244 - - [03/Feb/2011:05:55:43 -0800] "GET / HTTP/1.1" 302 - "-" "Mozilla/5.0 (compatible; YandexBot/3.0; MirrorDetector; +http://yandex.com/bots)"
95.108.151.244 - - [03/Feb/2011:05:55:44 -0800] "GET /robots.txt HTTP/1.1" 200 304 "-" "Mozilla/5.0 (compatible; YandexBot/3.0; MirrorDetector; +http://yandex.com/bots)"
95.108.151.244 - - [03/Feb/2011:05:55:45 -0800] "GET / HTTP/1.1" 302 - "-" "Mozilla/5.0 (compatible; YandexBot/3.0; MirrorDetector; +http://yandex.com/bots)"
95.108.151.244 - - [03/Feb/2011:05:55:44 -0800] "GET /installation/index.php HTTP/1.1" 200 2232 "-" "Mozilla/5.0 (compatible; YandexBot/3.0; MirrorDetector; +http://yandex.com/bots)"
95.108.151.244 - - [03/Feb/2011:05:55:46 -0800] "GET /installation/index.php HTTP/1.1" 200 2232 "-" "Mozilla/5.0 (compatible; YandexBot/3.0; MirrorDetector; +http://yandex.com/bots)"
95.108.151.244 - - [03/Feb/2011:05:55:45 -0800] "GET /installation/index.php HTTP/1.1" 200 2232 "-" "Mozilla/5.0 (compatible; YandexBot/3.0; MirrorDetector; +http://yandex.com/bots)"
95.108.151.244 - - [03/Feb/2011:05:55:47 -0800] "GET /installation/index.php HTTP/1.1" 200 2232 "-" "Mozilla/5.0 (compatible; YandexBot/3.0; MirrorDetector; +http://yandex.com/bots)"
66.249.67.10 - - [03/Feb/2011:06:11:51 -0800] "GET /blog HTTP/1.1" 302 349 "-" "Mozilla/5.0 (compatible; Googlebot/2.1; +http://www.google.com/bot.html)"
66.249.67.20 - - [03/Feb/2011:08:09:08 -0800] "GET /robots.txt HTTP/1.1" 200 304 "-" "Mozilla/5.0 (compatible; Googlebot/2.1; +http://www.google.com/bot.html)"
66.249.67.20 - - [03/Feb/2011:08:09:08 -0800] "GET / HTTP/1.1" 302 - "-" "Mozilla/5.0 (compatible; Googlebot/2.1; +http://www.google.com/bot.html)"
66.249.67.20 - - [03/Feb/2011:10:05:56 -0800] "GET /blog/ HTTP/1.1" 302 353 "-" "Mozilla/5.0 (compatible; Googlebot/2.1; +http://www.google.com/bot.html)"
66.249.67.10 - - [03/Feb/2011:22:30:11 -0800] "GET /robots.txt HTTP/1.1" 200 304 "-" "Mozilla/5.0 (compatible; Googlebot/2.1; +http://www.google.com/bot.html)"
66.249.67.20 - - [04/Feb/2011:03:04:35 -0800] "GET /robots.txt HTTP/1.1" 200 304 "-" "Mozilla/5.0 (compatible; Googlebot/2.1; +http://www.google.com/bot.html)"
66.249.67.20 - - [04/Feb/2011:03:04:35 -0800] "GET / HTTP/1.1" 302 - "-" "Mozilla/5.0 (compatible; Googlebot/2.1; +http://www.google.com/bot.html)"
208.80.194.29 - - [04/Feb/2011:04:57:36 -0800] "GET / HTTP/1.0" 302 - "-" "Mozilla/4.0 (compatible; MSIE 6.0; Windows NT 5.1; Flood City User; SV1)"
208.80.194.29 - - [04/Feb/2011:04:57:37 -0800] "GET /installation/index.php HTTP/1.0" 200 2232 "-" "Mozilla/4.0 (compatible; MSIE 7.0; Windows NT 5.1; WL5; FunWebProducts; .NET CLR 1.1.4322)"
66.249.67.10 - - [04/Feb/2011:04:59:47 -0800] "GET / HTTP/1.1" 302 - "-" "DoCoMo/2.0 N905i(c100;TB;W24H16) (compatible; Googlebot-Mobile/2.1; +http://www.google.com/bot.html)"
66.249.67.10 - - [04/Feb/2011:05:40:35 -0800] "GET / HTTP/1.1" 302 - "-" "SAMSUNG-SGH-E250/1.0 Profile/MIDP-2.0 Configuration/CLDC-1.1 UP.Browser/6.2.3.3.c.1.101 (GUI) MMP/2.0 (compatible; Googlebot-Mobile/2.1; +http://www.google.com/bot.html)"
85.17.26.68 - - [04/Feb/2011:09:17:58 -0800] "GET /index.php/page/index.html HTTP/1.1" 302 - "-" "Mozilla/4.0 (compatible; MSIE 6.0; Windows NT 5.1; SV1)"
85.17.26.68 - - [04/Feb/2011:09:17:59 -0800] "GET /index.php/page/installation/index.php HTTP/1.1" 302 - "-" "Mozilla/4.0 (compatible; MSIE 6.0; Windows NT 5.1; SV1)"
85.17.26.68 - - [04/Feb/2011:09:17:59 -0800] "GET /index.php/page/installation/installation/index.php HTTP/1.1" 302 - "-" "Mozilla/4.0 (compatible; MSIE 6.0; Windows NT 5.1; SV1)"
85.17.26.68 - - [04/Feb/2011:09:17:59 -0800] "GET /index.php/page/installation/installation/installation/index.php HTTP/1.1" 302 - "-" "Mozilla/4.0 (compatible; MSIE 6.0; Windows NT 5.1; SV1)"
85.17.26.68 - - [04/Feb/2011:09:18:00 -0800] "GET /index.php/page/installation/installation/installation/installation/index.php HTTP/1.1" 302 - "-" "Mozilla/4.0 (compatible; MSIE 6.0; Windows NT 5.1; SV1)"
85.17.26.68 - - [04/Feb/2011:09:18:00 -0800] "GET /index.php/page/installation/installation/installation/installation/installation/index.php HTTP/1.1" 302 - "-" "Mozilla/4.0 (compatible; MSIE 6.0; Windows NT 5.1; SV1)"
207.241.227.89 - - [04/Feb/2011:13:10:18 -0800] "GET /robots.txt HTTP/1.1" 200 304 "-" "ia_archiver-web.archive.org"
76.73.11.226 - - [04/Feb/2011:13:10:20 -0800] "GET / HTTP/1.1" 302 - "-" "IE 7 \xe2\x80\x93 Mozilla/4.0 (compatible; MSIE 7.0; Windows NT 5.1; .NET CLR 1.1.4322; .NET CLR 2.0.50727; .NET CLR 3.0.04506.30)"
76.73.11.226 - - [04/Feb/2011:13:10:20 -0800] "GET /installation/index.php HTTP/1.1" 200 2232 "-" "IE 7 \xe2\x80\x93 Mozilla/4.0 (compatible; MSIE 7.0; Windows NT 5.1; .NET CLR 1.1.4322; .NET CLR 2.0.50727; .NET CLR 3.0.04506.30)"
66.249.67.20 - - [04/Feb/2011:14:46:41 -0800] "GET /robots.txt HTTP/1.1" 200 304 "-" "Mozilla/5.0 (compatible; Googlebot/2.1; +http://www.google.com/bot.html)"
208.80.194.29 - - [04/Feb/2011:14:52:34 -0800] "GET /blog/archive/2006_03_01_index.html&h=224&w=300&sz=12&hl=en&start=21 HTTP/1.0" 302 353 "-" "Mozilla/4.0 (compatible; MSIE 7.0; Windows NT 5.1; .NET CLR 1.0.3705; Media Center PC 2.8; InfoPath.1; .NET CLR 2.0.50727)"
208.80.194.29 - - [04/Feb/2011:14:52:55 -0800] "GET / HTTP/1.0" 302 - "-" "Mozilla/4.0 (compatible; MSIE 6.0; Windows NT 5.1; SV1; acc=jocker)"
208.80.194.29 - - [04/Feb/2011:14:53:02 -0800] "GET /installation/index.php HTTP/1.0" 200 2232 "-" "Mozilla/4.0 (compatible; MSIE 6.0; Windows NT 5.1; SV1; YPC 3.2.0; .NET CLR 2.0.50727; yplus 5.3.04b)"
66.249.67.20 - - [04/Feb/2011:16:37:13 -0800] "GET / HTTP/1.1" 302 - "-" "Mozilla/5.0 (compatible; Googlebot/2.1; +http://www.google.com/bot.html)"
66.249.67.10 - - [04/Feb/2011:18:30:53 -0800] "GET /blog HTTP/1.1" 302 349 "-" "Mozilla/5.0 (compatible; Googlebot/2.1; +http://www.google.com/bot.html)"
66.249.67.10 - - [04/Feb/2011:18:30:54 -0800] "GET / HTTP/1.1" 302 - "-" "Mozilla/5.0 (compatible; Googlebot/2.1; +http://www.google.com/bot.html)"
66.197.139.197 - - [04/Feb/2011:19:06:33 -0800] "GET / HTTP/1.1" 302 - "-" "Mozilla/5.0 (Windows; U; Windows NT 5.1; en-US; rv:1.9.0.5) Gecko/2008120122 Firefox/3.0.5"
66.249.67.10 - - [04/Feb/2011:22:28:42 -0800] "GET /robots.txt HTTP/1.1" 200 304 "-" "Mozilla/5.0 (compatible; Googlebot/2.1; +http://www.google.com/bot.html)"
66.249.67.20 - - [05/Feb/2011:09:38:22 -0800] "GET /robots.txt HTTP/1.1" 200 304 "-" "Mozilla/5.0 (compatible; Googlebot/2.1; +http://www.google.com/bot.html)"
174.129.117.237 - - [05/Feb/2011:10:12:26 -0800] "HEAD / HTTP/1.1" 302 - "-" "Mozilla/5.0 (Windows; U; Windows NT 5.1; en-US) AppleWebKit/525.13 (KHTML, like Gecko) Chrome/0.A.B.C Safari/525.13"
208.80.194.37 - - [05/Feb/2011:17:18:51 -0800] "GET / HTTP/1.0" 302 - "-" "Mozilla/4.0 (compatible; MSIE 6.0; Windows NT 5.1; MSN 9.0;MSN 9.1; MSNbMSNI; MSNmen-us; MSNcOTH)"
208.80.194.37 - - [05/Feb/2011:17:18:51 -0800] "GET /installation/index.php HTTP/1.0" 200 2232 "-" "Mozilla/4.0 (compatible; MSIE 6.0; Windows NT 5.1; SV1; SIMBAR={EEEFE6F8-2518-4d78-B1A5-22232E80ACA5}; .NET CLR 1.1.4322; InfoPath.1)"
66.249.67.20 - - [05/Feb/2011:17:27:00 -0800] "GET / HTTP/1.1" 302 - "-" "Mozilla/5.0 (compatible; Googlebot/2.1; +http://www.google.com/bot.html)"
66.249.67.20 - - [05/Feb/2011:21:18:52 -0800] "GET /blog/ HTTP/1.1" 302 353 "-" "Mozilla/5.0 (compatible; Googlebot/2.1; +http://www.google.com/bot.html)"
66.249.67.10 - - [05/Feb/2011:21:18:53 -0800] "GET / HTTP/1.1" 302 - "-" "Mozilla/5.0 (compatible; Googlebot/2.1; +http://www.google.com/bot.html)"
66.249.67.10 - - [05/Feb/2011:22:00:17 -0800] "GET /blog HTTP/1.1" 302 349 "-" "Mozilla/5.0 (compatible; Googlebot/2.1; +http://www.google.com/bot.html)"
66.249.67.10 - - [06/Feb/2011:00:23:55 -0800] "GET /robots.txt HTTP/1.1" 200 304 "-" "Mozilla/5.0 (compatible; Googlebot/2.1; +http://www.google.com/bot.html)"
174.129.102.251 - - [06/Feb/2011:01:14:29 -0800] "GET /blog HTTP/1.0" 302 353 "-" "linkdex.com/v2.0"
174.129.102.251 - - [06/Feb/2011:01:14:29 -0800] "GET / HTTP/1.0" 302 - "-" "linkdex.com/v2.0"
174.129.102.251 - - [06/Feb/2011:01:14:29 -0800] "GET /installation/index.php HTTP/1.0" 200 2232 "-" "linkdex.com/v2.0"
50.16.45.69 - - [06/Feb/2011:01:42:22 -0800] "GET /blog/archive/2005_12_01_index.html HTTP/1.0" 302 353 "-" "linkdex.com/v2.0"
50.16.45.69 - - [06/Feb/2011:01:42:22 -0800] "GET / HTTP/1.0" 302 - "-" "linkdex.com/v2.0"
50.16.45.69 - - [06/Feb/2011:01:42:23 -0800] "GET /installation/index.php HTTP/1.0" 200 2232 "-" "linkdex.com/v2.0"
184.154.7.186 - - [06/Feb/2011:01:46:40 -0800] "GET /robots.txt HTTP/1.0" 200 304 "-" "Mozilla/5.0 (compatible; MJ12bot/v1.3.3; http://www.majestic12.co.uk/bot.php?+)"
184.154.7.186 - - [06/Feb/2011:01:46:41 -0800] "GET / HTTP/1.0" 302 - "-" "Mozilla/5.0 (compatible; MJ12bot/v1.3.3; http://www.majestic12.co.uk/bot.php?+)"
208.80.194.32 - - [06/Feb/2011:03:15:44 -0800] "GET /blog/archive/2006_03_01_index.html&h=224&w=300&sz=12&hl=en&start=21 HTTP/1.0" 302 353 "-" "Mozilla/4.0 (compatible; MSIE 6.0; Windows NT 5.1; SV1; iebar; acc=jocker; .NET CLR 1.1.4322; ZangoToolbar 4.8.2)"
208.80.194.32 - - [06/Feb/2011:03:15:44 -0800] "GET / HTTP/1.0" 302 - "-" "Mozilla/4.0 (compatible; MSIE 7.0; Windows NT 5.1; IEMB3; .NET CLR 1.0.3705; .NET CLR 1.1.4322; Media Center PC 4.0; .NET CLR 2.0.50727; ZangoToolbar 4.8.3)"
208.80.194.32 - - [06/Feb/2011:03:15:44 -0800] "GET /installation/index.php HTTP/1.0" 200 2232 "-" "Mozilla/4.0 (compatible; MSIE 7.0; Windows NT 5.1; ZangoToolbar 4.8.3; IEMB3)"
66.249.67.20 - - [06/Feb/2011:15:38:57 -0800] "GET /robots.txt HTTP/1.1" 200 304 "-" "Mozilla/5.0 (compatible; Googlebot/2.1; +http://www.google.com/bot.html)"
66.249.67.10 - - [06/Feb/2011:15:38:58 -0800] "GET /robots.txt HTTP/1.1" 200 304 "-" "Mozilla/5.0 (compatible; Googlebot/2.1; +http://www.google.com/bot.html)"
66.45.234.181 - - [06/Feb/2011:17:11:44 -0800] "GET /index.php?option=com_user&view=reset&layout=confirm HTTP/1.1" 302 - "http://sharkbomb.com" "Mozilla/5.0 (Windows; U; Windows NT 6.1; en-US; rv:1.9.2.12) Gecko/20101026 Firefox/3.6.12"
66.45.234.181 - - [06/Feb/2011:17:11:45 -0800] "GET /installation/index.php HTTP/1.1" 200 2232 "http://sharkbomb.com" "Mozilla/5.0 (Windows; U; Windows NT 6.1; en-US; rv:1.9.2.12) Gecko/20101026 Firefox/3.6.12"
66.249.67.10 - - [06/Feb/2011:20:42:51 -0800] "GET /robots.txt HTTP/1.1" 200 304 "-" "Mozilla/5.0 (compatible; Googlebot/2.1; +http://www.google.com/bot.html)"
66.249.67.10 - - [06/Feb/2011:20:42:51 -0800] "GET /blog HTTP/1.1" 302 349 "-" "Mozilla/5.0 (compatible; Googlebot/2.1; +http://www.google.com/bot.html)"
66.249.67.10 - - [06/Feb/2011:20:42:52 -0800] "GET / HTTP/1.1" 302 - "-" "Mozilla/5.0 (compatible; Googlebot/2.1; +http://www.google.com/bot.html)"
67.195.111.151 - - [06/Feb/2011:23:38:38 -0800] "GET /robots.txt HTTP/1.0" 200 304 "-" "Mozilla/5.0 (compatible; Yahoo! Slurp; http://help.yahoo.com/help/us/ysearch/slurp)"
67.195.111.151 - - [06/Feb/2011:23:38:39 -0800] "GET / HTTP/1.0" 302 - "-" "Mozilla/5.0 (compatible; Yahoo! Slurp; http://help.yahoo.com/help/us/ysearch/slurp)"
85.17.26.68 - - [07/Feb/2011:02:35:40 -0800] "GET / HTTP/1.1" 302 - "-" "Mozilla/4.0 (compatible; MSIE 6.0; Windows NT 5.1; SV1)"
66.249.67.10 - - [07/Feb/2011:04:15:19 -0800] "GET / HTTP/1.1" 302 - "-" "DoCoMo/2.0 N905i(c100;TB;W24H16) (compatible; Googlebot-Mobile/2.1; +http://www.google.com/bot.html)"
74.208.162.85 - - [07/Feb/2011:05:45:00 -0800] "GET / HTTP/1.0" 302 - "http://checkyoursitevalue.com/www.sharkbomb.com" "Mozilla/4.0 (compatible; MSIE 6.0; Windows NT 5.0)"
74.208.162.85 - - [07/Feb/2011:05:45:00 -0800] "GET /installation/index.php HTTP/1.0" 200 2232 "http://checkyoursitevalue.com/www.sharkbomb.com" "Mozilla/4.0 (compatible; MSIE 6.0; Windows NT 5.0)"
74.208.162.85 - - [07/Feb/2011:05:45:01 -0800] "GET /installation/index.php HTTP/1.0" 200 2232 "http://checkyoursitevalue.com/www.sharkbomb.com" "Mozilla/4.79 [en] (Windows NT 5.0; U)"
74.208.162.85 - - [07/Feb/2011:05:45:02 -0800] "GET /installation/index.php HTTP/1.0" 200 2232 "http://checkyoursitevalue.com/www.sharkbomb.com" "Opera/9.00 (Windows NT 4.0; U; en)"
208.80.194.36 - - [07/Feb/2011:05:45:57 -0800] "GET / HTTP/1.0" 302 - "-" "Mozilla/4.0 (compatible; MSIE 7.0; Windows NT 5.1; FunWebProducts; .NET CLR 1.0.3705; .NET CLR 1.1.4322; Media Center PC 4.0; InfoPath.1; IEMB3; Zango 10.0.314.0; IEMB3)"
208.80.194.36 - - [07/Feb/2011:05:45:57 -0800] "GET /installation/index.php HTTP/1.0" 200 2232 "-" "Mozilla/4.0 (compatible; MSIE 6.0; Windows NT 5.1; {0E94AAFC-E147-D1FC-9F66-4BC6B9AA7F38})"
174.129.117.216 - - [07/Feb/2011:08:52:26 -0800] "GET / HTTP/1.1" 302 - "-" "Mozilla/5.0 (X11; U; Linux i686; pl-PL; rv:1.9.0.2) Gecko/20121223 Ubuntu/9.25 (jaunty) Firefox/3.8"
174.129.117.216 - - [07/Feb/2011:08:52:32 -0800] "GET /installation/index.php HTTP/1.1" 200 2232 "-" "Mozilla/5.0 (X11; U; Linux i686; pl-PL; rv:1.9.0.2) Gecko/20121223 Ubuntu/9.25 (jaunty) Firefox/3.8"
66.249.67.20 - - [07/Feb/2011:13:30:32 -0800] "GET /robots.txt HTTP/1.1" 200 304 "-" "Mozilla/5.0 (compatible; Googlebot/2.1; +http://www.google.com/bot.html)"
66.249.67.20 - - [07/Feb/2011:13:30:32 -0800] "GET / HTTP/1.1" 302 - "-" "Mozilla/5.0 (compatible; Googlebot/2.1; +http://www.google.com/bot.html)"
93.158.148.31 - - [07/Feb/2011:15:22:19 -0800] "GET /robots.txt HTTP/1.1" 200 304 "-" "Mozilla/5.0 (compatible; YandexBot/3.0; +http://yandex.com/bots)"
93.158.148.31 - - [07/Feb/2011:15:22:21 -0800] "GET / HTTP/1.1" 302 - "-" "Mozilla/5.0 (compatible; YandexBot/3.0; +http://yandex.com/bots)"
208.80.194.32 - - [07/Feb/2011:15:50:46 -0800] "GET /blog/archive/2006_03_01_index.html&h=224&w=300&sz=12&hl=en&start=21 HTTP/1.0" 302 353 "-" "Mozilla/4.0 (compatible; MSIE 7.0; Windows NT 5.1; FunWebProducts; FDM; .NET CLR 1.1.4322; .NET CLR 2.0.50727; SpamBlockerUtility 4.8.4)"
208.80.194.32 - - [07/Feb/2011:15:50:46 -0800] "GET / HTTP/1.0" 302 - "-" "Mozilla/4.0 (compatible; MSIE 7.0; Windows NT 5.1; SV1; .NET CLR 1.0.3705; .NET CLR 1.1.4322; Media Center PC 4.0; PeoplePal 6.2)"
208.80.194.32 - - [07/Feb/2011:15:50:46 -0800] "GET /installation/index.php HTTP/1.0" 200 2232 "-" "Mozilla/4.0 (compatible; MSIE 6.0; AOL 9.0; Windows NT 5.1; FunWebProducts; .NET CLR 1.0.3705; HbTools 4.7.1)"
66.249.67.10 - - [07/Feb/2011:21:41:54 -0800] "GET /robots.txt HTTP/1.1" 200 304 "-" "Mozilla/5.0 (compatible; Googlebot/2.1; +http://www.google.com/bot.html)"
66.249.67.10 - - [07/Feb/2011:21:41:54 -0800] "GET /ct.html HTTP/1.1" 302 349 "-" "Mozilla/5.0 (compatible; Googlebot/2.1; +http://www.google.com/bot.html)"
66.249.67.10 - - [07/Feb/2011:21:41:55 -0800] "GET / HTTP/1.1" 302 - "-" "Mozilla/5.0 (compatible; Googlebot/2.1; +http://www.google.com/bot.html)"
91.201.66.171 - - [08/Feb/2011:03:57:13 -0800] "GET /index.php HTTP/1.0" 302 - "http://sharkbomb.com/index.php" "Mozilla/5.0 (Windows NT 5.1; U; en) Opera 8.00"
91.201.66.171 - - [08/Feb/2011:03:57:14 -0800] "GET /installation/index.php HTTP/1.0" 200 2232 "http://sharkbomb.com/installation/index.php" "Mozilla/5.0 (Windows NT 5.1; U; en) Opera 8.00"
66.249.67.10 - - [08/Feb/2011:09:04:16 -0800] "GET /ct.html HTTP/1.1" 302 349 "-" "Mozilla/5.0 (compatible; Googlebot/2.1; +http://www.google.com/bot.html)"
66.249.67.10 - - [08/Feb/2011:09:04:17 -0800] "GET / HTTP/1.1" 302 - "-" "Mozilla/5.0 (compatible; Googlebot/2.1; +http://www.google.com/bot.html)"
64.246.165.200 - - [08/Feb/2011:09:25:10 -0800] "GET /robots.txt HTTP/1.0" 200 304 "-" "Mozilla/5.0 (Windows; U; Windows NT 5.1; en; rv:1.9.0.13) Gecko/2009073022 Firefox/3.5.2 (.NET CLR 3.5.30729) SurveyBot/2.3 (DomainTools)"
64.246.165.200 - - [08/Feb/2011:09:25:10 -0800] "GET / HTTP/1.1" 302 - "http://whois.domaintools.com/sharkbomb.com" "Mozilla/5.0 (Windows; U; Windows NT 5.1; en; rv:1.9.0.13) Gecko/2009073022 Firefox/3.5.2 (.NET CLR 3.5.30729) SurveyBot/2.3 (DomainTools)"
64.246.165.200 - - [08/Feb/2011:09:25:10 -0800] "GET /installation/index.php HTTP/1.1" 200 2231 "http://whois.domaintools.com/sharkbomb.com" "Mozilla/5.0 (Windows; U; Windows NT 5.1; en; rv:1.9.0.13) Gecko/2009073022 Firefox/3.5.2 (.NET CLR 3.5.30729) SurveyBot/2.3 (DomainTools)"
66.249.67.20 - - [08/Feb/2011:13:26:19 -0800] "GET /robots.txt HTTP/1.1" 200 304 "-" "Mozilla/5.0 (compatible; Googlebot/2.1; +http://www.google.com/bot.html)"
66.249.67.20 - - [08/Feb/2011:13:26:19 -0800] "GET /blog/ HTTP/1.1" 302 353 "-" "Mozilla/5.0 (compatible; Googlebot/2.1; +http://www.google.com/bot.html)"
66.249.67.10 - - [08/Feb/2011:13:26:20 -0800] "GET / HTTP/1.1" 302 - "-" "Mozilla/5.0 (compatible; Googlebot/2.1; +http://www.google.com/bot.html)"
66.249.67.20 - - [08/Feb/2011:15:12:33 -0800] "GET /robots.txt HTTP/1.1" 200 304 "-" "Mozilla/5.0 (compatible; Googlebot/2.1; +http://www.google.com/bot.html)"
208.80.194.32 - - [08/Feb/2011:18:31:43 -0800] "GET / HTTP/1.0" 302 - "-" "Mozilla/4.0 (compatible; MSIE 6.0; Windows NT 5.1; SV1; SIMBAR Enabled; SIMBAR={12B9C426-69A2-4c87-929B-97DE4F4094C2}; SIMBAR=0)"
208.80.194.32 - - [08/Feb/2011:18:31:44 -0800] "GET /installation/index.php HTTP/1.0" 200 2232 "-" "Mozilla/4.0 (compatible; MSIE 6.0; Windows NT 5.1; iebar; SV1; acc=; acc=none; (none))"
66.249.67.10 - - [08/Feb/2011:20:55:50 -0800] "GET /blog HTTP/1.1" 302 349 "-" "Mozilla/5.0 (compatible; Googlebot/2.1; +http://www.google.com/bot.html)"
220.181.94.223 - - [09/Feb/2011:01:38:11 -0800] "GET / HTTP/1.1" 302 - "-" "Sogou-Test-Spider/4.0 (compatible; MSIE 5.5; Windows 98)"
220.181.94.223 - - [09/Feb/2011:01:38:23 -0800] "GET /robots.txt HTTP/1.1" 304 - "-" "Sogou web spider/4.0(+http://www.sogou.com/docs/help/webmasters.htm#07)"
220.181.94.223 - - [09/Feb/2011:01:38:33 -0800] "GET /installation/index.php HTTP/1.1" 200 2046 "-" "Sogou-Test-Spider/4.0 (compatible; MSIE 5.5; Windows 98)"
184.154.7.186 - - [09/Feb/2011:03:38:01 -0800] "GET /robots.txt HTTP/1.0" 200 304 "-" "Mozilla/5.0 (compatible; MJ12bot/v1.3.3; http://www.majestic12.co.uk/bot.php?+)"
184.154.7.186 - - [09/Feb/2011:03:38:02 -0800] "GET / HTTP/1.0" 302 - "-" "Mozilla/5.0 (compatible; MJ12bot/v1.3.3; http://www.majestic12.co.uk/bot.php?+)"
208.80.194.29 - - [09/Feb/2011:04:20:35 -0800] "GET /blog/archive/2006_03_01_index.html&h=224&w=300&sz=12&hl=en&start=21 HTTP/1.0" 302 353 "-" "Mozilla/4.0 (compatible; MSIE 7.0; Windows NT 5.1; AT&T CSM6.0; AT&T CSM7.0; FunWebProducts; .NET CLR 1.1.4322; .NET CLR 2.0.50727)"
208.80.194.29 - - [09/Feb/2011:04:21:13 -0800] "GET / HTTP/1.0" 302 - "-" "Mozilla/4.0 (compatible; MSIE 6.0; Windows NT 5.1; {0AC28DFE-C6D7-EF15-F472-298FA72FF9D3}; FunWebProducts; .NET CLR 2.0.50727; SpamBlockerUtility 4.7.7; yplus 5.1.02b)"
208.80.194.29 - - [09/Feb/2011:04:21:27 -0800] "GET /installation/index.php HTTP/1.0" 200 2232 "-" "Mozilla/4.0 (compatible; MSIE 6.0; Windows NT 5.0; sbcydsl 3.12; .NET CLR 1.1.4322)"
78.159.122.254 - - [09/Feb/2011:05:38:47 -0800] "GET /plugins/editors/tinymce/jscripts/tiny_mce/plugins/tinybrowser/upload.php HTTP/1.1" 200 17 "-" "Mozilla/5.0 (Windows; U; Windows NT 6.1; en; rv:1.9.2.13) Gecko/20101203 Firefox/3.6.13"
66.249.67.10 - - [09/Feb/2011:06:12:59 -0800] "GET /robots.txt HTTP/1.1" 200 304 "-" "Mozilla/5.0 (compatible; Googlebot/2.1; +http://www.google.com/bot.html)"
174.129.117.237 - - [09/Feb/2011:07:20:32 -0800] "HEAD / HTTP/1.1" 302 - "-" "Mozilla/5.0 (Windows; U; Windows NT 5.1; en-US) AppleWebKit/525.13 (KHTML, like Gecko) Chrome/0.A.B.C Safari/525.13"
64.255.180.236 - - [09/Feb/2011:08:01:16 -0800] "GET / HTTP/1.1" 302 - "-" "Opera/9.80 (J2ME/MIDP; Opera Mini/5.0.19376/23.334; U; en) Presto/2.5.25 Version/10.54"
64.255.180.236 - - [09/Feb/2011:08:01:16 -0800] "GET /installation/index.php HTTP/1.1" 200 2232 "-" "Opera/9.80 (J2ME/MIDP; Opera Mini/5.0.19376/23.334; U; en) Presto/2.5.25 Version/10.54"
64.255.180.236 - - [09/Feb/2011:08:01:18 -0800] "GET /installation/favicon.ico HTTP/1.1" 200 1150 "http://sharkbomb.com/installation/index.php" "Opera/9.80 (J2ME/MIDP; Opera Mini/5.0.19376/23.334; U; en) Presto/2.5.25 Version/10.54"
64.255.180.236 - - [09/Feb/2011:08:01:18 -0800] "GET /installation/template/css/template.css HTTP/1.1" 200 7375 "http://sharkbomb.com/installation/index.php" "Opera/9.80 (J2ME/MIDP; Opera Mini/5.0.19376/23.334; U; en) Presto/2.5.25 Version/10.54"
64.255.180.236 - - [09/Feb/2011:08:01:18 -0800] "GET /media/system/js/mootools.js HTTP/1.1" 200 74434 "http://sharkbomb.com/installation/index.php" "Opera/9.80 (J2ME/MIDP; Opera Mini/5.0.19376/23.334; U; en) Presto/2.5.25 Version/10.54"
64.255.180.236 - - [09/Feb/2011:08:01:19 -0800] "GET /installation/includes/js/installation.js HTTP/1.1" 200 598 "http://sharkbomb.com/installation/index.php" "Opera/9.80 (J2ME/MIDP; Opera Mini/5.0.19376/23.334; U; en) Presto/2.5.25 Version/10.54"
64.255.180.236 - - [09/Feb/2011:08:01:19 -0800] "GET /installation/template/js/validation.js HTTP/1.1" 200 7137 "http://sharkbomb.com/installation/index.php" "Opera/9.80 (J2ME/MIDP; Opera Mini/5.0.19376/23.334; U; en) Presto/2.5.25 Version/10.54"
66.219.58.44 - - [09/Feb/2011:09:57:47 -0800] "GET /robots.txt HTTP/1.1" 200 304 "-" "MLBot (www.metadatalabs.com/mlbot)"
66.219.58.44 - - [09/Feb/2011:09:57:47 -0800] "GET / HTTP/1.1" 302 - "-" "MLBot (www.metadatalabs.com/mlbot)"
207.46.13.92 - - [09/Feb/2011:09:59:28 -0800] "GET /robots.txt HTTP/1.1" 200 304 "-" "Mozilla/5.0 (compatible; bingbot/2.0; +http://www.bing.com/bingbot.htm)"
207.46.13.92 - - [09/Feb/2011:10:00:13 -0800] "GET / HTTP/1.1" 302 - "-" "Mozilla/5.0 (compatible; bingbot/2.0; +http://www.bing.com/bingbot.htm)"
66.249.67.20 - - [09/Feb/2011:19:49:40 -0800] "GET /robots.txt HTTP/1.1" 200 304 "-" "Mozilla/5.0 (compatible; Googlebot/2.1; +http://www.google.com/bot.html)"
66.249.67.20 - - [09/Feb/2011:19:49:40 -0800] "GET / HTTP/1.1" 302 - "-" "Mozilla/5.0 (compatible; Googlebot/2.1; +http://www.google.com/bot.html)"
66.249.67.10 - - [09/Feb/2011:20:07:19 -0800] "GET /robots.txt HTTP/1.1" 200 304 "-" "Mozilla/5.0 (compatible; Googlebot/2.1; +http://www.google.com/bot.html)"
66.249.67.10 - - [09/Feb/2011:20:07:19 -0800] "GET / HTTP/1.1" 302 - "-" "Mozilla/5.0 (compatible; Googlebot/2.1; +http://www.google.com/bot.html)"
218.213.130.158 - - [09/Feb/2011:20:47:53 -0800] "GET /robots.txt HTTP/1.1" 200 304 "-" "ichiro/4.0 (http://help.goo.ne.jp/door/crawler.html)"
218.213.130.158 - - [09/Feb/2011:20:47:54 -0800] "GET / HTTP/1.1" 302 - "-" "ichiro/4.0 (http://help.goo.ne.jp/door/crawler.html)"
218.213.130.158 - - [10/Feb/2011:04:34:16 -0800] "GET /robots.txt HTTP/1.1" 200 304 "-" "ichiro/4.0 (http://help.goo.ne.jp/door/crawler.html)"
218.213.130.158 - - [10/Feb/2011:04:34:18 -0800] "GET / HTTP/1.1" 302 - "-" "ichiro/4.0 (http://help.goo.ne.jp/door/crawler.html)"
184.73.30.110 - - [10/Feb/2011:05:23:10 -0800] "GET /robots.txt HTTP/1.1" 200 304 "-" "Mozilla/5.0 (compatible; AboutUsBot Johnny5/2.0; +http://www.AboutUs.org/)"
184.73.30.110 - - [10/Feb/2011:05:31:30 -0800] "GET / HTTP/1.1" 302 - "-" "Mozilla/5.0 (compatible; AboutUsBot Johnny5/2.0; +http://www.AboutUs.org/)"
184.73.30.110 - - [10/Feb/2011:05:31:30 -0800] "GET /installation/index.php HTTP/1.1" 200 2232 "-" "Mozilla/5.0 (compatible; AboutUsBot Johnny5/2.0; +http://www.AboutUs.org/)"
50.17.255.33 - - [10/Feb/2011:05:52:34 -0800] "GET / HTTP/1.1" 302 - "-" "-"
50.17.255.33 - - [10/Feb/2011:05:52:34 -0800] "GET /installation/index.php HTTP/1.1" 200 2232 "-" "-"
66.249.67.20 - - [10/Feb/2011:06:05:08 -0800] "GET /robots.txt HTTP/1.1" 200 304 "-" "Mozilla/5.0 (compatible; Googlebot/2.1; +http://www.google.com/bot.html)"
66.249.67.20 - - [10/Feb/2011:06:05:08 -0800] "GET /blog/ HTTP/1.1" 302 353 "-" "Mozilla/5.0 (compatible; Googlebot/2.1; +http://www.google.com/bot.html)"
66.249.67.10 - - [10/Feb/2011:06:05:09 -0800] "GET /robots.txt HTTP/1.1" 200 304 "-" "Mozilla/5.0 (compatible; Googlebot/2.1; +http://www.google.com/bot.html)"
66.249.67.10 - - [10/Feb/2011:06:05:09 -0800] "GET / HTTP/1.1" 302 - "-" "Mozilla/5.0 (compatible; Googlebot/2.1; +http://www.google.com/bot.html)"
208.80.194.37 - - [10/Feb/2011:07:13:10 -0800] "GET / HTTP/1.0" 302 - "-" "Mozilla/4.0 (compatible; MSIE 7.0; Windows NT 5.1; {0903E4AE-B24B-4E39-98E3-AE7850C14E7C}; .NET CLR 1.0.3705)"
208.80.194.37 - - [10/Feb/2011:07:13:10 -0800] "GET /installation/index.php HTTP/1.0" 200 2232 "-" "Mozilla/4.0 (compatible; MSIE 7.0; Windows NT 5.1; YPC 3.0.3; .NET CLR 1.0.3705; .NET CLR 1.1.4322; Media Center PC 4.0; InfoPath.2)"
64.124.14.126 - - [10/Feb/2011:08:51:28 -0800] "GET /robots.txt HTTP/1.1" 200 304 "-" "Mozilla/5.0 (X11; U; Linux; en-US) AppleWebKit/532.4 (KHTML, like Gecko) Qt/4.6.2 Safari/532.4"
64.124.14.126 - - [10/Feb/2011:08:51:29 -0800] "GET / HTTP/1.1" 302 - "-" "Mozilla/5.0 (X11; U; Linux; en-US) AppleWebKit/532.4 (KHTML, like Gecko) Qt/4.6.2 Safari/532.4"
64.124.14.126 - - [10/Feb/2011:08:51:29 -0800] "GET /installation/index.php HTTP/1.1" 200 2231 "-" "Mozilla/5.0 (X11; U; Linux; en-US) AppleWebKit/532.4 (KHTML, like Gecko) Qt/4.6.2 Safari/532.4"
64.124.14.126 - - [10/Feb/2011:08:51:31 -0800] "GET /installation/template/js/validation.js HTTP/1.1" 200 7137 "http://sharkbomb.com/installation/index.php" "Mozilla/5.0 (X11; U; Linux; en-US) AppleWebKit/532.4 (KHTML, like Gecko) Qt/4.6.2 Safari/532.4"
64.124.14.126 - - [10/Feb/2011:08:51:31 -0800] "GET /installation/template/css/template.css HTTP/1.1" 200 7375 "http://sharkbomb.com/installation/index.php" "Mozilla/5.0 (X11; U; Linux; en-US) AppleWebKit/532.4 (KHTML, like Gecko) Qt/4.6.2 Safari/532.4"
64.124.14.126 - - [10/Feb/2011:08:51:31 -0800] "GET /installation/includes/js/installation.js HTTP/1.1" 200 598 "http://sharkbomb.com/installation/index.php" "Mozilla/5.0 (X11; U; Linux; en-US) AppleWebKit/532.4 (KHTML, like Gecko) Qt/4.6.2 Safari/532.4"
64.124.14.126 - - [10/Feb/2011:08:51:31 -0800] "GET /media/system/js/mootools.js HTTP/1.1" 200 74434 "http://sharkbomb.com/installation/index.php" "Mozilla/5.0 (X11; U; Linux; en-US) AppleWebKit/532.4 (KHTML, like Gecko) Qt/4.6.2 Safari/532.4"
64.124.14.126 - - [10/Feb/2011:08:51:32 -0800] "GET /installation/includes/js/installation.js HTTP/1.1" 304 - "http://sharkbomb.com/installation/index.php" "Mozilla/5.0 (X11; U; Linux; en-US) AppleWebKit/532.4 (KHTML, like Gecko) Qt/4.6.2 Safari/532.4"
64.124.14.126 - - [10/Feb/2011:08:51:32 -0800] "GET /installation/template/js/validation.js HTTP/1.1" 304 - "http://sharkbomb.com/installation/index.php" "Mozilla/5.0 (X11; U; Linux; en-US) AppleWebKit/532.4 (KHTML, like Gecko) Qt/4.6.2 Safari/532.4"
64.124.14.126 - - [10/Feb/2011:08:51:33 -0800] "GET /template/css/template.css HTTP/1.1" 302 349 "-" "Mozilla/4.0 (compatible; MSIE5.0; Windows NT; DigExt)"
64.124.14.126 - - [10/Feb/2011:08:51:33 -0800] "GET / HTTP/1.1" 302 - "-" "Mozilla/4.0 (compatible; MSIE5.0; Windows NT; DigExt)"
64.124.14.126 - - [10/Feb/2011:08:51:33 -0800] "GET /installation/index.php HTTP/1.1" 200 2232 "-" "Mozilla/4.0 (compatible; MSIE5.0; Windows NT; DigExt)"
66.249.67.10 - - [10/Feb/2011:11:21:30 -0800] "GET /blog HTTP/1.1" 302 349 "-" "Mozilla/5.0 (compatible; Googlebot/2.1; +http://www.google.com/bot.html)"
216.104.15.138 - - [10/Feb/2011:13:11:29 -0800] "GET / HTTP/1.0" 302 - "-" "Mozilla/4.0 (compatible; MSIE 6.0; Windows NT 5.1)"
208.80.194.34 - - [10/Feb/2011:17:06:37 -0800] "GET /blog/archive/2006_03_01_index.html&h=224&w=300&sz=12&hl=en&start=21 HTTP/1.0" 302 353 "-" "Mozilla/4.0 (compatible; MSIE 7.0; Windows NT 5.1; FunWebProducts; Echochat-zilla 4.0; .NET CLR 1.1.4322)"
208.80.194.34 - - [10/Feb/2011:17:06:37 -0800] "GET / HTTP/1.0" 302 - "-" "Mozilla/4.0 (compatible; MSIE 7.0; Windows NT 5.1; Advanced Searchbar; FunWebProducts; .NET CLR 1.1.4322; .NET CLR 2.0.50727)"
208.80.194.34 - - [10/Feb/2011:17:06:37 -0800] "GET /installation/index.php HTTP/1.0" 200 2232 "-" "Mozilla/4.0 (compatible; MSIE 6.0; Windows NT 5.1; {4DABD2E2-5186-E26D-1459-9AC25496BC3F}; bgft; .NET CLR 1.1.4322; HbTools 4.7.1; SpamBlockerUtility 4.7.1)"
66.249.67.10 - - [10/Feb/2011:19:59:33 -0800] "GET /robots.txt HTTP/1.1" 200 304 "-" "Mozilla/5.0 (compatible; Googlebot/2.1; +http://www.google.com/bot.html)"
66.249.67.20 - - [10/Feb/2011:20:24:24 -0800] "GET /robots.txt HTTP/1.1" 200 304 "-" "Mozilla/5.0 (compatible; Googlebot/2.1; +http://www.google.com/bot.html)"
218.213.130.158 - - [11/Feb/2011:01:25:02 -0800] "GET /robots.txt HTTP/1.1" 200 304 "-" "ichiro/4.0 (http://help.goo.ne.jp/door/crawler.html)"
218.213.130.158 - - [11/Feb/2011:01:25:05 -0800] "GET / HTTP/1.1" 302 - "-" "ichiro/4.0 (http://help.goo.ne.jp/door/crawler.html)"
165.155.192.85 - - [11/Feb/2011:07:45:11 -0800] "GET / HTTP/1.1" 302 - "-" "Mozilla/4.0 (compatible; MSIE 8.0; Windows NT 5.1; Trident/4.0; InfoPath.2; .NET CLR 2.0.50727; .NET CLR 3.0.04506.648; .NET CLR 3.5.21022; .NET CLR 3.0.4506.2152; .NET CLR 3.5.30729)"
165.155.192.85 - - [11/Feb/2011:07:45:11 -0800] "GET /installation/index.php HTTP/1.1" 200 2231 "-" "Mozilla/4.0 (compatible; MSIE 8.0; Windows NT 5.1; Trident/4.0; InfoPath.2; .NET CLR 2.0.50727; .NET CLR 3.0.04506.648; .NET CLR 3.5.21022; .NET CLR 3.0.4506.2152; .NET CLR 3.5.30729)"
165.155.192.85 - - [11/Feb/2011:07:45:13 -0800] "GET /installation/template/css/template.css HTTP/1.1" 200 7375 "http://sharkbomb.com/installation/index.php" "Mozilla/4.0 (compatible; MSIE 8.0; Windows NT 5.1; Trident/4.0; InfoPath.2; .NET CLR 2.0.50727; .NET CLR 3.0.04506.648; .NET CLR 3.5.21022; .NET CLR 3.0.4506.2152; .NET CLR 3.5.30729)"
