174.34.147.91 - - [11/Feb/2010:19:21:32 -0800] "GET /installation/template/css/template.css HTTP/1.1" 200 7375 "http://sharkbomb.com/installation/index.php" "Mozilla/5.0 (X11; U; Linux i686; en-US; rv:1.9.0.4) Gecko/2008103100 SUSE/3.0.4-4.6 Firefox/3.0.4"
174.34.147.91 - - [11/Feb/2010:19:21:32 -0800] "GET /media/system/js/mootools.js HTTP/1.1" 200 74434 "http://sharkbomb.com/installation/index.php" "Mozilla/5.0 (X11; U; Linux i686; en-US; rv:1.9.0.4) Gecko/2008103100 SUSE/3.0.4-4.6 Firefox/3.0.4"
174.34.147.91 - - [11/Feb/2010:19:21:33 -0800] "GET /installation/includes/js/installation.js HTTP/1.1" 200 598 "http://sharkbomb.com/installation/index.php" "Mozilla/5.0 (X11; U; Linux i686; en-US; rv:1.9.0.4) Gecko/2008103100 SUSE/3.0.4-4.6 Firefox/3.0.4"
174.34.147.91 - - [11/Feb/2010:19:21:34 -0800] "GET /installation/template/js/validation.js HTTP/1.1" 200 7137 "http://sharkbomb.com/installation/index.php" "Mozilla/5.0 (X11; U; Linux i686; en-US; rv:1.9.0.4) Gecko/2008103100 SUSE/3.0.4-4.6 Firefox/3.0.4"
174.34.147.91 - - [11/Feb/2010:19:21:34 -0800] "GET /installation/template/images/j_header_middle.png HTTP/1.1" 200 385 "http://sharkbomb.com/installation/template/css/template.css" "Mozilla/5.0 (X11; U; Linux i686; en-US; rv:1.9.0.4) Gecko/2008103100 SUSE/3.0.4-4.6 Firefox/3.0.4"
174.34.147.91 - - [11/Feb/2010:19:21:34 -0800] "GET /installation/template/images/j_header_right.png HTTP/1.1" 200 366 "http://sharkbomb.com/installation/template/css/template.css" "Mozilla/5.0 (X11; U; Linux i686; en-US; rv:1.9.0.4) Gecko/2008103100 SUSE/3.0.4-4.6 Firefox/3.0.4"
174.34.147.91 - - [11/Feb/2010:19:21:34 -0800] "GET /installation/template/images/j_bottom.png HTTP/1.1" 200 232 "http://sharkbomb.com/installation/template/css/template.css" "Mozilla/5.0 (X11; U; Linux i686; en-US; rv:1.9.0.4) Gecko/2008103100 SUSE/3.0.4-4.6 Firefox/3.0.4"
174.34.147.91 - - [11/Feb/2010:19:21:34 -0800] "GET /installation/template/images/j_header_left.png HTTP/1.1" 200 5148 "http://sharkbomb.com/installation/template/css/template.css" "Mozilla/5.0 (X11; U; Linux i686; en-US; rv:1.9.0.4) Gecko/2008103100 SUSE/3.0.4-4.6 Firefox/3.0.4"
174.34.147.91 - - [11/Feb/2010:19:21:34 -0800] "GET /installation/template/images/j_corner_br.png HTTP/1.1" 200 314 "http://sharkbomb.com/installation/template/css/template.css" "Mozilla/5.0 (X11; U; Linux i686; en-US; rv:1.9.0.4) Gecko/2008103100 SUSE/3.0.4-4.6 Firefox/3.0.4"
174.34.147.91 - - [11/Feb/2010:19:21:34 -0800] "GET /installation/template/images/j_corner_bl.png HTTP/1.1" 200 303 "http://sharkbomb.com/installation/template/css/template.css" "Mozilla/5.0 (X11; U; Linux i686; en-US; rv:1.9.0.4) Gecko/2008103100 SUSE/3.0.4-4.6 Firefox/3.0.4"
67.202.62.167 - - [11/Feb/2010:19:41:24 -0800] "GET /robots.txt HTTP/1.1" 200 304 "-" "Mozilla/5.0 (compatible; spbot/1.2; +http://www.seoprofiler.com/bot/ )"
67.202.62.167 - - [11/Feb/2010:19:41:24 -0800] "GET / HTTP/1.1" 302 - "-" "Mozilla/5.0 (compatible; spbot/1.2; +http://www.seoprofiler.com/bot/ )"
220.181.94.223 - - [11/Feb/2010:19:58:01 -0800] "GET /robots.txt HTTP/1.1" 304 - "-" "Sogou web spider/4.0(+http://www.sogou.com/docs/help/webmasters.htm#07)"
220.181.94.223 - - [11/Feb/2010:19:58:11 -0800] "GET /robots.txt HTTP/1.1" 304 - "-" "Sogou web spider/4.0(+http://www.sogou.com/docs/help/webmasters.htm#07)"
66.249.71.3 - - [11/Feb/2010:20:37:04 -0800] "GET /robots.txt HTTP/1.1" 200 304 "-" "Mozilla/5.0 (compatible; Googlebot/2.1; +http://www.google.com/bot.html)"
75.101.241.159 - - [11/Feb/2010:20:58:16 -0800] "GET /robots.txt HTTP/1.1" 200 304 "-" "Mozilla/5.0 (compatible; spbot/1.2; +http://www.seoprofiler.com/bot/ )"
75.101.241.159 - - [11/Feb/2010:20:58:16 -0800] "GET / HTTP/1.1" 302 - "-" "Mozilla/5.0 (compatible; spbot/1.2; +http://www.seoprofiler.com/bot/ )"
123.125.66.108 - - [11/Feb/2010:21:00:13 -0800] "GET /robots.txt HTTP/1.1" 200 304 "-" "Baiduspider+(+http://www.baidu.com/search/spider.htm)"
208.80.193.36 - - [11/Feb/2010:22:18:50 -0800] "GET / HTTP/1.0" 302 - "-" "Mozilla/4.0 (compatible; MSIE 7.0; Windows NT 5.1; .NET CLR 1.0.3705; .NET CLR 1.1.4322; Media Center PC 4.0; PeoplePal 3.0; ZangoToolbar 4.8.3)"
174.129.127.87 - - [11/Feb/2010:22:33:49 -0800] "GET /robots.txt HTTP/1.1" 200 304 "-" "Mozilla/5.0 (compatible; spbot/1.2; +http://www.seoprofiler.com/bot/ )"
174.129.127.87 - - [11/Feb/2010:22:33:50 -0800] "GET / HTTP/1.1" 302 - "-" "Mozilla/5.0 (compatible; spbot/1.2; +http://www.seoprofiler.com/bot/ )"
67.202.42.161 - - [11/Feb/2010:23:21:01 -0800] "GET /robots.txt HTTP/1.1" 200 304 "-" "Mozilla/5.0 (compatible; spbot/1.2; +http://www.seoprofiler.com/bot/ )"
67.202.42.161 - - [11/Feb/2010:23:21:02 -0800] "GET / HTTP/1.1" 302 - "-" "Mozilla/5.0 (compatible; spbot/1.2; +http://www.seoprofiler.com/bot/ )"
174.129.140.41 - - [12/Feb/2010:00:13:27 -0800] "GET /robots.txt HTTP/1.1" 200 304 "-" "Mozilla/5.0 (compatible; spbot/1.2; +http://www.seoprofiler.com/bot/ )"
174.129.140.41 - - [12/Feb/2010:00:13:28 -0800] "GET / HTTP/1.1" 302 - "-" "Mozilla/5.0 (compatible; spbot/1.2; +http://www.seoprofiler.com/bot/ )"
72.44.53.29 - - [12/Feb/2010:01:51:47 -0800] "GET /robots.txt HTTP/1.1" 200 304 "-" "Mozilla/5.0 (compatible; spbot/1.2; +http://www.seoprofiler.com/bot/ )"
72.44.53.29 - - [12/Feb/2010:01:51:48 -0800] "GET / HTTP/1.1" 302 - "-" "Mozilla/5.0 (compatible; spbot/1.2; +http://www.seoprofiler.com/bot/ )"
75.101.179.141 - - [12/Feb/2010:03:20:25 -0800] "GET /robots.txt HTTP/1.1" 200 304 "-" "Mozilla/5.0 (compatible; spbot/1.2; +http://www.seoprofiler.com/bot/ )"
75.101.179.141 - - [12/Feb/2010:03:20:25 -0800] "GET / HTTP/1.1" 302 - "-" "Mozilla/5.0 (compatible; spbot/1.2; +http://www.seoprofiler.com/bot/ )"
174.129.159.143 - - [12/Feb/2010:04:18:48 -0800] "GET /robots.txt HTTP/1.1" 200 304 "-" "Mozilla/5.0 (compatible; spbot/1.2; +http://www.seoprofiler.com/bot/ )"
174.129.159.143 - - [12/Feb/2010:04:18:49 -0800] "GET / HTTP/1.1" 302 - "-" "Mozilla/5.0 (compatible; spbot/1.2; +http://www.seoprofiler.com/bot/ )"
66.249.71.3 - - [12/Feb/2010:04:20:38 -0800] "GET /robots.txt HTTP/1.1" 200 304 "-" "Mozilla/5.0 (compatible; Googlebot/2.1; +http://www.google.com/bot.html)"
66.249.71.3 - - [12/Feb/2010:04:20:38 -0800] "GET /coppermine/displayimage.php?album=1&pos=132 HTTP/1.1" 200 - "-" "Mozilla/5.0 (compatible; Googlebot/2.1; +http://www.google.com/bot.html)"
75.101.204.87 - - [12/Feb/2010:05:15:18 -0800] "GET /robots.txt HTTP/1.1" 200 304 "-" "Mozilla/5.0 (compatible; spbot/1.2; +http://www.seoprofiler.com/bot/ )"
75.101.204.87 - - [12/Feb/2010:05:15:18 -0800] "GET / HTTP/1.1" 302 - "-" "Mozilla/5.0 (compatible; spbot/1.2; +http://www.seoprofiler.com/bot/ )"
174.129.64.213 - - [12/Feb/2010:05:58:59 -0800] "GET /robots.txt HTTP/1.1" 200 304 "-" "Mozilla/5.0 (compatible; spbot/1.2; +http://www.seoprofiler.com/bot/ )"
174.129.64.213 - - [12/Feb/2010:05:58:59 -0800] "GET / HTTP/1.1" 302 - "-" "Mozilla/5.0 (compatible; spbot/1.2; +http://www.seoprofiler.com/bot/ )"
174.129.83.241 - - [12/Feb/2010:06:13:36 -0800] "GET /robots.txt HTTP/1.1" 200 304 "-" "Mozilla/5.0 (compatible; spbot/1.2; +http://www.seoprofiler.com/bot/ )"
174.129.83.241 - - [12/Feb/2010:06:13:36 -0800] "GET / HTTP/1.1" 302 - "-" "Mozilla/5.0 (compatible; spbot/1.2; +http://www.seoprofiler.com/bot/ )"
74.222.4.82 - - [12/Feb/2010:06:35:16 -0800] "GET /robots.txt HTTP/1.0" 200 304 "http://sharkbomb.com/robots.txt" "Mozilla/4.0 (compatible; MSIE 6.0; Windows NT 5.1; SV1; .NET CLR 2.0.50727)"
74.222.4.82 - - [12/Feb/2010:06:35:16 -0800] "GET / HTTP/1.0" 302 - "http://sharkbomb.com/" "Mozilla/4.0 (compatible; MSIE 6.0; Windows NT 5.1; SV1; .NET CLR 2.0.50727)"
74.222.4.82 - - [12/Feb/2010:06:35:23 -0800] "GET /robots.txt HTTP/1.0" 200 304 "http://sharkbomb.com/robots.txt" "Mozilla/4.0 (compatible; MSIE 6.0; Windows NT 5.1; SV1; .NET CLR 2.0.50727)"
67.202.29.142 - - [12/Feb/2010:06:45:03 -0800] "GET /robots.txt HTTP/1.1" 200 304 "-" "Mozilla/5.0 (compatible; spbot/1.2; +http://www.seoprofiler.com/bot/ )"
67.202.29.142 - - [12/Feb/2010:06:45:04 -0800] "GET / HTTP/1.1" 302 - "-" "Mozilla/5.0 (compatible; spbot/1.2; +http://www.seoprofiler.com/bot/ )"
204.236.212.231 - - [12/Feb/2010:07:40:52 -0800] "GET /robots.txt HTTP/1.1" 200 304 "-" "Mozilla/5.0 (compatible; spbot/1.2; +http://www.seoprofiler.com/bot/ )"
204.236.212.231 - - [12/Feb/2010:07:40:53 -0800] "GET / HTTP/1.1" 302 - "-" "Mozilla/5.0 (compatible; spbot/1.2; +http://www.seoprofiler.com/bot/ )"
174.129.136.94 - - [12/Feb/2010:07:58:12 -0800] "GET /robots.txt HTTP/1.1" 200 304 "-" "Mozilla/5.0 (compatible; spbot/1.2; +http://www.seoprofiler.com/bot/ )"
174.129.136.94 - - [12/Feb/2010:07:58:13 -0800] "GET / HTTP/1.1" 302 - "-" "Mozilla/5.0 (compatible; spbot/1.2; +http://www.seoprofiler.com/bot/ )"
204.236.241.141 - - [12/Feb/2010:08:43:06 -0800] "GET /robots.txt HTTP/1.1" 200 304 "-" "Mozilla/5.0 (compatible; spbot/1.2; +http://www.seoprofiler.com/bot/ )"
204.236.241.141 - - [12/Feb/2010:08:43:07 -0800] "GET / HTTP/1.1" 302 - "-" "Mozilla/5.0 (compatible; spbot/1.2; +http://www.seoprofiler.com/bot/ )"
174.129.82.216 - - [12/Feb/2010:08:59:56 -0800] "GET /robots.txt HTTP/1.1" 200 304 "-" "Mozilla/5.0 (compatible; spbot/1.2; +http://www.seoprofiler.com/bot/ )"
174.129.82.216 - - [12/Feb/2010:08:59:57 -0800] "GET / HTTP/1.1" 302 - "-" "Mozilla/5.0 (compatible; spbot/1.2; +http://www.seoprofiler.com/bot/ )"
67.202.11.26 - - [12/Feb/2010:09:13:33 -0800] "GET /robots.txt HTTP/1.1" 200 304 "-" "Mozilla/5.0 (compatible; spbot/1.2; +http://www.seoprofiler.com/bot/ )"
67.202.11.26 - - [12/Feb/2010:09:13:33 -0800] "GET / HTTP/1.1" 302 - "-" "Mozilla/5.0 (compatible; spbot/1.2; +http://www.seoprofiler.com/bot/ )"
67.218.116.133 - - [12/Feb/2010:09:17:32 -0800] "GET /robots.txt HTTP/1.1" 200 304 "-" "Mozilla/5.0 (Twiceler-0.9 http://www.cuil.com/twiceler/robot.html)"
174.129.107.185 - - [12/Feb/2010:10:07:13 -0800] "GET /robots.txt HTTP/1.1" 200 304 "-" "Mozilla/5.0 (compatible; spbot/1.2; +http://www.seoprofiler.com/bot/ )"
174.129.107.185 - - [12/Feb/2010:10:07:14 -0800] "GET / HTTP/1.1" 302 - "-" "Mozilla/5.0 (compatible; spbot/1.2; +http://www.seoprofiler.com/bot/ )"
193.47.80.41 - - [12/Feb/2010:10:14:43 -0800] "GET /robots.txt HTTP/1.1" 200 304 "-" "Mozilla/5.0 (compatible; Exabot/3.0; +http://www.exabot.com/go/robot)"
193.47.80.41 - - [12/Feb/2010:10:14:43 -0800] "GET / HTTP/1.1" 302 - "-" "Mozilla/5.0 (compatible; Exabot/3.0; +http://www.exabot.com/go/robot)"
204.236.211.119 - - [12/Feb/2010:10:18:40 -0800] "GET /robots.txt HTTP/1.1" 200 304 "-" "Mozilla/5.0 (compatible; spbot/1.2; +http://www.seoprofiler.com/bot/ )"
204.236.211.119 - - [12/Feb/2010:10:18:41 -0800] "GET / HTTP/1.1" 302 - "-" "Mozilla/5.0 (compatible; spbot/1.2; +http://www.seoprofiler.com/bot/ )"
72.44.53.29 - - [12/Feb/2010:10:23:36 -0800] "GET /robots.txt HTTP/1.1" 200 304 "-" "Mozilla/5.0 (compatible; spbot/1.2; +http://www.seoprofiler.com/bot/ )"
72.44.53.29 - - [12/Feb/2010:10:23:36 -0800] "GET / HTTP/1.1" 302 - "-" "Mozilla/5.0 (compatible; spbot/1.2; +http://www.seoprofiler.com/bot/ )"
75.101.179.141 - - [12/Feb/2010:12:15:35 -0800] "GET /robots.txt HTTP/1.1" 200 304 "-" "Mozilla/5.0 (compatible; spbot/1.2; +http://www.seoprofiler.com/bot/ )"
75.101.179.141 - - [12/Feb/2010:12:15:35 -0800] "GET / HTTP/1.1" 302 - "-" "Mozilla/5.0 (compatible; spbot/1.2; +http://www.seoprofiler.com/bot/ )"
174.129.72.66 - - [12/Feb/2010:13:49:16 -0800] "GET /robots.txt HTTP/1.1" 200 304 "-" "Mozilla/5.0 (compatible; spbot/1.2; +http://www.seoprofiler.com/bot/ )"
174.129.72.66 - - [12/Feb/2010:13:49:17 -0800] "GET / HTTP/1.1" 302 - "-" "Mozilla/5.0 (compatible; spbot/1.2; +http://www.seoprofiler.com/bot/ )"
67.202.42.161 - - [12/Feb/2010:15:02:11 -0800] "GET /robots.txt HTTP/1.1" 200 304 "-" "Mozilla/5.0 (compatible; spbot/1.2; +http://www.seoprofiler.com/bot/ )"
67.202.42.161 - - [12/Feb/2010:15:02:12 -0800] "GET / HTTP/1.1" 302 - "-" "Mozilla/5.0 (compatible; spbot/1.2; +http://www.seoprofiler.com/bot/ )"
217.29.32.175 - - [12/Feb/2010:15:05:26 -0800] "GET / HTTP/1.1" 302 - "-" "CMS Survey"
193.47.80.41 - - [12/Feb/2010:15:09:23 -0800] "GET / HTTP/1.1" 302 - "-" "Mozilla/5.0 (compatible; Exabot/3.0; +http://www.exabot.com/go/robot)"
66.220.9.216 - - [12/Feb/2010:15:49:36 -0800] "GET / HTTP/1.1" 302 - "-" "Mozilla/4.0 (compatible; MSIE 7.0; Windows NT 5.1; .NET CLR 1.1.4322; .NET CLR 2.0.50727; .NET CLR 3.0.04506.30)"
66.220.9.216 - - [12/Feb/2010:15:49:36 -0800] "GET /installation/index.php HTTP/1.1" 200 2232 "-" "Mozilla/4.0 (compatible; MSIE 7.0; Windows NT 5.1; .NET CLR 1.1.4322; .NET CLR 2.0.50727; .NET CLR 3.0.04506.30)"
62.75.218.97 - - [12/Feb/2010:16:17:30 -0800] "GET /robots.txt HTTP/1.0" 200 304 "-" "OpenAcoon v4.1.0 (www.openacoon.de)"
62.75.218.97 - - [12/Feb/2010:16:17:30 -0800] "GET / HTTP/1.0" 302 - "-" "OpenAcoon v4.1.0 (www.openacoon.de)"
67.195.115.41 - - [12/Feb/2010:20:34:10 -0800] "GET /robots.txt HTTP/1.0" 200 304 "-" "Mozilla/5.0 (compatible; Yahoo! Slurp; http://help.yahoo.com/help/us/ysearch/slurp)"
67.195.115.41 - - [12/Feb/2010:20:34:11 -0800] "GET /index.php/photos/album/1/photo/1.html HTTP/1.0" 302 - "-" "Mozilla/5.0 (compatible; Yahoo! Slurp/3.0; http://help.yahoo.com/help/us/ysearch/slurp)"
67.195.115.41 - - [12/Feb/2010:20:34:11 -0800] "GET /index.php/photos/album/1/photo/installation/index.php HTTP/1.0" 302 - "-" "Mozilla/5.0 (compatible; Yahoo! Slurp/3.0; http://help.yahoo.com/help/us/ysearch/slurp)"
67.195.115.41 - - [12/Feb/2010:20:34:11 -0800] "GET /index.php/photos/album/1/photo/installation/installation/index.php HTTP/1.0" 302 - "-" "Mozilla/5.0 (compatible; Yahoo! Slurp/3.0; http://help.yahoo.com/help/us/ysearch/slurp)"
67.195.115.41 - - [12/Feb/2010:20:34:11 -0800] "GET /index.php/photos/album/1/photo/installation/installation/installation/index.php HTTP/1.0" 302 - "-" "Mozilla/5.0 (compatible; Yahoo! Slurp/3.0; http://help.yahoo.com/help/us/ysearch/slurp)"
67.195.115.41 - - [12/Feb/2010:20:34:12 -0800] "GET /index.php/photos/album/1/photo/installation/installation/installation/installation/index.php HTTP/1.0" 302 - "-" "Mozilla/5.0 (compatible; Yahoo! Slurp/3.0; http://help.yahoo.com/help/us/ysearch/slurp)"
67.195.115.41 - - [12/Feb/2010:20:34:12 -0800] "GET /index.php/photos/album/1/photo/installation/installation/installation/installation/installation/index.php HTTP/1.0" 302 - "-" "Mozilla/5.0 (compatible; Yahoo! Slurp/3.0; http://help.yahoo.com/help/us/ysearch/slurp)"
67.195.115.41 - - [12/Feb/2010:20:34:12 -0800] "GET /index.php/photos/album/1/photo/installation/installation/installation/installation/installation/installation/index.php HTTP/1.0" 302 - "-" "Mozilla/5.0 (compatible; Yahoo! Slurp/3.0; http://help.yahoo.com/help/us/ysearch/slurp)"
67.195.115.41 - - [12/Feb/2010:20:34:13 -0800] "GET /index.php/photos/album/1/photo/installation/installation/installation/installation/installation/installation/installation/index.php HTTP/1.0" 302 - "-" "Mozilla/5.0 (compatible; Yahoo! Slurp/3.0; http://help.yahoo.com/help/us/ysearch/slurp)"
67.195.115.41 - - [12/Feb/2010:20:34:13 -0800] "GET /index.php/photos/album/1/photo/installation/installation/installation/installation/installation/installation/installation/installation/index.php HTTP/1.0" 302 - "-" "Mozilla/5.0 (compatible; Yahoo! Slurp/3.0; http://help.yahoo.com/help/us/ysearch/slurp)"
67.195.115.41 - - [12/Feb/2010:20:34:14 -0800] "GET /index.php/photos/album/1/photo/installation/installation/installation/installation/installation/installation/installation/installation/installation/index.php HTTP/1.0" 302 - "-" "Mozilla/5.0 (compatible; Yahoo! Slurp/3.0; http://help.yahoo.com/help/us/ysearch/slurp)"
67.195.115.41 - - [12/Feb/2010:20:34:14 -0800] "GET /index.php/photos/album/1/photo/installation/installation/installation/installation/installation/installation/installation/installation/installation/installation/index.php HTTP/1.0" 302 - "-" "Mozilla/5.0 (compatible; Yahoo! Slurp/3.0; http://help.yahoo.com/help/us/ysearch/slurp)"
67.195.115.41 - - [12/Feb/2010:20:34:14 -0800] "GET /index.php/photos/album/1/photo/installation/installation/installation/installation/installation/installation/installation/installation/installation/installation/installation/index.php HTTP/1.0" 302 - "-" "Mozilla/5.0 (compatible; Yahoo! Slurp/3.0; http://help.yahoo.com/help/us/ysearch/slurp)"
67.195.115.41 - - [12/Feb/2010:20:34:14 -0800] "GET /index.php/photos/album/1/photo/installation/installation/installation/installation/installation/installation/installation/installation/installation/installation/installation/installation/index.php HTTP/1.0" 302 - "-" "Mozilla/5.0 (compatible; Yahoo! Slurp/3.0; http://help.yahoo.com/help/us/ysearch/slurp)"
67.195.115.41 - - [12/Feb/2010:20:34:15 -0800] "GET /index.php/photos/album/1/photo/installation/installation/installation/installation/installation/installation/installation/installation/installation/installation/installation/installation/installation/index.php HTTP/1.0" 302 - "-" "Mozilla/5.0 (compatible; Yahoo! Slurp/3.0; http://help.yahoo.com/help/us/ysearch/slurp)"
67.195.115.41 - - [12/Feb/2010:20:34:16 -0800] "GET /index.php/photos/album/1/photo/installation/installation/installation/installation/installation/installation/installation/installation/installation/installation/installation/installation/installation/installation/index.php HTTP/1.0" 302 - "-" "Mozilla/5.0 (compatible; Yahoo! Slurp/3.0; http://help.yahoo.com/help/us/ysearch/slurp)"
67.195.115.41 - - [12/Feb/2010:20:34:16 -0800] "GET /index.php/photos/album/1/photo/installation/installation/installation/installation/installation/installation/installation/installation/installation/installation/installation/installation/installation/installation/installation/index.php HTTP/1.0" 302 - "-" "Mozilla/5.0 (compatible; Yahoo! Slurp/3.0; http://help.yahoo.com/help/us/ysearch/slurp)"
67.195.115.41 - - [12/Feb/2010:20:34:16 -0800] "GET /index.php/photos/album/1/photo/installation/installation/installation/installation/installation/installation/installation/installation/installation/installation/installation/installation/installation/installation/installation/installation/index.php HTTP/1.0" 302 - "-" "Mozilla/5.0 (compatible; Yahoo! Slurp/3.0; http://help.yahoo.com/help/us/ysearch/slurp)"
67.195.115.41 - - [12/Feb/2010:20:34:17 -0800] "GET /index.php/photos/album/1/photo/installation/installation/installation/installation/installation/installation/installation/installation/installation/installation/installation/installation/installation/installation/installation/installation/installation/index.php HTTP/1.0" 302 - "-" "Mozilla/5.0 (compatible; Yahoo! Slurp/3.0; http://help.yahoo.com/help/us/ysearch/slurp)"
67.195.115.41 - - [12/Feb/2010:20:34:17 -0800] "GET /index.php/photos/album/1/photo/installation/installation/installation/installation/installation/installation/installation/installation/installation/installation/installation/installation/installation/installation/installation/installation/installation/installation/index.php HTTP/1.0" 302 - "-" "Mozilla/5.0 (compatible; Yahoo! Slurp/3.0; http://help.yahoo.com/help/us/ysearch/slurp)"
67.195.115.41 - - [12/Feb/2010:20:34:18 -0800] "GET /index.php/photos/album/1/photo/installation/installation/installation/installation/installation/installation/installation/installation/installation/installation/installation/installation/installation/installation/installation/installation/installation/installation/installation/index.php HTTP/1.0" 302 - "-" "Mozilla/5.0 (compatible; Yahoo! Slurp/3.0; http://help.yahoo.com/help/us/ysearch/slurp)"
67.195.115.41 - - [12/Feb/2010:20:34:18 -0800] "GET /index.php/photos/album/1/photo/installation/installation/installation/installation/installation/installation/installation/installation/installation/installation/installation/installation/installation/installation/installation/installation/installation/installation/installation/installation/index.php HTTP/1.0" 302 - "-" "Mozilla/5.0 (compatible; Yahoo! Slurp/3.0; http://help.yahoo.com/help/us/ysearch/slurp)"
123.125.66.55 - - [12/Feb/2010:20:55:42 -0800] "GET /robots.txt HTTP/1.1" 200 304 "-" "Baiduspider+(+http://www.baidu.com/search/spider.htm)"
208.80.193.29 - - [12/Feb/2010:20:59:43 -0800] "GET / HTTP/1.0" 302 - "-" "Mozilla/4.0 (compatible; MSIE 7.0; Windows NT 5.1; Mozilla/4.0 (compatible; MSIE 6.0; Windows NT 5.1; SV1) ; Embedded Web Browser from: http://bsalsa.com/; .NET CLR 1.1.4322; .NET CLR 2.0.50727; .NET CLR 3.0.04506.30; .NET CLR 3.0.04506.648)"
124.115.6.17 - - [12/Feb/2010:21:15:48 -0800] "GET /robots.txt HTTP/1.1" 200 304 "-" "Sosospider+(+http://help.soso.com/webspider.htm)"
174.129.126.38 - - [12/Feb/2010:21:23:33 -0800] "GET /robots.txt HTTP/1.1" 200 304 "-" "Mozilla/5.0 (compatible; spbot/1.2; +http://www.seoprofiler.com/bot/ )"
174.129.126.38 - - [12/Feb/2010:21:23:34 -0800] "GET / HTTP/1.1" 302 - "-" "Mozilla/5.0 (compatible; spbot/1.2; +http://www.seoprofiler.com/bot/ )"
204.236.245.5 - - [12/Feb/2010:22:47:30 -0800] "GET /robots.txt HTTP/1.1" 200 304 "-" "Mozilla/5.0 (compatible; spbot/1.2; +http://www.seoprofiler.com/bot/ )"
204.236.245.5 - - [12/Feb/2010:22:47:30 -0800] "GET / HTTP/1.1" 302 - "-" "Mozilla/5.0 (compatible; spbot/1.2; +http://www.seoprofiler.com/bot/ )"
75.101.230.83 - - [12/Feb/2010:22:58:50 -0800] "GET /robots.txt HTTP/1.1" 200 304 "-" "Mozilla/5.0 (compatible; spbot/1.2; +http://www.seoprofiler.com/bot/ )"
75.101.230.83 - - [12/Feb/2010:22:58:51 -0800] "GET / HTTP/1.1" 302 - "-" "Mozilla/5.0 (compatible; spbot/1.2; +http://www.seoprofiler.com/bot/ )"
95.108.142.138 - - [12/Feb/2010:23:21:40 -0800] "GET /robots.txt HTTP/1.1" 200 304 "-" "Yandex/1.01.001 (compatible; Win16; H)"
95.108.142.138 - - [12/Feb/2010:23:21:40 -0800] "GET /robots.txt HTTP/1.1" 200 304 "-" "Yandex/1.01.001 (compatible; Win16; H)"
95.108.142.138 - - [12/Feb/2010:23:21:42 -0800] "GET / HTTP/1.1" 302 - "-" "Yandex/1.01.001 (compatible; Win16; H)"
95.108.142.138 - - [12/Feb/2010:23:21:42 -0800] "GET / HTTP/1.1" 302 - "-" "Yandex/1.01.001 (compatible; Win16; H)"
95.108.142.138 - - [12/Feb/2010:23:21:43 -0800] "GET /installation/index.php HTTP/1.1" 200 2189 "-" "Yandex/1.01.001 (compatible; Win16; H)"
95.108.142.138 - - [12/Feb/2010:23:21:43 -0800] "GET /installation/index.php HTTP/1.1" 200 2189 "-" "Yandex/1.01.001 (compatible; Win16; H)"
95.108.142.138 - - [12/Feb/2010:23:21:52 -0800] "GET /installation/index.php HTTP/1.1" 200 2189 "-" "Yandex/1.01.001 (compatible; Win16; H)"
95.108.142.138 - - [12/Feb/2010:23:21:52 -0800] "GET /installation/index.php HTTP/1.1" 200 2189 "-" "Yandex/1.01.001 (compatible; Win16; H)"
204.236.244.231 - - [12/Feb/2010:23:25:21 -0800] "GET /robots.txt HTTP/1.1" 200 304 "-" "Mozilla/5.0 (compatible; spbot/1.2; +http://www.seoprofiler.com/bot/ )"
204.236.244.231 - - [12/Feb/2010:23:25:21 -0800] "GET / HTTP/1.1" 302 - "-" "Mozilla/5.0 (compatible; spbot/1.2; +http://www.seoprofiler.com/bot/ )"
72.94.249.37 - - [12/Feb/2010:23:32:05 -0800] "GET / HTTP/1.1" 302 - "-" "Mozilla/4.0 (compatible; MSIE 6.0; Windows NT 5.1; SV1; .NET CLR 1.1.4322)"
72.94.249.37 - - [12/Feb/2010:23:32:06 -0800] "GET / HTTP/1.1" 302 - "-" "Mozilla/4.0 (compatible; MSIE 6.0; Windows NT 5.1; SV1; .NET CLR 1.1.4322)"
72.94.249.37 - - [12/Feb/2010:23:32:06 -0800] "GET /installation/index.php HTTP/1.1" 200 2232 "-" "Mozilla/4.0 (compatible; MSIE 6.0; Windows NT 5.1; SV1; .NET CLR 1.1.4322)"
75.101.172.174 - - [13/Feb/2010:00:01:21 -0800] "GET /robots.txt HTTP/1.1" 200 304 "-" "Mozilla/5.0 (compatible; spbot/1.2; +http://www.seoprofiler.com/bot/ )"
75.101.172.174 - - [13/Feb/2010:00:01:22 -0800] "GET / HTTP/1.1" 302 - "-" "Mozilla/5.0 (compatible; spbot/1.2; +http://www.seoprofiler.com/bot/ )"
220.181.94.223 - - [13/Feb/2010:00:33:27 -0800] "GET /robots.txt HTTP/1.1" 304 - "-" "Sogou web spider/4.0(+http://www.sogou.com/docs/help/webmasters.htm#07)"
220.181.94.223 - - [13/Feb/2010:00:33:37 -0800] "GET /robots.txt HTTP/1.1" 304 - "-" "Sogou web spider/4.0(+http://www.sogou.com/docs/help/webmasters.htm#07)"
95.108.142.138 - - [13/Feb/2010:00:44:32 -0800] "GET /robots.txt HTTP/1.1" 200 304 "-" "Yandex/1.01.001 (compatible; Win16; H)"
95.108.142.138 - - [13/Feb/2010:00:44:35 -0800] "GET / HTTP/1.1" 302 - "-" "Yandex/1.01.001 (compatible; Win16; H)"
95.108.142.138 - - [13/Feb/2010:00:44:39 -0800] "GET /installation/index.php HTTP/1.1" 200 2189 "-" "Yandex/1.01.001 (compatible; Win16; H)"
95.108.142.138 - - [13/Feb/2010:00:44:47 -0800] "GET /installation/index.php HTTP/1.1" 200 2189 "-" "Yandex/1.01.001 (compatible; Win16; H)"
95.108.142.138 - - [13/Feb/2010:00:44:59 -0800] "GET /robots.txt HTTP/1.1" 200 304 "-" "Yandex/1.01.001 (compatible; Win16; H)"
95.108.142.138 - - [13/Feb/2010:00:45:03 -0800] "GET / HTTP/1.1" 302 - "-" "Yandex/1.01.001 (compatible; Win16; H)"
95.108.142.138 - - [13/Feb/2010:00:45:06 -0800] "GET /installation/index.php HTTP/1.1" 200 2189 "-" "Yandex/1.01.001 (compatible; Win16; H)"
95.108.142.138 - - [13/Feb/2010:00:45:11 -0800] "GET /installation/index.php HTTP/1.1" 200 2189 "-" "Yandex/1.01.001 (compatible; Win16; H)"
174.129.155.12 - - [13/Feb/2010:00:46:45 -0800] "GET /robots.txt HTTP/1.1" 200 304 "-" "Mozilla/5.0 (compatible; spbot/1.2; +http://www.seoprofiler.com/bot/ )"
174.129.155.12 - - [13/Feb/2010:00:46:46 -0800] "GET / HTTP/1.1" 302 - "-" "Mozilla/5.0 (compatible; spbot/1.2; +http://www.seoprofiler.com/bot/ )"
204.236.212.231 - - [13/Feb/2010:00:58:20 -0800] "GET /robots.txt HTTP/1.1" 200 304 "-" "Mozilla/5.0 (compatible; spbot/1.2; +http://www.seoprofiler.com/bot/ )"
204.236.212.231 - - [13/Feb/2010:00:58:21 -0800] "GET / HTTP/1.1" 302 - "-" "Mozilla/5.0 (compatible; spbot/1.2; +http://www.seoprofiler.com/bot/ )"
75.101.197.161 - - [13/Feb/2010:01:19:59 -0800] "GET /robots.txt HTTP/1.1" 200 304 "-" "Mozilla/5.0 (compatible; spbot/1.2; +http://www.seoprofiler.com/bot/ )"
75.101.197.161 - - [13/Feb/2010:01:19:59 -0800] "GET / HTTP/1.1" 302 - "-" "Mozilla/5.0 (compatible; spbot/1.2; +http://www.seoprofiler.com/bot/ )"
208.80.193.40 - - [13/Feb/2010:02:04:46 -0800] "GET /blog/archive/2006_03_01_index.html&h=224&w=300&sz=12&hl=en&start=46 HTTP/1.0" 302 353 "-" "Mozilla/4.0 (compatible; MSIE 7.0; Windows NT 5.1; .NET CLR 1.1.4322; .NET CLR 2.0.50727; .NET CLR 3.0.04506.30; Seekmo 10.0.341.0)"
174.129.64.213 - - [13/Feb/2010:02:26:43 -0800] "GET /robots.txt HTTP/1.1" 200 304 "-" "Mozilla/5.0 (compatible; spbot/1.2; +http://www.seoprofiler.com/bot/ )"
174.129.64.213 - - [13/Feb/2010:02:26:44 -0800] "GET / HTTP/1.1" 302 - "-" "Mozilla/5.0 (compatible; spbot/1.2; +http://www.seoprofiler.com/bot/ )"
208.80.193.41 - - [13/Feb/2010:03:35:41 -0800] "GET /blog/archive/2006_03_01_index.html&h=224&w=300&sz=12&hl=en&start=21 HTTP/1.0" 302 353 "-" "Mozilla/4.0 (compatible; MSIE 6.0; Windows NT 5.1; SV1; LN; .NET CLR 1.1.4322; InfoPath.1)"
75.101.216.126 - - [13/Feb/2010:03:55:57 -0800] "GET /robots.txt HTTP/1.1" 200 304 "-" "Mozilla/5.0 (compatible; spbot/1.2; +http://www.seoprofiler.com/bot/ )"
75.101.216.126 - - [13/Feb/2010:03:55:59 -0800] "GET / HTTP/1.1" 302 - "-" "Mozilla/5.0 (compatible; spbot/1.2; +http://www.seoprofiler.com/bot/ )"
75.101.214.102 - - [13/Feb/2010:04:19:36 -0800] "GET /robots.txt HTTP/1.1" 200 304 "-" "Mozilla/5.0 (compatible; spbot/1.2; +http://www.seoprofiler.com/bot/ )"
75.101.214.102 - - [13/Feb/2010:04:19:36 -0800] "GET / HTTP/1.1" 302 - "-" "Mozilla/5.0 (compatible; spbot/1.2; +http://www.seoprofiler.com/bot/ )"
75.101.168.14 - - [13/Feb/2010:04:39:46 -0800] "GET /robots.txt HTTP/1.1" 200 304 "-" "Mozilla/5.0 (compatible; spbot/1.2; +http://www.seoprofiler.com/bot/ )"
75.101.168.14 - - [13/Feb/2010:04:39:47 -0800] "GET / HTTP/1.1" 302 - "-" "Mozilla/5.0 (compatible; spbot/1.2; +http://www.seoprofiler.com/bot/ )"
67.202.0.31 - - [13/Feb/2010:04:42:42 -0800] "GET /robots.txt HTTP/1.1" 200 304 "-" "Mozilla/5.0 (compatible; spbot/1.2; +http://www.seoprofiler.com/bot/ )"
67.202.0.31 - - [13/Feb/2010:04:42:43 -0800] "GET / HTTP/1.1" 302 - "-" "Mozilla/5.0 (compatible; spbot/1.2; +http://www.seoprofiler.com/bot/ )"
174.129.159.143 - - [13/Feb/2010:05:14:11 -0800] "GET /robots.txt HTTP/1.1" 200 304 "-" "Mozilla/5.0 (compatible; spbot/1.2; +http://www.seoprofiler.com/bot/ )"
174.129.159.143 - - [13/Feb/2010:05:14:12 -0800] "GET / HTTP/1.1" 302 - "-" "Mozilla/5.0 (compatible; spbot/1.2; +http://www.seoprofiler.com/bot/ )"
204.236.221.147 - - [13/Feb/2010:05:20:18 -0800] "GET /robots.txt HTTP/1.1" 200 304 "-" "Mozilla/5.0 (compatible; spbot/1.2; +http://www.seoprofiler.com/bot/ )"
204.236.221.147 - - [13/Feb/2010:05:20:19 -0800] "GET / HTTP/1.1" 302 - "-" "Mozilla/5.0 (compatible; spbot/1.2; +http://www.seoprofiler.com/bot/ )"
174.129.61.74 - - [13/Feb/2010:06:05:53 -0800] "GET /robots.txt HTTP/1.1" 200 304 "-" "Mozilla/5.0 (compatible; spbot/1.2; +http://www.seoprofiler.com/bot/ )"
174.129.61.74 - - [13/Feb/2010:06:05:54 -0800] "GET / HTTP/1.1" 302 - "-" "Mozilla/5.0 (compatible; spbot/1.2; +http://www.seoprofiler.com/bot/ )"
75.101.179.97 - - [13/Feb/2010:06:48:35 -0800] "GET /robots.txt HTTP/1.1" 200 304 "-" "Mozilla/5.0 (compatible; spbot/1.2; +http://www.seoprofiler.com/bot/ )"
75.101.179.97 - - [13/Feb/2010:06:48:36 -0800] "GET / HTTP/1.1" 302 - "-" "Mozilla/5.0 (compatible; spbot/1.2; +http://www.seoprofiler.com/bot/ )"
174.129.80.215 - - [13/Feb/2010:08:29:48 -0800] "GET /robots.txt HTTP/1.1" 200 304 "-" "Mozilla/5.0 (compatible; spbot/1.2; +http://www.seoprofiler.com/bot/ )"
174.129.80.215 - - [13/Feb/2010:08:29:48 -0800] "GET / HTTP/1.1" 302 - "-" "Mozilla/5.0 (compatible; spbot/1.2; +http://www.seoprofiler.com/bot/ )"
174.129.140.41 - - [13/Feb/2010:08:36:07 -0800] "GET /robots.txt HTTP/1.1" 200 304 "-" "Mozilla/5.0 (compatible; spbot/1.2; +http://www.seoprofiler.com/bot/ )"
174.129.140.41 - - [13/Feb/2010:08:36:07 -0800] "GET / HTTP/1.1" 302 - "-" "Mozilla/5.0 (compatible; spbot/1.2; +http://www.seoprofiler.com/bot/ )"
67.202.34.132 - - [13/Feb/2010:09:12:57 -0800] "GET /robots.txt HTTP/1.1" 200 304 "-" "Mozilla/5.0 (compatible; spbot/1.2; +http://www.seoprofiler.com/bot/ )"
67.202.34.132 - - [13/Feb/2010:09:12:57 -0800] "GET / HTTP/1.1" 302 - "-" "Mozilla/5.0 (compatible; spbot/1.2; +http://www.seoprofiler.com/bot/ )"
75.101.215.253 - - [13/Feb/2010:09:36:13 -0800] "GET /robots.txt HTTP/1.1" 200 304 "-" "Mozilla/5.0 (compatible; spbot/1.2; +http://www.seoprofiler.com/bot/ )"
75.101.215.253 - - [13/Feb/2010:09:36:14 -0800] "GET / HTTP/1.1" 302 - "-" "Mozilla/5.0 (compatible; spbot/1.2; +http://www.seoprofiler.com/bot/ )"
93.158.148.31 - - [13/Feb/2010:10:29:10 -0800] "GET /robots.txt HTTP/1.1" 200 304 "-" "Yandex/1.01.001 (compatible; Win16; I)"
93.158.148.31 - - [13/Feb/2010:10:29:10 -0800] "GET /robots.txt HTTP/1.1" 200 304 "-" "Yandex/1.01.001 (compatible; Win16; I)"
67.218.116.133 - - [13/Feb/2010:12:21:56 -0800] "GET /robots.txt HTTP/1.1" 200 304 "-" "Mozilla/5.0 (Twiceler-0.9 http://www.cuil.com/twiceler/robot.html)"
208.80.193.35 - - [13/Feb/2010:12:23:10 -0800] "GET / HTTP/1.0" 302 - "-" "Mozilla/4.0 (compatible; MSIE 6.0; Windows NT 5.1; SV1; FunWebProducts; Media Center PC 3.0; .NET CLR 1.0.3705; .NET CLR 2.0.50727)"
75.101.254.111 - - [13/Feb/2010:12:54:16 -0800] "GET /robots.txt HTTP/1.1" 200 304 "-" "Mozilla/5.0 (compatible; spbot/1.2; +http://www.seoprofiler.com/bot/ )"
75.101.254.111 - - [13/Feb/2010:12:54:17 -0800] "GET / HTTP/1.1" 302 - "-" "Mozilla/5.0 (compatible; spbot/1.2; +http://www.seoprofiler.com/bot/ )"
66.249.71.67 - - [13/Feb/2010:13:19:02 -0800] "GET /robots.txt HTTP/1.1" 200 304 "-" "Mozilla/5.0 (compatible; Googlebot/2.1; +http://www.google.com/bot.html)"
67.202.56.158 - - [13/Feb/2010:13:37:54 -0800] "GET /robots.txt HTTP/1.1" 200 304 "-" "Mozilla/5.0 (compatible; spbot/1.2; +http://www.seoprofiler.com/bot/ )"
67.202.56.158 - - [13/Feb/2010:13:37:54 -0800] "GET / HTTP/1.1" 302 - "-" "Mozilla/5.0 (compatible; spbot/1.2; +http://www.seoprofiler.com/bot/ )"
174.129.153.52 - - [13/Feb/2010:13:49:33 -0800] "GET /robots.txt HTTP/1.1" 200 304 "-" "Mozilla/5.0 (compatible; spbot/1.2; +http://www.seoprofiler.com/bot/ )"
174.129.153.52 - - [13/Feb/2010:13:49:34 -0800] "GET / HTTP/1.1" 302 - "-" "Mozilla/5.0 (compatible; spbot/1.2; +http://www.seoprofiler.com/bot/ )"
174.129.144.34 - - [13/Feb/2010:13:57:03 -0800] "GET /robots.txt HTTP/1.1" 200 304 "-" "Mozilla/5.0 (compatible; spbot/1.2; +http://www.seoprofiler.com/bot/ )"
174.129.144.34 - - [13/Feb/2010:13:57:04 -0800] "GET / HTTP/1.1" 302 - "-" "Mozilla/5.0 (compatible; spbot/1.2; +http://www.seoprofiler.com/bot/ )"
174.129.59.49 - - [13/Feb/2010:16:00:25 -0800] "GET /robots.txt HTTP/1.1" 200 304 "-" "Mozilla/5.0 (compatible; spbot/1.2; +http://www.seoprofiler.com/bot/ )"
174.129.59.49 - - [13/Feb/2010:16:00:26 -0800] "GET / HTTP/1.1" 302 - "-" "Mozilla/5.0 (compatible; spbot/1.2; +http://www.seoprofiler.com/bot/ )"
193.47.80.41 - - [13/Feb/2010:16:18:55 -0800] "GET /robots.txt HTTP/1.1" 200 304 "-" "Mozilla/5.0 (compatible; Exabot/3.0; +http://www.exabot.com/go/robot)"
193.47.80.41 - - [13/Feb/2010:16:18:56 -0800] "GET / HTTP/1.1" 302 - "-" "Mozilla/5.0 (compatible; Exabot/3.0; +http://www.exabot.com/go/robot)"
220.181.94.223 - - [13/Feb/2010:20:01:00 -0800] "GET /robots.txt HTTP/1.1" 304 - "-" "Sogou web spider/4.0(+http://www.sogou.com/docs/help/webmasters.htm#07)"
220.181.94.223 - - [13/Feb/2010:20:01:10 -0800] "GET /robots.txt HTTP/1.1" 304 - "-" "Sogou web spider/4.0(+http://www.sogou.com/docs/help/webmasters.htm#07)"
123.125.66.112 - - [13/Feb/2010:21:55:31 -0800] "GET /robots.txt HTTP/1.1" 200 304 "-" "Baiduspider+(+http://www.baidu.com/search/spider.htm)"
75.101.204.87 - - [13/Feb/2010:22:21:41 -0800] "GET /robots.txt HTTP/1.1" 200 304 "-" "Mozilla/5.0 (compatible; spbot/1.2; +http://www.seoprofiler.com/bot/ )"
75.101.204.87 - - [13/Feb/2010:22:21:41 -0800] "GET / HTTP/1.1" 302 - "-" "Mozilla/5.0 (compatible; spbot/1.2; +http://www.seoprofiler.com/bot/ )"
75.101.218.170 - - [13/Feb/2010:23:01:17 -0800] "GET /robots.txt HTTP/1.1" 200 304 "-" "Mozilla/5.0 (compatible; spbot/1.2; +http://www.seoprofiler.com/bot/ )"
75.101.218.170 - - [13/Feb/2010:23:01:17 -0800] "GET / HTTP/1.1" 302 - "-" "Mozilla/5.0 (compatible; spbot/1.2; +http://www.seoprofiler.com/bot/ )"
216.129.119.40 - - [14/Feb/2010:00:50:13 -0800] "GET /robots.txt HTTP/1.1" 200 304 "-" "Mozilla/5.0 (Twiceler-0.9 http://www.cuil.com/twiceler/robot.html)"
66.249.71.67 - - [14/Feb/2010:03:58:00 -0800] "GET / HTTP/1.1" 302 - "-" "Mozilla/5.0 (compatible; Googlebot/2.1; +http://www.google.com/bot.html)"
75.101.204.87 - - [14/Feb/2010:04:01:11 -0800] "GET /robots.txt HTTP/1.1" 200 304 "-" "Mozilla/5.0 (compatible; spbot/1.2; +http://www.seoprofiler.com/bot/ )"
75.101.204.87 - - [14/Feb/2010:04:01:11 -0800] "GET / HTTP/1.1" 302 - "-" "Mozilla/5.0 (compatible; spbot/1.2; +http://www.seoprofiler.com/bot/ )"
124.115.6.17 - - [14/Feb/2010:05:34:10 -0800] "GET /robots.txt HTTP/1.1" 200 304 "-" "Sosospider+(+http://help.soso.com/webspider.htm)"
93.158.148.31 - - [14/Feb/2010:05:51:44 -0800] "GET / HTTP/1.1" 302 - "-" "Yandex/1.01.001 (compatible; Win16; I)"
93.158.148.31 - - [14/Feb/2010:05:51:44 -0800] "GET / HTTP/1.1" 302 - "-" "Yandex/1.01.001 (compatible; Win16; I)"
70.36.103.58 - - [14/Feb/2010:06:31:57 -0800] "GET /robots.txt HTTP/1.0" 200 304 "http://sharkbomb.com/robots.txt" "Mozilla/4.0 (compatible; MSIE 6.0; Windows NT 5.1; SV1; .NET CLR 2.0.50727)"
70.36.103.58 - - [14/Feb/2010:06:31:57 -0800] "GET / HTTP/1.0" 302 - "http://sharkbomb.com/" "Mozilla/4.0 (compatible; MSIE 6.0; Windows NT 5.1; SV1; .NET CLR 2.0.50727)"
70.36.103.58 - - [14/Feb/2010:06:32:09 -0800] "GET /robots.txt HTTP/1.0" 200 304 "http://sharkbomb.com/robots.txt" "Mozilla/4.0 (compatible; MSIE 6.0; Windows NT 5.1; SV1; .NET CLR 2.0.50727)"
66.249.71.67 - - [14/Feb/2010:07:32:01 -0800] "GET /index.php/photos/album/1/photo/5.html HTTP/1.1" 302 - "-" "Mozilla/5.0 (compatible; Googlebot/2.1; +http://www.google.com/bot.html)"
66.249.71.67 - - [14/Feb/2010:07:32:02 -0800] "GET /index.php/photos/album/1/photo/installation/index.php HTTP/1.1" 302 - "-" "Mozilla/5.0 (compatible; Googlebot/2.1; +http://www.google.com/bot.html)"
66.249.71.67 - - [14/Feb/2010:07:32:02 -0800] "GET /index.php/photos/album/1/photo/installation/installation/index.php HTTP/1.1" 302 - "-" "Mozilla/5.0 (compatible; Googlebot/2.1; +http://www.google.com/bot.html)"
66.249.71.67 - - [14/Feb/2010:07:32:03 -0800] "GET /index.php/photos/album/1/photo/installation/installation/installation/index.php HTTP/1.1" 302 - "-" "Mozilla/5.0 (compatible; Googlebot/2.1; +http://www.google.com/bot.html)"
66.249.71.67 - - [14/Feb/2010:07:32:03 -0800] "GET /index.php/photos/album/1/photo/installation/installation/installation/installation/index.php HTTP/1.1" 302 - "-" "Mozilla/5.0 (compatible; Googlebot/2.1; +http://www.google.com/bot.html)"
66.249.71.67 - - [14/Feb/2010:07:32:04 -0800] "GET /index.php/photos/album/1/photo/installation/installation/installation/installation/installation/index.php HTTP/1.1" 302 - "-" "Mozilla/5.0 (compatible; Googlebot/2.1; +http://www.google.com/bot.html)"
75.101.214.102 - - [14/Feb/2010:07:35:44 -0800] "GET /robots.txt HTTP/1.1" 200 304 "-" "Mozilla/5.0 (compatible; spbot/1.2; +http://www.seoprofiler.com/bot/ )"
75.101.214.102 - - [14/Feb/2010:07:35:45 -0800] "GET / HTTP/1.1" 302 - "-" "Mozilla/5.0 (compatible; spbot/1.2; +http://www.seoprofiler.com/bot/ )"
174.129.126.38 - - [14/Feb/2010:08:09:45 -0800] "GET /robots.txt HTTP/1.1" 200 304 "-" "Mozilla/5.0 (compatible; spbot/1.2; +http://www.seoprofiler.com/bot/ )"
174.129.126.38 - - [14/Feb/2010:08:09:45 -0800] "GET / HTTP/1.1" 302 - "-" "Mozilla/5.0 (compatible; spbot/1.2; +http://www.seoprofiler.com/bot/ )"
67.218.116.133 - - [14/Feb/2010:10:13:10 -0800] "GET /robots.txt HTTP/1.1" 200 304 "-" "Mozilla/5.0 (Twiceler-0.9 http://www.cuil.com/twiceler/robot.html)"
208.80.193.41 - - [14/Feb/2010:12:18:53 -0800] "GET / HTTP/1.0" 302 - "-" "Mozilla/4.0 (compatible; MSIE 6.0; Windows NT 5.1; Q312461; SV1; Advanced Searchbar 3.25; .NET CLR 1.0.3705)"
93.158.148.31 - - [14/Feb/2010:12:22:52 -0800] "GET /robots.txt HTTP/1.1" 200 304 "-" "Yandex/1.01.001 (compatible; Win16; I)"
66.249.71.67 - - [14/Feb/2010:12:53:23 -0800] "GET /index.php/photos/album/1/photo/1.html HTTP/1.1" 302 - "-" "Mozilla/5.0 (compatible; Googlebot/2.1; +http://www.google.com/bot.html)"
66.249.71.67 - - [14/Feb/2010:12:53:23 -0800] "GET /index.php/photos/album/1/photo/installation/installation/installation/index.php HTTP/1.1" 302 - "-" "Mozilla/5.0 (compatible; Googlebot/2.1; +http://www.google.com/bot.html)"
174.129.106.91 - - [14/Feb/2010:13:02:06 -0800] "GET /robots.txt HTTP/1.1" 200 304 "-" "Mozilla/5.0 (compatible; spbot/1.2; +http://www.seoprofiler.com/bot/ )"
174.129.106.91 - - [14/Feb/2010:13:02:07 -0800] "GET / HTTP/1.1" 302 - "-" "Mozilla/5.0 (compatible; spbot/1.2; +http://www.seoprofiler.com/bot/ )"
174.129.103.67 - - [14/Feb/2010:13:14:21 -0800] "GET /robots.txt HTTP/1.1" 200 304 "-" "Mozilla/5.0 (compatible; spbot/1.2; +http://www.seoprofiler.com/bot/ )"
174.129.103.67 - - [14/Feb/2010:13:14:22 -0800] "GET / HTTP/1.1" 302 - "-" "Mozilla/5.0 (compatible; spbot/1.2; +http://www.seoprofiler.com/bot/ )"
174.129.136.94 - - [14/Feb/2010:13:17:46 -0800] "GET /robots.txt HTTP/1.1" 200 304 "-" "Mozilla/5.0 (compatible; spbot/1.2; +http://www.seoprofiler.com/bot/ )"
174.129.136.94 - - [14/Feb/2010:13:17:47 -0800] "GET / HTTP/1.1" 302 - "-" "Mozilla/5.0 (compatible; spbot/1.2; +http://www.seoprofiler.com/bot/ )"
67.202.0.31 - - [14/Feb/2010:13:43:01 -0800] "GET /robots.txt HTTP/1.1" 200 304 "-" "Mozilla/5.0 (compatible; spbot/1.2; +http://www.seoprofiler.com/bot/ )"
67.202.0.31 - - [14/Feb/2010:13:43:01 -0800] "GET / HTTP/1.1" 302 - "-" "Mozilla/5.0 (compatible; spbot/1.2; +http://www.seoprofiler.com/bot/ )"
93.158.148.31 - - [14/Feb/2010:13:56:23 -0800] "GET /robots.txt HTTP/1.1" 200 304 "-" "Yandex/1.01.001 (compatible; Win16; I)"
75.101.234.148 - - [14/Feb/2010:14:28:40 -0800] "GET /robots.txt HTTP/1.1" 200 304 "-" "Mozilla/5.0 (compatible; spbot/1.2; +http://www.seoprofiler.com/bot/ )"
75.101.234.148 - - [14/Feb/2010:14:28:41 -0800] "GET / HTTP/1.1" 302 - "-" "Mozilla/5.0 (compatible; spbot/1.2; +http://www.seoprofiler.com/bot/ )"
193.47.80.41 - - [14/Feb/2010:15:19:08 -0800] "GET / HTTP/1.1" 302 - "-" "Mozilla/5.0 (compatible; Exabot/3.0; +http://www.exabot.com/go/robot)"
66.249.71.67 - - [14/Feb/2010:16:27:43 -0800] "GET /robots.txt HTTP/1.1" 200 304 "-" "Mozilla/5.0 (compatible; Googlebot/2.1; +http://www.google.com/bot.html)"
66.249.71.67 - - [14/Feb/2010:16:27:43 -0800] "GET /index.php/photos/album/1.html HTTP/1.1" 302 - "-" "Mozilla/5.0 (compatible; Googlebot/2.1; +http://www.google.com/bot.html)"
66.249.71.67 - - [14/Feb/2010:16:27:44 -0800] "GET /index.php/photos/album/installation/index.php HTTP/1.1" 302 - "-" "Mozilla/5.0 (compatible; Googlebot/2.1; +http://www.google.com/bot.html)"
66.249.71.67 - - [14/Feb/2010:16:27:45 -0800] "GET /index.php/photos/album/installation/installation/index.php HTTP/1.1" 302 - "-" "Mozilla/5.0 (compatible; Googlebot/2.1; +http://www.google.com/bot.html)"
66.249.71.67 - - [14/Feb/2010:16:27:45 -0800] "GET /index.php/photos/album/installation/installation/installation/index.php HTTP/1.1" 302 - "-" "Mozilla/5.0 (compatible; Googlebot/2.1; +http://www.google.com/bot.html)"
66.249.71.67 - - [14/Feb/2010:16:27:46 -0800] "GET /index.php/photos/album/installation/installation/installation/installation/index.php HTTP/1.1" 302 - "-" "Mozilla/5.0 (compatible; Googlebot/2.1; +http://www.google.com/bot.html)"
66.249.71.67 - - [14/Feb/2010:16:27:47 -0800] "GET /index.php/photos/album/installation/installation/installation/installation/installation/index.php HTTP/1.1" 302 - "-" "Mozilla/5.0 (compatible; Googlebot/2.1; +http://www.google.com/bot.html)"
93.158.148.31 - - [14/Feb/2010:17:06:46 -0800] "GET / HTTP/1.1" 302 - "-" "Yandex/1.01.001 (compatible; Win16; I)"
93.158.148.31 - - [14/Feb/2010:17:06:48 -0800] "GET / HTTP/1.1" 302 - "-" "Yandex/1.01.001 (compatible; Win16; I)"
208.80.193.40 - - [14/Feb/2010:17:15:09 -0800] "GET /blog/archive/2006_03_01_index.html&h=224&w=300&sz=12&hl=en&start=46 HTTP/1.0" 302 353 "-" "Mozilla/4.0 (compatible; MSIE 6.0; Windows NT 5.1; (R1 1.5); .NET CLR 1.1.4322; InfoPath.1)"
72.44.53.29 - - [14/Feb/2010:17:51:08 -0800] "GET /robots.txt HTTP/1.1" 200 304 "-" "Mozilla/5.0 (compatible; spbot/1.2; +http://www.seoprofiler.com/bot/ )"
72.44.53.29 - - [14/Feb/2010:17:51:09 -0800] "GET / HTTP/1.1" 302 - "-" "Mozilla/5.0 (compatible; spbot/1.2; +http://www.seoprofiler.com/bot/ )"
208.80.193.42 - - [14/Feb/2010:18:44:26 -0800] "GET /blog/archive/2006_03_01_index.html&h=224&w=300&sz=12&hl=en&start=21 HTTP/1.0" 302 353 "-" "Mozilla/4.0 (compatible; MSIE 7.0; Windows NT 5.1; .NET CLR 1.1.4322; .NET CLR 2.0.50727; Creative ZENcast v1.04.06)"
67.202.34.132 - - [14/Feb/2010:18:50:36 -0800] "GET /robots.txt HTTP/1.1" 200 304 "-" "Mozilla/5.0 (compatible; spbot/1.2; +http://www.seoprofiler.com/bot/ )"
67.202.34.132 - - [14/Feb/2010:18:50:36 -0800] "GET / HTTP/1.1" 302 - "-" "Mozilla/5.0 (compatible; spbot/1.2; +http://www.seoprofiler.com/bot/ )"
75.101.219.131 - - [14/Feb/2010:21:16:44 -0800] "GET /robots.txt HTTP/1.1" 200 304 "-" "Mozilla/5.0 (compatible; spbot/1.2; +http://www.seoprofiler.com/bot/ )"
75.101.219.131 - - [14/Feb/2010:21:16:45 -0800] "GET / HTTP/1.1" 302 - "-" "Mozilla/5.0 (compatible; spbot/1.2; +http://www.seoprofiler.com/bot/ )"
123.125.66.31 - - [14/Feb/2010:21:44:16 -0800] "GET /robots.txt HTTP/1.1" 200 304 "-" "Baiduspider+(+http://www.baidu.com/search/spider.htm)"
204.236.212.138 - - [14/Feb/2010:23:26:24 -0800] "GET /robots.txt HTTP/1.1" 200 304 "-" "Mozilla/5.0 (compatible; spbot/1.2; +http://www.seoprofiler.com/bot/ )"
204.236.212.138 - - [14/Feb/2010:23:26:24 -0800] "GET / HTTP/1.1" 302 - "-" "Mozilla/5.0 (compatible; spbot/1.2; +http://www.seoprofiler.com/bot/ )"
75.101.216.126 - - [15/Feb/2010:00:08:31 -0800] "GET /robots.txt HTTP/1.1" 200 304 "-" "Mozilla/5.0 (compatible; spbot/1.2; +http://www.seoprofiler.com/bot/ )"
75.101.216.126 - - [15/Feb/2010:00:08:31 -0800] "GET / HTTP/1.1" 302 - "-" "Mozilla/5.0 (compatible; spbot/1.2; +http://www.seoprofiler.com/bot/ )"
216.129.119.40 - - [15/Feb/2010:00:10:25 -0800] "GET /robots.txt HTTP/1.1" 200 304 "-" "Mozilla/5.0 (Twiceler-0.9 http://www.cuil.com/twiceler/robot.html)"
220.181.94.223 - - [15/Feb/2010:00:33:50 -0800] "GET /robots.txt HTTP/1.1" 304 - "-" "Sogou web spider/4.0(+http://www.sogou.com/docs/help/webmasters.htm#07)"
220.181.94.223 - - [15/Feb/2010:00:34:00 -0800] "GET /robots.txt HTTP/1.1" 304 - "-" "Sogou web spider/4.0(+http://www.sogou.com/docs/help/webmasters.htm#07)"
208.80.193.28 - - [15/Feb/2010:03:31:45 -0800] "GET / HTTP/1.0" 302 - "-" "Mozilla/4.0 (compatible; MSIE 6.0; Windows NT 5.1; YPC 3.2.0; yie6_SBC; FunWebProducts; SV1; yplus 5.1.04b)"
174.129.163.50 - - [15/Feb/2010:04:57:19 -0800] "GET /robots.txt HTTP/1.1" 200 304 "-" "Mozilla/5.0 (compatible; spbot/1.2; +http://www.seoprofiler.com/bot/ )"
174.129.163.50 - - [15/Feb/2010:04:57:19 -0800] "GET / HTTP/1.1" 302 - "-" "Mozilla/5.0 (compatible; spbot/1.2; +http://www.seoprofiler.com/bot/ )"
174.129.72.244 - - [15/Feb/2010:07:21:00 -0800] "GET /robots.txt HTTP/1.1" 200 304 "-" "Mozilla/5.0 (compatible; spbot/1.2; +http://www.seoprofiler.com/bot/ )"
174.129.72.244 - - [15/Feb/2010:07:21:00 -0800] "GET / HTTP/1.1" 302 - "-" "Mozilla/5.0 (compatible; spbot/1.2; +http://www.seoprofiler.com/bot/ )"
67.202.0.47 - - [15/Feb/2010:08:50:32 -0800] "GET /robots.txt HTTP/1.1" 200 304 "-" "Mozilla/5.0 (compatible; spbot/1.2; +http://www.seoprofiler.com/bot/ )"
67.202.0.47 - - [15/Feb/2010:08:50:32 -0800] "GET / HTTP/1.1" 302 - "-" "Mozilla/5.0 (compatible; spbot/1.2; +http://www.seoprofiler.com/bot/ )"
24.161.95.204 - - [15/Feb/2010:08:51:09 -0800] "GET /favicon.ico HTTP/1.1" 302 353 "-" "Mozilla/5.0 (Windows; U; Windows NT 6.0; en-US; rv:1.9.2) Gecko/20100115 Firefox/3.6 (.NET CLR 3.5.30729)"
24.161.95.204 - - [15/Feb/2010:08:51:10 -0800] "GET / HTTP/1.1" 302 - "-" "Mozilla/5.0 (Windows; U; Windows NT 6.0; en-US; rv:1.9.2) Gecko/20100115 Firefox/3.6 (.NET CLR 3.5.30729)"
24.161.95.204 - - [15/Feb/2010:08:51:10 -0800] "GET /installation/index.php HTTP/1.1" 200 2231 "-" "Mozilla/5.0 (Windows; U; Windows NT 6.0; en-US; rv:1.9.2) Gecko/20100115 Firefox/3.6 (.NET CLR 3.5.30729)"
67.218.116.133 - - [15/Feb/2010:09:24:25 -0800] "GET /robots.txt HTTP/1.1" 200 304 "-" "Mozilla/5.0 (Twiceler-0.9 http://www.cuil.com/twiceler/robot.html)"
88.131.106.31 - - [15/Feb/2010:10:00:14 -0800] "GET /robots.txt HTTP/1.0" 200 304 "-" "Speedy Spider (http://www.entireweb.com/about/search_tech/speedy_spider/)"
88.131.106.31 - - [15/Feb/2010:10:00:23 -0800] "GET / HTTP/1.0" 302 - "-" "Speedy Spider (http://www.entireweb.com/about/search_tech/speedy_spider/)"
174.129.127.87 - - [15/Feb/2010:10:10:05 -0800] "GET /robots.txt HTTP/1.1" 200 304 "-" "Mozilla/5.0 (compatible; spbot/1.2; +http://www.seoprofiler.com/bot/ )"
174.129.127.87 - - [15/Feb/2010:10:10:05 -0800] "GET / HTTP/1.1" 302 - "-" "Mozilla/5.0 (compatible; spbot/1.2; +http://www.seoprofiler.com/bot/ )"
72.44.61.170 - - [15/Feb/2010:10:31:17 -0800] "GET /robots.txt HTTP/1.1" 200 304 "-" "Mozilla/5.0 (compatible; spbot/1.2; +http://www.seoprofiler.com/bot/ )"
72.44.61.170 - - [15/Feb/2010:10:31:18 -0800] "GET / HTTP/1.1" 302 - "-" "Mozilla/5.0 (compatible; spbot/1.2; +http://www.seoprofiler.com/bot/ )"
174.129.80.172 - - [15/Feb/2010:10:43:32 -0800] "GET /robots.txt HTTP/1.1" 200 304 "-" "Mozilla/5.0 (compatible; spbot/1.2; +http://www.seoprofiler.com/bot/ )"
174.129.80.172 - - [15/Feb/2010:10:43:33 -0800] "GET / HTTP/1.1" 302 - "-" "Mozilla/5.0 (compatible; spbot/1.2; +http://www.seoprofiler.com/bot/ )"
204.236.221.147 - - [15/Feb/2010:12:25:34 -0800] "GET /robots.txt HTTP/1.1" 200 304 "-" "Mozilla/5.0 (compatible; spbot/1.2; +http://www.seoprofiler.com/bot/ )"
204.236.221.147 - - [15/Feb/2010:12:25:35 -0800] "GET / HTTP/1.1" 302 - "-" "Mozilla/5.0 (compatible; spbot/1.2; +http://www.seoprofiler.com/bot/ )"
124.115.6.17 - - [15/Feb/2010:14:42:08 -0800] "GET /robots.txt HTTP/1.1" 200 304 "-" "Sosospider+(+http://help.soso.com/webspider.htm)"
193.47.80.41 - - [15/Feb/2010:15:17:33 -0800] "GET /robots.txt HTTP/1.1" 200 304 "-" "Mozilla/5.0 (compatible; Exabot/3.0; +http://www.exabot.com/go/robot)"
193.47.80.41 - - [15/Feb/2010:15:17:34 -0800] "GET / HTTP/1.1" 302 - "-" "Mozilla/5.0 (compatible; Exabot/3.0; +http://www.exabot.com/go/robot)"
220.181.94.223 - - [15/Feb/2010:20:00:19 -0800] "GET /robots.txt HTTP/1.1" 304 - "-" "Sogou web spider/4.0(+http://www.sogou.com/docs/help/webmasters.htm#07)"
220.181.94.223 - - [15/Feb/2010:20:00:29 -0800] "GET /robots.txt HTTP/1.1" 304 - "-" "Sogou web spider/4.0(+http://www.sogou.com/docs/help/webmasters.htm#07)"
123.125.66.36 - - [15/Feb/2010:21:51:09 -0800] "GET /robots.txt HTTP/1.1" 200 304 "-" "Baiduspider+(+http://www.baidu.com/search/spider.htm)"
216.129.119.40 - - [16/Feb/2010:00:11:52 -0800] "GET /robots.txt HTTP/1.1" 200 304 "-" "Mozilla/5.0 (Twiceler-0.9 http://www.cuil.com/twiceler/robot.html)"
93.174.95.160 - - [16/Feb/2010:00:27:14 -0800] "GET / HTTP/1.1" 302 - "-" "Mozilla/5.0 (compatible; Purebot/1.1; +http://www.puritysearch.net/)"
93.174.95.160 - - [16/Feb/2010:00:27:19 -0800] "GET /installation/index.php HTTP/1.1" 200 2232 "-" "Mozilla/5.0 (compatible; Purebot/1.1; +http://www.puritysearch.net/)"
66.249.71.67 - - [16/Feb/2010:01:36:54 -0800] "GET /robots.txt HTTP/1.1" 200 304 "-" "Mozilla/5.0 (compatible; Googlebot/2.1; +http://www.google.com/bot.html)"
208.80.193.41 - - [16/Feb/2010:03:23:26 -0800] "GET / HTTP/1.0" 302 - "-" "Mozilla/4.0 (compatible; MSIE 6.0; Windows NT 5.0; Mozilla/4.0 (compatible; MSIE 6.0; Windows NT 5.1; SV1) ; .NET CLR 1.1.4322)"
64.56.66.210 - - [16/Feb/2010:06:01:03 -0800] "GET /robots.txt HTTP/1.0" 200 304 "http://sharkbomb.com/robots.txt" "Mozilla/4.0 (compatible; MSIE 6.0; Windows NT 5.1; SV1; .NET CLR 2.0.50727)"
