208.80.193.41 - - [13/Mar/2010:18:43:01 -0800] "GET / HTTP/1.0" 302 - "-" "Mozilla/4.0 (compatible; MSIE 7.0; Windows NT 5.1; Videotron; InfoPath.1; FDM)"
220.181.94.223 - - [13/Mar/2010:23:03:23 -0800] "GET /robots.txt HTTP/1.1" 304 - "-" "Sogou web spider/4.0(+http://www.sogou.com/docs/help/webmasters.htm#07)"
220.181.94.223 - - [13/Mar/2010:23:03:32 -0800] "GET /robots.txt HTTP/1.1" 304 - "-" "Sogou web spider/4.0(+http://www.sogou.com/docs/help/webmasters.htm#07)"
216.129.119.40 - - [14/Mar/2010:00:23:24 -0800] "GET /robots.txt HTTP/1.1" 200 304 "-" "Mozilla/5.0 (Twiceler-0.9 http://www.cuil.com/twiceler/robot.html)"
66.249.65.207 - - [14/Mar/2010:00:30:24 -0800] "GET /robots.txt HTTP/1.1" 200 304 "-" "Mozilla/5.0 (compatible; Googlebot/2.1; +http://www.google.com/bot.html)"
66.249.65.207 - - [14/Mar/2010:00:30:24 -0800] "GET / HTTP/1.1" 302 - "-" "Mozilla/5.0 (compatible; Googlebot/2.1; +http://www.google.com/bot.html)"
66.249.65.243 - - [14/Mar/2010:01:31:22 -0800] "GET /robots.txt HTTP/1.1" 200 304 "-" "Mozilla/5.0 (compatible; Googlebot/2.1; +http://www.google.com/bot.html)"
66.249.65.243 - - [14/Mar/2010:01:31:22 -0800] "GET / HTTP/1.1" 302 - "-" "Mozilla/5.0 (compatible; Googlebot/2.1; +http://www.google.com/bot.html)"
91.191.243.194 - - [14/Mar/2010:05:41:49 -0700] "GET / HTTP/1.1" 302 - "http://searchenginescript.biz/" "Mozilla/5.0 (Windows; U; Win 9x 4.90; nl-NL; rv:1.7.5) Gecko/20041202 Firefox/1.0"
91.191.243.194 - - [14/Mar/2010:05:41:49 -0700] "GET / HTTP/1.1" 302 - "http://searchenginescript.biz/" "Mozilla/5.0 (Windows; U; Win 9x 4.90; nl-NL; rv:1.7.5) Gecko/20041202 Firefox/1.0"
91.191.243.194 - - [14/Mar/2010:05:41:49 -0700] "GET / HTTP/1.1" 302 - "http://searchenginescript.biz/" "Mozilla/5.0 (Windows; U; Win 9x 4.90; nl-NL; rv:1.7.5) Gecko/20041202 Firefox/1.0"
91.191.243.194 - - [14/Mar/2010:05:41:49 -0700] "GET / HTTP/1.1" 302 - "http://searchenginescript.biz/" "Mozilla/5.0 (Windows; U; Win 9x 4.90; nl-NL; rv:1.7.5) Gecko/20041202 Firefox/1.0"
67.218.116.133 - - [14/Mar/2010:15:46:27 -0700] "GET /robots.txt HTTP/1.1" 200 304 "-" "Mozilla/5.0 (Twiceler-0.9 http://www.cuil.com/twiceler/robot.html)"
193.47.80.41 - - [14/Mar/2010:16:14:36 -0700] "GET / HTTP/1.1" 302 - "-" "Mozilla/5.0 (compatible; Exabot/3.0; +http://www.exabot.com/go/robot)"
174.132.239.74 - - [14/Mar/2010:16:41:06 -0700] "GET / HTTP/1.1" 302 - "-" "Mozilla/4.0 (compatible; MSIE 6.0; Windows NT 5.0; .NET CLR 1.0.3705)"
174.132.239.74 - - [14/Mar/2010:16:41:06 -0700] "GET /installation/index.php HTTP/1.1" 200 2232 "-" "Mozilla/4.0 (compatible; MSIE 6.0; Windows NT 5.0; .NET CLR 1.0.3705)"
66.249.65.207 - - [14/Mar/2010:18:14:35 -0700] "GET /robots.txt HTTP/1.1" 200 304 "-" "Mozilla/5.0 (compatible; Googlebot/2.1; +http://www.google.com/bot.html)"
208.80.193.40 - - [14/Mar/2010:19:17:55 -0700] "GET / HTTP/1.0" 302 - "-" "Mozilla/4.0 (compatible; MSIE 7.0; Windows NT 5.1; FunWebProducts; .NET CLR 2.0.50727; .NET CLR 1.1.4322; ZangoToolbar 4.8.3)"
208.80.193.34 - - [14/Mar/2010:23:47:03 -0700] "GET /blog/archive/2006_03_01_index.html&h=224&w=300&sz=12&hl=en&start=46 HTTP/1.0" 302 353 "-" "Mozilla/4.0 (compatible; MSIE 7.0; Windows NT 5.1; FunWebProducts; (R1 1.5); .NET CLR 1.0.3705; .NET CLR 1.1.4322)"
69.84.207.147 - - [15/Mar/2010:00:27:39 -0700] "GET / HTTP/1.1" 302 - "-" "Mozilla/4.0 (compatible; MSIE 7.0;Windows NT 5.1;.NET CLR 1.1.4322;.NET CLR 2.0.50727;.NET CLR 3.0.04506.30)"
69.84.207.147 - - [15/Mar/2010:00:27:39 -0700] "GET /installation/index.php HTTP/1.1" 206 2232 "-" "Mozilla/4.0 (compatible; MSIE 7.0;Windows NT 5.1;.NET CLR 1.1.4322;.NET CLR 2.0.50727;.NET CLR 3.0.04506.30)"
69.84.207.147 - - [15/Mar/2010:00:27:40 -0700] "GET / HTTP/1.1" 302 - "-" "Mozilla/4.0 (compatible; MSIE 7.0;Windows NT 5.1;.NET CLR 1.1.4322;.NET CLR 2.0.50727;.NET CLR 3.0.04506.30)"
69.84.207.147 - - [15/Mar/2010:00:27:41 -0700] "GET /installation/index.php HTTP/1.1" 206 2232 "-" "Mozilla/4.0 (compatible; MSIE 7.0;Windows NT 5.1;.NET CLR 1.1.4322;.NET CLR 2.0.50727;.NET CLR 3.0.04506.30)"
69.84.207.147 - - [15/Mar/2010:00:27:43 -0700] "GET /installation/template/js/validation.js HTTP/1.1" 200 7137 "-" "Mozilla/4.0 (compatible; MSIE 7.0;Windows NT 5.1;.NET CLR 1.1.4322;.NET CLR 2.0.50727;.NET CLR 3.0.04506.30)"
69.84.207.147 - - [15/Mar/2010:00:27:44 -0700] "GET /media/system/js/mootools.js HTTP/1.1" 200 74434 "-" "Mozilla/4.0 (compatible; MSIE 7.0;Windows NT 5.1;.NET CLR 1.1.4322;.NET CLR 2.0.50727;.NET CLR 3.0.04506.30)"
69.84.207.147 - - [15/Mar/2010:00:27:45 -0700] "GET /installation/includes/js/installation.js HTTP/1.1" 200 598 "-" "Mozilla/4.0 (compatible; MSIE 7.0;Windows NT 5.1;.NET CLR 1.1.4322;.NET CLR 2.0.50727;.NET CLR 3.0.04506.30)"
208.80.193.38 - - [15/Mar/2010:01:04:20 -0700] "GET /blog/archive/2006_03_01_index.html&h=224&w=300&sz=12&hl=en&start=21 HTTP/1.0" 302 353 "-" "Mozilla/4.0 (compatible; MSIE 7.0; Windows NT 5.1; Q312461; .NET CLR 1.1.4322; .NET CLR 2.0.50727; .NET CLR 3.0.04506.30; InfoPath.2)"
216.129.119.40 - - [15/Mar/2010:01:26:29 -0700] "GET /robots.txt HTTP/1.1" 200 304 "-" "Mozilla/5.0 (Twiceler-0.9 http://www.cuil.com/twiceler/robot.html)"
220.181.94.223 - - [15/Mar/2010:01:36:26 -0700] "GET /robots.txt HTTP/1.1" 304 - "-" "Sogou web spider/4.0(+http://www.sogou.com/docs/help/webmasters.htm#07)"
220.181.94.223 - - [15/Mar/2010:01:36:35 -0700] "GET /robots.txt HTTP/1.1" 304 - "-" "Sogou web spider/4.0(+http://www.sogou.com/docs/help/webmasters.htm#07)"
69.58.178.29 - - [15/Mar/2010:05:20:19 -0700] "GET /robots.txt HTTP/1.1" 200 304 "-" "Mozilla/5.0 (X11; U; Linux i686; en-US; rv:1.9.1.3; ips-agent) Gecko/20090824 Fedora/1.0.7-1.1.fc4 Firefox/3.5.3"
69.58.178.29 - - [15/Mar/2010:05:20:20 -0700] "GET / HTTP/1.1" 302 - "-" "Mozilla/5.0 (X11; U; Linux i686; en-US; rv:1.9.1.3; ips-agent) Gecko/20090824 Fedora/1.0.7-1.1.fc4 Firefox/3.5.3"
69.58.178.29 - - [15/Mar/2010:05:30:21 -0700] "GET / HTTP/1.1" 302 - "-" "Mozilla/5.0 (X11; U; Linux i686; en-US; rv:1.9.1.3; ips-agent) Gecko/20090824 Fedora/1.0.7-1.1.fc4 Firefox/3.5.3"
64.56.65.218 - - [15/Mar/2010:06:32:21 -0700] "GET /robots.txt HTTP/1.0" 200 304 "http://sharkbomb.com/robots.txt" "Mozilla/4.0 (compatible; MSIE 6.0; Windows NT 5.1; SV1; .NET CLR 2.0.50727)"
64.56.65.218 - - [15/Mar/2010:06:32:21 -0700] "GET / HTTP/1.0" 302 - "http://sharkbomb.com/" "Mozilla/4.0 (compatible; MSIE 6.0; Windows NT 5.1; SV1; .NET CLR 2.0.50727)"
64.56.65.218 - - [15/Mar/2010:06:32:42 -0700] "GET /robots.txt HTTP/1.0" 200 304 "http://sharkbomb.com/robots.txt" "Mozilla/4.0 (compatible; MSIE 6.0; Windows NT 5.1; SV1; .NET CLR 2.0.50727)"
208.80.193.36 - - [15/Mar/2010:09:03:16 -0700] "GET / HTTP/1.0" 302 - "-" "Mozilla/4.0 (compatible; MSIE 6.0; Windows NT 5.1; T312461; SV1; .NET CLR 1.0.3705; .NET CLR 1.1.4322)"
67.218.116.133 - - [15/Mar/2010:15:22:45 -0700] "GET /robots.txt HTTP/1.1" 200 304 "-" "Mozilla/5.0 (Twiceler-0.9 http://www.cuil.com/twiceler/robot.html)"
221.221.153.199 - - [15/Mar/2010:16:43:28 -0700] "GET /coppermine/login.php?lang=english HTTP/1.1" 200 - "-" "Mozilla/4.0 (compatible; Windows XP 5.1; MSIE 6)"
193.47.80.41 - - [15/Mar/2010:17:28:20 -0700] "GET /robots.txt HTTP/1.1" 200 304 "-" "Mozilla/5.0 (compatible; Exabot/3.0; +http://www.exabot.com/go/robot)"
193.47.80.41 - - [15/Mar/2010:17:28:21 -0700] "GET / HTTP/1.1" 302 - "-" "Mozilla/5.0 (compatible; Exabot/3.0; +http://www.exabot.com/go/robot)"
220.181.94.223 - - [16/Mar/2010:00:05:10 -0700] "GET /robots.txt HTTP/1.1" 304 - "-" "Sogou web spider/4.0(+http://www.sogou.com/docs/help/webmasters.htm#07)"
220.181.94.223 - - [16/Mar/2010:00:05:19 -0700] "GET /robots.txt HTTP/1.1" 304 - "-" "Sogou web spider/4.0(+http://www.sogou.com/docs/help/webmasters.htm#07)"
216.129.119.40 - - [16/Mar/2010:01:07:19 -0700] "GET /robots.txt HTTP/1.1" 200 304 "-" "Mozilla/5.0 (Twiceler-0.9 http://www.cuil.com/twiceler/robot.html)"
203.79.95.48 - - [16/Mar/2010:01:19:57 -0700] "GET / HTTP/1.1" 302 - "-" "Mozilla/5.0 (Windows; U; Windows NT 6.1; en-GB; rv:1.9.2) Gecko/20100115 Firefox/3.6 (.NET CLR 3.5.30729)"
203.79.95.48 - - [16/Mar/2010:01:19:59 -0700] "GET /installation/index.php HTTP/1.1" 200 2232 "-" "Mozilla/5.0 (Windows; U; Windows NT 6.1; en-GB; rv:1.9.2) Gecko/20100115 Firefox/3.6 (.NET CLR 3.5.30729)"
203.79.95.48 - - [16/Mar/2010:01:20:02 -0700] "GET /installation/includes/js/installation.js HTTP/1.1" 200 598 "http://sharkbomb.com/installation/index.php" "Mozilla/5.0 (Windows; U; Windows NT 6.1; en-GB; rv:1.9.2) Gecko/20100115 Firefox/3.6 (.NET CLR 3.5.30729)"
203.79.95.48 - - [16/Mar/2010:01:20:02 -0700] "GET /installation/template/css/template.css HTTP/1.1" 200 7375 "http://sharkbomb.com/installation/index.php" "Mozilla/5.0 (Windows; U; Windows NT 6.1; en-GB; rv:1.9.2) Gecko/20100115 Firefox/3.6 (.NET CLR 3.5.30729)"
203.79.95.48 - - [16/Mar/2010:01:20:02 -0700] "GET /installation/favicon.ico HTTP/1.1" 200 1150 "-" "Mozilla/5.0 (Windows; U; Windows NT 6.1; en-GB; rv:1.9.2) Gecko/20100115 Firefox/3.6 (.NET CLR 3.5.30729)"
203.79.95.48 - - [16/Mar/2010:01:20:02 -0700] "GET /media/system/js/mootools.js HTTP/1.1" 200 74434 "http://sharkbomb.com/installation/index.php" "Mozilla/5.0 (Windows; U; Windows NT 6.1; en-GB; rv:1.9.2) Gecko/20100115 Firefox/3.6 (.NET CLR 3.5.30729)"
203.79.95.48 - - [16/Mar/2010:01:20:10 -0700] "GET /installation/template/js/validation.js HTTP/1.1" 200 7137 "http://sharkbomb.com/installation/index.php" "Mozilla/5.0 (Windows; U; Windows NT 6.1; en-GB; rv:1.9.2) Gecko/20100115 Firefox/3.6 (.NET CLR 3.5.30729)"
203.79.95.48 - - [16/Mar/2010:01:20:11 -0700] "GET /installation/template/images/j_header_middle.png HTTP/1.1" 200 385 "http://sharkbomb.com/installation/template/css/template.css" "Mozilla/5.0 (Windows; U; Windows NT 6.1; en-GB; rv:1.9.2) Gecko/20100115 Firefox/3.6 (.NET CLR 3.5.30729)"
203.79.95.48 - - [16/Mar/2010:01:20:11 -0700] "GET /installation/template/images/j_header_right.png HTTP/1.1" 200 366 "http://sharkbomb.com/installation/template/css/template.css" "Mozilla/5.0 (Windows; U; Windows NT 6.1; en-GB; rv:1.9.2) Gecko/20100115 Firefox/3.6 (.NET CLR 3.5.30729)"
203.79.95.48 - - [16/Mar/2010:01:20:11 -0700] "GET /installation/template/images/j_header_left.png HTTP/1.1" 200 5148 "http://sharkbomb.com/installation/template/css/template.css" "Mozilla/5.0 (Windows; U; Windows NT 6.1; en-GB; rv:1.9.2) Gecko/20100115 Firefox/3.6 (.NET CLR 3.5.30729)"
203.79.95.48 - - [16/Mar/2010:01:20:11 -0700] "GET /installation/template/images/j_bottom.png HTTP/1.1" 200 232 "http://sharkbomb.com/installation/template/css/template.css" "Mozilla/5.0 (Windows; U; Windows NT 6.1; en-GB; rv:1.9.2) Gecko/20100115 Firefox/3.6 (.NET CLR 3.5.30729)"
203.79.95.48 - - [16/Mar/2010:01:20:11 -0700] "GET /installation/template/images/j_corner_br.png HTTP/1.1" 200 314 "http://sharkbomb.com/installation/template/css/template.css" "Mozilla/5.0 (Windows; U; Windows NT 6.1; en-GB; rv:1.9.2) Gecko/20100115 Firefox/3.6 (.NET CLR 3.5.30729)"
203.79.95.48 - - [16/Mar/2010:01:20:11 -0700] "GET /installation/template/images/j_corner_bl.png HTTP/1.1" 200 303 "http://sharkbomb.com/installation/template/css/template.css" "Mozilla/5.0 (Windows; U; Windows NT 6.1; en-GB; rv:1.9.2) Gecko/20100115 Firefox/3.6 (.NET CLR 3.5.30729)"
66.249.65.243 - - [16/Mar/2010:02:59:58 -0700] "GET /robots.txt HTTP/1.1" 200 304 "-" "Mozilla/5.0 (compatible; Googlebot/2.1; +http://www.google.com/bot.html)"
66.249.65.243 - - [16/Mar/2010:02:59:58 -0700] "GET /blog HTTP/1.1" 302 349 "-" "Mozilla/5.0 (compatible; Googlebot/2.1; +http://www.google.com/bot.html)"
66.249.65.243 - - [16/Mar/2010:02:59:58 -0700] "GET / HTTP/1.1" 302 - "-" "Mozilla/5.0 (compatible; Googlebot/2.1; +http://www.google.com/bot.html)"
93.158.148.31 - - [16/Mar/2010:04:08:28 -0700] "GET /robots.txt HTTP/1.1" 200 304 "-" "Yandex/1.01.001 (compatible; Win16; I)"
93.158.148.31 - - [16/Mar/2010:04:08:30 -0700] "GET / HTTP/1.1" 302 - "-" "Yandex/1.01.001 (compatible; Win16; I)"
208.80.193.33 - - [16/Mar/2010:09:29:04 -0700] "GET / HTTP/1.0" 302 - "-" "Mozilla/4.0 (compatible; MSIE 6.0; Windows NT 5.1; SV1; FunWebProducts; SIMBAR={DB4076DE-1B0E-478d-A2FC-66C777818093}; .NET CLR 1.1.4322)"
66.219.58.42 - - [16/Mar/2010:11:18:19 -0700] "GET /robots.txt HTTP/1.1" 200 304 "-" "MLBot (www.metadatalabs.com/mlbot)"
66.219.58.42 - - [16/Mar/2010:11:18:20 -0700] "GET / HTTP/1.1" 302 - "-" "MLBot (www.metadatalabs.com/mlbot)"
208.80.193.37 - - [16/Mar/2010:14:44:08 -0700] "GET /blog/archive/2006_03_01_index.html&h=224&w=300&sz=12&hl=en&start=46 HTTP/1.0" 302 353 "-" "Mozilla/4.0 (compatible; MSIE 7.0; Windows NT 5.1; Imperial College; InfoPath.1; .NET CLR 1.1.4322; .NET CLR 2.0.50727)"
93.158.148.31 - - [16/Mar/2010:15:41:29 -0700] "GET /robots.txt HTTP/1.1" 200 304 "-" "Yandex/1.01.001 (compatible; Win16; I)"
208.80.193.37 - - [16/Mar/2010:16:09:05 -0700] "GET /blog/archive/2006_03_01_index.html&h=224&w=300&sz=12&hl=en&start=21 HTTP/1.0" 302 353 "-" "Mozilla/4.0 (compatible; MSIE 7.0; Windows NT 5.1; .NET CLR 1.0.3705; .NET CLR 1.1.4322; Media Center PC 4.0; MSN 9.0; MSNbMSNI; MSNmen-us; MSNcOTH; MPLUS)"
65.55.207.125 - - [16/Mar/2010:17:28:08 -0700] "GET /robots.txt HTTP/1.1" 200 304 "-" "msnbot/2.0b (+http://search.msn.com/msnbot.htm)"
61.49.180.188 - - [16/Mar/2010:17:55:02 -0700] "GET /coppermine/register.php?lang=english HTTP/1.1" 200 - "-" "Mozilla/4.0 (compatible; Windows XP 5.1; MSIE 6)"
66.249.65.207 - - [16/Mar/2010:18:13:59 -0700] "GET /robots.txt HTTP/1.1" 200 304 "-" "Mozilla/5.0 (compatible; Googlebot/2.1; +http://www.google.com/bot.html)"
66.249.65.207 - - [16/Mar/2010:18:13:59 -0700] "GET / HTTP/1.1" 302 - "-" "Mozilla/5.0 (compatible; Googlebot/2.1; +http://www.google.com/bot.html)"
208.80.193.27 - - [17/Mar/2010:00:14:13 -0700] "GET / HTTP/1.0" 302 - "-" "Mozilla/4.0 (compatible; MSIE 6.0; Windows NT 5.1; attcanada.ca; SV1)"
220.181.94.223 - - [17/Mar/2010:01:39:41 -0700] "GET /robots.txt HTTP/1.1" 304 - "-" "Sogou web spider/4.0(+http://www.sogou.com/docs/help/webmasters.htm#07)"
220.181.94.223 - - [17/Mar/2010:01:39:51 -0700] "GET /robots.txt HTTP/1.1" 304 - "-" "Sogou web spider/4.0(+http://www.sogou.com/docs/help/webmasters.htm#07)"
85.202.113.42 - - [17/Mar/2010:02:01:49 -0700] "POST /coppermine/picEditor.php?img_dir=http%3A%2F%2Fgaccess.dynsite.net%2Fcp2.txt&CURRENT_PIC[filename]=/file1.php HTTP/1.1" 200 - "-" "User-Agent: Mozilla/5.0 (Windows; U; Windows NT 5.1; en-US; rv:1.8.1.3) Gecko/20070309 Firefox/2.0.0.3"
220.181.94.223 - - [17/Mar/2010:03:09:17 -0700] "GET /robots.txt HTTP/1.1" 304 - "-" "Sogou web spider/4.0(+http://www.sogou.com/docs/help/webmasters.htm#07)"
220.181.94.223 - - [17/Mar/2010:03:09:26 -0700] "GET / HTTP/1.1" 302 - "-" "Sogou-Test-Spider/4.0 (compatible; MSIE 5.5; Windows 98)"
220.181.94.223 - - [17/Mar/2010:03:09:36 -0700] "GET /installation/index.php HTTP/1.1" 200 2046 "-" "Sogou-Test-Spider/4.0 (compatible; MSIE 5.5; Windows 98)"
74.222.4.218 - - [17/Mar/2010:04:12:18 -0700] "GET /robots.txt HTTP/1.0" 200 304 "http://sharkbomb.com/robots.txt" "Mozilla/4.0 (compatible; MSIE 6.0; Windows NT 5.1; SV1; .NET CLR 2.0.50727)"
74.222.4.218 - - [17/Mar/2010:04:12:19 -0700] "GET / HTTP/1.0" 302 - "http://sharkbomb.com/" "Mozilla/4.0 (compatible; MSIE 6.0; Windows NT 5.1; SV1; .NET CLR 2.0.50727)"
74.222.4.218 - - [17/Mar/2010:04:12:27 -0700] "GET /robots.txt HTTP/1.0" 200 304 "http://sharkbomb.com/robots.txt" "Mozilla/4.0 (compatible; MSIE 6.0; Windows NT 5.1; SV1; .NET CLR 2.0.50727)"
93.158.148.31 - - [17/Mar/2010:04:55:59 -0700] "GET / HTTP/1.1" 302 - "-" "Yandex/1.01.001 (compatible; Win16; I)"
67.218.116.133 - - [17/Mar/2010:14:50:36 -0700] "GET /robots.txt HTTP/1.1" 200 304 "-" "Mozilla/5.0 (Twiceler-0.9 http://www.cuil.com/twiceler/robot.html)"
74.54.185.36 - - [17/Mar/2010:16:01:07 -0700] "GET /coppermine/login.php?lang=english HTTP/1.1" 200 - "-" "Mozilla/4.0 (compatible; Windows XP 5.1; MSIE 6)"
93.158.148.31 - - [17/Mar/2010:16:55:39 -0700] "GET /robots.txt HTTP/1.1" 200 304 "-" "Yandex/1.01.001 (compatible; Win16; I)"
193.47.80.41 - - [17/Mar/2010:17:03:23 -0700] "GET /robots.txt HTTP/1.1" 200 304 "-" "Mozilla/5.0 (compatible; Exabot/3.0; +http://www.exabot.com/go/robot)"
193.47.80.41 - - [17/Mar/2010:17:03:23 -0700] "GET / HTTP/1.1" 302 - "-" "Mozilla/5.0 (compatible; Exabot/3.0; +http://www.exabot.com/go/robot)"
93.158.148.31 - - [17/Mar/2010:18:11:26 -0700] "GET /robots.txt HTTP/1.1" 200 304 "-" "Yandex/1.01.001 (compatible; Win16; I)"
64.56.67.154 - - [17/Mar/2010:18:59:48 -0700] "GET /robots.txt HTTP/1.0" 200 304 "-" "page_test (larbin2.6.3@unspecified.mail)"
64.56.67.154 - - [17/Mar/2010:18:59:48 -0700] "GET / HTTP/1.0" 302 - "-" "page_test larbin2.6.3@unspecified.mail"
65.55.106.230 - - [17/Mar/2010:21:39:42 -0700] "GET /robots.txt HTTP/1.1" 200 304 "-" "msnbot/2.0b (+http://search.msn.com/msnbot.htm)"
64.56.67.154 - - [17/Mar/2010:22:15:37 -0700] "GET /robots.txt HTTP/1.0" 200 304 "-" "page_test (larbin2.6.3@unspecified.mail)"
64.56.67.154 - - [17/Mar/2010:22:15:37 -0700] "GET /installation/index.php HTTP/1.0" 200 2232 "-" "page_test larbin2.6.3@unspecified.mail"
66.249.68.49 - - [17/Mar/2010:23:02:34 -0700] "GET /robots.txt HTTP/1.1" 200 304 "-" "Mozilla/5.0 (compatible; Googlebot/2.1; +http://www.google.com/bot.html)"
208.80.193.32 - - [17/Mar/2010:23:59:48 -0700] "GET / HTTP/1.0" 302 - "-" "Mozilla/4.0 (compatible; MSIE 6.0; Windows NT 5.1; {C9495ADC-7A03-35D6-288C-DF2ACFD41D07}; YPC 3.2.0; .NET CLR 1.0.3705; SpamBlockerUtility 4.6.1; .NET CLR 1.1.4322; yplus 5.1.04b)"
216.129.119.40 - - [18/Mar/2010:00:34:23 -0700] "GET /robots.txt HTTP/1.1" 200 304 "-" "Mozilla/5.0 (Twiceler-0.9 http://www.cuil.com/twiceler/robot.html)"
208.80.193.35 - - [18/Mar/2010:04:38:45 -0700] "GET /blog/archive/2006_03_01_index.html&h=224&w=300&sz=12&hl=en&start=46 HTTP/1.0" 302 353 "-" "Mozilla/4.0 (compatible; MSIE 7.0; Windows NT 5.1; YPC 3.2.0; SIMBAR Enabled; IEMB3; IEMB3)"
93.158.148.31 - - [18/Mar/2010:05:02:40 -0700] "GET / HTTP/1.1" 302 - "-" "Yandex/1.01.001 (compatible; Win16; I)"
93.158.148.31 - - [18/Mar/2010:05:02:41 -0700] "GET / HTTP/1.1" 302 - "-" "Yandex/1.01.001 (compatible; Win16; I)"
208.80.193.40 - - [18/Mar/2010:06:01:47 -0700] "GET /blog/archive/2006_03_01_index.html&h=224&w=300&sz=12&hl=en&start=21 HTTP/1.0" 302 353 "-" "Mozilla/4.0 (compatible; MSIE 6.0; Windows NT 5.1; FunWebProducts; SV1; MSN 9.0;MSN 9.1; MSNbMSNI; MSNmen-us; MSNcOTH)"
208.80.193.30 - - [18/Mar/2010:14:53:02 -0700] "GET / HTTP/1.0" 302 - "-" "Mozilla/4.0 (compatible; MSIE 7.0; AOL 9.0; Windows NT 5.1; .NET CLR 1.0.3705; .NET CLR 1.1.4322; Media Center PC 3.1; IEMB3)"
193.47.80.41 - - [18/Mar/2010:16:44:45 -0700] "GET / HTTP/1.1" 302 - "-" "Mozilla/5.0 (compatible; Exabot/3.0; +http://www.exabot.com/go/robot)"
193.47.80.41 - - [18/Mar/2010:18:19:56 -0700] "GET /robots.txt HTTP/1.1" 200 304 "-" "Mozilla/5.0 (compatible; Exabot/3.0; +http://www.exabot.com/go/robot)"
208.96.10.201 - - [18/Mar/2010:19:45:05 -0700] "GET / HTTP/1.1" 302 - "-" "robotgenius (http://robotgenius.net)"
220.181.94.223 - - [19/Mar/2010:00:15:01 -0700] "GET /robots.txt HTTP/1.1" 304 - "-" "Sogou web spider/4.0(+http://www.sogou.com/docs/help/webmasters.htm#07)"
220.181.94.223 - - [19/Mar/2010:00:15:10 -0700] "GET /robots.txt HTTP/1.1" 304 - "-" "Sogou web spider/4.0(+http://www.sogou.com/docs/help/webmasters.htm#07)"
216.129.119.40 - - [19/Mar/2010:00:26:12 -0700] "GET /robots.txt HTTP/1.1" 200 304 "-" "Mozilla/5.0 (Twiceler-0.9 http://www.cuil.com/twiceler/robot.html)"
96.31.92.234 - - [19/Mar/2010:00:50:24 -0700] "GET / HTTP/1.1" 302 - "-" "Mozilla/5.0 (Windows; U; Windows NT 6.0; en-US; rv:1.9.0.1) Gecko/2008070208 Firefox/3.0.1"
96.31.92.234 - - [19/Mar/2010:00:50:24 -0700] "GET /installation/index.php HTTP/1.1" 200 2232 "-" "Mozilla/5.0 (Windows; U; Windows NT 6.0; en-US; rv:1.9.0.1) Gecko/2008070208 Firefox/3.0.1"
220.181.94.223 - - [19/Mar/2010:01:45:14 -0700] "GET /robots.txt HTTP/1.1" 304 - "-" "Sogou web spider/4.0(+http://www.sogou.com/docs/help/webmasters.htm#07)"
220.181.94.223 - - [19/Mar/2010:01:45:24 -0700] "GET /robots.txt HTTP/1.1" 304 - "-" "Sogou web spider/4.0(+http://www.sogou.com/docs/help/webmasters.htm#07)"
121.245.150.183 - - [19/Mar/2010:03:37:55 -0700] "GET /coppermine/albums/file1.php?test=ok? HTTP/1.1" 302 349 "-" "User-Agent: Mozilla/5.0 (Windows; U; Windows NT 5.1; en-US; rv:1.8.1.3) Gecko/20070309 Firefox/2.0.0.3"
121.245.150.183 - - [19/Mar/2010:03:38:03 -0700] "GET / HTTP/1.1" 302 - "-" "User-Agent: Mozilla/5.0 (Windows; U; Windows NT 5.1; en-US; rv:1.8.1.3) Gecko/20070309 Firefox/2.0.0.3"
121.245.150.183 - - [19/Mar/2010:03:38:10 -0700] "GET /installation/index.php HTTP/1.1" 200 2195 "-" "User-Agent: Mozilla/5.0 (Windows; U; Windows NT 5.1; en-US; rv:1.8.1.3) Gecko/20070309 Firefox/2.0.0.3"
93.97.189.112 - - [19/Mar/2010:03:38:14 -0700] "GET /coppermine/albums/file1.php?d=aHR0cDovL2NydXRvZmlsZXMuY29tL2hlbGwyL2RhdGE=&i=MjczYzBkYzAyZmI3YzA4ZjFjYmEzZmRkOTdmYTc2YjQudHh0 HTTP/1.1" 302 349 "-" "User-Agent: Mozilla/5.0 (Windows; U; Windows NT 5.1; en-US; rv:1.8.1.3) Gecko/20070309 Firefox/2.0.0.3"
93.97.189.112 - - [19/Mar/2010:03:38:15 -0700] "GET / HTTP/1.1" 302 - "-" "User-Agent: Mozilla/5.0 (Windows; U; Windows NT 5.1; en-US; rv:1.8.1.3) Gecko/20070309 Firefox/2.0.0.3"
93.97.189.112 - - [19/Mar/2010:03:38:16 -0700] "GET /installation/index.php HTTP/1.1" 200 2195 "-" "User-Agent: Mozilla/5.0 (Windows; U; Windows NT 5.1; en-US; rv:1.8.1.3) Gecko/20070309 Firefox/2.0.0.3"
70.36.103.58 - - [19/Mar/2010:03:47:20 -0700] "GET /robots.txt HTTP/1.0" 200 304 "http://sharkbomb.com/robots.txt" "Mozilla/4.0 (compatible; MSIE 6.0; Windows NT 5.1; SV1; .NET CLR 2.0.50727)"
70.36.103.58 - - [19/Mar/2010:03:47:20 -0700] "GET / HTTP/1.0" 302 - "http://sharkbomb.com/" "Mozilla/4.0 (compatible; MSIE 6.0; Windows NT 5.1; SV1; .NET CLR 2.0.50727)"
70.36.103.58 - - [19/Mar/2010:03:47:25 -0700] "GET /robots.txt HTTP/1.0" 200 304 "http://sharkbomb.com/robots.txt" "Mozilla/4.0 (compatible; MSIE 6.0; Windows NT 5.1; SV1; .NET CLR 2.0.50727)"
203.79.95.48 - - [19/Mar/2010:03:58:14 -0700] "GET /installation/index.php HTTP/1.1" 200 2232 "-" "Mozilla/5.0 (Windows; U; Windows NT 6.1; en-GB; rv:1.9.2) Gecko/20100115 Firefox/3.6 (.NET CLR 3.5.30729)"
203.79.95.48 - - [19/Mar/2010:03:58:17 -0700] "GET /installation/template/css/template.css HTTP/1.1" 200 7375 "http://sharkbomb.com/installation/index.php" "Mozilla/5.0 (Windows; U; Windows NT 6.1; en-GB; rv:1.9.2) Gecko/20100115 Firefox/3.6 (.NET CLR 3.5.30729)"
203.79.95.48 - - [19/Mar/2010:03:58:17 -0700] "GET /media/system/js/mootools.js HTTP/1.1" 200 74434 "http://sharkbomb.com/installation/index.php" "Mozilla/5.0 (Windows; U; Windows NT 6.1; en-GB; rv:1.9.2) Gecko/20100115 Firefox/3.6 (.NET CLR 3.5.30729)"
203.79.95.48 - - [19/Mar/2010:03:58:21 -0700] "GET /installation/template/images/j_header_middle.png HTTP/1.1" 200 385 "http://sharkbomb.com/installation/template/css/template.css" "Mozilla/5.0 (Windows; U; Windows NT 6.1; en-GB; rv:1.9.2) Gecko/20100115 Firefox/3.6 (.NET CLR 3.5.30729)"
203.79.95.48 - - [19/Mar/2010:03:58:21 -0700] "GET /installation/template/images/j_header_left.png HTTP/1.1" 200 5148 "http://sharkbomb.com/installation/template/css/template.css" "Mozilla/5.0 (Windows; U; Windows NT 6.1; en-GB; rv:1.9.2) Gecko/20100115 Firefox/3.6 (.NET CLR 3.5.30729)"
203.79.95.48 - - [19/Mar/2010:03:58:22 -0700] "GET /installation/template/images/j_corner_bl.png HTTP/1.1" 200 303 "http://sharkbomb.com/installation/template/css/template.css" "Mozilla/5.0 (Windows; U; Windows NT 6.1; en-GB; rv:1.9.2) Gecko/20100115 Firefox/3.6 (.NET CLR 3.5.30729)"
83.167.62.171 - - [19/Mar/2010:08:50:35 -0700] "GET /robots.txt HTTP/1.1" 200 304 "-" "Mozilla/5.0 (compatible; Exabot/3.0 (BiggerBetter); +http://www.exabot.com/go/robot)"
83.167.62.171 - - [19/Mar/2010:08:50:35 -0700] "GET /blog HTTP/1.1" 302 349 "-" "Mozilla/5.0 (compatible; Exabot/3.0 (BiggerBetter); +http://www.exabot.com/go/robot)"
83.167.62.171 - - [19/Mar/2010:08:50:37 -0700] "GET / HTTP/1.1" 302 - "-" "Mozilla/5.0 (compatible; Exabot/3.0 (BiggerBetter); +http://www.exabot.com/go/robot)"
66.249.68.107 - - [19/Mar/2010:12:10:48 -0700] "GET /robots.txt HTTP/1.1" 200 304 "-" "Mozilla/5.0 (compatible; Googlebot/2.1; +http://www.google.com/bot.html)"
65.55.216.55 - - [19/Mar/2010:14:52:39 -0700] "GET /robots.txt HTTP/1.1" 200 304 "-" "msnbot/2.0b (+http://search.msn.com/msnbot.htm)"
208.80.193.41 - - [19/Mar/2010:15:03:11 -0700] "GET / HTTP/1.0" 302 - "-" "Mozilla/4.0 (compatible; MSIE 6.0; Windows NT 5.0; AT&T CSM6.0; YPC 3.2.0; .NET CLR 1.1.4322; yplus 5.1.04b)"
67.195.115.177 - - [19/Mar/2010:15:17:12 -0700] "GET /robots.txt HTTP/1.0" 200 304 "-" "Mozilla/5.0 (compatible; Yahoo! Slurp; http://help.yahoo.com/help/us/ysearch/slurp)"
67.195.115.177 - - [19/Mar/2010:15:17:12 -0700] "GET / HTTP/1.0" 302 - "-" "Mozilla/5.0 (compatible; Yahoo! Slurp/3.0; http://help.yahoo.com/help/us/ysearch/slurp)"
66.249.68.49 - - [19/Mar/2010:16:05:30 -0700] "GET /robots.txt HTTP/1.1" 200 304 "-" "Mozilla/5.0 (compatible; Googlebot/2.1; +http://www.google.com/bot.html)"
66.249.68.49 - - [19/Mar/2010:16:05:30 -0700] "GET / HTTP/1.1" 302 - "-" "Mozilla/5.0 (compatible; Googlebot/2.1; +http://www.google.com/bot.html)"
193.47.80.41 - - [19/Mar/2010:16:55:20 -0700] "GET / HTTP/1.1" 302 - "-" "Mozilla/5.0 (compatible; Exabot/3.0; +http://www.exabot.com/go/robot)"
208.80.193.35 - - [19/Mar/2010:19:36:31 -0700] "GET /blog/archive/2006_03_01_index.html&h=224&w=300&sz=12&hl=en&start=46 HTTP/1.0" 302 353 "-" "Mozilla/4.0 (compatible; MSIE 7.0; Windows NT 5.1; Overture; .NET CLR 1.1.4322; .NET CLR 2.0.50727)"
208.80.193.27 - - [19/Mar/2010:20:56:04 -0700] "GET /blog/archive/2006_03_01_index.html&h=224&w=300&sz=12&hl=en&start=21 HTTP/1.0" 302 353 "-" "Mozilla/4.0 (compatible; MSIE 7.0; Windows NT 5.2; WOW64; .NET CLR 2.0.50727; InfoPath.1)"
123.112.112.188 - - [19/Mar/2010:21:38:42 -0700] "GET /coppermine/login.php?lang=english HTTP/1.1" 200 - "-" "Mozilla/4.0 (compatible; Windows XP 5.1; MSIE 6)"
123.112.112.188 - - [19/Mar/2010:21:59:58 -0700] "GET /coppermine/login.php?lang=english HTTP/1.1" 200 - "-" "Mozilla/4.0 (compatible; Windows XP 5.1; MSIE 6)"
86.121.29.137 - - [19/Mar/2010:22:12:45 -0700] "GET / HTTP/1.1" 302 - "-" "Mozilla/5.0 (compatible; DNSInspect/3.1; http://www.dnsinspect.com/)"
193.47.80.41 - - [20/Mar/2010:00:01:25 -0700] "GET /robots.txt HTTP/1.1" 200 304 "-" "Mozilla/5.0 (compatible; Exabot/3.0; +http://www.exabot.com/go/robot)"
193.47.80.41 - - [20/Mar/2010:00:01:26 -0700] "GET /index.php/photos/album/1/photo/installation/index.php HTTP/1.1" 302 - "-" "Mozilla/5.0 (compatible; Exabot/3.0; +http://www.exabot.com/go/robot)"
193.47.80.41 - - [20/Mar/2010:00:01:29 -0700] "GET /index.php/photos/album/1/photo/installation/installation/index.php HTTP/1.1" 302 - "-" "Mozilla/5.0 (compatible; Exabot/3.0; +http://www.exabot.com/go/robot)"
208.80.193.28 - - [20/Mar/2010:05:07:59 -0700] "GET / HTTP/1.0" 302 - "-" "Mozilla/4.0 (compatible; MSIE 7.0; Windows NT 5.1; .NET CLR 1.0.3705; .NET CLR 1.1.4322; MSN 9.0;MSN 9.1; MSNbQ002; MSNmen-us; MSNcOTH)"
66.249.68.107 - - [20/Mar/2010:05:59:13 -0700] "GET /blog HTTP/1.1" 302 349 "-" "Mozilla/5.0 (compatible; Googlebot/2.1; +http://www.google.com/bot.html)"
66.249.68.107 - - [20/Mar/2010:05:59:14 -0700] "GET / HTTP/1.1" 302 - "-" "Mozilla/5.0 (compatible; Googlebot/2.1; +http://www.google.com/bot.html)"
67.202.38.74 - - [20/Mar/2010:06:11:58 -0700] "HEAD / HTTP/1.1" 302 - "-" "curl/7.18.2 (i486-pc-linux-gnu) libcurl/7.18.2 OpenSSL/0.9.8g zlib/1.2.3.3 libidn/1.8"
67.202.38.74 - - [20/Mar/2010:06:11:58 -0700] "HEAD /installation/index.php HTTP/1.1" 200 - "-" "curl/7.18.2 (i486-pc-linux-gnu) libcurl/7.18.2 OpenSSL/0.9.8g zlib/1.2.3.3 libidn/1.8"
67.202.38.74 - - [20/Mar/2010:06:11:59 -0700] "GET / HTTP/1.1" 302 - "-" "curl/7.18.2 (i486-pc-linux-gnu) libcurl/7.18.2 OpenSSL/0.9.8g zlib/1.2.3.3 libidn/1.8"
66.249.17.106 - - [20/Mar/2010:12:02:35 -0700] "GET / HTTP/1.1" 302 - "-" "Mozilla/4.0 (compatible; MSIE 7.0; Windows NT 5.2; GTB6.4; .NET CLR 1.1.4322)"
66.249.17.106 - - [20/Mar/2010:12:02:35 -0700] "GET /installation/index.php HTTP/1.1" 200 2231 "-" "Mozilla/4.0 (compatible; MSIE 7.0; Windows NT 5.2; GTB6.4; .NET CLR 1.1.4322)"
66.249.17.106 - - [20/Mar/2010:12:02:42 -0700] "GET /installation/template/css/template.css HTTP/1.1" 200 7375 "http://www.sharkbomb.com/installation/index.php" "Mozilla/4.0 (compatible; MSIE 7.0; Windows NT 5.2; GTB6.4; .NET CLR 1.1.4322)"
66.249.17.106 - - [20/Mar/2010:12:02:42 -0700] "GET /media/system/js/mootools.js HTTP/1.1" 200 74434 "http://www.sharkbomb.com/installation/index.php" "Mozilla/4.0 (compatible; MSIE 7.0; Windows NT 5.2; GTB6.4; .NET CLR 1.1.4322)"
66.249.17.106 - - [20/Mar/2010:12:02:47 -0700] "GET /installation/includes/js/installation.js HTTP/1.1" 200 598 "http://www.sharkbomb.com/installation/index.php" "Mozilla/4.0 (compatible; MSIE 7.0; Windows NT 5.2; GTB6.4; .NET CLR 1.1.4322)"
66.249.17.106 - - [20/Mar/2010:12:02:58 -0700] "GET /installation/template/js/validation.js HTTP/1.1" 200 7137 "http://www.sharkbomb.com/installation/index.php" "Mozilla/4.0 (compatible; MSIE 7.0; Windows NT 5.2; GTB6.4; .NET CLR 1.1.4322)"
66.249.17.106 - - [20/Mar/2010:12:03:03 -0700] "GET /installation/template/images/j_header_middle.png HTTP/1.1" 200 385 "http://www.sharkbomb.com/installation/index.php" "Mozilla/4.0 (compatible; MSIE 7.0; Windows NT 5.2; GTB6.4; .NET CLR 1.1.4322)"
66.249.17.106 - - [20/Mar/2010:12:03:03 -0700] "GET /installation/template/images/j_header_right.png HTTP/1.1" 200 366 "http://www.sharkbomb.com/installation/index.php" "Mozilla/4.0 (compatible; MSIE 7.0; Windows NT 5.2; GTB6.4; .NET CLR 1.1.4322)"
66.249.17.106 - - [20/Mar/2010:12:03:03 -0700] "GET /installation/template/images/j_header_left.png HTTP/1.1" 200 5148 "http://www.sharkbomb.com/installation/index.php" "Mozilla/4.0 (compatible; MSIE 7.0; Windows NT 5.2; GTB6.4; .NET CLR 1.1.4322)"
66.249.17.106 - - [20/Mar/2010:12:03:03 -0700] "GET /installation/template/images/j_corner_br.png HTTP/1.1" 200 314 "http://www.sharkbomb.com/installation/index.php" "Mozilla/4.0 (compatible; MSIE 7.0; Windows NT 5.2; GTB6.4; .NET CLR 1.1.4322)"
66.249.17.106 - - [20/Mar/2010:12:03:03 -0700] "GET /installation/template/images/j_bottom.png HTTP/1.1" 200 232 "http://www.sharkbomb.com/installation/index.php" "Mozilla/4.0 (compatible; MSIE 7.0; Windows NT 5.2; GTB6.4; .NET CLR 1.1.4322)"
66.249.17.106 - - [20/Mar/2010:12:03:04 -0700] "GET /installation/template/images/j_corner_bl.png HTTP/1.1" 200 303 "http://www.sharkbomb.com/installation/index.php" "Mozilla/4.0 (compatible; MSIE 7.0; Windows NT 5.2; GTB6.4; .NET CLR 1.1.4322)"
213.122.174.227 - - [20/Mar/2010:14:21:39 -0700] "GET / HTTP/1.0" 302 - "-" "Mozilla/5.0 (X11; U; Linux i686; pl-PL; rv:1.9.0.2) Gecko/20121223 Ubuntu/9.25 (jaunty) Firefox/3.5.8"
213.122.174.227 - - [20/Mar/2010:14:21:40 -0700] "GET /installation/index.php HTTP/1.0" 200 2232 "-" "Mozilla/5.0 (X11; U; Linux i686; pl-PL; rv:1.9.0.2) Gecko/20121223 Ubuntu/9.25 (jaunty) Firefox/3.5.8"
193.47.80.41 - - [20/Mar/2010:16:20:40 -0700] "GET /robots.txt HTTP/1.1" 200 304 "-" "Mozilla/5.0 (compatible; Exabot/3.0; +http://www.exabot.com/go/robot)"
193.47.80.41 - - [20/Mar/2010:16:20:41 -0700] "GET / HTTP/1.1" 302 - "-" "Mozilla/5.0 (compatible; Exabot/3.0; +http://www.exabot.com/go/robot)"
65.55.207.97 - - [20/Mar/2010:17:05:14 -0700] "GET /robots.txt HTTP/1.1" 200 304 "-" "msnbot/2.0b (+http://search.msn.com/msnbot.htm)"
216.129.119.40 - - [20/Mar/2010:22:36:45 -0700] "GET /robots.txt HTTP/1.1" 200 304 "-" "Mozilla/5.0 (Twiceler-0.9 http://www.cuil.com/twiceler/robot.html)"
93.158.148.31 - - [20/Mar/2010:23:04:42 -0700] "GET /robots.txt HTTP/1.1" 200 304 "-" "Yandex/1.01.001 (compatible; Win16; I)"
93.158.148.31 - - [20/Mar/2010:23:04:45 -0700] "GET / HTTP/1.1" 302 - "-" "Yandex/1.01.001 (compatible; Win16; I)"
220.181.94.223 - - [21/Mar/2010:00:07:18 -0700] "GET /robots.txt HTTP/1.1" 304 - "-" "Sogou web spider/4.0(+http://www.sogou.com/docs/help/webmasters.htm#07)"
220.181.94.223 - - [21/Mar/2010:00:07:29 -0700] "GET /robots.txt HTTP/1.1" 304 - "-" "Sogou web spider/4.0(+http://www.sogou.com/docs/help/webmasters.htm#07)"
220.181.94.223 - - [21/Mar/2010:01:35:54 -0700] "GET /robots.txt HTTP/1.1" 304 - "-" "Sogou web spider/4.0(+http://www.sogou.com/docs/help/webmasters.htm#07)"
220.181.94.223 - - [21/Mar/2010:01:36:03 -0700] "GET /robots.txt HTTP/1.1" 304 - "-" "Sogou web spider/4.0(+http://www.sogou.com/docs/help/webmasters.htm#07)"
208.80.193.43 - - [21/Mar/2010:05:26:04 -0700] "GET / HTTP/1.0" 302 - "-" "Mozilla/4.0 (compatible; MSIE 6.0; Windows NT 5.1; {7250B9FF-7DC9-4CE5-AB1F-E4B144986550}; .NET CLR 1.1.4322)"
65.55.106.231 - - [21/Mar/2010:05:34:50 -0700] "GET /robots.txt HTTP/1.1" 200 304 "-" "msnbot/2.0b (+http://search.msn.com/msnbot.htm)"
208.80.193.39 - - [21/Mar/2010:10:08:50 -0700] "GET /blog/archive/2006_03_01_index.html&h=224&w=300&sz=12&hl=en&start=46 HTTP/1.0" 302 353 "-" "Mozilla/4.0 (compatible; MSIE 6.0; Windows NT 5.1; {CD7BE5C6-A1A3-4C24-935F-84ABD8E174DF}; SV1; .NET CLR 1.0.3705)"
66.249.68.107 - - [21/Mar/2010:10:43:57 -0700] "GET /robots.txt HTTP/1.1" 200 304 "-" "Mozilla/5.0 (compatible; Googlebot/2.1; +http://www.google.com/bot.html)"
66.249.68.107 - - [21/Mar/2010:10:43:57 -0700] "GET / HTTP/1.1" 302 - "-" "Mozilla/5.0 (compatible; Googlebot/2.1; +http://www.google.com/bot.html)"
208.80.193.29 - - [21/Mar/2010:11:26:55 -0700] "GET /blog/archive/2006_03_01_index.html&h=224&w=300&sz=12&hl=en&start=21 HTTP/1.0" 302 353 "-" "Mozilla/4.0 (compatible; MSIE 7.0; Windows NT 6.0; FunWebProducts; SLCC1; .NET CLR 2.0.50727; .NET CLR 3.0.04506; .NET CLR 1.1.4322; InfoPath.1)"
67.218.116.133 - - [21/Mar/2010:12:56:59 -0700] "GET /robots.txt HTTP/1.1" 200 304 "-" "Mozilla/5.0 (Twiceler-0.9 http://www.cuil.com/twiceler/robot.html)"
208.115.111.243 - - [21/Mar/2010:14:16:53 -0700] "GET /robots.txt HTTP/1.1" 200 304 "-" "Mozilla/5.0 (compatible; DotBot/1.1; http://www.dotnetdotcom.org/, crawler@dotnetdotcom.org)"
96.31.92.234 - - [21/Mar/2010:14:22:20 -0700] "GET / HTTP/1.1" 302 - "-" "Mozilla/5.0 (Windows; U; Windows NT 6.0; en-US; rv:1.9.0.1) Gecko/2008070208 Firefox/3.0.1"
96.31.92.234 - - [21/Mar/2010:14:22:20 -0700] "GET /installation/index.php HTTP/1.1" 200 2232 "-" "Mozilla/5.0 (Windows; U; Windows NT 6.0; en-US; rv:1.9.0.1) Gecko/2008070208 Firefox/3.0.1"
193.47.80.41 - - [21/Mar/2010:16:25:01 -0700] "GET /robots.txt HTTP/1.1" 200 304 "-" "Mozilla/5.0 (compatible; Exabot/3.0; +http://www.exabot.com/go/robot)"
193.47.80.41 - - [21/Mar/2010:16:25:01 -0700] "GET / HTTP/1.1" 302 - "-" "Mozilla/5.0 (compatible; Exabot/3.0; +http://www.exabot.com/go/robot)"
208.115.111.243 - - [21/Mar/2010:18:39:06 -0700] "GET / HTTP/1.1" 302 - "-" "Mozilla/5.0 (compatible; DotBot/1.1; http://www.dotnetdotcom.org/, crawler@dotnetdotcom.org)"
208.80.193.40 - - [21/Mar/2010:19:49:55 -0700] "GET / HTTP/1.0" 302 - "-" "Mozilla/4.0 (compatible; MSIE 7.0; Windows NT 5.1; FunWebProducts; .NET CLR 1.1.4322; HbTools 4.8.2; ZangoToolbar 4.8.3)"
216.129.119.40 - - [21/Mar/2010:22:43:57 -0700] "GET /robots.txt HTTP/1.1" 200 304 "-" "Mozilla/5.0 (Twiceler-0.9 http://www.cuil.com/twiceler/robot.html)"
66.249.68.49 - - [22/Mar/2010:06:48:30 -0700] "GET /robots.txt HTTP/1.1" 200 304 "-" "Mozilla/5.0 (compatible; Googlebot/2.1; +http://www.google.com/bot.html)"
67.218.116.133 - - [22/Mar/2010:12:59:37 -0700] "GET /robots.txt HTTP/1.1" 200 304 "-" "Mozilla/5.0 (Twiceler-0.9 http://www.cuil.com/twiceler/robot.html)"
93.158.148.31 - - [22/Mar/2010:13:01:27 -0700] "GET /robots.txt HTTP/1.1" 200 304 "-" "Yandex/1.01.001 (compatible; Win16; I)"
123.112.117.141 - - [22/Mar/2010:13:06:27 -0700] "GET /coppermine/login.php?lang=english HTTP/1.1" 200 - "-" "Mozilla/4.0 (compatible; Windows XP 5.1; MSIE 6)"
193.47.80.41 - - [22/Mar/2010:16:10:36 -0700] "GET / HTTP/1.1" 302 - "-" "Mozilla/5.0 (compatible; Exabot/3.0; +http://www.exabot.com/go/robot)"
193.47.80.41 - - [22/Mar/2010:16:45:39 -0700] "GET /robots.txt HTTP/1.1" 200 304 "-" "Mozilla/5.0 (compatible; Exabot/3.0; +http://www.exabot.com/go/robot)"
208.80.193.40 - - [22/Mar/2010:19:57:49 -0700] "GET / HTTP/1.0" 302 - "-" "Mozilla/4.0 (compatible; MSIE 6.0; Windows NT 5.1; FunWebProducts; Avant Browser; .NET CLR 1.1.4322; InfoPath.2)"
216.129.119.40 - - [22/Mar/2010:22:43:11 -0700] "GET /robots.txt HTTP/1.1" 200 304 "-" "Mozilla/5.0 (Twiceler-0.9 http://www.cuil.com/twiceler/robot.html)"
123.112.117.141 - - [22/Mar/2010:23:52:00 -0700] "GET /coppermine/login.php?lang=english HTTP/1.1" 200 - "-" "Mozilla/4.0 (compatible; Windows XP 5.1; MSIE 6)"
220.181.94.223 - - [23/Mar/2010:00:11:10 -0700] "GET /robots.txt HTTP/1.1" 304 - "-" "Sogou web spider/4.0(+http://www.sogou.com/docs/help/webmasters.htm#07)"
220.181.94.223 - - [23/Mar/2010:00:11:20 -0700] "GET /robots.txt HTTP/1.1" 304 - "-" "Sogou web spider/4.0(+http://www.sogou.com/docs/help/webmasters.htm#07)"
66.219.58.44 - - [23/Mar/2010:00:15:22 -0700] "GET /robots.txt HTTP/1.1" 200 304 "-" "MLBot (www.metadatalabs.com/mlbot)"
66.219.58.44 - - [23/Mar/2010:00:15:22 -0700] "GET / HTTP/1.1" 302 - "-" "MLBot (www.metadatalabs.com/mlbot)"
208.80.193.32 - - [23/Mar/2010:00:37:18 -0700] "GET /blog/archive/2006_03_01_index.html&h=224&w=300&sz=12&hl=en&start=46 HTTP/1.0" 302 353 "-" "Mozilla/4.0 (compatible; MSIE 7.0; Windows NT 5.1; Q312461; .NET CLR 1.0.3705; .NET CLR 1.1.4322; InfoPath.1; .NET CLR 2.0.50727; .NET CLR 3.0.04506.30)"
220.181.94.223 - - [23/Mar/2010:01:34:34 -0700] "GET /robots.txt HTTP/1.1" 304 - "-" "Sogou web spider/4.0(+http://www.sogou.com/docs/help/webmasters.htm#07)"
220.181.94.223 - - [23/Mar/2010:01:34:45 -0700] "GET /robots.txt HTTP/1.1" 304 - "-" "Sogou web spider/4.0(+http://www.sogou.com/docs/help/webmasters.htm#07)"
208.80.193.27 - - [23/Mar/2010:01:57:04 -0700] "GET /blog/archive/2006_03_01_index.html&h=224&w=300&sz=12&hl=en&start=21 HTTP/1.0" 302 353 "-" "Mozilla/4.0 (compatible; MSIE 7.0; Windows NT 5.1; .NET CLR 1.1.4322; .NET CLR 2.0.40607; MSN 9.0;MSN 9.1; MSNbVZ02; MSNmen-us; MSNcOTH)"
93.158.148.31 - - [23/Mar/2010:06:44:12 -0700] "GET / HTTP/1.1" 302 - "-" "Yandex/1.01.001 (compatible; Win16; I)"
208.80.193.28 - - [23/Mar/2010:10:12:20 -0700] "GET / HTTP/1.0" 302 - "-" "Mozilla/4.0 (compatible; MSIE 6.0; Windows NT 5.1; SV1; ADVPLUGIN|K114|03|S11096575|dial; snprtz|S25695500000224)"
67.218.116.133 - - [23/Mar/2010:13:05:37 -0700] "GET /robots.txt HTTP/1.1" 200 304 "-" "Mozilla/5.0 (Twiceler-0.9 http://www.cuil.com/twiceler/robot.html)"
66.249.68.107 - - [23/Mar/2010:13:37:25 -0700] "GET /robots.txt HTTP/1.1" 200 304 "-" "Mozilla/5.0 (compatible; Googlebot/2.1; +http://www.google.com/bot.html)"
93.158.148.31 - - [23/Mar/2010:15:19:45 -0700] "GET /robots.txt HTTP/1.1" 200 304 "-" "Yandex/1.01.001 (compatible; Win16; I)"
193.47.80.41 - - [23/Mar/2010:16:22:41 -0700] "GET / HTTP/1.1" 302 - "-" "Mozilla/5.0 (compatible; Exabot/3.0; +http://www.exabot.com/go/robot)"
93.158.148.31 - - [23/Mar/2010:16:46:19 -0700] "GET /robots.txt HTTP/1.1" 200 304 "-" "Yandex/1.01.001 (compatible; Win16; I)"
193.47.80.41 - - [23/Mar/2010:16:53:25 -0700] "GET /robots.txt HTTP/1.1" 200 304 "-" "Mozilla/5.0 (compatible; Exabot/3.0; +http://www.exabot.com/go/robot)"
207.46.204.235 - - [23/Mar/2010:18:44:53 -0700] "GET /robots.txt HTTP/1.1" 200 304 "-" "msnbot/2.0b (+http://search.msn.com/msnbot.htm)"
207.46.204.235 - - [23/Mar/2010:18:45:54 -0700] "GET / HTTP/1.1" 302 - "-" "msnbot/2.0b (+http://search.msn.com/msnbot.htm)"
74.222.4.218 - - [23/Mar/2010:19:28:02 -0700] "GET /robots.txt HTTP/1.0" 200 304 "http://sharkbomb.com/robots.txt" "Mozilla/4.0 (compatible; MSIE 6.0; Windows NT 5.1; SV1; .NET CLR 2.0.50727)"
74.222.4.218 - - [23/Mar/2010:19:28:02 -0700] "GET / HTTP/1.0" 302 - "http://sharkbomb.com/" "Mozilla/4.0 (compatible; MSIE 6.0; Windows NT 5.1; SV1; .NET CLR 2.0.50727)"
74.222.4.218 - - [23/Mar/2010:19:28:12 -0700] "GET /robots.txt HTTP/1.0" 200 304 "http://sharkbomb.com/robots.txt" "Mozilla/4.0 (compatible; MSIE 6.0; Windows NT 5.1; SV1; .NET CLR 2.0.50727)"
74.52.245.146 - - [23/Mar/2010:20:13:14 -0700] "GET / HTTP/1.0" 302 - "-" "Mozilla/5.0 (X11; U; Linux i686; en-US; rv:1.7.5) Gecko/20041107 Firefox/1.0"
74.52.245.146 - - [23/Mar/2010:20:13:14 -0700] "GET /installation/index.php HTTP/1.0" 200 2232 "-" "Mozilla/5.0 (X11; U; Linux i686; en-US; rv:1.7.5) Gecko/20041107 Firefox/1.0"
216.129.119.40 - - [23/Mar/2010:22:46:52 -0700] "GET /robots.txt HTTP/1.1" 200 304 "-" "Mozilla/5.0 (Twiceler-0.9 http://www.cuil.com/twiceler/robot.html)"
65.55.207.75 - - [24/Mar/2010:00:16:40 -0700] "GET /robots.txt HTTP/1.1" 200 304 "-" "msnbot/2.0b (+http://search.msn.com/msnbot.htm)"
220.181.94.223 - - [24/Mar/2010:03:15:07 -0700] "GET /robots.txt HTTP/1.1" 304 - "-" "Sogou web spider/4.0(+http://www.sogou.com/docs/help/webmasters.htm#07)"
220.181.94.223 - - [24/Mar/2010:03:15:17 -0700] "GET / HTTP/1.1" 302 - "-" "Sogou-Test-Spider/4.0 (compatible; MSIE 5.5; Windows 98)"
220.181.94.223 - - [24/Mar/2010:03:15:27 -0700] "GET /installation/index.php HTTP/1.1" 200 2046 "-" "Sogou-Test-Spider/4.0 (compatible; MSIE 5.5; Windows 98)"
74.222.4.82 - - [24/Mar/2010:03:37:36 -0700] "GET /robots.txt HTTP/1.0" 200 304 "http://sharkbomb.com/robots.txt" "Mozilla/4.0 (compatible; MSIE 6.0; Windows NT 5.1; SV1; .NET CLR 2.0.50727)"
74.222.4.82 - - [24/Mar/2010:03:37:36 -0700] "GET / HTTP/1.0" 302 - "http://sharkbomb.com/" "Mozilla/4.0 (compatible; MSIE 6.0; Windows NT 5.1; SV1; .NET CLR 2.0.50727)"
74.222.4.82 - - [24/Mar/2010:03:37:43 -0700] "GET /robots.txt HTTP/1.0" 200 304 "http://sharkbomb.com/robots.txt" "Mozilla/4.0 (compatible; MSIE 6.0; Windows NT 5.1; SV1; .NET CLR 2.0.50727)"
93.158.148.31 - - [24/Mar/2010:04:44:01 -0700] "GET / HTTP/1.1" 302 - "-" "Yandex/1.01.001 (compatible; Win16; I)"
93.158.148.31 - - [24/Mar/2010:04:44:02 -0700] "GET / HTTP/1.1" 302 - "-" "Yandex/1.01.001 (compatible; Win16; I)"
207.46.195.224 - - [24/Mar/2010:05:29:08 -0700] "GET /robots.txt HTTP/1.1" 200 304 "-" "msnbot/2.0b (+http://search.msn.com/msnbot.htm)"
207.46.195.224 - - [24/Mar/2010:05:30:00 -0700] "GET / HTTP/1.1" 302 - "-" "msnbot/2.0b (+http://search.msn.com/msnbot.htm)"
93.158.148.31 - - [24/Mar/2010:10:10:41 -0700] "GET / HTTP/1.1" 302 - "-" "Yandex/1.01.001 (compatible; Win16; I)"
208.80.193.29 - - [24/Mar/2010:10:22:34 -0700] "GET / HTTP/1.0" 302 - "-" "Mozilla/4.0 (compatible; MSIE 6.0; Windows NT 5.1; SV1; SIMBAR={0EF0B5F8-A41F-42ef-9060-3048A04F8E54})"
66.249.68.49 - - [24/Mar/2010:11:24:40 -0700] "GET /robots.txt HTTP/1.1" 200 304 "-" "Mozilla/5.0 (compatible; Googlebot/2.1; +http://www.google.com/bot.html)"
66.249.68.49 - - [24/Mar/2010:11:24:40 -0700] "GET / HTTP/1.1" 302 - "-" "Mozilla/5.0 (compatible; Googlebot/2.1; +http://www.google.com/bot.html)"
64.246.165.170 - - [24/Mar/2010:12:24:24 -0700] "GET /robots.txt HTTP/1.0" 200 304 "-" "Mozilla/5.0 (Windows; U; Windows NT 5.1; en; rv:1.9.0.13) Gecko/2009073022 Firefox/3.5.2 (.NET CLR 3.5.30729) SurveyBot/2.3 (DomainTools)"
64.246.165.170 - - [24/Mar/2010:12:24:24 -0700] "GET / HTTP/1.1" 302 - "http://whois.domaintools.com/sharkbomb.com" "Mozilla/5.0 (Windows; U; Windows NT 5.1; en; rv:1.9.0.13) Gecko/2009073022 Firefox/3.5.2 (.NET CLR 3.5.30729) SurveyBot/2.3 (DomainTools)"
64.246.165.170 - - [24/Mar/2010:12:24:25 -0700] "GET /installation/index.php HTTP/1.1" 200 2231 "http://whois.domaintools.com/sharkbomb.com" "Mozilla/5.0 (Windows; U; Windows NT 5.1; en; rv:1.9.0.13) Gecko/2009073022 Firefox/3.5.2 (.NET CLR 3.5.30729) SurveyBot/2.3 (DomainTools)"
67.218.116.133 - - [24/Mar/2010:13:13:55 -0700] "GET /robots.txt HTTP/1.1" 200 304 "-" "Mozilla/5.0 (Twiceler-0.9 http://www.cuil.com/twiceler/robot.html)"
65.55.207.134 - - [24/Mar/2010:14:04:41 -0700] "GET /robots.txt HTTP/1.1" 200 304 "-" "msnbot/2.0b (+http://search.msn.com/msnbot.htm)"
208.80.193.36 - - [24/Mar/2010:15:12:13 -0700] "GET /blog/archive/2006_03_01_index.html&h=224&w=300&sz=12&hl=en&start=46 HTTP/1.0" 302 353 "-" "Mozilla/4.0 (compatible; MSIE 6.0; Windows NT 5.1; FunWebProducts; SV1; YPC 3.2.0; .NET CLR 1.0.3705; .NET CLR 1.1.4322; yplus 5.1.04b)"
93.158.148.31 - - [24/Mar/2010:16:21:18 -0700] "GET /robots.txt HTTP/1.1" 200 304 "-" "Yandex/1.01.001 (compatible; Win16; I)"
208.80.193.34 - - [24/Mar/2010:16:25:53 -0700] "GET /blog/archive/2006_03_01_index.html&h=224&w=300&sz=12&hl=en&start=21 HTTP/1.0" 302 353 "-" "Mozilla/4.0 (compatible; MSIE 6.0; Windows NT 5.1; FunWebProducts-MyWay; SV1; iebar; acc=kuwait150; acc=none; (none); .NET CLR 1.1.4322)"
66.235.124.58 - - [24/Mar/2010:16:51:36 -0700] "GET /robots.txt HTTP/1.1" 200 304 "-" "Mozilla/5.0 (compatible; Ask Jeeves/Teoma; +http://about.ask.com/en/docs/about/webmasters.shtml)"
66.235.124.58 - - [24/Mar/2010:16:51:36 -0700] "GET / HTTP/1.1" 302 - "-" "Mozilla/5.0 (compatible; Ask Jeeves/Teoma; +http://about.ask.com/en/docs/about/webmasters.shtml)"
193.47.80.41 - - [24/Mar/2010:17:04:54 -0700] "GET /robots.txt HTTP/1.1" 200 304 "-" "Mozilla/5.0 (compatible; Exabot/3.0; +http://www.exabot.com/go/robot)"
193.47.80.41 - - [24/Mar/2010:17:04:54 -0700] "GET / HTTP/1.1" 302 - "-" "Mozilla/5.0 (compatible; Exabot/3.0; +http://www.exabot.com/go/robot)"
65.55.106.131 - - [24/Mar/2010:17:22:22 -0700] "GET /robots.txt HTTP/1.1" 200 304 "-" "msnbot/2.0b (+http://search.msn.com/msnbot.htm)"
124.115.6.17 - - [24/Mar/2010:19:23:51 -0700] "GET /robots.txt HTTP/1.1" 200 304 "-" "Sosospider+(+http://help.soso.com/webspider.htm)"
124.115.1.59 - - [24/Mar/2010:19:53:38 -0700] "GET / HTTP/1.1" 302 - "-" "Mozilla/4.0 (compatible; MSIE 6.0; Windows NT 5.1)"
124.115.1.59 - - [24/Mar/2010:19:53:38 -0700] "GET /installation/index.php HTTP/1.1" 200 2046 "-" "Mozilla/4.0 (compatible; MSIE 6.0; Windows NT 5.1)"
124.115.1.59 - - [24/Mar/2010:19:53:51 -0700] "GET /installation/template/css/template/css/template.css HTTP/1.1" 302 353 "http://www.sharkbomb.com/" "Mozilla/4.0 (compatible; MSIE 6.0; Windows NT 5.1)"
124.115.1.59 - - [24/Mar/2010:19:53:52 -0700] "GET /media/system/media/system/js/mootools.js HTTP/1.1" 302 353 "http://www.sharkbomb.com/" "Mozilla/4.0 (compatible; MSIE 6.0; Windows NT 5.1)"
124.115.1.59 - - [24/Mar/2010:19:53:53 -0700] "GET /installation/includes/js/includes/js/installation.js HTTP/1.1" 302 353 "http://www.sharkbomb.com/" "Mozilla/4.0 (compatible; MSIE 6.0; Windows NT 5.1)"
124.115.1.59 - - [24/Mar/2010:19:53:53 -0700] "GET /installation/template/js/template/js/validation.js HTTP/1.1" 302 353 "http://www.sharkbomb.com/" "Mozilla/4.0 (compatible; MSIE 6.0; Windows NT 5.1)"
124.115.1.66 - - [24/Mar/2010:20:07:54 -0700] "GET / HTTP/1.1" 302 - "-" "Mozilla/4.0 (compatible; MSIE 6.0; Windows NT 5.1)"
124.115.1.66 - - [24/Mar/2010:20:07:54 -0700] "GET /installation/index.php HTTP/1.1" 200 2046 "-" "Mozilla/4.0 (compatible; MSIE 6.0; Windows NT 5.1)"
124.115.1.66 - - [24/Mar/2010:20:08:08 -0700] "GET /installation/template/css/template/css/template.css HTTP/1.1" 302 353 "http://www.sharkbomb.com/" "Mozilla/4.0 (compatible; MSIE 6.0; Windows NT 5.1)"
124.115.1.66 - - [24/Mar/2010:20:08:08 -0700] "GET /media/system/media/system/js/mootools.js HTTP/1.1" 302 353 "http://www.sharkbomb.com/" "Mozilla/4.0 (compatible; MSIE 6.0; Windows NT 5.1)"
124.115.1.66 - - [24/Mar/2010:20:08:09 -0700] "GET /installation/includes/js/includes/js/installation.js HTTP/1.1" 302 353 "http://www.sharkbomb.com/" "Mozilla/4.0 (compatible; MSIE 6.0; Windows NT 5.1)"
124.115.1.66 - - [24/Mar/2010:20:08:09 -0700] "GET /installation/template/js/template/js/validation.js HTTP/1.1" 302 353 "http://www.sharkbomb.com/" "Mozilla/4.0 (compatible; MSIE 6.0; Windows NT 5.1)"
124.115.10.193 - - [24/Mar/2010:20:11:14 -0700] "GET / HTTP/1.1" 302 - "-" "Mozilla/4.0 (compatible; MSIE 6.0; Windows NT 5.1)"
124.115.10.193 - - [24/Mar/2010:20:11:14 -0700] "GET /installation/index.php HTTP/1.1" 200 2046 "-" "Mozilla/4.0 (compatible; MSIE 6.0; Windows NT 5.1)"
124.115.10.193 - - [24/Mar/2010:20:11:28 -0700] "GET /installation/template/css/template/css/template.css HTTP/1.1" 302 353 "http://www.sharkbomb.com/" "Mozilla/4.0 (compatible; MSIE 6.0; Windows NT 5.1)"
124.115.10.193 - - [24/Mar/2010:20:11:28 -0700] "GET /media/system/media/system/js/mootools.js HTTP/1.1" 302 353 "http://www.sharkbomb.com/" "Mozilla/4.0 (compatible; MSIE 6.0; Windows NT 5.1)"
124.115.10.193 - - [24/Mar/2010:20:11:29 -0700] "GET /installation/includes/js/includes/js/installation.js HTTP/1.1" 302 353 "http://www.sharkbomb.com/" "Mozilla/4.0 (compatible; MSIE 6.0; Windows NT 5.1)"
124.115.10.193 - - [24/Mar/2010:20:11:29 -0700] "GET /installation/template/js/template/js/validation.js HTTP/1.1" 302 353 "http://www.sharkbomb.com/" "Mozilla/4.0 (compatible; MSIE 6.0; Windows NT 5.1)"
124.115.1.61 - - [24/Mar/2010:20:26:42 -0700] "GET / HTTP/1.1" 302 - "-" "Mozilla/4.0 (compatible; MSIE 6.0; Windows NT 5.1)"
124.115.1.61 - - [24/Mar/2010:20:26:42 -0700] "GET /installation/index.php HTTP/1.1" 200 2046 "-" "Mozilla/4.0 (compatible; MSIE 6.0; Windows NT 5.1)"
124.115.1.61 - - [24/Mar/2010:20:26:56 -0700] "GET /installation/template/css/template/css/template.css HTTP/1.1" 302 353 "http://www.sharkbomb.com/" "Mozilla/4.0 (compatible; MSIE 6.0; Windows NT 5.1)"
124.115.1.61 - - [24/Mar/2010:20:26:56 -0700] "GET /media/system/media/system/js/mootools.js HTTP/1.1" 302 353 "http://www.sharkbomb.com/" "Mozilla/4.0 (compatible; MSIE 6.0; Windows NT 5.1)"
124.115.1.61 - - [24/Mar/2010:20:26:57 -0700] "GET /installation/includes/js/includes/js/installation.js HTTP/1.1" 302 353 "http://www.sharkbomb.com/" "Mozilla/4.0 (compatible; MSIE 6.0; Windows NT 5.1)"
124.115.1.61 - - [24/Mar/2010:20:26:57 -0700] "GET /installation/template/js/template/js/validation.js HTTP/1.1" 302 353 "http://www.sharkbomb.com/" "Mozilla/4.0 (compatible; MSIE 6.0; Windows NT 5.1)"
66.249.68.107 - - [24/Mar/2010:20:41:34 -0700] "GET /robots.txt HTTP/1.1" 200 304 "-" "Mozilla/5.0 (compatible; Googlebot/2.1; +http://www.google.com/bot.html)"
