220.181.108.175 - - [01/Mar/2011:05:34:51 -0800] "GET / HTTP/1.1" 302 - "-" "Baiduspider+(+http://www.baidu.com/search/spider.htm)"
66.249.68.115 - - [01/Mar/2011:06:12:13 -0800] "GET /blog HTTP/1.1" 302 349 "-" "Mozilla/5.0 (compatible; Googlebot/2.1; +http://www.google.com/bot.html)"
66.249.68.115 - - [01/Mar/2011:06:12:14 -0800] "GET / HTTP/1.1" 302 - "-" "Mozilla/5.0 (compatible; Googlebot/2.1; +http://www.google.com/bot.html)"
220.181.108.160 - - [01/Mar/2011:06:40:57 -0800] "GET /robots.txt HTTP/1.1" 200 304 "-" "Baiduspider+(+http://www.baidu.com/search/spider.htm)"
66.249.67.55 - - [01/Mar/2011:09:24:06 -0800] "GET /blog/ HTTP/1.1" 302 353 "-" "Mozilla/5.0 (compatible; Googlebot/2.1; +http://www.google.com/bot.html)"
66.249.68.115 - - [01/Mar/2011:09:24:07 -0800] "GET /robots.txt HTTP/1.1" 200 304 "-" "Mozilla/5.0 (compatible; Googlebot/2.1; +http://www.google.com/bot.html)"
89.212.180.105 - - [01/Mar/2011:10:23:28 -0800] "GET / HTTP/1.0" 302 - "http://sharkbomb.com/" "Mozilla/4.0 (compatible; MSIE 6.0; Windows NT 5.1)"
89.212.180.105 - - [01/Mar/2011:10:23:28 -0800] "GET /installation/index.php HTTP/1.0" 200 2232 "http://sharkbomb.com/installation/index.php" "Mozilla/4.0 (compatible; MSIE 6.0; Windows NT 5.1)"
123.125.71.113 - - [01/Mar/2011:11:31:56 -0800] "GET / HTTP/1.1" 302 - "-" "Baiduspider+(+http://www.baidu.com/search/spider.htm)"
220.181.108.187 - - [01/Mar/2011:11:32:22 -0800] "GET / HTTP/1.1" 302 - "-" "Baiduspider+(+http://www.baidu.com/search/spider.htm)"
93.158.148.31 - - [01/Mar/2011:12:27:38 -0800] "GET /robots.txt HTTP/1.1" 200 304 "-" "Mozilla/5.0 (compatible; YandexBot/3.0; +http://yandex.com/bots)"
93.158.148.31 - - [01/Mar/2011:13:20:50 -0800] "GET / HTTP/1.1" 302 - "-" "Mozilla/5.0 (compatible; YandexBot/3.0; +http://yandex.com/bots)"
208.80.194.36 - - [01/Mar/2011:14:46:58 -0800] "GET / HTTP/1.0" 302 - "-" "Mozilla/4.0 (compatible; MSIE 7.0; Windows NT 5.1; {814126B0-2773-F9C6-FE73-EFC01A455C27}; .NET CLR 1.1.4322)"
208.80.194.36 - - [01/Mar/2011:14:46:58 -0800] "GET /installation/index.php HTTP/1.0" 200 2232 "-" "Mozilla/4.0 (compatible; MSIE 7.0; Windows NT 5.1; AT&T CSM7.0; SV1)"
85.234.141.97 - - [01/Mar/2011:16:18:04 -0800] "GET /phpMyAdmin/scripts/setup.php HTTP/1.0" 302 349 "-" "Mozilla/4.0 (compatible; MSIE 6.0; Windows NT 5.1)"
123.125.71.96 - - [01/Mar/2011:17:18:18 -0800] "GET / HTTP/1.1" 302 - "-" "Baiduspider+(+http://www.baidu.com/search/spider.htm)"
123.125.71.108 - - [01/Mar/2011:19:33:31 -0800] "GET / HTTP/1.1" 302 - "-" "Baiduspider+(+http://www.baidu.com/search/spider.htm)"
220.181.108.170 - - [01/Mar/2011:19:33:56 -0800] "GET / HTTP/1.1" 302 - "-" "Baiduspider+(+http://www.baidu.com/search/spider.htm)"
70.173.252.244 - - [01/Mar/2011:21:14:42 -0800] "GET / HTTP/1.1" 302 - "http://www.google.com/search?q=shark+bomb+decal&rls=com.microsoft:en-us:IE-SearchBox&ie=UTF-8&oe=UTF-8&sourceid=ie7&rlz=1I7GGLL_en" "Mozilla/4.0 (compatible; MSIE 8.0; Windows NT 6.0; WOW64; Trident/4.0; GTB6.6; SLCC1; .NET CLR 2.0.50727; Media Center PC 5.0; .NET CLR 3.5.30729; .NET CLR 3.0.30618; WinTSI 19.09.2009; .NET4.0C; AskTB5.6)"
70.173.252.244 - - [01/Mar/2011:21:14:42 -0800] "GET /installation/index.php HTTP/1.1" 200 2231 "http://www.google.com/search?q=shark+bomb+decal&rls=com.microsoft:en-us:IE-SearchBox&ie=UTF-8&oe=UTF-8&sourceid=ie7&rlz=1I7GGLL_en" "Mozilla/4.0 (compatible; MSIE 8.0; Windows NT 6.0; WOW64; Trident/4.0; GTB6.6; SLCC1; .NET CLR 2.0.50727; Media Center PC 5.0; .NET CLR 3.5.30729; .NET CLR 3.0.30618; WinTSI 19.09.2009; .NET4.0C; AskTB5.6)"
70.173.252.244 - - [01/Mar/2011:21:14:44 -0800] "GET /installation/template/css/template.css HTTP/1.1" 200 7375 "http://sharkbomb.com/installation/index.php" "Mozilla/4.0 (compatible; MSIE 8.0; Windows NT 6.0; WOW64; Trident/4.0; GTB6.6; SLCC1; .NET CLR 2.0.50727; Media Center PC 5.0; .NET CLR 3.5.30729; .NET CLR 3.0.30618; WinTSI 19.09.2009; .NET4.0C; AskTB5.6)"
70.173.252.244 - - [01/Mar/2011:21:14:45 -0800] "GET /installation/template/js/validation.js HTTP/1.1" 200 7137 "http://sharkbomb.com/installation/index.php" "Mozilla/4.0 (compatible; MSIE 8.0; Windows NT 6.0; WOW64; Trident/4.0; GTB6.6; SLCC1; .NET CLR 2.0.50727; Media Center PC 5.0; .NET CLR 3.5.30729; .NET CLR 3.0.30618; WinTSI 19.09.2009; .NET4.0C; AskTB5.6)"
70.173.252.244 - - [01/Mar/2011:21:14:45 -0800] "GET /installation/includes/js/installation.js HTTP/1.1" 200 598 "http://sharkbomb.com/installation/index.php" "Mozilla/4.0 (compatible; MSIE 8.0; Windows NT 6.0; WOW64; Trident/4.0; GTB6.6; SLCC1; .NET CLR 2.0.50727; Media Center PC 5.0; .NET CLR 3.5.30729; .NET CLR 3.0.30618; WinTSI 19.09.2009; .NET4.0C; AskTB5.6)"
70.173.252.244 - - [01/Mar/2011:21:14:45 -0800] "GET /media/system/js/mootools.js HTTP/1.1" 200 74434 "http://sharkbomb.com/installation/index.php" "Mozilla/4.0 (compatible; MSIE 8.0; Windows NT 6.0; WOW64; Trident/4.0; GTB6.6; SLCC1; .NET CLR 2.0.50727; Media Center PC 5.0; .NET CLR 3.5.30729; .NET CLR 3.0.30618; WinTSI 19.09.2009; .NET4.0C; AskTB5.6)"
70.173.252.244 - - [01/Mar/2011:21:14:46 -0800] "GET /installation/template/images/j_header_middle.png HTTP/1.1" 200 385 "http://sharkbomb.com/installation/index.php" "Mozilla/4.0 (compatible; MSIE 8.0; Windows NT 6.0; WOW64; Trident/4.0; GTB6.6; SLCC1; .NET CLR 2.0.50727; Media Center PC 5.0; .NET CLR 3.5.30729; .NET CLR 3.0.30618; WinTSI 19.09.2009; .NET4.0C; AskTB5.6)"
70.173.252.244 - - [01/Mar/2011:21:14:46 -0800] "GET /installation/template/images/j_header_left.png HTTP/1.1" 200 5148 "http://sharkbomb.com/installation/index.php" "Mozilla/4.0 (compatible; MSIE 8.0; Windows NT 6.0; WOW64; Trident/4.0; GTB6.6; SLCC1; .NET CLR 2.0.50727; Media Center PC 5.0; .NET CLR 3.5.30729; .NET CLR 3.0.30618; WinTSI 19.09.2009; .NET4.0C; AskTB5.6)"
70.173.252.244 - - [01/Mar/2011:21:14:46 -0800] "GET /installation/template/images/j_bottom.png HTTP/1.1" 200 232 "http://sharkbomb.com/installation/index.php" "Mozilla/4.0 (compatible; MSIE 8.0; Windows NT 6.0; WOW64; Trident/4.0; GTB6.6; SLCC1; .NET CLR 2.0.50727; Media Center PC 5.0; .NET CLR 3.5.30729; .NET CLR 3.0.30618; WinTSI 19.09.2009; .NET4.0C; AskTB5.6)"
70.173.252.244 - - [01/Mar/2011:21:14:46 -0800] "GET /installation/template/images/j_header_right.png HTTP/1.1" 200 366 "http://sharkbomb.com/installation/index.php" "Mozilla/4.0 (compatible; MSIE 8.0; Windows NT 6.0; WOW64; Trident/4.0; GTB6.6; SLCC1; .NET CLR 2.0.50727; Media Center PC 5.0; .NET CLR 3.5.30729; .NET CLR 3.0.30618; WinTSI 19.09.2009; .NET4.0C; AskTB5.6)"
70.173.252.244 - - [01/Mar/2011:21:14:46 -0800] "GET /installation/template/images/j_corner_bl.png HTTP/1.1" 200 303 "http://sharkbomb.com/installation/index.php" "Mozilla/4.0 (compatible; MSIE 8.0; Windows NT 6.0; WOW64; Trident/4.0; GTB6.6; SLCC1; .NET CLR 2.0.50727; Media Center PC 5.0; .NET CLR 3.5.30729; .NET CLR 3.0.30618; WinTSI 19.09.2009; .NET4.0C; AskTB5.6)"
70.173.252.244 - - [01/Mar/2011:21:14:46 -0800] "GET /installation/template/images/j_corner_br.png HTTP/1.1" 200 314 "http://sharkbomb.com/installation/index.php" "Mozilla/4.0 (compatible; MSIE 8.0; Windows NT 6.0; WOW64; Trident/4.0; GTB6.6; SLCC1; .NET CLR 2.0.50727; Media Center PC 5.0; .NET CLR 3.5.30729; .NET CLR 3.0.30618; WinTSI 19.09.2009; .NET4.0C; AskTB5.6)"
70.173.252.244 - - [01/Mar/2011:21:14:47 -0800] "GET /installation/favicon.ico HTTP/1.1" 200 1150 "-" "Mozilla/4.0 (compatible; MSIE 8.0; Windows NT 6.0; WOW64; Trident/4.0; GTB6.6; SLCC1; .NET CLR 2.0.50727; Media Center PC 5.0; .NET CLR 3.5.30729; .NET CLR 3.0.30618; WinTSI 19.09.2009; .NET4.0C; AskTB5.6)"
150.70.75.29 - - [01/Mar/2011:21:25:44 -0800] "GET /installation/includes/js/installation.js HTTP/1.0" 200 598 "-" "Mozilla/4.0 (compatible; MSIE 6.0; Windows NT 5.1)"
150.70.75.29 - - [01/Mar/2011:21:25:43 -0800] "GET /installation/index.php HTTP/1.0" 200 2231 "-" "Mozilla/4.0 (compatible; MSIE 6.0; Windows NT 5.1)"
150.70.75.29 - - [01/Mar/2011:21:25:44 -0800] "GET /media/system/js/mootools.js HTTP/1.0" 200 74434 "-" "Mozilla/4.0 (compatible; MSIE 6.0; Windows NT 5.1)"
66.249.68.115 - - [01/Mar/2011:22:16:19 -0800] "GET /ct.html HTTP/1.1" 302 349 "-" "Mozilla/5.0 (compatible; Googlebot/2.1; +http://www.google.com/bot.html)"
123.125.71.103 - - [01/Mar/2011:22:34:38 -0800] "GET / HTTP/1.1" 302 - "-" "Baiduspider+(+http://www.baidu.com/search/spider.htm)"
220.181.108.182 - - [01/Mar/2011:22:35:04 -0800] "GET / HTTP/1.1" 302 - "-" "Baiduspider+(+http://www.baidu.com/search/spider.htm)"
208.80.194.26 - - [02/Mar/2011:00:22:57 -0800] "GET /blog/archive/2006_03_01_index.html&h=224&w=300&sz=12&hl=en&start=21 HTTP/1.0" 302 353 "-" "Mozilla/4.0 (compatible; MSIE 7.0; Windows NT 6.0; SLCC1; .NET CLR 2.0.50727; .NET CLR 3.0.04506; Tablet PC 2.0; .NET CLR 1.1.4322)"
208.80.194.26 - - [02/Mar/2011:00:22:57 -0800] "GET / HTTP/1.0" 302 - "-" "Mozilla/4.0 (compatible; MSIE 7.0; Windows NT 5.1; Comcast Install 1.0; InfoPath.1)"
208.80.194.26 - - [02/Mar/2011:00:22:57 -0800] "GET /installation/index.php HTTP/1.0" 200 2232 "-" "Mozilla/4.0 (compatible; MSIE 7.0; Windows NT 5.1; FunWebProducts; .NET CLR 1.1.4322; Dealio Toolbar 3.1.1)"
220.181.108.162 - - [02/Mar/2011:01:49:55 -0800] "GET /robots.txt HTTP/1.1" 200 304 "-" "Baiduspider+(+http://www.baidu.com/search/spider.htm)"
222.216.28.133 - - [02/Mar/2011:04:32:11 -0800] "GET / HTTP/1.0" 302 - "http://g7.in/1E66.html" "example/1.0"
66.249.67.55 - - [02/Mar/2011:06:52:47 -0800] "GET /robots.txt HTTP/1.1" 200 304 "-" "Mozilla/5.0 (compatible; Googlebot/2.1; +http://www.google.com/bot.html)"
66.249.68.115 - - [02/Mar/2011:08:19:51 -0800] "GET /robots.txt HTTP/1.1" 200 304 "-" "SAMSUNG-SGH-E250/1.0 Profile/MIDP-2.0 Configuration/CLDC-1.1 UP.Browser/6.2.3.3.c.1.101 (GUI) MMP/2.0 (compatible; Googlebot-Mobile/2.1; +http://www.google.com/bot.html)"
66.249.68.115 - - [02/Mar/2011:08:19:51 -0800] "GET / HTTP/1.1" 302 - "-" "SAMSUNG-SGH-E250/1.0 Profile/MIDP-2.0 Configuration/CLDC-1.1 UP.Browser/6.2.3.3.c.1.101 (GUI) MMP/2.0 (compatible; Googlebot-Mobile/2.1; +http://www.google.com/bot.html)"
66.249.68.115 - - [02/Mar/2011:08:49:32 -0800] "GET / HTTP/1.1" 302 - "-" "DoCoMo/2.0 N905i(c100;TB;W24H16) (compatible; Googlebot-Mobile/2.1; +http://www.google.com/bot.html)"
66.249.67.55 - - [02/Mar/2011:10:53:08 -0800] "GET /robots.txt HTTP/1.1" 200 304 "-" "Mozilla/5.0 (compatible; Googlebot/2.1; +http://www.google.com/bot.html)"
66.249.67.55 - - [02/Mar/2011:13:03:40 -0800] "GET / HTTP/1.1" 302 - "-" "Mozilla/5.0 (compatible; Googlebot/2.1; +http://www.google.com/bot.html)"
50.16.179.172 - - [02/Mar/2011:13:12:33 -0800] "GET / HTTP/1.0" 302 - "-" "Mozilla/5.0 (compatible; NetcraftSurveyAgent/1.0; +info@netcraft.com)"
50.16.179.172 - - [02/Mar/2011:13:12:46 -0800] "GET /installation/index.php HTTP/1.0" 200 2232 "-" "Mozilla/5.0 (compatible; NetcraftSurveyAgent/1.0; +info@netcraft.com)"
218.213.130.158 - - [02/Mar/2011:15:15:33 -0800] "GET /robots.txt HTTP/1.1" 200 304 "-" "ichiro/4.0 (http://help.goo.ne.jp/door/crawler.html)"
218.213.130.158 - - [02/Mar/2011:15:15:35 -0800] "GET / HTTP/1.1" 302 - "-" "ichiro/4.0 (http://help.goo.ne.jp/door/crawler.html)"
66.249.68.115 - - [02/Mar/2011:18:58:33 -0800] "GET /robots.txt HTTP/1.1" 200 304 "-" "Mozilla/5.0 (compatible; Googlebot/2.1; +http://www.google.com/bot.html)"
66.249.68.115 - - [02/Mar/2011:18:58:33 -0800] "GET /blog HTTP/1.1" 302 349 "-" "Mozilla/5.0 (compatible; Googlebot/2.1; +http://www.google.com/bot.html)"
66.249.68.115 - - [02/Mar/2011:18:58:33 -0800] "GET / HTTP/1.1" 302 - "-" "Mozilla/5.0 (compatible; Googlebot/2.1; +http://www.google.com/bot.html)"
64.246.165.170 - - [02/Mar/2011:20:34:49 -0800] "GET /robots.txt HTTP/1.0" 200 304 "-" "Mozilla/5.0 (Windows; U; Windows NT 5.1; en; rv:1.9.0.13) Gecko/2009073022 Firefox/3.5.2 (.NET CLR 3.5.30729) SurveyBot/2.3 (DomainTools)"
64.246.165.170 - - [02/Mar/2011:20:34:50 -0800] "GET / HTTP/1.1" 302 - "http://whois.domaintools.com/sharkbomb.com" "Mozilla/5.0 (Windows; U; Windows NT 5.1; en; rv:1.9.0.13) Gecko/2009073022 Firefox/3.5.2 (.NET CLR 3.5.30729) SurveyBot/2.3 (DomainTools)"
64.246.165.170 - - [02/Mar/2011:20:34:50 -0800] "GET /installation/index.php HTTP/1.1" 200 2231 "http://whois.domaintools.com/sharkbomb.com" "Mozilla/5.0 (Windows; U; Windows NT 5.1; en; rv:1.9.0.13) Gecko/2009073022 Firefox/3.5.2 (.NET CLR 3.5.30729) SurveyBot/2.3 (DomainTools)"
69.13.39.43 - - [02/Mar/2011:20:47:54 -0800] "GET / HTTP/1.1" 302 - "find1friend.com/search?q=mark+zuckerberg" "Mozilla/4.0 (compatible; MSIE 7.0; Windows NT 5.1)"
81.24.211.33 - - [02/Mar/2011:23:49:47 -0800] "GET /index.php HTTP/1.0" 302 - "http://sharkbomb.com/index.php" "Mozilla/4.0 (compatible; MSIE 6.0; Windows NT 5.2; Win64; AMD64)"
81.24.211.33 - - [02/Mar/2011:23:49:48 -0800] "GET /installation/index.php HTTP/1.0" 200 2232 "http://sharkbomb.com/installation/index.php" "Mozilla/4.0 (compatible; MSIE 6.0; Windows NT 5.2; Win64; AMD64)"
123.125.71.103 - - [03/Mar/2011:00:22:24 -0800] "GET / HTTP/1.1" 302 - "-" "Baiduspider+(+http://www.baidu.com/search/spider.htm)"
220.181.94.216 - - [03/Mar/2011:01:35:43 -0800] "GET /robots.txt HTTP/1.1" 200 304 "-" "Sogou web spider/4.0(+http://www.sogou.com/docs/help/webmasters.htm#07)"
220.181.94.216 - - [03/Mar/2011:01:35:53 -0800] "GET / HTTP/1.1" 302 - "-" "Sogou-Test-Spider/4.0 (compatible; MSIE 5.5; Windows 98)"
220.181.94.216 - - [03/Mar/2011:01:36:03 -0800] "GET /installation/index.php HTTP/1.1" 200 2046 "-" "Sogou-Test-Spider/4.0 (compatible; MSIE 5.5; Windows 98)"
123.125.71.108 - - [03/Mar/2011:02:33:36 -0800] "GET / HTTP/1.1" 302 - "-" "Baiduspider+(+http://www.baidu.com/search/spider.htm)"
220.181.108.167 - - [03/Mar/2011:02:34:00 -0800] "GET / HTTP/1.1" 302 - "-" "Baiduspider+(+http://www.baidu.com/search/spider.htm)"
95.108.150.235 - - [03/Mar/2011:04:23:03 -0800] "GET /robots.txt HTTP/1.1" 200 304 "-" "Mozilla/5.0 (compatible; YandexBot/3.0; MirrorDetector; +http://yandex.com/bots)"
95.108.150.235 - - [03/Mar/2011:04:23:03 -0800] "GET /robots.txt HTTP/1.1" 200 304 "-" "Mozilla/5.0 (compatible; YandexBot/3.0; MirrorDetector; +http://yandex.com/bots)"
95.108.150.235 - - [03/Mar/2011:04:23:03 -0800] "GET / HTTP/1.1" 302 - "-" "Mozilla/5.0 (compatible; YandexBot/3.0; MirrorDetector; +http://yandex.com/bots)"
95.108.150.235 - - [03/Mar/2011:04:23:04 -0800] "GET / HTTP/1.1" 302 - "-" "Mozilla/5.0 (compatible; YandexBot/3.0; MirrorDetector; +http://yandex.com/bots)"
95.108.150.235 - - [03/Mar/2011:04:23:05 -0800] "GET /installation/index.php HTTP/1.1" 200 2232 "-" "Mozilla/5.0 (compatible; YandexBot/3.0; MirrorDetector; +http://yandex.com/bots)"
95.108.150.235 - - [03/Mar/2011:04:23:04 -0800] "GET /installation/index.php HTTP/1.1" 200 2232 "-" "Mozilla/5.0 (compatible; YandexBot/3.0; MirrorDetector; +http://yandex.com/bots)"
95.108.150.235 - - [03/Mar/2011:04:23:06 -0800] "GET /installation/index.php HTTP/1.1" 200 2232 "-" "Mozilla/5.0 (compatible; YandexBot/3.0; MirrorDetector; +http://yandex.com/bots)"
95.108.150.235 - - [03/Mar/2011:04:23:06 -0800] "GET /installation/index.php HTTP/1.1" 200 2232 "-" "Mozilla/5.0 (compatible; YandexBot/3.0; MirrorDetector; +http://yandex.com/bots)"
208.80.194.28 - - [03/Mar/2011:12:11:37 -0800] "GET / HTTP/1.0" 302 - "-" "Mozilla/4.0 (compatible; MSIE 6.0; Windows NT 5.1; {B5615F76-194F-44A7-0ABB-A5E5B49B1577}; .NET CLR 1.1.4322)"
208.80.194.28 - - [03/Mar/2011:12:11:37 -0800] "GET /installation/index.php HTTP/1.0" 200 2232 "-" "Mozilla/4.0 (compatible; MSIE 7.0; Windows NT 6.0; SLCC1; .NET CLR 2.0.50727; Media Center PC 5.0; .NET CLR 3.0.04506; Dealio Toolbar 3.1.1)"
66.249.68.115 - - [03/Mar/2011:17:48:52 -0800] "GET /robots.txt HTTP/1.1" 200 304 "-" "Mozilla/5.0 (compatible; Googlebot/2.1; +http://www.google.com/bot.html)"
66.249.68.115 - - [03/Mar/2011:17:48:52 -0800] "GET /blog HTTP/1.1" 302 349 "-" "Mozilla/5.0 (compatible; Googlebot/2.1; +http://www.google.com/bot.html)"
66.249.68.115 - - [03/Mar/2011:17:48:52 -0800] "GET / HTTP/1.1" 302 - "-" "Mozilla/5.0 (compatible; Googlebot/2.1; +http://www.google.com/bot.html)"
184.82.95.178 - - [03/Mar/2011:18:56:18 -0800] "GET / HTTP/1.0" 302 - "http://ultrabait.biz" "Mozilla/4.0 (compatible; MSIE 6.0; Windows NT 5.0; Avant Browser [avantbrowser.com]; Hotbar 4.4.5.0)"
184.82.95.178 - - [03/Mar/2011:18:56:18 -0800] "GET /installation/index.php HTTP/1.0" 200 2232 "http://ultrabait.biz" "Mozilla/4.0 (compatible; MSIE 6.0; Windows NT 5.0; Avant Browser [avantbrowser.com]; Hotbar 4.4.5.0)"
184.82.95.178 - - [03/Mar/2011:18:56:19 -0800] "GET /installation/index.php HTTP/1.0" 200 2232 "http://ultrabait.biz" "Mozilla/4.0 (compatible; MSIE 5.5; Windows NT 5.0; T312461)"
184.82.95.178 - - [03/Mar/2011:18:56:20 -0800] "GET /installation/index.php HTTP/1.0" 200 2232 "http://ultrabait.biz" "Mozilla/6.0 (compatible; MSIE 7.0a1; Windows NT 5.2; SV1)"
184.82.95.178 - - [03/Mar/2011:18:56:21 -0800] "GET /installation/index.php HTTP/1.0" 200 2232 "http://ultrabait.biz" "Mozilla/4.0 (compatible; MSIE 6.0; Update a; AOL 6.0; Windows 98)"
184.82.95.178 - - [03/Mar/2011:18:56:21 -0800] "GET /installation/index.php HTTP/1.0" 200 2232 "http://ultrabait.biz" "Mozilla/4.0 (compatible; MSIE 6.0; Windows NT 5.1)"
65.52.110.81 - - [03/Mar/2011:20:39:33 -0800] "GET /robots.txt HTTP/1.1" 200 304 "-" "Mozilla/5.0 (compatible; bingbot/2.0; +http://www.bing.com/bingbot.htm)"
65.52.110.81 - - [03/Mar/2011:20:40:27 -0800] "GET / HTTP/1.1" 302 - "-" "Mozilla/5.0 (compatible; bingbot/2.0; +http://www.bing.com/bingbot.htm)"
208.80.194.28 - - [03/Mar/2011:21:38:22 -0800] "GET /blog/archive/2006_03_01_index.html&h=224&w=300&sz=12&hl=en&start=21 HTTP/1.0" 302 353 "-" "Mozilla/4.0 (compatible; MSIE 6.0; Windows NT 5.1; SV1; FunWebProducts; MSN 6.1; MSNbMSFT; MSNmen-gb; MSNc00; v5m)"
208.80.194.28 - - [03/Mar/2011:21:38:22 -0800] "GET / HTTP/1.0" 302 - "-" "Mozilla/4.0 (compatible; MSIE 7.0; Windows NT 5.1; FunWebProducts; .NET CLR 1.0.3705; .NET CLR 1.1.4322; Media Center PC 4.0; .NET CLR 2.0.50727; MSN 9.0;MSN 9.1; MSNbQ002; MSNmen-us; MSNcOTH)"
208.80.194.28 - - [03/Mar/2011:21:38:23 -0800] "GET /installation/index.php HTTP/1.0" 200 2232 "-" "Mozilla/4.0 (compatible; MSIE 6.0; Windows NT 5.0; DigExt; .NET CLR 1.1.4322; .NET CLR 2.0.50727)"
66.249.67.55 - - [04/Mar/2011:01:38:36 -0800] "GET /robots.txt HTTP/1.1" 200 304 "-" "Mozilla/5.0 (compatible; Googlebot/2.1; +http://www.google.com/bot.html)"
66.249.67.55 - - [04/Mar/2011:01:38:36 -0800] "GET /blog/ HTTP/1.1" 302 353 "-" "Mozilla/5.0 (compatible; Googlebot/2.1; +http://www.google.com/bot.html)"
174.129.117.237 - - [04/Mar/2011:02:19:23 -0800] "HEAD / HTTP/1.1" 302 - "-" "Mozilla/5.0 (Windows; U; Windows NT 5.1; en-US) AppleWebKit/525.13 (KHTML, like Gecko) Chrome/0.A.B.C Safari/525.13"
123.125.71.96 - - [04/Mar/2011:06:35:10 -0800] "GET / HTTP/1.1" 302 - "-" "Baiduspider+(+http://www.baidu.com/search/spider.htm)"
220.181.108.171 - - [04/Mar/2011:06:35:37 -0800] "GET / HTTP/1.1" 302 - "-" "Baiduspider+(+http://www.baidu.com/search/spider.htm)"
188.72.230.156 - - [04/Mar/2011:10:46:12 -0800] "GET /robots.txt HTTP/1.0" 200 304 "-" "Mozilla/5.0 (Windows; U; Windows NT 5.1; en-US) AppleWebKit/534.10 (KHTML, like Gecko) Chrome/8.0.552.224 Safari/534.10/Nutch-1.2"
188.72.230.156 - - [04/Mar/2011:10:46:12 -0800] "GET / HTTP/1.0" 302 - "-" "Mozilla/5.0 (Windows; U; Windows NT 5.1; en-US) AppleWebKit/534.10 (KHTML, like Gecko) Chrome/8.0.552.224 Safari/534.10/Nutch-1.2"
66.249.68.115 - - [04/Mar/2011:12:55:21 -0800] "GET /ct.html HTTP/1.1" 302 349 "-" "Mozilla/5.0 (compatible; Googlebot/2.1; +http://www.google.com/bot.html)"
66.249.67.55 - - [04/Mar/2011:16:16:52 -0800] "GET /robots.txt HTTP/1.1" 200 304 "-" "Mozilla/5.0 (compatible; Googlebot/2.1; +http://www.google.com/bot.html)"
66.249.67.55 - - [04/Mar/2011:16:16:52 -0800] "GET / HTTP/1.1" 302 - "-" "Mozilla/5.0 (compatible; Googlebot/2.1; +http://www.google.com/bot.html)"
220.181.108.140 - - [04/Mar/2011:18:16:38 -0800] "GET /robots.txt HTTP/1.1" 200 304 "-" "Baiduspider+(+http://www.baidu.com/search/spider.htm)"
123.125.71.96 - - [04/Mar/2011:20:33:46 -0800] "GET / HTTP/1.1" 302 - "-" "Baiduspider+(+http://www.baidu.com/search/spider.htm)"
220.181.108.177 - - [04/Mar/2011:20:34:11 -0800] "GET / HTTP/1.1" 302 - "-" "Baiduspider+(+http://www.baidu.com/search/spider.htm)"
173.230.150.122 - - [04/Mar/2011:20:49:44 -0800] "GET / HTTP/1.1" 302 - "-" "Mozilla/5.0 (Windows; U; Windows NT 6.1; en-US; rv:1.9.2.9) Gecko/20100824 Firefox/3.6.9"
173.230.150.122 - - [04/Mar/2011:20:49:45 -0800] "GET /installation/index.php HTTP/1.1" 200 2232 "-" "Mozilla/5.0 (Windows; U; Windows NT 6.1; en-US; rv:1.9.2.9) Gecko/20100824 Firefox/3.6.9"
64.27.5.162 - - [04/Mar/2011:21:04:43 -0800] "GET /index.php/photos/album/1.html HTTP/1.1" 302 - "-" "Mozilla/4.0 (compatible; MSIE 6.0; Windows NT 5.0)"
64.27.5.162 - - [04/Mar/2011:21:04:43 -0800] "GET /index.php/photos/album/installation/index.php HTTP/1.1" 302 - "-" "Mozilla/4.0 (compatible; MSIE 6.0; Windows NT 5.0)"
64.27.5.162 - - [04/Mar/2011:21:04:44 -0800] "GET /index.php/photos/album/installation/installation/index.php HTTP/1.1" 302 - "-" "Mozilla/4.0 (compatible; MSIE 6.0; Windows NT 5.0)"
64.27.5.162 - - [04/Mar/2011:21:04:44 -0800] "GET /index.php/photos/album/installation/installation/installation/index.php HTTP/1.1" 302 - "-" "Mozilla/4.0 (compatible; MSIE 6.0; Windows NT 5.0)"
64.27.5.162 - - [04/Mar/2011:21:04:44 -0800] "GET /index.php/photos/album/installation/installation/installation/installation/index.php HTTP/1.1" 302 - "-" "Mozilla/4.0 (compatible; MSIE 6.0; Windows NT 5.0)"
64.27.5.162 - - [04/Mar/2011:21:04:45 -0800] "GET /index.php/photos/album/installation/installation/installation/installation/installation/index.php HTTP/1.1" 302 - "-" "Mozilla/4.0 (compatible; MSIE 6.0; Windows NT 5.0)"
64.27.5.162 - - [04/Mar/2011:21:04:45 -0800] "GET /index.php/photos/album/installation/installation/installation/installation/installation/installation/index.php HTTP/1.1" 302 - "-" "Mozilla/4.0 (compatible; MSIE 6.0; Windows NT 5.0)"
64.27.5.162 - - [04/Mar/2011:21:04:45 -0800] "GET /index.php/photos/album/installation/installation/installation/installation/installation/installation/installation/index.php HTTP/1.1" 302 - "-" "Mozilla/4.0 (compatible; MSIE 6.0; Windows NT 5.0)"
64.27.5.162 - - [04/Mar/2011:21:04:46 -0800] "GET /index.php/photos/album/installation/installation/installation/installation/installation/installation/installation/installation/index.php HTTP/1.1" 302 - "-" "Mozilla/4.0 (compatible; MSIE 6.0; Windows NT 5.0)"
64.27.5.162 - - [04/Mar/2011:21:04:49 -0800] "GET /index.php/photos/album/installation/installation/installation/installation/installation/installation/installation/installation/installation/index.php HTTP/1.1" 302 - "-" "Mozilla/4.0 (compatible; MSIE 6.0; Windows NT 5.0)"
64.27.5.162 - - [04/Mar/2011:21:04:49 -0800] "GET /index.php/photos/album/installation/installation/installation/installation/installation/installation/installation/installation/installation/installation/index.php HTTP/1.1" 302 - "-" "Mozilla/4.0 (compatible; MSIE 6.0; Windows NT 5.0)"
59.57.14.80 - - [04/Mar/2011:21:44:26 -0800] "GET / HTTP/1.0" 302 - "http://sharkbomb.com/" "Mozilla/4.0 (compatible; MSIE 6.0; Windows NT 5.2; Win64; AMD64)"
59.57.14.80 - - [04/Mar/2011:21:44:30 -0800] "GET /installation/index.php HTTP/1.0" 200 2232 "http://sharkbomb.com/installation/index.php" "Mozilla/4.0 (compatible; MSIE 6.0; Windows NT 5.2; Win64; AMD64)"
66.249.67.55 - - [05/Mar/2011:03:36:10 -0800] "GET /robots.txt HTTP/1.1" 200 304 "-" "Mozilla/5.0 (compatible; Googlebot/2.1; +http://www.google.com/bot.html)"
95.108.150.235 - - [05/Mar/2011:04:21:54 -0800] "GET /robots.txt HTTP/1.1" 200 304 "-" "Mozilla/5.0 (compatible; YandexBot/3.0; MirrorDetector; +http://yandex.com/bots)"
95.108.150.235 - - [05/Mar/2011:04:21:54 -0800] "GET /robots.txt HTTP/1.1" 200 304 "-" "Mozilla/5.0 (compatible; YandexBot/3.0; MirrorDetector; +http://yandex.com/bots)"
95.108.150.235 - - [05/Mar/2011:04:21:55 -0800] "GET / HTTP/1.1" 302 - "-" "Mozilla/5.0 (compatible; YandexBot/3.0; MirrorDetector; +http://yandex.com/bots)"
95.108.150.235 - - [05/Mar/2011:04:21:55 -0800] "GET / HTTP/1.1" 302 - "-" "Mozilla/5.0 (compatible; YandexBot/3.0; MirrorDetector; +http://yandex.com/bots)"
95.108.150.235 - - [05/Mar/2011:04:21:56 -0800] "GET /installation/index.php HTTP/1.1" 200 2232 "-" "Mozilla/5.0 (compatible; YandexBot/3.0; MirrorDetector; +http://yandex.com/bots)"
95.108.150.235 - - [05/Mar/2011:04:21:56 -0800] "GET /installation/index.php HTTP/1.1" 200 2232 "-" "Mozilla/5.0 (compatible; YandexBot/3.0; MirrorDetector; +http://yandex.com/bots)"
95.108.150.235 - - [05/Mar/2011:04:21:57 -0800] "GET /installation/index.php HTTP/1.1" 200 2232 "-" "Mozilla/5.0 (compatible; YandexBot/3.0; MirrorDetector; +http://yandex.com/bots)"
95.108.150.235 - - [05/Mar/2011:04:21:57 -0800] "GET /installation/index.php HTTP/1.1" 200 2232 "-" "Mozilla/5.0 (compatible; YandexBot/3.0; MirrorDetector; +http://yandex.com/bots)"
124.115.6.17 - - [05/Mar/2011:05:14:22 -0800] "GET /robots.txt HTTP/1.1" 200 304 "-" "Sosospider+(+http://help.soso.com/webspider.htm)"
220.181.108.143 - - [05/Mar/2011:06:21:55 -0800] "GET /robots.txt HTTP/1.1" 200 304 "-" "Baiduspider+(+http://www.baidu.com/search/spider.htm)"
66.249.68.115 - - [05/Mar/2011:07:30:16 -0800] "GET /robots.txt HTTP/1.1" 200 304 "-" "Mozilla/5.0 (compatible; Googlebot/2.1; +http://www.google.com/bot.html)"
66.249.68.115 - - [05/Mar/2011:07:30:16 -0800] "GET /ct.html HTTP/1.1" 302 349 "-" "Mozilla/5.0 (compatible; Googlebot/2.1; +http://www.google.com/bot.html)"
66.249.68.115 - - [05/Mar/2011:07:30:17 -0800] "GET / HTTP/1.1" 302 - "-" "Mozilla/5.0 (compatible; Googlebot/2.1; +http://www.google.com/bot.html)"
66.219.58.42 - - [05/Mar/2011:08:16:07 -0800] "GET /robots.txt HTTP/1.1" 200 304 "-" "MLBot (www.metadatalabs.com/mlbot)"
66.219.58.42 - - [05/Mar/2011:08:16:07 -0800] "GET / HTTP/1.1" 302 - "-" "MLBot (www.metadatalabs.com/mlbot)"
93.158.148.31 - - [05/Mar/2011:11:26:57 -0800] "GET /robots.txt HTTP/1.1" 200 304 "-" "Mozilla/5.0 (compatible; YandexBot/3.0; +http://yandex.com/bots)"
216.13.106.196 - - [05/Mar/2011:17:19:21 -0800] "GET / HTTP/1.1" 302 - "" "Mozilla/5.0 (Windows; U; Windows NT 6.0; en-US; rv:1.9.0.3) Gecko/2008092417 Firefox/3.0.3"
216.13.106.196 - - [05/Mar/2011:17:19:21 -0800] "GET /installation/index.php HTTP/1.1" 200 2232 "" "Mozilla/5.0 (Windows; U; Windows NT 6.0; en-US; rv:1.9.0.3) Gecko/2008092417 Firefox/3.0.3"
59.57.14.80 - - [05/Mar/2011:17:59:57 -0800] "GET / HTTP/1.0" 302 - "http://sharkbomb.com/" "Mozilla/4.0 (compatible; MSIE 6.0; Update a; AOL 6.0; Windows 98)"
59.57.14.80 - - [05/Mar/2011:17:59:58 -0800] "GET /installation/index.php HTTP/1.0" 200 2232 "http://sharkbomb.com/installation/index.php" "Mozilla/4.0 (compatible; MSIE 6.0; Update a; AOL 6.0; Windows 98)"
123.125.71.101 - - [05/Mar/2011:18:30:18 -0800] "GET / HTTP/1.1" 302 - "-" "Baiduspider+(+http://www.baidu.com/search/spider.htm)"
66.249.68.115 - - [05/Mar/2011:19:40:50 -0800] "GET /robots.txt HTTP/1.1" 200 304 "-" "Mozilla/5.0 (compatible; Googlebot/2.1; +http://www.google.com/bot.html)"
66.249.68.115 - - [05/Mar/2011:19:40:50 -0800] "GET /blog HTTP/1.1" 302 349 "-" "Mozilla/5.0 (compatible; Googlebot/2.1; +http://www.google.com/bot.html)"
66.249.68.115 - - [05/Mar/2011:19:40:51 -0800] "GET / HTTP/1.1" 302 - "-" "Mozilla/5.0 (compatible; Googlebot/2.1; +http://www.google.com/bot.html)"
66.249.67.55 - - [05/Mar/2011:22:30:35 -0800] "GET /blog/ HTTP/1.1" 302 353 "-" "Mozilla/5.0 (compatible; Googlebot/2.1; +http://www.google.com/bot.html)"
66.249.68.115 - - [05/Mar/2011:22:30:36 -0800] "GET /robots.txt HTTP/1.1" 200 304 "-" "Mozilla/5.0 (compatible; Googlebot/2.1; +http://www.google.com/bot.html)"
66.249.68.115 - - [05/Mar/2011:22:30:36 -0800] "GET / HTTP/1.1" 302 - "-" "Mozilla/5.0 (compatible; Googlebot/2.1; +http://www.google.com/bot.html)"
93.158.148.31 - - [05/Mar/2011:22:44:17 -0800] "GET / HTTP/1.1" 302 - "-" "Mozilla/5.0 (compatible; YandexBot/3.0; +http://yandex.com/bots)"
123.125.71.97 - - [06/Mar/2011:00:33:37 -0800] "GET / HTTP/1.1" 302 - "-" "Baiduspider+(+http://www.baidu.com/search/spider.htm)"
220.181.108.165 - - [06/Mar/2011:00:34:01 -0800] "GET / HTTP/1.1" 302 - "-" "Baiduspider+(+http://www.baidu.com/search/spider.htm)"
78.90.145.167 - - [06/Mar/2011:01:06:10 -0800] "GET / HTTP/1.1" 302 - "http://www.google.bg/search?hl=bg&client=firefox-a&hs=Kwq&rls=org.mozilla%3Aen-US%3Aofficial&q=shark+bomb&aq=f&aqi=&aql=&oq=" "Mozilla/5.0 (Windows; U; Windows NT 6.1; en-US; rv:1.9.2.15) Gecko/20110303 AskTbPTV/3.9.1.14019 Firefox/3.6.15"
78.90.145.167 - - [06/Mar/2011:01:06:10 -0800] "GET /installation/index.php HTTP/1.1" 200 2231 "http://www.google.bg/search?hl=bg&client=firefox-a&hs=Kwq&rls=org.mozilla%3Aen-US%3Aofficial&q=shark+bomb&aq=f&aqi=&aql=&oq=" "Mozilla/5.0 (Windows; U; Windows NT 6.1; en-US; rv:1.9.2.15) Gecko/20110303 AskTbPTV/3.9.1.14019 Firefox/3.6.15"
78.90.145.167 - - [06/Mar/2011:01:06:12 -0800] "GET /installation/template/css/template.css HTTP/1.1" 200 7375 "http://sharkbomb.com/installation/index.php" "Mozilla/5.0 (Windows; U; Windows NT 6.1; en-US; rv:1.9.2.15) Gecko/20110303 AskTbPTV/3.9.1.14019 Firefox/3.6.15"
78.90.145.167 - - [06/Mar/2011:01:06:12 -0800] "GET /installation/favicon.ico HTTP/1.1" 200 1150 "-" "Mozilla/5.0 (Windows; U; Windows NT 6.1; en-US; rv:1.9.2.15) Gecko/20110303 AskTbPTV/3.9.1.14019 Firefox/3.6.15"
78.90.145.167 - - [06/Mar/2011:01:06:12 -0800] "GET /installation/includes/js/installation.js HTTP/1.1" 200 598 "http://sharkbomb.com/installation/index.php" "Mozilla/5.0 (Windows; U; Windows NT 6.1; en-US; rv:1.9.2.15) Gecko/20110303 AskTbPTV/3.9.1.14019 Firefox/3.6.15"
78.90.145.167 - - [06/Mar/2011:01:06:12 -0800] "GET /media/system/js/mootools.js HTTP/1.1" 200 74434 "http://sharkbomb.com/installation/index.php" "Mozilla/5.0 (Windows; U; Windows NT 6.1; en-US; rv:1.9.2.15) Gecko/20110303 AskTbPTV/3.9.1.14019 Firefox/3.6.15"
78.90.145.167 - - [06/Mar/2011:01:06:14 -0800] "GET /installation/template/js/validation.js HTTP/1.1" 200 7137 "http://sharkbomb.com/installation/index.php" "Mozilla/5.0 (Windows; U; Windows NT 6.1; en-US; rv:1.9.2.15) Gecko/20110303 AskTbPTV/3.9.1.14019 Firefox/3.6.15"
78.90.145.167 - - [06/Mar/2011:01:06:15 -0800] "GET /installation/template/images/j_header_middle.png HTTP/1.1" 200 385 "http://sharkbomb.com/installation/template/css/template.css" "Mozilla/5.0 (Windows; U; Windows NT 6.1; en-US; rv:1.9.2.15) Gecko/20110303 AskTbPTV/3.9.1.14019 Firefox/3.6.15"
78.90.145.167 - - [06/Mar/2011:01:06:15 -0800] "GET /installation/template/images/j_bottom.png HTTP/1.1" 200 232 "http://sharkbomb.com/installation/template/css/template.css" "Mozilla/5.0 (Windows; U; Windows NT 6.1; en-US; rv:1.9.2.15) Gecko/20110303 AskTbPTV/3.9.1.14019 Firefox/3.6.15"
78.90.145.167 - - [06/Mar/2011:01:06:15 -0800] "GET /installation/template/images/j_header_left.png HTTP/1.1" 200 5148 "http://sharkbomb.com/installation/template/css/template.css" "Mozilla/5.0 (Windows; U; Windows NT 6.1; en-US; rv:1.9.2.15) Gecko/20110303 AskTbPTV/3.9.1.14019 Firefox/3.6.15"
78.90.145.167 - - [06/Mar/2011:01:06:15 -0800] "GET /installation/template/images/j_header_right.png HTTP/1.1" 200 366 "http://sharkbomb.com/installation/template/css/template.css" "Mozilla/5.0 (Windows; U; Windows NT 6.1; en-US; rv:1.9.2.15) Gecko/20110303 AskTbPTV/3.9.1.14019 Firefox/3.6.15"
78.90.145.167 - - [06/Mar/2011:01:06:15 -0800] "GET /installation/template/images/j_corner_br.png HTTP/1.1" 200 314 "http://sharkbomb.com/installation/template/css/template.css" "Mozilla/5.0 (Windows; U; Windows NT 6.1; en-US; rv:1.9.2.15) Gecko/20110303 AskTbPTV/3.9.1.14019 Firefox/3.6.15"
78.90.145.167 - - [06/Mar/2011:01:06:15 -0800] "GET /installation/template/images/j_corner_bl.png HTTP/1.1" 200 303 "http://sharkbomb.com/installation/template/css/template.css" "Mozilla/5.0 (Windows; U; Windows NT 6.1; en-US; rv:1.9.2.15) Gecko/20110303 AskTbPTV/3.9.1.14019 Firefox/3.6.15"
78.90.145.167 - - [06/Mar/2011:01:06:24 -0800] "GET /installation/index.php HTTP/1.1" 200 2231 "http://www.google.bg/search?hl=bg&client=firefox-a&hs=Kwq&rls=org.mozilla%3Aen-US%3Aofficial&q=shark+bomb&aq=f&aqi=&aql=&oq=" "Mozilla/5.0 (Windows; U; Windows NT 6.1; en-US; rv:1.9.2.15) Gecko/20110303 AskTbPTV/3.9.1.14019 Firefox/3.6.15"
78.90.145.167 - - [06/Mar/2011:01:06:39 -0800] "GET /installation/index.php HTTP/1.1" 200 2231 "http://www.google.bg/search?hl=bg&client=firefox-a&hs=Kwq&rls=org.mozilla%3Aen-US%3Aofficial&q=shark+bomb&aq=f&aqi=&aql=&oq=" "Mozilla/5.0 (Windows; U; Windows NT 6.1; en-US; rv:1.9.2.15) Gecko/20110303 AskTbPTV/3.9.1.14019 Firefox/3.6.15"
78.90.145.167 - - [06/Mar/2011:01:06:40 -0800] "GET /installation/index.php HTTP/1.1" 200 2231 "http://www.google.bg/search?hl=bg&client=firefox-a&hs=Kwq&rls=org.mozilla%3Aen-US%3Aofficial&q=shark+bomb&aq=f&aqi=&aql=&oq=" "Mozilla/5.0 (Windows; U; Windows NT 6.1; en-US; rv:1.9.2.15) Gecko/20110303 AskTbPTV/3.9.1.14019 Firefox/3.6.15"
78.90.145.167 - - [06/Mar/2011:01:06:42 -0800] "GET /installation/index.php HTTP/1.1" 200 2231 "http://www.google.bg/search?hl=bg&client=firefox-a&hs=Kwq&rls=org.mozilla%3Aen-US%3Aofficial&q=shark+bomb&aq=f&aqi=&aql=&oq=" "Mozilla/5.0 (Windows; U; Windows NT 6.1; en-US; rv:1.9.2.15) Gecko/20110303 AskTbPTV/3.9.1.14019 Firefox/3.6.15"
78.90.145.167 - - [06/Mar/2011:01:06:43 -0800] "GET /installation/index.php HTTP/1.1" 200 2231 "http://www.google.bg/search?hl=bg&client=firefox-a&hs=Kwq&rls=org.mozilla%3Aen-US%3Aofficial&q=shark+bomb&aq=f&aqi=&aql=&oq=" "Mozilla/5.0 (Windows; U; Windows NT 6.1; en-US; rv:1.9.2.15) Gecko/20110303 AskTbPTV/3.9.1.14019 Firefox/3.6.15"
208.80.194.29 - - [06/Mar/2011:03:35:22 -0800] "GET / HTTP/1.0" 302 - "-" "Mozilla/4.0 (compatible; MSIE 6.0; Windows NT 5.1; SV1; FunWebProducts; SIMBAR=0; .NET CLR 1.0.3705; .NET CLR 1.1.4322; Media Center PC 4.0)"
208.80.194.29 - - [06/Mar/2011:03:35:22 -0800] "GET /installation/index.php HTTP/1.0" 200 2232 "-" "Mozilla/4.0 (compatible; MSIE 6.0; Windows NT 5.1; SV1; DigExt; .NET CLR 1.1.4322; .NET CLR 2.0.50727)"
184.154.7.186 - - [06/Mar/2011:05:33:21 -0800] "GET /robots.txt HTTP/1.0" 200 304 "-" "Mozilla/5.0 (compatible; MJ12bot/v1.3.3; http://www.majestic12.co.uk/bot.php?+)"
184.154.7.186 - - [06/Mar/2011:05:33:26 -0800] "GET / HTTP/1.0" 302 - "-" "Mozilla/5.0 (compatible; MJ12bot/v1.3.3; http://www.majestic12.co.uk/bot.php?+)"
66.249.67.55 - - [06/Mar/2011:08:02:08 -0800] "GET /robots.txt HTTP/1.1" 200 304 "-" "Mozilla/5.0 (compatible; Googlebot/2.1; +http://www.google.com/bot.html)"
66.249.67.55 - - [06/Mar/2011:08:02:08 -0800] "GET /blog/ HTTP/1.1" 302 353 "-" "Mozilla/5.0 (compatible; Googlebot/2.1; +http://www.google.com/bot.html)"
59.57.14.80 - - [06/Mar/2011:10:19:41 -0800] "GET / HTTP/1.0" 302 - "http://sharkbomb.com/" "Mozilla/4.0 (compatible; MSIE 6.0; Windows NT 5.0; .NET CLR 1.0.3705; .NET CLR 1.1.4322)"
59.57.14.80 - - [06/Mar/2011:10:19:41 -0800] "GET /installation/index.php HTTP/1.0" 200 2232 "http://sharkbomb.com/installation/index.php" "Mozilla/4.0 (compatible; MSIE 6.0; Windows NT 5.0; .NET CLR 1.0.3705; .NET CLR 1.1.4322)"
208.80.194.27 - - [06/Mar/2011:13:00:07 -0800] "GET /blog/archive/2006_03_01_index.html&h=224&w=300&sz=12&hl=en&start=21 HTTP/1.0" 302 353 "-" "Mozilla/4.0 (compatible; MSIE 7.0; Windows NT 5.1; SIMBAR={D92E643B-9608-46FB-9DB2-914B5B738A61}; .NET CLR 1.1.4322; InfoPath.2)"
208.80.194.27 - - [06/Mar/2011:13:00:14 -0800] "GET / HTTP/1.0" 302 - "-" "Mozilla/4.0 (compatible; MSIE 7.0; Windows NT 5.1; .NET CLR 1.1.1432)"
208.80.194.27 - - [06/Mar/2011:13:00:18 -0800] "GET /installation/index.php HTTP/1.0" 200 2232 "-" "Mozilla/4.0 (compatible; MSIE 6.0; Windows NT 5.1; {755E471B-F777-2094-B701-9AE8871E0495})"
93.158.148.31 - - [06/Mar/2011:13:20:10 -0800] "GET /robots.txt HTTP/1.1" 200 304 "-" "Mozilla/5.0 (compatible; YandexBot/3.0; +http://yandex.com/bots)"
66.249.67.55 - - [06/Mar/2011:14:15:09 -0800] "GET /robots.txt HTTP/1.1" 200 304 "-" "Mozilla/5.0 (compatible; Googlebot/2.1; +http://www.google.com/bot.html)"
66.249.67.55 - - [06/Mar/2011:14:15:09 -0800] "GET / HTTP/1.1" 302 - "-" "Mozilla/5.0 (compatible; Googlebot/2.1; +http://www.google.com/bot.html)"
66.249.68.115 - - [06/Mar/2011:14:49:31 -0800] "GET /ct.html HTTP/1.1" 302 349 "-" "Mozilla/5.0 (compatible; Googlebot/2.1; +http://www.google.com/bot.html)"
80.245.86.19 - - [06/Mar/2011:18:21:45 -0800] "GET / HTTP/1.0" 302 - "http://www.sharkbomb.com/" "Mozilla/4.0 (compatible; MSIE 6.0; Windows NT 5.1; SV1; .NET CLR 1.0.3705; .NET CLR 1.1.4322; .NET CLR 2.0.40607)"
80.245.86.19 - - [06/Mar/2011:18:21:45 -0800] "GET /installation/index.php HTTP/1.0" 200 2232 "http://www.sharkbomb.com/installation/index.php" "Mozilla/4.0 (compatible; MSIE 6.0; Windows NT 5.1; SV1; .NET CLR 1.0.3705; .NET CLR 1.1.4322; .NET CLR 2.0.40607)"
123.125.71.110 - - [06/Mar/2011:20:33:37 -0800] "GET / HTTP/1.1" 302 - "-" "Baiduspider+(+http://www.baidu.com/search/spider.htm)"
220.181.108.169 - - [06/Mar/2011:20:34:00 -0800] "GET / HTTP/1.1" 302 - "-" "Baiduspider+(+http://www.baidu.com/search/spider.htm)"
66.249.68.115 - - [07/Mar/2011:00:16:29 -0800] "GET /robots.txt HTTP/1.1" 200 304 "-" "Mozilla/5.0 (compatible; Googlebot/2.1; +http://www.google.com/bot.html)"
66.249.68.115 - - [07/Mar/2011:00:16:29 -0800] "GET /ct.html HTTP/1.1" 302 349 "-" "Mozilla/5.0 (compatible; Googlebot/2.1; +http://www.google.com/bot.html)"
66.249.68.115 - - [07/Mar/2011:00:16:30 -0800] "GET / HTTP/1.1" 302 - "-" "Mozilla/5.0 (compatible; Googlebot/2.1; +http://www.google.com/bot.html)"
38.111.147.83 - - [07/Mar/2011:00:50:54 -0800] "GET /robots.txt HTTP/1.0" 200 304 "-" "TurnitinBot/2.1 (http://www.turnitin.com/robot/crawlerinfo.html)"
38.111.147.83 - - [07/Mar/2011:00:50:59 -0800] "GET / HTTP/1.0" 302 - "-" "TurnitinBot/2.1 (http://www.turnitin.com/robot/crawlerinfo.html)"
95.108.150.235 - - [07/Mar/2011:02:42:44 -0800] "GET /robots.txt HTTP/1.1" 200 304 "-" "Mozilla/5.0 (compatible; YandexBot/3.0; MirrorDetector; +http://yandex.com/bots)"
95.108.150.235 - - [07/Mar/2011:02:42:44 -0800] "GET /robots.txt HTTP/1.1" 200 304 "-" "Mozilla/5.0 (compatible; YandexBot/3.0; MirrorDetector; +http://yandex.com/bots)"
95.108.150.235 - - [07/Mar/2011:02:42:45 -0800] "GET / HTTP/1.1" 302 - "-" "Mozilla/5.0 (compatible; YandexBot/3.0; MirrorDetector; +http://yandex.com/bots)"
95.108.150.235 - - [07/Mar/2011:02:42:45 -0800] "GET / HTTP/1.1" 302 - "-" "Mozilla/5.0 (compatible; YandexBot/3.0; MirrorDetector; +http://yandex.com/bots)"
95.108.150.235 - - [07/Mar/2011:02:42:46 -0800] "GET /installation/index.php HTTP/1.1" 200 2232 "-" "Mozilla/5.0 (compatible; YandexBot/3.0; MirrorDetector; +http://yandex.com/bots)"
95.108.150.235 - - [07/Mar/2011:02:42:46 -0800] "GET /installation/index.php HTTP/1.1" 200 2232 "-" "Mozilla/5.0 (compatible; YandexBot/3.0; MirrorDetector; +http://yandex.com/bots)"
95.108.150.235 - - [07/Mar/2011:02:42:47 -0800] "GET /installation/index.php HTTP/1.1" 200 2232 "-" "Mozilla/5.0 (compatible; YandexBot/3.0; MirrorDetector; +http://yandex.com/bots)"
95.108.150.235 - - [07/Mar/2011:02:42:48 -0800] "GET /installation/index.php HTTP/1.1" 200 2232 "-" "Mozilla/5.0 (compatible; YandexBot/3.0; MirrorDetector; +http://yandex.com/bots)"
174.129.117.237 - - [07/Mar/2011:08:25:50 -0800] "HEAD / HTTP/1.1" 302 - "-" "Mozilla/5.0 (Windows; U; Windows NT 5.1; en-US) AppleWebKit/525.13 (KHTML, like Gecko) Chrome/0.A.B.C Safari/525.13"
222.216.28.22 - - [07/Mar/2011:10:11:09 -0800] "GET / HTTP/1.0" 302 - "http://g7.in/1E66.html" "example/1.0"
46.164.246.86 - - [07/Mar/2011:11:59:38 -0800] "GET /index.php HTTP/1.0" 302 - "http://sharkbomb.com/index.php" "Mozilla/4.0 (compatible; MSIE 6.0; Windows 98; Win 9x 4.90)"
74.52.245.146 - - [07/Mar/2011:12:02:40 -0800] "GET / HTTP/1.0" 302 - "-" "Mozilla/5.0 (X11; U; Linux i686; en-US; rv:1.7.5) Gecko/20041107 Firefox/1.0"
74.52.245.146 - - [07/Mar/2011:12:02:41 -0800] "GET /installation/index.php HTTP/1.0" 200 2232 "-" "Mozilla/5.0 (X11; U; Linux i686; en-US; rv:1.7.5) Gecko/20041107 Firefox/1.0"
208.80.194.33 - - [07/Mar/2011:14:53:03 -0800] "GET / HTTP/1.0" 302 - "-" "Mozilla/4.0 (compatible; MSIE 7.0; America Online Browser 1.1; rev1.2; Windows NT 5.1; .NET CLR 1.0.3705; .NET CLR 1.1.4322)"
208.80.194.33 - - [07/Mar/2011:14:53:04 -0800] "GET /installation/index.php HTTP/1.0" 200 2232 "-" "Mozilla/4.0 (compatible; MSIE 6.0; AOL 9.0; Windows 98; FunWebProducts)"
123.125.71.116 - - [07/Mar/2011:15:32:53 -0800] "GET / HTTP/1.1" 302 - "-" "Baiduspider+(+http://www.baidu.com/search/spider.htm)"
220.181.108.180 - - [07/Mar/2011:15:33:16 -0800] "GET / HTTP/1.1" 302 - "-" "Baiduspider+(+http://www.baidu.com/search/spider.htm)"
66.249.72.237 - - [07/Mar/2011:16:35:46 -0800] "GET /robots.txt HTTP/1.1" 200 304 "-" "Mozilla/5.0 (compatible; Googlebot/2.1; +http://www.google.com/bot.html)"
66.249.72.237 - - [07/Mar/2011:16:35:46 -0800] "GET /blog HTTP/1.1" 302 349 "-" "Mozilla/5.0 (compatible; Googlebot/2.1; +http://www.google.com/bot.html)"
66.249.72.237 - - [07/Mar/2011:16:35:47 -0800] "GET / HTTP/1.1" 302 - "-" "Mozilla/5.0 (compatible; Googlebot/2.1; +http://www.google.com/bot.html)"
93.158.148.31 - - [07/Mar/2011:19:41:11 -0800] "GET /robots.txt HTTP/1.1" 200 304 "-" "Mozilla/5.0 (compatible; YandexBot/3.0; +http://yandex.com/bots)"
93.158.148.31 - - [07/Mar/2011:19:41:14 -0800] "GET / HTTP/1.1" 302 - "-" "Mozilla/5.0 (compatible; YandexBot/3.0; +http://yandex.com/bots)"
66.249.72.155 - - [07/Mar/2011:20:21:50 -0800] "GET /robots.txt HTTP/1.1" 200 304 "-" "Mozilla/5.0 (compatible; Googlebot/2.1; +http://www.google.com/bot.html)"
66.249.72.155 - - [07/Mar/2011:20:21:50 -0800] "GET /blog/ HTTP/1.1" 302 353 "-" "Mozilla/5.0 (compatible; Googlebot/2.1; +http://www.google.com/bot.html)"
66.249.72.237 - - [07/Mar/2011:20:21:50 -0800] "GET /robots.txt HTTP/1.1" 200 304 "-" "Mozilla/5.0 (compatible; Googlebot/2.1; +http://www.google.com/bot.html)"
66.249.72.237 - - [07/Mar/2011:20:21:51 -0800] "GET / HTTP/1.1" 302 - "-" "Mozilla/5.0 (compatible; Googlebot/2.1; +http://www.google.com/bot.html)"
208.80.194.26 - - [08/Mar/2011:00:24:01 -0800] "GET /blog/archive/2006_03_01_index.html&h=224&w=300&sz=12&hl=en&start=21 HTTP/1.0" 302 353 "-" "Mozilla/4.0 (compatible; MSIE 7.0; Windows NT 5.1; SIMBAR={78C027BE-0056-472e-A103-EE85C2AD1FCF}; .NET CLR 1.1.4322; InfoPath.1; .NET CLR 2.0.50727; .NET CLR 3.0.04506.590; .NET CLR 3.5.20706)"
208.80.194.26 - - [08/Mar/2011:00:24:01 -0800] "GET / HTTP/1.0" 302 - "-" "Mozilla/4.0 (compatible; MSIE 6.0; Windows NT 5.1; SV1; FunWebProducts; SIMBAR={731C04B8-4220-11DC-82A2-001109821E58}; .NET CLR 1.1.4322)"
208.80.194.26 - - [08/Mar/2011:00:24:01 -0800] "GET /installation/index.php HTTP/1.0" 200 2232 "-" "Mozilla/4.0 (compatible; MSIE 7.0; Windows NT 5.1; YComp 5.0.8.6)"
66.249.72.155 - - [08/Mar/2011:01:20:54 -0800] "GET /blog/ HTTP/1.1" 302 353 "-" "Mozilla/5.0 (compatible; Googlebot/2.1; +http://www.google.com/bot.html)"
174.129.117.216 - - [08/Mar/2011:09:31:55 -0800] "GET / HTTP/1.1" 302 - "-" "Mozilla/5.0 (X11; U; Linux i686; pl-PL; rv:1.9.0.2) Gecko/20121223 Ubuntu/9.25 (jaunty) Firefox/3.8"
174.129.117.216 - - [08/Mar/2011:09:32:05 -0800] "GET /installation/index.php HTTP/1.1" 200 2232 "-" "Mozilla/5.0 (X11; U; Linux i686; pl-PL; rv:1.9.0.2) Gecko/20121223 Ubuntu/9.25 (jaunty) Firefox/3.8"
123.125.71.96 - - [08/Mar/2011:11:35:42 -0800] "GET / HTTP/1.1" 302 - "-" "Baiduspider+(+http://www.baidu.com/search/spider.htm)"
220.181.108.181 - - [08/Mar/2011:11:36:12 -0800] "GET / HTTP/1.1" 302 - "-" "Baiduspider+(+http://www.baidu.com/search/spider.htm)"
50.17.255.33 - - [08/Mar/2011:11:50:32 -0800] "GET / HTTP/1.1" 302 - "-" "-"
50.17.255.33 - - [08/Mar/2011:11:50:32 -0800] "GET /installation/index.php HTTP/1.1" 200 2232 "-" "-"
59.57.14.80 - - [08/Mar/2011:13:48:00 -0800] "GET / HTTP/1.0" 302 - "http://sharkbomb.com/" "Mozilla/4.0 (compatible; MSIE 6.0; Windows NT 5.1; en) Opera 8.00"
59.57.14.80 - - [08/Mar/2011:13:48:01 -0800] "GET /installation/index.php HTTP/1.0" 200 2232 "http://sharkbomb.com/installation/index.php" "Mozilla/4.0 (compatible; MSIE 6.0; Windows NT 5.1; en) Opera 8.00"
85.17.171.225 - - [08/Mar/2011:14:08:44 -0800] "GET /robots.txt HTTP/1.1" 200 304 "-" "Mozilla/5.0 (compatible; Plukkie/1.3; http://www.botje.com/plukkie.htm)"
85.17.171.225 - - [08/Mar/2011:14:08:45 -0800] "GET / HTTP/1.1" 302 - "-" "Mozilla/5.0 (compatible; Plukkie/1.3; http://www.botje.com/plukkie.htm)"
66.249.72.237 - - [08/Mar/2011:15:13:34 -0800] "GET /ct.html HTTP/1.1" 302 349 "-" "Mozilla/5.0 (compatible; Googlebot/2.1; +http://www.google.com/bot.html)"
93.158.148.31 - - [09/Mar/2011:00:14:45 -0800] "GET /robots.txt HTTP/1.1" 200 304 "-" "Mozilla/5.0 (compatible; YandexBot/3.0; +http://yandex.com/bots)"
66.249.72.155 - - [09/Mar/2011:00:58:51 -0800] "GET /robots.txt HTTP/1.1" 200 304 "-" "Mozilla/5.0 (compatible; Googlebot/2.1; +http://www.google.com/bot.html)"
66.249.72.155 - - [09/Mar/2011:00:58:51 -0800] "GET / HTTP/1.1" 302 - "-" "Mozilla/5.0 (compatible; Googlebot/2.1; +http://www.google.com/bot.html)"
123.125.71.97 - - [09/Mar/2011:01:33:56 -0800] "GET / HTTP/1.1" 302 - "-" "Baiduspider+(+http://www.baidu.com/search/spider.htm)"
220.181.108.178 - - [09/Mar/2011:01:34:18 -0800] "GET / HTTP/1.1" 302 - "-" "Baiduspider+(+http://www.baidu.com/search/spider.htm)"
208.80.194.26 - - [09/Mar/2011:02:42:04 -0800] "GET / HTTP/1.0" 302 - "-" "Mozilla/4.0 (compatible; MSIE 7.0; Windows NT 6.0; SLCC1; .NET CLR 2.0.50727; Media Center PC 5.0; .NET CLR 3.0.04506; .NET CLR 1.0.3705; InfoPath.2; .NET CLR 1.1.4322)"
208.80.194.26 - - [09/Mar/2011:02:42:05 -0800] "GET /installation/index.php HTTP/1.0" 200 2232 "-" "Mozilla/4.0 (compatible; MSIE 6.0; America Online Browser 1.6-standalone; rev1.6; Windows NT 5.1; SV1; .NET CLR 1.1.4322)"
95.108.150.235 - - [09/Mar/2011:02:58:35 -0800] "GET /robots.txt HTTP/1.1" 200 304 "-" "Mozilla/5.0 (compatible; YandexBot/3.0; MirrorDetector; +http://yandex.com/bots)"
95.108.150.235 - - [09/Mar/2011:02:58:35 -0800] "GET /robots.txt HTTP/1.1" 200 304 "-" "Mozilla/5.0 (compatible; YandexBot/3.0; MirrorDetector; +http://yandex.com/bots)"
95.108.150.235 - - [09/Mar/2011:02:58:36 -0800] "GET / HTTP/1.1" 302 - "-" "Mozilla/5.0 (compatible; YandexBot/3.0; MirrorDetector; +http://yandex.com/bots)"
95.108.150.235 - - [09/Mar/2011:02:58:36 -0800] "GET / HTTP/1.1" 302 - "-" "Mozilla/5.0 (compatible; YandexBot/3.0; MirrorDetector; +http://yandex.com/bots)"
95.108.150.235 - - [09/Mar/2011:02:58:37 -0800] "GET /installation/index.php HTTP/1.1" 200 2232 "-" "Mozilla/5.0 (compatible; YandexBot/3.0; MirrorDetector; +http://yandex.com/bots)"
95.108.150.235 - - [09/Mar/2011:02:58:37 -0800] "GET /installation/index.php HTTP/1.1" 200 2232 "-" "Mozilla/5.0 (compatible; YandexBot/3.0; MirrorDetector; +http://yandex.com/bots)"
95.108.150.235 - - [09/Mar/2011:02:58:39 -0800] "GET /installation/index.php HTTP/1.1" 200 2232 "-" "Mozilla/5.0 (compatible; YandexBot/3.0; MirrorDetector; +http://yandex.com/bots)"
95.108.150.235 - - [09/Mar/2011:02:58:39 -0800] "GET /installation/index.php HTTP/1.1" 200 2232 "-" "Mozilla/5.0 (compatible; YandexBot/3.0; MirrorDetector; +http://yandex.com/bots)"
220.181.94.216 - - [09/Mar/2011:03:34:50 -0800] "GET /robots.txt HTTP/1.1" 200 304 "-" "Sogou web spider/4.0(+http://www.sogou.com/docs/help/webmasters.htm#07)"
220.181.94.216 - - [09/Mar/2011:03:34:59 -0800] "GET / HTTP/1.1" 302 - "-" "Sogou-Test-Spider/4.0 (compatible; MSIE 5.5; Windows 98)"
220.181.94.216 - - [09/Mar/2011:03:35:09 -0800] "GET /installation/index.php HTTP/1.1" 200 2046 "-" "Sogou-Test-Spider/4.0 (compatible; MSIE 5.5; Windows 98)"
123.125.71.98 - - [09/Mar/2011:03:35:34 -0800] "GET / HTTP/1.1" 302 - "-" "Baiduspider+(+http://www.baidu.com/search/spider.htm)"
220.181.108.177 - - [09/Mar/2011:03:36:00 -0800] "GET / HTTP/1.1" 302 - "-" "Baiduspider+(+http://www.baidu.com/search/spider.htm)"
66.249.67.55 - - [09/Mar/2011:04:13:20 -0800] "GET /robots.txt HTTP/1.1" 200 304 "-" "Mozilla/5.0 (compatible; Googlebot/2.1; +http://www.google.com/bot.html)"
164.92.9.21 - - [09/Mar/2011:11:15:09 -0800] "GET / HTTP/1.1" 302 - "-" "Mozilla/5.0 (Macintosh; U; Intel Mac OS X 10.6; en-US; rv:1.9.2.10) Gecko/20100914 Firefox/3.6.10"
164.92.9.21 - - [09/Mar/2011:11:15:09 -0800] "GET /installation/index.php HTTP/1.1" 200 2231 "-" "Mozilla/5.0 (Macintosh; U; Intel Mac OS X 10.6; en-US; rv:1.9.2.10) Gecko/20100914 Firefox/3.6.10"
164.92.9.21 - - [09/Mar/2011:11:15:11 -0800] "GET /installation/template/css/template.css HTTP/1.1" 200 7375 "http://sharkbomb.com/installation/index.php" "Mozilla/5.0 (Macintosh; U; Intel Mac OS X 10.6; en-US; rv:1.9.2.10) Gecko/20100914 Firefox/3.6.10"
164.92.9.21 - - [09/Mar/2011:11:15:11 -0800] "GET /installation/favicon.ico HTTP/1.1" 200 1150 "-" "Mozilla/5.0 (Macintosh; U; Intel Mac OS X 10.6; en-US; rv:1.9.2.10) Gecko/20100914 Firefox/3.6.10"
164.92.9.21 - - [09/Mar/2011:11:15:11 -0800] "GET /installation/template/js/validation.js HTTP/1.1" 200 7137 "http://sharkbomb.com/installation/index.php" "Mozilla/5.0 (Macintosh; U; Intel Mac OS X 10.6; en-US; rv:1.9.2.10) Gecko/20100914 Firefox/3.6.10"
164.92.9.21 - - [09/Mar/2011:11:15:11 -0800] "GET /installation/includes/js/installation.js HTTP/1.1" 200 598 "http://sharkbomb.com/installation/index.php" "Mozilla/5.0 (Macintosh; U; Intel Mac OS X 10.6; en-US; rv:1.9.2.10) Gecko/20100914 Firefox/3.6.10"
164.92.9.21 - - [09/Mar/2011:11:15:11 -0800] "GET /media/system/js/mootools.js HTTP/1.1" 200 74434 "http://sharkbomb.com/installation/index.php" "Mozilla/5.0 (Macintosh; U; Intel Mac OS X 10.6; en-US; rv:1.9.2.10) Gecko/20100914 Firefox/3.6.10"
164.92.9.21 - - [09/Mar/2011:11:15:14 -0800] "GET /installation/template/images/j_header_left.png HTTP/1.1" 200 5148 "http://sharkbomb.com/installation/template/css/template.css" "Mozilla/5.0 (Macintosh; U; Intel Mac OS X 10.6; en-US; rv:1.9.2.10) Gecko/20100914 Firefox/3.6.10"
