64.56.66.210 - - [16/Feb/2010:06:01:03 -0800] "GET / HTTP/1.0" 302 - "http://sharkbomb.com/" "Mozilla/4.0 (compatible; MSIE 6.0; Windows NT 5.1; SV1; .NET CLR 2.0.50727)"
64.56.66.210 - - [16/Feb/2010:06:01:12 -0800] "GET /robots.txt HTTP/1.0" 200 304 "http://sharkbomb.com/robots.txt" "Mozilla/4.0 (compatible; MSIE 6.0; Windows NT 5.1; SV1; .NET CLR 2.0.50727)"
65.55.115.151 - - [16/Feb/2010:07:01:43 -0800] "GET /robots.txt HTTP/1.1" 200 304 "-" "msnbot/2.0b (+http://search.msn.com/msnbot.htm)"
208.80.193.41 - - [16/Feb/2010:08:30:13 -0800] "GET /blog/archive/2006_03_01_index.html&h=224&w=300&sz=12&hl=en&start=46 HTTP/1.0" 302 353 "-" "Mozilla/4.0 (compatible; MSIE 6.0; Windows NT 5.0; YPC 3.2.0; yie6_SBC; .NET CLR 1.1.4322; ZangoToolbar 4.8.3; .NET CLR 2.0.50727)"
67.218.116.133 - - [16/Feb/2010:09:09:53 -0800] "GET /robots.txt HTTP/1.1" 200 304 "-" "Mozilla/5.0 (Twiceler-0.9 http://www.cuil.com/twiceler/robot.html)"
208.80.193.42 - - [16/Feb/2010:10:01:12 -0800] "GET /blog/archive/2006_03_01_index.html&h=224&w=300&sz=12&hl=en&start=21 HTTP/1.0" 302 353 "-" "Mozilla/4.0 (compatible; MSIE 7.0; Windows NT 5.1; Ringo; FunWebProducts; .NET CLR 1.1.4322; HbTools 4.8.2)"
193.47.80.41 - - [16/Feb/2010:15:18:26 -0800] "GET /robots.txt HTTP/1.1" 200 304 "-" "Mozilla/5.0 (compatible; Exabot/3.0; +http://www.exabot.com/go/robot)"
193.47.80.41 - - [16/Feb/2010:15:18:26 -0800] "GET / HTTP/1.1" 302 - "-" "Mozilla/5.0 (compatible; Exabot/3.0; +http://www.exabot.com/go/robot)"
208.80.193.34 - - [16/Feb/2010:18:19:57 -0800] "GET / HTTP/1.0" 302 - "-" "Mozilla/4.0 (compatible; MSIE 7.0; Windows NT 5.1; .NET CLR 1.1.4322; InfoPath.1; Creative ZENcast v1.02.10)"
123.125.66.51 - - [16/Feb/2010:21:56:14 -0800] "GET /robots.txt HTTP/1.1" 200 304 "-" "Baiduspider+(+http://www.baidu.com/search/spider.htm)"
93.158.148.31 - - [16/Feb/2010:21:58:24 -0800] "GET /robots.txt HTTP/1.1" 200 304 "-" "Yandex/1.01.001 (compatible; Win16; I)"
67.195.112.243 - - [16/Feb/2010:21:59:53 -0800] "GET /robots.txt HTTP/1.0" 200 304 "-" "Mozilla/5.0 (compatible; Yahoo! Slurp; http://help.yahoo.com/help/us/ysearch/slurp)"
67.195.112.243 - - [16/Feb/2010:21:59:53 -0800] "GET /index.php/photos/album/1/photo/3.html HTTP/1.0" 302 - "-" "Mozilla/5.0 (compatible; Yahoo! Slurp/3.0; http://help.yahoo.com/help/us/ysearch/slurp)"
67.195.112.243 - - [16/Feb/2010:21:59:53 -0800] "GET /index.php/photos/album/1/photo/installation/index.php HTTP/1.0" 302 - "-" "Mozilla/5.0 (compatible; Yahoo! Slurp/3.0; http://help.yahoo.com/help/us/ysearch/slurp)"
67.195.112.243 - - [16/Feb/2010:21:59:54 -0800] "GET /index.php/photos/album/1/photo/installation/installation/index.php HTTP/1.0" 302 - "-" "Mozilla/5.0 (compatible; Yahoo! Slurp/3.0; http://help.yahoo.com/help/us/ysearch/slurp)"
67.195.112.243 - - [16/Feb/2010:21:59:55 -0800] "GET /index.php/photos/album/1/photo/installation/installation/installation/index.php HTTP/1.0" 302 - "-" "Mozilla/5.0 (compatible; Yahoo! Slurp/3.0; http://help.yahoo.com/help/us/ysearch/slurp)"
67.195.112.243 - - [16/Feb/2010:21:59:55 -0800] "GET /index.php/photos/album/1/photo/installation/installation/installation/installation/index.php HTTP/1.0" 302 - "-" "Mozilla/5.0 (compatible; Yahoo! Slurp/3.0; http://help.yahoo.com/help/us/ysearch/slurp)"
67.195.112.243 - - [16/Feb/2010:21:59:56 -0800] "GET /index.php/photos/album/1/photo/installation/installation/installation/installation/installation/index.php HTTP/1.0" 302 - "-" "Mozilla/5.0 (compatible; Yahoo! Slurp/3.0; http://help.yahoo.com/help/us/ysearch/slurp)"
67.195.112.243 - - [16/Feb/2010:21:59:56 -0800] "GET /index.php/photos/album/1/photo/installation/installation/installation/installation/installation/installation/index.php HTTP/1.0" 302 - "-" "Mozilla/5.0 (compatible; Yahoo! Slurp/3.0; http://help.yahoo.com/help/us/ysearch/slurp)"
67.195.112.243 - - [16/Feb/2010:21:59:57 -0800] "GET /index.php/photos/album/1/photo/installation/installation/installation/installation/installation/installation/installation/index.php HTTP/1.0" 302 - "-" "Mozilla/5.0 (compatible; Yahoo! Slurp/3.0; http://help.yahoo.com/help/us/ysearch/slurp)"
67.195.112.243 - - [16/Feb/2010:21:59:57 -0800] "GET /index.php/photos/album/1/photo/installation/installation/installation/installation/installation/installation/installation/installation/index.php HTTP/1.0" 302 - "-" "Mozilla/5.0 (compatible; Yahoo! Slurp/3.0; http://help.yahoo.com/help/us/ysearch/slurp)"
67.195.112.243 - - [16/Feb/2010:21:59:58 -0800] "GET /index.php/photos/album/1/photo/installation/installation/installation/installation/installation/installation/installation/installation/installation/index.php HTTP/1.0" 302 - "-" "Mozilla/5.0 (compatible; Yahoo! Slurp/3.0; http://help.yahoo.com/help/us/ysearch/slurp)"
67.195.112.243 - - [16/Feb/2010:21:59:58 -0800] "GET /index.php/photos/album/1/photo/installation/installation/installation/installation/installation/installation/installation/installation/installation/installation/index.php HTTP/1.0" 302 - "-" "Mozilla/5.0 (compatible; Yahoo! Slurp/3.0; http://help.yahoo.com/help/us/ysearch/slurp)"
67.195.112.243 - - [16/Feb/2010:22:00:00 -0800] "GET /index.php/photos/album/1/photo/installation/installation/installation/installation/installation/installation/installation/installation/installation/installation/installation/index.php HTTP/1.0" 302 - "-" "Mozilla/5.0 (compatible; Yahoo! Slurp/3.0; http://help.yahoo.com/help/us/ysearch/slurp)"
67.195.112.243 - - [16/Feb/2010:22:00:01 -0800] "GET /index.php/photos/album/1/photo/installation/installation/installation/installation/installation/installation/installation/installation/installation/installation/installation/installation/index.php HTTP/1.0" 302 - "-" "Mozilla/5.0 (compatible; Yahoo! Slurp/3.0; http://help.yahoo.com/help/us/ysearch/slurp)"
67.195.112.243 - - [16/Feb/2010:22:00:02 -0800] "GET /index.php/photos/album/1/photo/installation/installation/installation/installation/installation/installation/installation/installation/installation/installation/installation/installation/installation/index.php HTTP/1.0" 302 - "-" "Mozilla/5.0 (compatible; Yahoo! Slurp/3.0; http://help.yahoo.com/help/us/ysearch/slurp)"
67.195.112.243 - - [16/Feb/2010:22:00:03 -0800] "GET /index.php/photos/album/1/photo/installation/installation/installation/installation/installation/installation/installation/installation/installation/installation/installation/installation/installation/installation/index.php HTTP/1.0" 302 - "-" "Mozilla/5.0 (compatible; Yahoo! Slurp/3.0; http://help.yahoo.com/help/us/ysearch/slurp)"
67.195.112.243 - - [16/Feb/2010:22:00:04 -0800] "GET /index.php/photos/album/1/photo/installation/installation/installation/installation/installation/installation/installation/installation/installation/installation/installation/installation/installation/installation/installation/index.php HTTP/1.0" 302 - "-" "Mozilla/5.0 (compatible; Yahoo! Slurp/3.0; http://help.yahoo.com/help/us/ysearch/slurp)"
67.195.112.243 - - [16/Feb/2010:22:00:05 -0800] "GET /index.php/photos/album/1/photo/installation/installation/installation/installation/installation/installation/installation/installation/installation/installation/installation/installation/installation/installation/installation/installation/index.php HTTP/1.0" 302 - "-" "Mozilla/5.0 (compatible; Yahoo! Slurp/3.0; http://help.yahoo.com/help/us/ysearch/slurp)"
67.195.112.243 - - [16/Feb/2010:22:00:05 -0800] "GET /index.php/photos/album/1/photo/installation/installation/installation/installation/installation/installation/installation/installation/installation/installation/installation/installation/installation/installation/installation/installation/installation/index.php HTTP/1.0" 302 - "-" "Mozilla/5.0 (compatible; Yahoo! Slurp/3.0; http://help.yahoo.com/help/us/ysearch/slurp)"
67.195.112.243 - - [16/Feb/2010:22:00:06 -0800] "GET /index.php/photos/album/1/photo/installation/installation/installation/installation/installation/installation/installation/installation/installation/installation/installation/installation/installation/installation/installation/installation/installation/installation/index.php HTTP/1.0" 302 - "-" "Mozilla/5.0 (compatible; Yahoo! Slurp/3.0; http://help.yahoo.com/help/us/ysearch/slurp)"
67.195.112.243 - - [16/Feb/2010:22:00:06 -0800] "GET /index.php/photos/album/1/photo/installation/installation/installation/installation/installation/installation/installation/installation/installation/installation/installation/installation/installation/installation/installation/installation/installation/installation/installation/index.php HTTP/1.0" 302 - "-" "Mozilla/5.0 (compatible; Yahoo! Slurp/3.0; http://help.yahoo.com/help/us/ysearch/slurp)"
67.195.112.243 - - [16/Feb/2010:22:00:07 -0800] "GET /index.php/photos/album/1/photo/installation/installation/installation/installation/installation/installation/installation/installation/installation/installation/installation/installation/installation/installation/installation/installation/installation/installation/installation/installation/index.php HTTP/1.0" 302 - "-" "Mozilla/5.0 (compatible; Yahoo! Slurp/3.0; http://help.yahoo.com/help/us/ysearch/slurp)"
216.129.119.40 - - [17/Feb/2010:00:12:40 -0800] "GET /robots.txt HTTP/1.1" 200 304 "-" "Mozilla/5.0 (Twiceler-0.9 http://www.cuil.com/twiceler/robot.html)"
124.115.6.17 - - [17/Feb/2010:00:25:56 -0800] "GET /robots.txt HTTP/1.1" 200 304 "-" "Sosospider+(+http://help.soso.com/webspider.htm)"
220.181.94.223 - - [17/Feb/2010:00:34:27 -0800] "GET /robots.txt HTTP/1.1" 304 - "-" "Sogou web spider/4.0(+http://www.sogou.com/docs/help/webmasters.htm#07)"
220.181.94.223 - - [17/Feb/2010:00:34:37 -0800] "GET /robots.txt HTTP/1.1" 304 - "-" "Sogou web spider/4.0(+http://www.sogou.com/docs/help/webmasters.htm#07)"
93.158.148.31 - - [17/Feb/2010:01:00:36 -0800] "GET /robots.txt HTTP/1.1" 200 304 "-" "Yandex/1.01.001 (compatible; Win16; I)"
220.181.94.223 - - [17/Feb/2010:02:07:30 -0800] "GET /robots.txt HTTP/1.1" 304 - "-" "Sogou web spider/4.0(+http://www.sogou.com/docs/help/webmasters.htm#07)"
220.181.94.223 - - [17/Feb/2010:02:07:39 -0800] "GET / HTTP/1.1" 302 - "-" "Sogou-Test-Spider/4.0 (compatible; MSIE 5.5; Windows 98)"
220.181.94.223 - - [17/Feb/2010:02:07:49 -0800] "GET /installation/index.php HTTP/1.1" 200 2046 "-" "Sogou-Test-Spider/4.0 (compatible; MSIE 5.5; Windows 98)"
93.158.148.31 - - [17/Feb/2010:04:23:03 -0800] "GET / HTTP/1.1" 302 - "-" "Yandex/1.01.001 (compatible; Win16; I)"
93.158.148.31 - - [17/Feb/2010:04:23:04 -0800] "GET / HTTP/1.1" 302 - "-" "Yandex/1.01.001 (compatible; Win16; I)"
66.249.71.41 - - [17/Feb/2010:07:44:57 -0800] "GET /robots.txt HTTP/1.1" 200 304 "-" "Mozilla/5.0 (compatible; Googlebot/2.1; +http://www.google.com/bot.html)"
67.218.116.133 - - [17/Feb/2010:09:09:25 -0800] "GET /robots.txt HTTP/1.1" 200 304 "-" "Mozilla/5.0 (Twiceler-0.9 http://www.cuil.com/twiceler/robot.html)"
93.158.148.31 - - [17/Feb/2010:11:37:35 -0800] "GET /robots.txt HTTP/1.1" 200 304 "-" "Yandex/1.01.001 (compatible; Win16; I)"
93.158.148.31 - - [17/Feb/2010:13:10:10 -0800] "GET /robots.txt HTTP/1.1" 200 304 "-" "Yandex/1.01.001 (compatible; Win16; I)"
204.236.250.234 - - [17/Feb/2010:13:57:21 -0800] "GET /robots.txt HTTP/1.0" 200 304 "-" "Nutch/Nutch-1.0-dev (A Nutch-based crawler.; http://lucene.apache.org/nutch/bot.html; nutch-agent AT lucene.apache.org)"
204.236.250.234 - - [17/Feb/2010:13:57:21 -0800] "GET / HTTP/1.0" 302 - "-" "Nutch/Nutch-1.0-dev (A Nutch-based crawler.; http://lucene.apache.org/nutch/bot.html; nutch-agent AT lucene.apache.org)"
193.47.80.41 - - [17/Feb/2010:15:14:21 -0800] "GET / HTTP/1.1" 302 - "-" "Mozilla/5.0 (compatible; Exabot/3.0; +http://www.exabot.com/go/robot)"
193.47.80.41 - - [17/Feb/2010:15:29:01 -0800] "GET /robots.txt HTTP/1.1" 200 304 "-" "Mozilla/5.0 (compatible; Exabot/3.0; +http://www.exabot.com/go/robot)"
208.80.193.43 - - [17/Feb/2010:16:45:28 -0800] "GET / HTTP/1.0" 302 - "-" "Mozilla/4.0 (compatible; MSIE 7.0; Windows NT 5.1; SIMBAR Enabled; SIMBAR={69BFC609-9222-4e26-9435-F9925DD68BD7}; .NET CLR 1.0.3705; AVPersonalSerial 5e50186c28164e4474521a173fb966040c7737b9; .NET CLR 2.0.50727)"
93.158.148.31 - - [17/Feb/2010:18:35:06 -0800] "GET / HTTP/1.1" 302 - "-" "Yandex/1.01.001 (compatible; Win16; I)"
93.158.148.31 - - [17/Feb/2010:18:46:46 -0800] "GET / HTTP/1.1" 302 - "-" "Yandex/1.01.001 (compatible; Win16; I)"
208.80.193.37 - - [17/Feb/2010:21:21:56 -0800] "GET /blog/archive/2006_03_01_index.html&h=224&w=300&sz=12&hl=en&start=46 HTTP/1.0" 302 353 "-" "Mozilla/4.0 (compatible; MSIE 7.0; Windows NT 5.1; sbcydsl 3.12; (R1 1.3); .NET CLR 1.1.4322; InfoPath.2)"
123.125.66.17 - - [17/Feb/2010:21:55:49 -0800] "GET /robots.txt HTTP/1.1" 200 304 "-" "Baiduspider+(+http://www.baidu.com/search/spider.htm)"
79.21.71.169 - - [17/Feb/2010:22:11:05 -0800] "GET /robots.txt HTTP/1.1" 200 304 "-" "DotComHintsBot/1.0 (Domain test crawler; http://www.dotcomhints.com/bot.html)"
79.21.71.169 - - [17/Feb/2010:22:11:06 -0800] "GET / HTTP/1.1" 302 - "-" "DotComHintsBot/1.0 (Domain test crawler; http://www.dotcomhints.com/bot.html)"
79.21.71.169 - - [17/Feb/2010:22:11:06 -0800] "GET /installation/index.php HTTP/1.1" 200 2232 "-" "DotComHintsBot/1.0 (Domain test crawler; http://www.dotcomhints.com/bot.html)"
208.80.193.38 - - [17/Feb/2010:22:34:19 -0800] "GET /blog/archive/2006_03_01_index.html&h=224&w=300&sz=12&hl=en&start=21 HTTP/1.0" 302 353 "-" "Mozilla/4.0 (compatible; MSIE 6.0; Windows NT 5.1; {8E2DBC6E-56F4-8E9B-ED3D-D5422D593739}; .NET CLR 1.1.4322)"
216.129.119.40 - - [18/Feb/2010:00:18:59 -0800] "GET /robots.txt HTTP/1.1" 200 304 "-" "Mozilla/5.0 (Twiceler-0.9 http://www.cuil.com/twiceler/robot.html)"
77.88.51.10 - - [18/Feb/2010:02:02:21 -0800] "GET / HTTP/1.1" 302 - "-" "Yandex/1.01.001 (compatible; Win16; H)"
77.88.51.10 - - [18/Feb/2010:02:02:22 -0800] "GET /installation/index.php HTTP/1.1" 200 2232 "-" "Yandex/1.01.001 (compatible; Win16; H)"
77.88.51.10 - - [18/Feb/2010:02:02:23 -0800] "GET /robots.txt HTTP/1.1" 200 304 "-" "Yandex/1.01.001 (compatible; Win16; H)"
77.88.51.10 - - [18/Feb/2010:02:02:23 -0800] "GET /installation/index.php HTTP/1.1" 200 2232 "-" "Yandex/1.01.001 (compatible; Win16; H)"
77.88.51.10 - - [18/Feb/2010:02:02:24 -0800] "GET / HTTP/1.1" 302 - "-" "Yandex/1.01.001 (compatible; Win16; H)"
77.88.51.10 - - [18/Feb/2010:02:02:24 -0800] "GET /installation/index.php HTTP/1.1" 200 2232 "-" "Yandex/1.01.001 (compatible; Win16; H)"
77.88.51.10 - - [18/Feb/2010:02:02:25 -0800] "GET /robots.txt HTTP/1.1" 200 304 "-" "Yandex/1.01.001 (compatible; Win16; H)"
77.88.51.10 - - [18/Feb/2010:02:02:25 -0800] "GET /installation/index.php HTTP/1.1" 200 2232 "-" "Yandex/1.01.001 (compatible; Win16; H)"
74.222.4.218 - - [18/Feb/2010:06:12:11 -0800] "GET /robots.txt HTTP/1.0" 200 304 "http://sharkbomb.com/robots.txt" "Mozilla/4.0 (compatible; MSIE 6.0; Windows NT 5.1; SV1; .NET CLR 2.0.50727)"
74.222.4.218 - - [18/Feb/2010:06:12:11 -0800] "GET / HTTP/1.0" 302 - "http://sharkbomb.com/" "Mozilla/4.0 (compatible; MSIE 6.0; Windows NT 5.1; SV1; .NET CLR 2.0.50727)"
74.222.4.218 - - [18/Feb/2010:06:12:17 -0800] "GET /robots.txt HTTP/1.0" 200 304 "http://sharkbomb.com/robots.txt" "Mozilla/4.0 (compatible; MSIE 6.0; Windows NT 5.1; SV1; .NET CLR 2.0.50727)"
208.80.193.42 - - [18/Feb/2010:06:36:42 -0800] "GET / HTTP/1.0" 302 - "-" "Mozilla/4.0 (compatible; MSIE 6.0; Windows NT 5.1; SV1; DigExt; .NET CLR 1.1.4322; .NET CLR 2.0.50727)"
208.96.10.201 - - [18/Feb/2010:07:01:45 -0800] "GET /robots.txt HTTP/1.1" 200 304 "-" "robotgenius (http://robotgenius.net)"
208.96.10.201 - - [18/Feb/2010:08:02:59 -0800] "GET / HTTP/1.1" 302 - "-" "robotgenius (http://robotgenius.net)"
67.218.116.133 - - [18/Feb/2010:09:12:59 -0800] "GET /robots.txt HTTP/1.1" 200 304 "-" "Mozilla/5.0 (Twiceler-0.9 http://www.cuil.com/twiceler/robot.html)"
124.115.6.17 - - [18/Feb/2010:11:14:55 -0800] "GET /robots.txt HTTP/1.1" 200 304 "-" "Sosospider+(+http://help.soso.com/webspider.htm)"
174.129.81.40 - - [18/Feb/2010:12:33:16 -0800] "GET /robots.txt HTTP/1.0" 200 304 "-" "Nutch/Nutch-1.0-dev (A Nutch-based crawler.; http://lucene.apache.org/nutch/bot.html; nutch-agent AT lucene.apache.org)"
174.129.81.40 - - [18/Feb/2010:12:33:16 -0800] "GET / HTTP/1.0" 302 - "-" "Nutch/Nutch-1.0-dev (A Nutch-based crawler.; http://lucene.apache.org/nutch/bot.html; nutch-agent AT lucene.apache.org)"
193.47.80.41 - - [18/Feb/2010:16:06:26 -0800] "GET /robots.txt HTTP/1.1" 200 304 "-" "Mozilla/5.0 (compatible; Exabot/3.0; +http://www.exabot.com/go/robot)"
193.47.80.41 - - [18/Feb/2010:16:06:26 -0800] "GET / HTTP/1.1" 302 - "-" "Mozilla/5.0 (compatible; Exabot/3.0; +http://www.exabot.com/go/robot)"
220.181.94.223 - - [18/Feb/2010:19:59:53 -0800] "GET /robots.txt HTTP/1.1" 304 - "-" "Sogou web spider/4.0(+http://www.sogou.com/docs/help/webmasters.htm#07)"
220.181.94.223 - - [18/Feb/2010:20:00:03 -0800] "GET /robots.txt HTTP/1.1" 304 - "-" "Sogou web spider/4.0(+http://www.sogou.com/docs/help/webmasters.htm#07)"
123.125.66.107 - - [18/Feb/2010:22:45:05 -0800] "GET /robots.txt HTTP/1.1" 200 304 "-" "Baiduspider+(+http://www.baidu.com/search/spider.htm)"
66.249.71.41 - - [18/Feb/2010:23:45:44 -0800] "GET /robots.txt HTTP/1.1" 200 304 "-" "Mozilla/5.0 (compatible; Googlebot/2.1; +http://www.google.com/bot.html)"
216.129.119.40 - - [19/Feb/2010:00:24:58 -0800] "GET /robots.txt HTTP/1.1" 200 304 "-" "Mozilla/5.0 (Twiceler-0.9 http://www.cuil.com/twiceler/robot.html)"
220.181.94.223 - - [19/Feb/2010:00:36:16 -0800] "GET /robots.txt HTTP/1.1" 304 - "-" "Sogou web spider/4.0(+http://www.sogou.com/docs/help/webmasters.htm#07)"
220.181.94.223 - - [19/Feb/2010:00:36:26 -0800] "GET /robots.txt HTTP/1.1" 304 - "-" "Sogou web spider/4.0(+http://www.sogou.com/docs/help/webmasters.htm#07)"
208.80.193.27 - - [19/Feb/2010:06:07:12 -0800] "GET / HTTP/1.0" 302 - "-" "Mozilla/4.0 (compatible; MSIE 6.0; Windows NT 5.1; SV1; iebar; acc=vonner; FunWebProducts; .NET CLR 1.0.3705; .NET CLR 1.1.4322; Media Center PC 3.1)"
66.249.71.41 - - [19/Feb/2010:06:35:56 -0800] "GET /coppermine/displayimage.php?album=1&pos=132 HTTP/1.1" 200 - "-" "Mozilla/5.0 (compatible; Googlebot/2.1; +http://www.google.com/bot.html)"
58.61.164.19 - - [19/Feb/2010:09:10:57 -0800] "GET / HTTP/1.1" 302 - "-" "Mozilla/4.0 (compatible; MSIE 6.0; Windows NT 5.1)"
58.61.164.19 - - [19/Feb/2010:09:10:57 -0800] "GET /installation/index.php HTTP/1.1" 200 2046 "-" "Mozilla/4.0 (compatible; MSIE 6.0; Windows NT 5.1)"
208.80.193.34 - - [19/Feb/2010:10:45:54 -0800] "GET /blog/archive/2006_03_01_index.html&h=224&w=300&sz=12&hl=en&start=46 HTTP/1.0" 302 353 "-" "Mozilla/4.0 (compatible; MSIE 6.0; Windows NT 5.1; SV1; (R1 1.5); .NET CLR 1.1.4322; .NET CLR 2.0.50727; MSN 9.0;MSN 9.1; MSNbMSNI; MSNmen-us; MSNcIA)"
208.80.193.32 - - [19/Feb/2010:12:07:05 -0800] "GET /blog/archive/2006_03_01_index.html&h=224&w=300&sz=12&hl=en&start=21 HTTP/1.0" 302 353 "-" "Mozilla/4.0 (compatible; MSIE 6.0; Windows NT 5.1; SV1; FunWebProducts; .NET CLR 1.1.4322; HbTools 4.8.4; MSN 6.1; MSNbMSFT; MSNmen-us; MSNc00; v5m)"
64.246.165.160 - - [19/Feb/2010:17:32:44 -0800] "GET /robots.txt HTTP/1.0" 200 304 "-" "Mozilla/5.0 (Windows; U; Windows NT 5.1; en; rv:1.9.0.13) Gecko/2009073022 Firefox/3.5.2 (.NET CLR 3.5.30729) SurveyBot/2.3 (DomainTools)"
64.246.165.160 - - [19/Feb/2010:17:32:44 -0800] "GET / HTTP/1.1" 302 - "http://whois.domaintools.com/sharkbomb.com" "Mozilla/5.0 (Windows; U; Windows NT 5.1; en; rv:1.9.0.13) Gecko/2009073022 Firefox/3.5.2 (.NET CLR 3.5.30729) SurveyBot/2.3 (DomainTools)"
64.246.165.160 - - [19/Feb/2010:17:32:44 -0800] "GET /installation/index.php HTTP/1.1" 200 2231 "http://whois.domaintools.com/sharkbomb.com" "Mozilla/5.0 (Windows; U; Windows NT 5.1; en; rv:1.9.0.13) Gecko/2009073022 Firefox/3.5.2 (.NET CLR 3.5.30729) SurveyBot/2.3 (DomainTools)"
208.80.193.36 - - [19/Feb/2010:20:01:58 -0800] "GET / HTTP/1.0" 302 - "-" "Mozilla/4.0 (compatible; MSIE 6.0; Windows NT 5.1; Q312461; SV1; .NET CLR 2.0.50727; .NET CLR 1.1.4322; InfoPath.2)"
93.158.148.31 - - [19/Feb/2010:20:39:07 -0800] "GET /robots.txt HTTP/1.1" 200 304 "-" "Yandex/1.01.001 (compatible; Win16; I)"
123.125.66.31 - - [19/Feb/2010:22:38:12 -0800] "GET /robots.txt HTTP/1.1" 200 304 "-" "Baiduspider+(+http://www.baidu.com/search/spider.htm)"
124.115.6.17 - - [19/Feb/2010:22:39:49 -0800] "GET /robots.txt HTTP/1.1" 200 304 "-" "Sosospider+(+http://help.soso.com/webspider.htm)"
216.129.119.40 - - [20/Feb/2010:00:11:10 -0800] "GET /robots.txt HTTP/1.1" 200 304 "-" "Mozilla/5.0 (Twiceler-0.9 http://www.cuil.com/twiceler/robot.html)"
93.158.148.31 - - [20/Feb/2010:01:52:04 -0800] "GET /robots.txt HTTP/1.1" 200 304 "-" "Yandex/1.01.001 (compatible; Win16; I)"
93.158.148.31 - - [20/Feb/2010:04:28:33 -0800] "GET / HTTP/1.1" 302 - "-" "Yandex/1.01.001 (compatible; Win16; I)"
93.158.148.31 - - [20/Feb/2010:04:28:33 -0800] "GET / HTTP/1.1" 302 - "-" "Yandex/1.01.001 (compatible; Win16; I)"
74.222.4.82 - - [20/Feb/2010:06:20:46 -0800] "GET /robots.txt HTTP/1.0" 200 304 "http://sharkbomb.com/robots.txt" "Mozilla/4.0 (compatible; MSIE 6.0; Windows NT 5.1; SV1; .NET CLR 2.0.50727)"
74.222.4.82 - - [20/Feb/2010:06:20:46 -0800] "GET / HTTP/1.0" 302 - "http://sharkbomb.com/" "Mozilla/4.0 (compatible; MSIE 6.0; Windows NT 5.1; SV1; .NET CLR 2.0.50727)"
74.222.4.82 - - [20/Feb/2010:06:20:51 -0800] "GET /robots.txt HTTP/1.0" 200 304 "http://sharkbomb.com/robots.txt" "Mozilla/4.0 (compatible; MSIE 6.0; Windows NT 5.1; SV1; .NET CLR 2.0.50727)"
67.195.112.243 - - [20/Feb/2010:07:43:52 -0800] "GET /robots.txt HTTP/1.0" 200 304 "-" "Mozilla/5.0 (compatible; Yahoo! Slurp; http://help.yahoo.com/help/us/ysearch/slurp)"
67.195.112.243 - - [20/Feb/2010:07:43:52 -0800] "GET /index.php/photos/album/1/photo/1.html HTTP/1.0" 302 - "-" "Mozilla/5.0 (compatible; Yahoo! Slurp/3.0; http://help.yahoo.com/help/us/ysearch/slurp)"
67.195.112.243 - - [20/Feb/2010:07:43:53 -0800] "GET /index.php/photos/album/1/photo/installation/index.php HTTP/1.0" 302 - "-" "Mozilla/5.0 (compatible; Yahoo! Slurp/3.0; http://help.yahoo.com/help/us/ysearch/slurp)"
67.195.112.243 - - [20/Feb/2010:07:43:54 -0800] "GET /index.php/photos/album/1/photo/installation/installation/index.php HTTP/1.0" 302 - "-" "Mozilla/5.0 (compatible; Yahoo! Slurp/3.0; http://help.yahoo.com/help/us/ysearch/slurp)"
67.195.112.243 - - [20/Feb/2010:07:43:55 -0800] "GET /index.php/photos/album/1/photo/installation/installation/installation/index.php HTTP/1.0" 302 - "-" "Mozilla/5.0 (compatible; Yahoo! Slurp/3.0; http://help.yahoo.com/help/us/ysearch/slurp)"
67.195.112.243 - - [20/Feb/2010:07:43:55 -0800] "GET /index.php/photos/album/1/photo/installation/installation/installation/installation/index.php HTTP/1.0" 302 - "-" "Mozilla/5.0 (compatible; Yahoo! Slurp/3.0; http://help.yahoo.com/help/us/ysearch/slurp)"
67.195.112.243 - - [20/Feb/2010:07:43:55 -0800] "GET /index.php/photos/album/1/photo/installation/installation/installation/installation/installation/index.php HTTP/1.0" 302 - "-" "Mozilla/5.0 (compatible; Yahoo! Slurp/3.0; http://help.yahoo.com/help/us/ysearch/slurp)"
67.195.112.243 - - [20/Feb/2010:07:43:56 -0800] "GET /index.php/photos/album/1/photo/installation/installation/installation/installation/installation/installation/index.php HTTP/1.0" 302 - "-" "Mozilla/5.0 (compatible; Yahoo! Slurp/3.0; http://help.yahoo.com/help/us/ysearch/slurp)"
67.195.112.243 - - [20/Feb/2010:07:43:56 -0800] "GET /index.php/photos/album/1/photo/installation/installation/installation/installation/installation/installation/installation/index.php HTTP/1.0" 302 - "-" "Mozilla/5.0 (compatible; Yahoo! Slurp/3.0; http://help.yahoo.com/help/us/ysearch/slurp)"
67.195.112.243 - - [20/Feb/2010:07:43:56 -0800] "GET /index.php/photos/album/1/photo/installation/installation/installation/installation/installation/installation/installation/installation/index.php HTTP/1.0" 302 - "-" "Mozilla/5.0 (compatible; Yahoo! Slurp/3.0; http://help.yahoo.com/help/us/ysearch/slurp)"
67.195.112.243 - - [20/Feb/2010:07:43:57 -0800] "GET /index.php/photos/album/1/photo/installation/installation/installation/installation/installation/installation/installation/installation/installation/index.php HTTP/1.0" 302 - "-" "Mozilla/5.0 (compatible; Yahoo! Slurp/3.0; http://help.yahoo.com/help/us/ysearch/slurp)"
67.195.112.243 - - [20/Feb/2010:07:43:57 -0800] "GET /index.php/photos/album/1/photo/installation/installation/installation/installation/installation/installation/installation/installation/installation/installation/index.php HTTP/1.0" 302 - "-" "Mozilla/5.0 (compatible; Yahoo! Slurp/3.0; http://help.yahoo.com/help/us/ysearch/slurp)"
67.195.112.243 - - [20/Feb/2010:07:43:58 -0800] "GET /index.php/photos/album/1/photo/installation/installation/installation/installation/installation/installation/installation/installation/installation/installation/installation/index.php HTTP/1.0" 302 - "-" "Mozilla/5.0 (compatible; Yahoo! Slurp/3.0; http://help.yahoo.com/help/us/ysearch/slurp)"
67.195.112.243 - - [20/Feb/2010:07:43:58 -0800] "GET /index.php/photos/album/1/photo/installation/installation/installation/installation/installation/installation/installation/installation/installation/installation/installation/installation/index.php HTTP/1.0" 302 - "-" "Mozilla/5.0 (compatible; Yahoo! Slurp/3.0; http://help.yahoo.com/help/us/ysearch/slurp)"
67.195.112.243 - - [20/Feb/2010:07:43:58 -0800] "GET /index.php/photos/album/1/photo/installation/installation/installation/installation/installation/installation/installation/installation/installation/installation/installation/installation/installation/index.php HTTP/1.0" 302 - "-" "Mozilla/5.0 (compatible; Yahoo! Slurp/3.0; http://help.yahoo.com/help/us/ysearch/slurp)"
67.195.112.243 - - [20/Feb/2010:07:43:59 -0800] "GET /index.php/photos/album/1/photo/installation/installation/installation/installation/installation/installation/installation/installation/installation/installation/installation/installation/installation/installation/index.php HTTP/1.0" 302 - "-" "Mozilla/5.0 (compatible; Yahoo! Slurp/3.0; http://help.yahoo.com/help/us/ysearch/slurp)"
67.195.112.243 - - [20/Feb/2010:07:43:59 -0800] "GET /index.php/photos/album/1/photo/installation/installation/installation/installation/installation/installation/installation/installation/installation/installation/installation/installation/installation/installation/installation/index.php HTTP/1.0" 302 - "-" "Mozilla/5.0 (compatible; Yahoo! Slurp/3.0; http://help.yahoo.com/help/us/ysearch/slurp)"
67.195.112.243 - - [20/Feb/2010:07:44:00 -0800] "GET /index.php/photos/album/1/photo/installation/installation/installation/installation/installation/installation/installation/installation/installation/installation/installation/installation/installation/installation/installation/installation/index.php HTTP/1.0" 302 - "-" "Mozilla/5.0 (compatible; Yahoo! Slurp/3.0; http://help.yahoo.com/help/us/ysearch/slurp)"
67.195.112.243 - - [20/Feb/2010:07:44:01 -0800] "GET /index.php/photos/album/1/photo/installation/installation/installation/installation/installation/installation/installation/installation/installation/installation/installation/installation/installation/installation/installation/installation/installation/index.php HTTP/1.0" 302 - "-" "Mozilla/5.0 (compatible; Yahoo! Slurp/3.0; http://help.yahoo.com/help/us/ysearch/slurp)"
67.195.112.243 - - [20/Feb/2010:07:44:01 -0800] "GET /index.php/photos/album/1/photo/installation/installation/installation/installation/installation/installation/installation/installation/installation/installation/installation/installation/installation/installation/installation/installation/installation/installation/index.php HTTP/1.0" 302 - "-" "Mozilla/5.0 (compatible; Yahoo! Slurp/3.0; http://help.yahoo.com/help/us/ysearch/slurp)"
67.195.112.243 - - [20/Feb/2010:07:44:01 -0800] "GET /index.php/photos/album/1/photo/installation/installation/installation/installation/installation/installation/installation/installation/installation/installation/installation/installation/installation/installation/installation/installation/installation/installation/installation/index.php HTTP/1.0" 302 - "-" "Mozilla/5.0 (compatible; Yahoo! Slurp/3.0; http://help.yahoo.com/help/us/ysearch/slurp)"
67.195.112.243 - - [20/Feb/2010:07:44:01 -0800] "GET /index.php/photos/album/1/photo/installation/installation/installation/installation/installation/installation/installation/installation/installation/installation/installation/installation/installation/installation/installation/installation/installation/installation/installation/installation/index.php HTTP/1.0" 302 - "-" "Mozilla/5.0 (compatible; Yahoo! Slurp/3.0; http://help.yahoo.com/help/us/ysearch/slurp)"
67.218.116.133 - - [20/Feb/2010:09:19:13 -0800] "GET /robots.txt HTTP/1.1" 200 304 "-" "Mozilla/5.0 (Twiceler-0.9 http://www.cuil.com/twiceler/robot.html)"
65.55.207.70 - - [20/Feb/2010:14:45:44 -0800] "GET /robots.txt HTTP/1.1" 200 304 "-" "msnbot/2.0b (+http://search.msn.com/msnbot.htm)"
65.55.207.70 - - [20/Feb/2010:14:46:24 -0800] "GET / HTTP/1.1" 302 - "-" "msnbot/2.0b (+http://search.msn.com/msnbot.htm)"
208.80.193.33 - - [20/Feb/2010:19:34:40 -0800] "GET / HTTP/1.0" 302 - "-" "Mozilla/4.0 (compatible; MSIE 7.0; Windows NT 5.1; Ringo; .NET CLR 1.0.3705; .NET CLR 1.1.4322; Media Center PC 3.1; IEMB3; IEMB3)"
220.181.94.223 - - [20/Feb/2010:20:03:24 -0800] "GET /robots.txt HTTP/1.1" 304 - "-" "Sogou web spider/4.0(+http://www.sogou.com/docs/help/webmasters.htm#07)"
220.181.94.223 - - [20/Feb/2010:20:03:34 -0800] "GET /robots.txt HTTP/1.1" 304 - "-" "Sogou web spider/4.0(+http://www.sogou.com/docs/help/webmasters.htm#07)"
123.125.66.102 - - [20/Feb/2010:23:14:00 -0800] "GET /robots.txt HTTP/1.1" 200 304 "-" "Baiduspider+(+http://www.baidu.com/search/spider.htm)"
208.80.193.40 - - [21/Feb/2010:00:02:37 -0800] "GET /blog/archive/2006_03_01_index.html&h=224&w=300&sz=12&hl=en&start=46 HTTP/1.0" 302 353 "-" "Mozilla/4.0 (compatible; MSIE 6.0; Windows NT 5.1; SV1; FunWebProducts; .NET CLR 1.1.4322; IEMB3; IEMB3)"
216.129.119.40 - - [21/Feb/2010:00:21:15 -0800] "GET /robots.txt HTTP/1.1" 200 304 "-" "Mozilla/5.0 (Twiceler-0.9 http://www.cuil.com/twiceler/robot.html)"
220.181.94.223 - - [21/Feb/2010:00:33:31 -0800] "GET /robots.txt HTTP/1.1" 304 - "-" "Sogou web spider/4.0(+http://www.sogou.com/docs/help/webmasters.htm#07)"
220.181.94.223 - - [21/Feb/2010:00:33:41 -0800] "GET /robots.txt HTTP/1.1" 304 - "-" "Sogou web spider/4.0(+http://www.sogou.com/docs/help/webmasters.htm#07)"
208.80.193.38 - - [21/Feb/2010:01:14:04 -0800] "GET /blog/archive/2006_03_01_index.html&h=224&w=300&sz=12&hl=en&start=21 HTTP/1.0" 302 353 "-" "Mozilla/4.0 (compatible; MSIE 6.0; Windows NT 5.1; SV1; .NET CLR 1.0.3705; Media Center PC 2.8; IEMB3)"
66.219.58.34 - - [21/Feb/2010:02:58:23 -0800] "GET /robots.txt HTTP/1.1" 200 304 "-" "MLBot (www.metadatalabs.com/mlbot)"
66.219.58.34 - - [21/Feb/2010:02:58:23 -0800] "GET / HTTP/1.1" 302 - "-" "MLBot (www.metadatalabs.com/mlbot)"
66.249.71.79 - - [21/Feb/2010:05:01:49 -0800] "GET /robots.txt HTTP/1.1" 200 304 "-" "Mozilla/5.0 (compatible; Googlebot/2.1; +http://www.google.com/bot.html)"
66.249.71.79 - - [21/Feb/2010:05:01:49 -0800] "GET / HTTP/1.1" 302 - "-" "Mozilla/5.0 (compatible; Googlebot/2.1; +http://www.google.com/bot.html)"
74.222.4.218 - - [21/Feb/2010:08:04:06 -0800] "GET /robots.txt HTTP/1.0" 200 304 "http://sharkbomb.com/robots.txt" "Mozilla/4.0 (compatible; MSIE 6.0; Windows NT 5.1; SV1; .NET CLR 2.0.50727)"
74.222.4.218 - - [21/Feb/2010:08:04:06 -0800] "GET / HTTP/1.0" 302 - "http://sharkbomb.com/" "Mozilla/4.0 (compatible; MSIE 6.0; Windows NT 5.1; SV1; .NET CLR 2.0.50727)"
74.222.4.218 - - [21/Feb/2010:08:04:13 -0800] "GET /robots.txt HTTP/1.0" 200 304 "http://sharkbomb.com/robots.txt" "Mozilla/4.0 (compatible; MSIE 6.0; Windows NT 5.1; SV1; .NET CLR 2.0.50727)"
208.80.193.35 - - [21/Feb/2010:09:13:31 -0800] "GET / HTTP/1.0" 302 - "-" "Mozilla/4.0 (compatible; MSIE 6.0; Windows NT 5.1; SV1; .NET CLR 1.0.3705; .NET CLR 1.1.4322; Media Center PC 3.1; InfoPath.1; .NET CLR 2.0.50727)"
67.218.116.133 - - [21/Feb/2010:09:57:53 -0800] "GET /robots.txt HTTP/1.1" 200 304 "-" "Mozilla/5.0 (Twiceler-0.9 http://www.cuil.com/twiceler/robot.html)"
124.115.6.17 - - [21/Feb/2010:10:43:40 -0800] "GET /robots.txt HTTP/1.1" 200 304 "-" "Sosospider+(+http://help.soso.com/webspider.htm)"
66.249.71.79 - - [21/Feb/2010:11:42:06 -0800] "GET /index.php/photos/album/1/photo/1.html HTTP/1.1" 302 - "-" "Mozilla/5.0 (compatible; Googlebot/2.1; +http://www.google.com/bot.html)"
66.249.71.79 - - [21/Feb/2010:11:42:07 -0800] "GET /index.php/photos/album/1/photo/installation/index.php HTTP/1.1" 302 - "-" "Mozilla/5.0 (compatible; Googlebot/2.1; +http://www.google.com/bot.html)"
66.249.71.79 - - [21/Feb/2010:11:42:07 -0800] "GET /index.php/photos/album/1/photo/installation/installation/index.php HTTP/1.1" 302 - "-" "Mozilla/5.0 (compatible; Googlebot/2.1; +http://www.google.com/bot.html)"
66.249.71.79 - - [21/Feb/2010:11:42:08 -0800] "GET /index.php/photos/album/1/photo/installation/installation/installation/index.php HTTP/1.1" 302 - "-" "Mozilla/5.0 (compatible; Googlebot/2.1; +http://www.google.com/bot.html)"
66.249.71.79 - - [21/Feb/2010:11:42:08 -0800] "GET /index.php/photos/album/1/photo/installation/installation/installation/installation/index.php HTTP/1.1" 302 - "-" "Mozilla/5.0 (compatible; Googlebot/2.1; +http://www.google.com/bot.html)"
66.249.71.79 - - [21/Feb/2010:11:42:09 -0800] "GET /index.php/photos/album/1/photo/installation/installation/installation/installation/installation/index.php HTTP/1.1" 302 - "-" "Mozilla/5.0 (compatible; Googlebot/2.1; +http://www.google.com/bot.html)"
66.249.71.79 - - [21/Feb/2010:16:35:47 -0800] "GET /index.php/photos/album/1/photo/5.html HTTP/1.1" 302 - "-" "Mozilla/5.0 (compatible; Googlebot/2.1; +http://www.google.com/bot.html)"
66.249.71.79 - - [21/Feb/2010:16:35:48 -0800] "GET /index.php/photos/album/1/photo/installation/index.php HTTP/1.1" 302 - "-" "Mozilla/5.0 (compatible; Googlebot/2.1; +http://www.google.com/bot.html)"
66.249.71.79 - - [21/Feb/2010:16:35:49 -0800] "GET /index.php/photos/album/1/photo/installation/installation/installation/index.php HTTP/1.1" 302 - "-" "Mozilla/5.0 (compatible; Googlebot/2.1; +http://www.google.com/bot.html)"
66.249.71.79 - - [21/Feb/2010:16:35:49 -0800] "GET /index.php/photos/album/1/photo/installation/installation/installation/installation/installation/index.php HTTP/1.1" 302 - "-" "Mozilla/5.0 (compatible; Googlebot/2.1; +http://www.google.com/bot.html)"
66.249.71.79 - - [21/Feb/2010:19:28:34 -0800] "GET /index.php/photos/album/1.html HTTP/1.1" 302 - "-" "Mozilla/5.0 (compatible; Googlebot/2.1; +http://www.google.com/bot.html)"
66.249.71.79 - - [21/Feb/2010:19:28:35 -0800] "GET /index.php/photos/album/installation/index.php HTTP/1.1" 302 - "-" "Mozilla/5.0 (compatible; Googlebot/2.1; +http://www.google.com/bot.html)"
66.249.71.79 - - [21/Feb/2010:19:28:35 -0800] "GET /index.php/photos/album/installation/installation/index.php HTTP/1.1" 302 - "-" "Mozilla/5.0 (compatible; Googlebot/2.1; +http://www.google.com/bot.html)"
66.249.71.79 - - [21/Feb/2010:19:28:36 -0800] "GET /index.php/photos/album/installation/installation/installation/index.php HTTP/1.1" 302 - "-" "Mozilla/5.0 (compatible; Googlebot/2.1; +http://www.google.com/bot.html)"
66.249.71.79 - - [21/Feb/2010:19:28:36 -0800] "GET /index.php/photos/album/installation/installation/installation/installation/index.php HTTP/1.1" 302 - "-" "Mozilla/5.0 (compatible; Googlebot/2.1; +http://www.google.com/bot.html)"
66.249.71.79 - - [21/Feb/2010:19:28:37 -0800] "GET /index.php/photos/album/installation/installation/installation/installation/installation/index.php HTTP/1.1" 302 - "-" "Mozilla/5.0 (compatible; Googlebot/2.1; +http://www.google.com/bot.html)"
123.125.66.55 - - [21/Feb/2010:23:35:43 -0800] "GET /robots.txt HTTP/1.1" 200 304 "-" "Baiduspider+(+http://www.baidu.com/search/spider.htm)"
216.129.119.40 - - [21/Feb/2010:23:59:13 -0800] "GET /robots.txt HTTP/1.1" 200 304 "-" "Mozilla/5.0 (Twiceler-0.9 http://www.cuil.com/twiceler/robot.html)"
66.249.71.79 - - [22/Feb/2010:06:10:09 -0800] "GET /robots.txt HTTP/1.1" 200 304 "-" "Mozilla/5.0 (compatible; Googlebot/2.1; +http://www.google.com/bot.html)"
61.49.181.230 - - [22/Feb/2010:06:10:41 -0800] "GET /coppermine/login.php?lang=english HTTP/1.1" 200 - "-" "Mozilla/4.0 (compatible; Windows XP 5.1; MSIE 6)"
208.80.193.27 - - [22/Feb/2010:08:47:51 -0800] "GET / HTTP/1.0" 302 - "-" "Mozilla/4.0 (compatible; MSIE 7.0; Windows NT 5.1; Embedded Web Browser from: http://bsalsa.com/; .NET CLR 1.1.4322; .NET CLR 2.0.50727; IEMB3; IEMB3)"
67.218.116.133 - - [22/Feb/2010:09:44:00 -0800] "GET /robots.txt HTTP/1.1" 200 304 "-" "Mozilla/5.0 (Twiceler-0.9 http://www.cuil.com/twiceler/robot.html)"
124.115.6.17 - - [22/Feb/2010:11:00:54 -0800] "GET /robots.txt HTTP/1.1" 200 304 "-" "Sosospider+(+http://help.soso.com/webspider.htm)"
208.80.193.38 - - [22/Feb/2010:13:24:32 -0800] "GET /blog/archive/2006_03_01_index.html&h=224&w=300&sz=12&hl=en&start=46 HTTP/1.0" 302 353 "-" "Mozilla/4.0 (compatible; MSIE 7.0; Windows NT 5.1; YPC 3.2.0; Ringo; .NET CLR 1.1.4322; FDM; .NET CLR 2.0.50727; ZangoToolbar 4.8.3)"
93.158.148.31 - - [22/Feb/2010:13:45:53 -0800] "GET /robots.txt HTTP/1.1" 200 304 "-" "Yandex/1.01.001 (compatible; Win16; I)"
208.80.193.31 - - [22/Feb/2010:14:43:26 -0800] "GET /blog/archive/2006_03_01_index.html&h=224&w=300&sz=12&hl=en&start=21 HTTP/1.0" 302 353 "-" "Mozilla/4.0 (compatible; MSIE 7.0; Windows NT 5.1; YPC 3.2.0; HbTools 4.7.2; ZangoToolbar 4.8.2; yplus 5.1.04b)"
93.158.148.31 - - [22/Feb/2010:16:49:04 -0800] "GET /robots.txt HTTP/1.1" 200 304 "-" "Yandex/1.01.001 (compatible; Win16; I)"
61.49.181.230 - - [22/Feb/2010:18:46:36 -0800] "GET /coppermine/login.php?lang=english HTTP/1.1" 200 - "-" "Mozilla/4.0 (compatible; Windows XP 5.1; MSIE 6)"
220.181.94.223 - - [22/Feb/2010:20:06:34 -0800] "GET /robots.txt HTTP/1.1" 304 - "-" "Sogou web spider/4.0(+http://www.sogou.com/docs/help/webmasters.htm#07)"
220.181.94.223 - - [22/Feb/2010:20:06:44 -0800] "GET /robots.txt HTTP/1.1" 304 - "-" "Sogou web spider/4.0(+http://www.sogou.com/docs/help/webmasters.htm#07)"
208.80.193.28 - - [22/Feb/2010:22:37:27 -0800] "GET / HTTP/1.0" 302 - "-" "Mozilla/4.0 (compatible; MSIE 6.0; Windows NT 5.1; {AFA3C341-FA12-0D24-5B56-590FD62901DC})"
123.125.66.15 - - [23/Feb/2010:00:06:52 -0800] "GET /robots.txt HTTP/1.1" 200 304 "-" "Baiduspider+(+http://www.baidu.com/search/spider.htm)"
67.195.112.243 - - [23/Feb/2010:00:20:02 -0800] "GET /robots.txt HTTP/1.0" 200 304 "-" "Mozilla/5.0 (compatible; Yahoo! Slurp; http://help.yahoo.com/help/us/ysearch/slurp)"
67.195.112.243 - - [23/Feb/2010:00:20:02 -0800] "GET /index.php/photos/album/1/photo/5.html HTTP/1.0" 302 - "-" "Mozilla/5.0 (compatible; Yahoo! Slurp/3.0; http://help.yahoo.com/help/us/ysearch/slurp)"
67.195.112.243 - - [23/Feb/2010:00:20:03 -0800] "GET /index.php/photos/album/1/photo/installation/index.php HTTP/1.0" 302 - "-" "Mozilla/5.0 (compatible; Yahoo! Slurp/3.0; http://help.yahoo.com/help/us/ysearch/slurp)"
67.195.112.243 - - [23/Feb/2010:00:20:03 -0800] "GET /index.php/photos/album/1/photo/installation/installation/index.php HTTP/1.0" 302 - "-" "Mozilla/5.0 (compatible; Yahoo! Slurp/3.0; http://help.yahoo.com/help/us/ysearch/slurp)"
67.195.112.243 - - [23/Feb/2010:00:20:03 -0800] "GET /index.php/photos/album/1/photo/installation/installation/installation/index.php HTTP/1.0" 302 - "-" "Mozilla/5.0 (compatible; Yahoo! Slurp/3.0; http://help.yahoo.com/help/us/ysearch/slurp)"
67.195.112.243 - - [23/Feb/2010:00:20:04 -0800] "GET /index.php/photos/album/1/photo/installation/installation/installation/installation/index.php HTTP/1.0" 302 - "-" "Mozilla/5.0 (compatible; Yahoo! Slurp/3.0; http://help.yahoo.com/help/us/ysearch/slurp)"
67.195.112.243 - - [23/Feb/2010:00:20:04 -0800] "GET /index.php/photos/album/1/photo/installation/installation/installation/installation/installation/index.php HTTP/1.0" 302 - "-" "Mozilla/5.0 (compatible; Yahoo! Slurp/3.0; http://help.yahoo.com/help/us/ysearch/slurp)"
67.195.112.243 - - [23/Feb/2010:00:20:04 -0800] "GET /index.php/photos/album/1/photo/installation/installation/installation/installation/installation/installation/index.php HTTP/1.0" 302 - "-" "Mozilla/5.0 (compatible; Yahoo! Slurp/3.0; http://help.yahoo.com/help/us/ysearch/slurp)"
67.195.112.243 - - [23/Feb/2010:00:20:05 -0800] "GET /index.php/photos/album/1/photo/installation/installation/installation/installation/installation/installation/installation/index.php HTTP/1.0" 302 - "-" "Mozilla/5.0 (compatible; Yahoo! Slurp/3.0; http://help.yahoo.com/help/us/ysearch/slurp)"
67.195.112.243 - - [23/Feb/2010:00:20:05 -0800] "GET /index.php/photos/album/1/photo/installation/installation/installation/installation/installation/installation/installation/installation/index.php HTTP/1.0" 302 - "-" "Mozilla/5.0 (compatible; Yahoo! Slurp/3.0; http://help.yahoo.com/help/us/ysearch/slurp)"
67.195.112.243 - - [23/Feb/2010:00:20:05 -0800] "GET /index.php/photos/album/1/photo/installation/installation/installation/installation/installation/installation/installation/installation/installation/index.php HTTP/1.0" 302 - "-" "Mozilla/5.0 (compatible; Yahoo! Slurp/3.0; http://help.yahoo.com/help/us/ysearch/slurp)"
67.195.112.243 - - [23/Feb/2010:00:20:05 -0800] "GET /index.php/photos/album/1/photo/installation/installation/installation/installation/installation/installation/installation/installation/installation/installation/index.php HTTP/1.0" 302 - "-" "Mozilla/5.0 (compatible; Yahoo! Slurp/3.0; http://help.yahoo.com/help/us/ysearch/slurp)"
67.195.112.243 - - [23/Feb/2010:00:20:06 -0800] "GET /index.php/photos/album/1/photo/installation/installation/installation/installation/installation/installation/installation/installation/installation/installation/installation/index.php HTTP/1.0" 302 - "-" "Mozilla/5.0 (compatible; Yahoo! Slurp/3.0; http://help.yahoo.com/help/us/ysearch/slurp)"
67.195.112.243 - - [23/Feb/2010:00:20:06 -0800] "GET /index.php/photos/album/1/photo/installation/installation/installation/installation/installation/installation/installation/installation/installation/installation/installation/installation/index.php HTTP/1.0" 302 - "-" "Mozilla/5.0 (compatible; Yahoo! Slurp/3.0; http://help.yahoo.com/help/us/ysearch/slurp)"
67.195.112.243 - - [23/Feb/2010:00:20:06 -0800] "GET /index.php/photos/album/1/photo/installation/installation/installation/installation/installation/installation/installation/installation/installation/installation/installation/installation/installation/index.php HTTP/1.0" 302 - "-" "Mozilla/5.0 (compatible; Yahoo! Slurp/3.0; http://help.yahoo.com/help/us/ysearch/slurp)"
67.195.112.243 - - [23/Feb/2010:00:20:06 -0800] "GET /index.php/photos/album/1/photo/installation/installation/installation/installation/installation/installation/installation/installation/installation/installation/installation/installation/installation/installation/index.php HTTP/1.0" 302 - "-" "Mozilla/5.0 (compatible; Yahoo! Slurp/3.0; http://help.yahoo.com/help/us/ysearch/slurp)"
67.195.112.243 - - [23/Feb/2010:00:20:06 -0800] "GET /index.php/photos/album/1/photo/installation/installation/installation/installation/installation/installation/installation/installation/installation/installation/installation/installation/installation/installation/installation/index.php HTTP/1.0" 302 - "-" "Mozilla/5.0 (compatible; Yahoo! Slurp/3.0; http://help.yahoo.com/help/us/ysearch/slurp)"
67.195.112.243 - - [23/Feb/2010:00:20:07 -0800] "GET /index.php/photos/album/1/photo/installation/installation/installation/installation/installation/installation/installation/installation/installation/installation/installation/installation/installation/installation/installation/installation/index.php HTTP/1.0" 302 - "-" "Mozilla/5.0 (compatible; Yahoo! Slurp/3.0; http://help.yahoo.com/help/us/ysearch/slurp)"
67.195.112.243 - - [23/Feb/2010:00:20:07 -0800] "GET /index.php/photos/album/1/photo/installation/installation/installation/installation/installation/installation/installation/installation/installation/installation/installation/installation/installation/installation/installation/installation/installation/index.php HTTP/1.0" 302 - "-" "Mozilla/5.0 (compatible; Yahoo! Slurp/3.0; http://help.yahoo.com/help/us/ysearch/slurp)"
67.195.112.243 - - [23/Feb/2010:00:20:07 -0800] "GET /index.php/photos/album/1/photo/installation/installation/installation/installation/installation/installation/installation/installation/installation/installation/installation/installation/installation/installation/installation/installation/installation/installation/index.php HTTP/1.0" 302 - "-" "Mozilla/5.0 (compatible; Yahoo! Slurp/3.0; http://help.yahoo.com/help/us/ysearch/slurp)"
67.195.112.243 - - [23/Feb/2010:00:20:07 -0800] "GET /index.php/photos/album/1/photo/installation/installation/installation/installation/installation/installation/installation/installation/installation/installation/installation/installation/installation/installation/installation/installation/installation/installation/installation/index.php HTTP/1.0" 302 - "-" "Mozilla/5.0 (compatible; Yahoo! Slurp/3.0; http://help.yahoo.com/help/us/ysearch/slurp)"
67.195.112.243 - - [23/Feb/2010:00:20:08 -0800] "GET /index.php/photos/album/1/photo/installation/installation/installation/installation/installation/installation/installation/installation/installation/installation/installation/installation/installation/installation/installation/installation/installation/installation/installation/installation/index.php HTTP/1.0" 302 - "-" "Mozilla/5.0 (compatible; Yahoo! Slurp/3.0; http://help.yahoo.com/help/us/ysearch/slurp)"
220.181.94.223 - - [23/Feb/2010:00:34:29 -0800] "GET /robots.txt HTTP/1.1" 304 - "-" "Sogou web spider/4.0(+http://www.sogou.com/docs/help/webmasters.htm#07)"
220.181.94.223 - - [23/Feb/2010:00:34:39 -0800] "GET /robots.txt HTTP/1.1" 304 - "-" "Sogou web spider/4.0(+http://www.sogou.com/docs/help/webmasters.htm#07)"
93.158.148.31 - - [23/Feb/2010:03:50:35 -0800] "GET / HTTP/1.1" 302 - "-" "Yandex/1.01.001 (compatible; Win16; I)"
93.158.148.31 - - [23/Feb/2010:03:50:36 -0800] "GET / HTTP/1.1" 302 - "-" "Yandex/1.01.001 (compatible; Win16; I)"
193.47.80.41 - - [23/Feb/2010:08:39:55 -0800] "GET /robots.txt HTTP/1.1" 200 304 "-" "Mozilla/5.0 (compatible; Exabot/3.0; +http://www.exabot.com/go/robot)"
193.47.80.41 - - [23/Feb/2010:08:39:55 -0800] "GET / HTTP/1.1" 302 - "-" "Mozilla/5.0 (compatible; Exabot/3.0; +http://www.exabot.com/go/robot)"
67.218.116.133 - - [23/Feb/2010:09:28:20 -0800] "GET /robots.txt HTTP/1.1" 200 304 "-" "Mozilla/5.0 (Twiceler-0.9 http://www.cuil.com/twiceler/robot.html)"
124.115.6.17 - - [23/Feb/2010:11:24:31 -0800] "GET /robots.txt HTTP/1.1" 200 304 "-" "Sosospider+(+http://help.soso.com/webspider.htm)"
193.47.80.41 - - [23/Feb/2010:15:09:40 -0800] "GET / HTTP/1.1" 302 - "-" "Mozilla/5.0 (compatible; Exabot/3.0; +http://www.exabot.com/go/robot)"
208.80.193.27 - - [23/Feb/2010:22:26:13 -0800] "GET / HTTP/1.0" 302 - "-" "Mozilla/4.0 (compatible; MSIE 7.0; Windows NT 5.1; bgft; IEMB3)"
216.129.119.40 - - [24/Feb/2010:00:08:24 -0800] "GET /robots.txt HTTP/1.1" 200 304 "-" "Mozilla/5.0 (Twiceler-0.9 http://www.cuil.com/twiceler/robot.html)"
123.125.66.50 - - [24/Feb/2010:00:25:59 -0800] "GET /robots.txt HTTP/1.1" 200 304 "-" "Baiduspider+(+http://www.baidu.com/search/spider.htm)"
220.181.94.223 - - [24/Feb/2010:02:08:18 -0800] "GET /robots.txt HTTP/1.1" 304 - "-" "Sogou web spider/4.0(+http://www.sogou.com/docs/help/webmasters.htm#07)"
220.181.94.223 - - [24/Feb/2010:02:08:28 -0800] "GET / HTTP/1.1" 302 - "-" "Sogou-Test-Spider/4.0 (compatible; MSIE 5.5; Windows 98)"
220.181.94.223 - - [24/Feb/2010:02:08:38 -0800] "GET /installation/index.php HTTP/1.1" 200 2046 "-" "Sogou-Test-Spider/4.0 (compatible; MSIE 5.5; Windows 98)"
66.249.68.113 - - [24/Feb/2010:02:38:44 -0800] "GET /robots.txt HTTP/1.1" 200 304 "-" "Mozilla/5.0 (compatible; Googlebot/2.1; +http://www.google.com/bot.html)"
66.249.68.113 - - [24/Feb/2010:02:38:45 -0800] "GET / HTTP/1.1" 302 - "-" "Mozilla/5.0 (compatible; Googlebot/2.1; +http://www.google.com/bot.html)"
208.80.193.42 - - [24/Feb/2010:03:04:31 -0800] "GET /blog/archive/2006_03_01_index.html&h=224&w=300&sz=12&hl=en&start=46 HTTP/1.0" 302 353 "-" "Mozilla/4.0 (compatible; MSIE 6.0; Windows NT 5.1; SV1; SIMBAR Enabled; SIMBAR={D7ECCE72-597A-4630-BE66-BD3B0F523C05}; .NET CLR 1.0.3705; .NET CLR 1.1.4322; Media Center PC 4.0; InfoPath.1)"
61.49.180.97 - - [24/Feb/2010:03:20:19 -0800] "GET /coppermine/login.php?lang=english HTTP/1.1" 200 - "-" "Mozilla/4.0 (compatible; Windows XP 5.1; MSIE 6)"
208.80.193.27 - - [24/Feb/2010:04:20:17 -0800] "GET /blog/archive/2006_03_01_index.html&h=224&w=300&sz=12&hl=en&start=21 HTTP/1.0" 302 353 "-" "Mozilla/4.0 (compatible; MSIE 7.0; Windows NT 5.1; .NET CLR 1.0.3705; Media Center PC 3.1; .NET CLR 1.1.4322; .NET CLR 2.0.50727; .NET CLR 3.0.04506.30; yplus 5.1.04b)"
61.49.181.230 - - [24/Feb/2010:06:12:28 -0800] "GET /coppermine/login.php?lang=english HTTP/1.1" 200 - "-" "Mozilla/4.0 (compatible; Windows XP 5.1; MSIE 6)"
66.249.68.69 - - [24/Feb/2010:06:38:51 -0800] "GET /robots.txt HTTP/1.1" 200 304 "-" "Mozilla/5.0 (compatible; Googlebot/2.1; +http://www.google.com/bot.html)"
67.218.116.133 - - [24/Feb/2010:09:33:01 -0800] "GET /robots.txt HTTP/1.1" 200 304 "-" "Mozilla/5.0 (Twiceler-0.9 http://www.cuil.com/twiceler/robot.html)"
124.115.6.17 - - [24/Feb/2010:12:24:09 -0800] "GET /robots.txt HTTP/1.1" 200 304 "-" "Sosospider+(+http://help.soso.com/webspider.htm)"
208.80.193.42 - - [24/Feb/2010:12:26:59 -0800] "GET / HTTP/1.0" 302 - "-" "Mozilla/4.0 (compatible; MSIE 7.0; Windows NT 5.1; FunWebProducts; ZangoToolbar 4.8.3; MSN 6.1; MSNbMSFT; MSNmen-au; MSNc00; v5m)"
193.47.80.41 - - [24/Feb/2010:15:20:27 -0800] "GET /robots.txt HTTP/1.1" 200 304 "-" "Mozilla/5.0 (compatible; Exabot/3.0; +http://www.exabot.com/go/robot)"
