95.108.150.235 - - [04/Apr/2010:02:39:42 -0700] "GET /installation/index.php HTTP/1.1" 200 2189 "-" "Yandex/1.01.001 (compatible; Win16; H)"
95.108.150.235 - - [04/Apr/2010:02:39:43 -0700] "GET /installation/index.php HTTP/1.1" 200 2189 "-" "Yandex/1.01.001 (compatible; Win16; H)"
208.80.193.39 - - [04/Apr/2010:02:51:04 -0700] "GET / HTTP/1.0" 302 - "-" "Mozilla/4.0 (compatible; MSIE 6.0; Windows NT 5.1; SV1; FunWebProducts; (R1 1.5); .NET CLR 1.1.4322; HbTools 4.8.4)"
83.167.62.171 - - [04/Apr/2010:07:29:26 -0700] "GET /robots.txt HTTP/1.1" 200 304 "-" "Mozilla/5.0 (compatible; Exabot/3.0 (BiggerBetter); +http://www.exabot.com/go/robot)"
83.167.62.171 - - [04/Apr/2010:07:29:27 -0700] "GET / HTTP/1.1" 302 - "-" "Mozilla/5.0 (compatible; Exabot/3.0 (BiggerBetter); +http://www.exabot.com/go/robot)"
208.80.193.29 - - [04/Apr/2010:07:33:28 -0700] "GET /blog/archive/2006_03_01_index.html&h=224&w=300&sz=12&hl=en&start=46 HTTP/1.0" 302 353 "-" "Mozilla/4.0 (compatible; MSIE 6.0; Windows 98; Win 9x 4.90; .NET CLR 1.1.4322; MSIECrawler)"
208.80.193.43 - - [04/Apr/2010:08:58:12 -0700] "GET /blog/archive/2006_03_01_index.html&h=224&w=300&sz=12&hl=en&start=21 HTTP/1.0" 302 353 "-" "Mozilla/4.0 (compatible; MSIE 7.0; Windows NT 5.1; FunWebProducts; .NET CLR 2.0.50727; HbTools 4.8.4)"
65.55.106.163 - - [04/Apr/2010:09:34:11 -0700] "GET /robots.txt HTTP/1.1" 200 304 "-" "msnbot/2.0b (+http://search.msn.com/msnbot.htm)"
66.249.65.201 - - [04/Apr/2010:10:43:45 -0700] "GET /robots.txt HTTP/1.1" 200 304 "-" "Mozilla/5.0 (compatible; Googlebot/2.1; +http://www.google.com/bot.html)"
67.218.116.133 - - [04/Apr/2010:11:25:16 -0700] "GET /robots.txt HTTP/1.1" 200 304 "-" "Mozilla/5.0 (Twiceler-0.9 http://www.cuil.com/twiceler/robot.html)"
193.47.80.41 - - [04/Apr/2010:15:42:04 -0700] "GET / HTTP/1.1" 302 - "-" "Mozilla/5.0 (compatible; Exabot/3.0; +http://www.exabot.com/go/robot)"
208.80.193.37 - - [04/Apr/2010:17:11:24 -0700] "GET / HTTP/1.0" 302 - "-" "Mozilla/4.0 (compatible; MSIE 7.0; Windows NT 5.1; MyIE2; Avant Browser; .NET CLR 1.1.4322)"
221.221.153.4 - - [04/Apr/2010:17:15:19 -0700] "GET /coppermine/login.php?lang=english HTTP/1.1" 200 - "-" "Mozilla/4.0 (compatible; Windows XP 5.1; MSIE 6)"
66.249.65.201 - - [04/Apr/2010:18:07:26 -0700] "GET /robots.txt HTTP/1.1" 200 304 "-" "Mozilla/5.0 (compatible; Googlebot/2.1; +http://www.google.com/bot.html)"
66.249.65.201 - - [04/Apr/2010:18:07:27 -0700] "GET /blog HTTP/1.1" 302 349 "-" "Mozilla/5.0 (compatible; Googlebot/2.1; +http://www.google.com/bot.html)"
66.249.65.201 - - [04/Apr/2010:18:07:27 -0700] "GET / HTTP/1.1" 302 - "-" "Mozilla/5.0 (compatible; Googlebot/2.1; +http://www.google.com/bot.html)"
221.221.153.4 - - [05/Apr/2010:01:10:26 -0700] "GET /coppermine/login.php?lang=english HTTP/1.1" 200 - "-" "Mozilla/4.0 (compatible; Windows XP 5.1; MSIE 6)"
66.249.65.241 - - [05/Apr/2010:01:32:39 -0700] "GET /robots.txt HTTP/1.1" 200 304 "-" "Mozilla/5.0 (compatible; Googlebot/2.1; +http://www.google.com/bot.html)"
66.249.65.241 - - [05/Apr/2010:01:32:40 -0700] "GET / HTTP/1.1" 302 - "-" "Mozilla/5.0 (compatible; Googlebot/2.1; +http://www.google.com/bot.html)"
216.129.119.40 - - [05/Apr/2010:06:17:37 -0700] "GET /robots.txt HTTP/1.1" 200 304 "-" "Mozilla/5.0 (Twiceler-0.9 http://www.cuil.com/twiceler/robot.html)"
221.221.153.4 - - [05/Apr/2010:07:44:01 -0700] "GET /coppermine/login.php?lang=english HTTP/1.1" 200 - "-" "Mozilla/4.0 (compatible; Windows XP 5.1; MSIE 6)"
64.56.65.219 - - [05/Apr/2010:08:38:50 -0700] "GET /robots.txt HTTP/1.0" 200 304 "http://sharkbomb.com/robots.txt" "Mozilla/4.0 (compatible; MSIE 8.0; Windows NT 5.1; SV1; .NET CLR 2.0.50727)"
64.56.65.219 - - [05/Apr/2010:08:38:56 -0700] "GET / HTTP/1.0" 302 - "http://sharkbomb.com/" "Mozilla/4.0 (compatible; MSIE 8.0; Windows NT 5.1; SV1; .NET CLR 2.0.50727)"
64.56.65.219 - - [05/Apr/2010:08:39:13 -0700] "GET /robots.txt HTTP/1.0" 200 304 "http://sharkbomb.com/robots.txt" "Mozilla/4.0 (compatible; MSIE 8.0; Windows NT 5.1; SV1; .NET CLR 2.0.50727)"
66.249.65.201 - - [05/Apr/2010:11:00:02 -0700] "GET /robots.txt HTTP/1.1" 200 304 "-" "Mozilla/5.0 (compatible; Googlebot/2.1; +http://www.google.com/bot.html)"
66.249.65.201 - - [05/Apr/2010:11:00:03 -0700] "GET / HTTP/1.1" 302 - "-" "Mozilla/5.0 (compatible; Googlebot/2.1; +http://www.google.com/bot.html)"
193.47.80.41 - - [05/Apr/2010:15:26:24 -0700] "GET /robots.txt HTTP/1.1" 200 304 "-" "Mozilla/5.0 (compatible; Exabot/3.0; +http://www.exabot.com/go/robot)"
193.47.80.41 - - [05/Apr/2010:15:26:24 -0700] "GET / HTTP/1.1" 302 - "-" "Mozilla/5.0 (compatible; Exabot/3.0; +http://www.exabot.com/go/robot)"
208.80.193.43 - - [05/Apr/2010:18:07:17 -0700] "GET / HTTP/1.0" 302 - "-" "Mozilla/4.0 (compatible; MSIE 7.0; Windows NT 5.1; Mozilla/4.0 (compatible; MSIE 6.0; Windows NT 5.1; SV1) ; Embedded Web Browser from: http://bsalsa.com/; .NET CLR 2.0.50727; .NET CLR 1.1.4322; .NET CLR 3.0.04506.30)"
123.125.66.113 - - [05/Apr/2010:19:54:26 -0700] "GET /robots.txt HTTP/1.1" 200 304 "-" "Baiduspider+(+http://www.baidu.com/search/spider.htm)"
64.56.65.219 - - [05/Apr/2010:20:32:24 -0700] "GET /robots.txt HTTP/1.0" 200 304 "http://sharkbomb.com/robots.txt" "Mozilla/4.0 (compatible; MSIE 8.0; Windows NT 5.1; SV1; .NET CLR 2.0.50727)"
64.56.65.219 - - [05/Apr/2010:20:32:24 -0700] "GET / HTTP/1.0" 302 - "http://sharkbomb.com/" "Mozilla/4.0 (compatible; MSIE 8.0; Windows NT 5.1; SV1; .NET CLR 2.0.50727)"
64.56.65.219 - - [05/Apr/2010:20:32:43 -0700] "GET /robots.txt HTTP/1.0" 200 304 "http://sharkbomb.com/robots.txt" "Mozilla/4.0 (compatible; MSIE 8.0; Windows NT 5.1; SV1; .NET CLR 2.0.50727)"
93.158.148.31 - - [05/Apr/2010:20:49:28 -0700] "GET /robots.txt HTTP/1.1" 200 304 "-" "Yandex/1.01.001 (compatible; Win16; I)"
67.218.116.133 - - [05/Apr/2010:22:11:08 -0700] "GET /robots.txt HTTP/1.1" 200 304 "-" "Mozilla/5.0 (Twiceler-0.9 http://www.cuil.com/twiceler/robot.html)"
208.80.193.29 - - [05/Apr/2010:23:00:31 -0700] "GET /blog/archive/2006_03_01_index.html&h=224&w=300&sz=12&hl=en&start=46 HTTP/1.0" 302 353 "-" "Mozilla/4.0 (compatible; MSIE 7.0; AOL 9.0; Windows NT 5.1; YComp 5.0.0.0; .NET CLR 1.1.4322)"
64.246.178.34 - - [05/Apr/2010:23:05:23 -0700] "GET /robots.txt HTTP/1.0" 200 304 "-" "Mozilla/5.0 (Windows; U; Windows NT 5.1; en; rv:1.9.0.13) Gecko/2009073022 Firefox/3.5.2 (.NET CLR 3.5.30729) SurveyBot/2.3 (DomainTools)"
64.246.178.34 - - [05/Apr/2010:23:05:24 -0700] "GET / HTTP/1.1" 302 - "http://whois.domaintools.com/sharkbomb.com" "Mozilla/5.0 (Windows; U; Windows NT 5.1; en; rv:1.9.0.13) Gecko/2009073022 Firefox/3.5.2 (.NET CLR 3.5.30729) SurveyBot/2.3 (DomainTools)"
64.246.178.34 - - [05/Apr/2010:23:05:24 -0700] "GET /installation/index.php HTTP/1.1" 200 2231 "http://whois.domaintools.com/sharkbomb.com" "Mozilla/5.0 (Windows; U; Windows NT 5.1; en; rv:1.9.0.13) Gecko/2009073022 Firefox/3.5.2 (.NET CLR 3.5.30729) SurveyBot/2.3 (DomainTools)"
220.181.94.223 - - [06/Apr/2010:00:06:36 -0700] "GET /robots.txt HTTP/1.1" 304 - "-" "Sogou web spider/4.0(+http://www.sogou.com/docs/help/webmasters.htm#07)"
220.181.94.223 - - [06/Apr/2010:00:06:45 -0700] "GET /robots.txt HTTP/1.1" 304 - "-" "Sogou web spider/4.0(+http://www.sogou.com/docs/help/webmasters.htm#07)"
208.80.193.32 - - [06/Apr/2010:00:24:52 -0700] "GET /blog/archive/2006_03_01_index.html&h=224&w=300&sz=12&hl=en&start=21 HTTP/1.0" 302 353 "-" "Mozilla/4.0 (compatible; MSIE 7.0; AOL 9.0; Windows NT 5.1; FunWebProducts; Comcast Install 1.0; .NET CLR 1.1.4322; IEMB3)"
61.135.169.34 - - [06/Apr/2010:00:27:32 -0700] "GET / HTTP/1.1" 302 - "http://www.baidu.com/s?wd=QQ" "Mozilla/5.0 (Windows; U; Windows NT 5.1; zh-CN; rv:1.9.0.1) Gecko/2008070208 Firefox/3.0.1"
65.55.207.21 - - [06/Apr/2010:01:03:22 -0700] "GET /robots.txt HTTP/1.1" 200 304 "-" "msnbot/2.0b (+http://search.msn.com/msnbot.htm)"
220.181.94.223 - - [06/Apr/2010:01:33:20 -0700] "GET /robots.txt HTTP/1.1" 304 - "-" "Sogou web spider/4.0(+http://www.sogou.com/docs/help/webmasters.htm#07)"
220.181.94.223 - - [06/Apr/2010:01:33:29 -0700] "GET /robots.txt HTTP/1.1" 304 - "-" "Sogou web spider/4.0(+http://www.sogou.com/docs/help/webmasters.htm#07)"
95.108.150.235 - - [06/Apr/2010:03:12:38 -0700] "GET /robots.txt HTTP/1.1" 200 304 "-" "Yandex/1.01.001 (compatible; Win16; H)"
95.108.150.235 - - [06/Apr/2010:03:12:39 -0700] "GET / HTTP/1.1" 302 - "-" "Yandex/1.01.001 (compatible; Win16; H)"
95.108.150.235 - - [06/Apr/2010:03:12:41 -0700] "GET /robots.txt HTTP/1.1" 200 304 "-" "Yandex/1.01.001 (compatible; Win16; H)"
95.108.150.235 - - [06/Apr/2010:03:12:42 -0700] "GET / HTTP/1.1" 302 - "-" "Yandex/1.01.001 (compatible; Win16; H)"
95.108.150.235 - - [06/Apr/2010:03:12:40 -0700] "GET /installation/index.php HTTP/1.1" 200 2189 "-" "Yandex/1.01.001 (compatible; Win16; H)"
95.108.150.235 - - [06/Apr/2010:03:12:43 -0700] "GET /installation/index.php HTTP/1.1" 200 2189 "-" "Yandex/1.01.001 (compatible; Win16; H)"
95.108.150.235 - - [06/Apr/2010:03:12:44 -0700] "GET /installation/index.php HTTP/1.1" 200 2189 "-" "Yandex/1.01.001 (compatible; Win16; H)"
95.108.150.235 - - [06/Apr/2010:03:12:49 -0700] "GET /installation/index.php HTTP/1.1" 200 2189 "-" "Yandex/1.01.001 (compatible; Win16; H)"
216.129.119.40 - - [06/Apr/2010:03:33:24 -0700] "GET /robots.txt HTTP/1.1" 200 304 "-" "Mozilla/5.0 (Twiceler-0.9 http://www.cuil.com/twiceler/robot.html)"
216.13.106.198 - - [06/Apr/2010:04:24:56 -0700] "GET / HTTP/1.1" 302 - "" "Mozilla/5.0 (Windows; U; Windows NT 6.0; en-US; rv:1.9.0.3) Gecko/2008092417 Firefox/3.0.3"
216.13.106.198 - - [06/Apr/2010:04:24:56 -0700] "GET /installation/index.php HTTP/1.1" 200 2232 "" "Mozilla/5.0 (Windows; U; Windows NT 6.0; en-US; rv:1.9.0.3) Gecko/2008092417 Firefox/3.0.3"
66.249.65.243 - - [06/Apr/2010:05:18:32 -0700] "GET /robots.txt HTTP/1.1" 200 304 "-" "Mozilla/5.0 (compatible; Googlebot/2.1; +http://www.google.com/bot.html)"
66.249.65.243 - - [06/Apr/2010:05:18:32 -0700] "GET / HTTP/1.1" 302 - "-" "Mozilla/5.0 (compatible; Googlebot/2.1; +http://www.google.com/bot.html)"
208.80.193.41 - - [06/Apr/2010:09:17:55 -0700] "GET / HTTP/1.0" 302 - "-" "Mozilla/4.0 (compatible; MSIE 6.0; Windows NT 5.1; sbcydsl 3.12; SV1; acc=; YComp 5.0.0.0; YPC 3.2.0; .NET CLR 1.1.4322; .NET CLR 2.0.50727; yplus 5.1.04b)"
66.249.65.225 - - [06/Apr/2010:10:40:44 -0700] "GET /robots.txt HTTP/1.1" 200 304 "-" "Mozilla/5.0 (compatible; Googlebot/2.1; +http://www.google.com/bot.html)"
93.158.148.31 - - [06/Apr/2010:12:07:57 -0700] "GET / HTTP/1.1" 302 - "-" "Yandex/1.01.001 (compatible; Win16; I)"
65.55.207.102 - - [06/Apr/2010:14:59:19 -0700] "GET /robots.txt HTTP/1.1" 200 304 "-" "msnbot/2.0b (+http://search.msn.com/msnbot.htm)"
193.47.80.41 - - [06/Apr/2010:15:45:01 -0700] "GET /robots.txt HTTP/1.1" 200 304 "-" "Mozilla/5.0 (compatible; Exabot/3.0; +http://www.exabot.com/go/robot)"
193.47.80.41 - - [06/Apr/2010:15:45:02 -0700] "GET / HTTP/1.1" 302 - "-" "Mozilla/5.0 (compatible; Exabot/3.0; +http://www.exabot.com/go/robot)"
66.219.58.41 - - [06/Apr/2010:15:50:21 -0700] "GET /robots.txt HTTP/1.1" 200 304 "-" "MLBot (www.metadatalabs.com/mlbot)"
66.219.58.41 - - [06/Apr/2010:15:50:21 -0700] "GET / HTTP/1.1" 302 - "-" "MLBot (www.metadatalabs.com/mlbot)"
95.108.142.138 - - [06/Apr/2010:17:38:37 -0700] "GET /robots.txt HTTP/1.1" 200 304 "-" "Yandex/1.01.001 (compatible; Win16; H)"
95.108.142.138 - - [06/Apr/2010:17:38:38 -0700] "GET /robots.txt HTTP/1.1" 200 304 "-" "Yandex/1.01.001 (compatible; Win16; H)"
95.108.142.138 - - [06/Apr/2010:17:38:38 -0700] "GET / HTTP/1.1" 302 - "-" "Yandex/1.01.001 (compatible; Win16; H)"
95.108.142.138 - - [06/Apr/2010:17:38:39 -0700] "GET / HTTP/1.1" 302 - "-" "Yandex/1.01.001 (compatible; Win16; H)"
95.108.142.138 - - [06/Apr/2010:17:38:40 -0700] "GET /installation/index.php HTTP/1.1" 200 2189 "-" "Yandex/1.01.001 (compatible; Win16; H)"
95.108.142.138 - - [06/Apr/2010:17:38:40 -0700] "GET /installation/index.php HTTP/1.1" 200 2189 "-" "Yandex/1.01.001 (compatible; Win16; H)"
95.108.142.138 - - [06/Apr/2010:17:38:44 -0700] "GET /installation/index.php HTTP/1.1" 200 2189 "-" "Yandex/1.01.001 (compatible; Win16; H)"
95.108.142.138 - - [06/Apr/2010:17:38:44 -0700] "GET /installation/index.php HTTP/1.1" 200 2189 "-" "Yandex/1.01.001 (compatible; Win16; H)"
65.37.2.239 - - [06/Apr/2010:18:56:09 -0700] "GET / HTTP/1.1" 302 - "http://www.fastbrowsersearch.com/results/results.aspx?sp=0&q=shark+bomb&c=web&s=TBS&v=18&tid=%7b2757D852-AE56-4a44-8AD6-6C3CE0A30B74%7d" "Mozilla/4.0 (compatible; MSIE 8.0; Windows NT 6.0; Trident/4.0; FBSMTWB; GTB6.4; SLCC1; .NET CLR 2.0.50727; Media Center PC 5.0; eMusic DLM/4; .NET CLR 3.5.30729; .NET CLR 3.0.30729)"
65.37.2.239 - - [06/Apr/2010:18:56:09 -0700] "GET /installation/index.php HTTP/1.1" 200 2231 "http://www.fastbrowsersearch.com/results/results.aspx?sp=0&q=shark+bomb&c=web&s=TBS&v=18&tid=%7b2757D852-AE56-4a44-8AD6-6C3CE0A30B74%7d" "Mozilla/4.0 (compatible; MSIE 8.0; Windows NT 6.0; Trident/4.0; FBSMTWB; GTB6.4; SLCC1; .NET CLR 2.0.50727; Media Center PC 5.0; eMusic DLM/4; .NET CLR 3.5.30729; .NET CLR 3.0.30729)"
65.37.2.239 - - [06/Apr/2010:18:56:12 -0700] "GET /installation/template/css/template.css HTTP/1.1" 200 7375 "http://sharkbomb.com/installation/index.php" "Mozilla/4.0 (compatible; MSIE 8.0; Windows NT 6.0; Trident/4.0; FBSMTWB; GTB6.4; SLCC1; .NET CLR 2.0.50727; Media Center PC 5.0; eMusic DLM/4; .NET CLR 3.5.30729; .NET CLR 3.0.30729)"
65.37.2.239 - - [06/Apr/2010:18:56:12 -0700] "GET /installation/includes/js/installation.js HTTP/1.1" 200 598 "http://sharkbomb.com/installation/index.php" "Mozilla/4.0 (compatible; MSIE 8.0; Windows NT 6.0; Trident/4.0; FBSMTWB; GTB6.4; SLCC1; .NET CLR 2.0.50727; Media Center PC 5.0; eMusic DLM/4; .NET CLR 3.5.30729; .NET CLR 3.0.30729)"
65.37.2.239 - - [06/Apr/2010:18:56:12 -0700] "GET /installation/template/js/validation.js HTTP/1.1" 200 7137 "http://sharkbomb.com/installation/index.php" "Mozilla/4.0 (compatible; MSIE 8.0; Windows NT 6.0; Trident/4.0; FBSMTWB; GTB6.4; SLCC1; .NET CLR 2.0.50727; Media Center PC 5.0; eMusic DLM/4; .NET CLR 3.5.30729; .NET CLR 3.0.30729)"
65.37.2.239 - - [06/Apr/2010:18:56:12 -0700] "GET /media/system/js/mootools.js HTTP/1.1" 200 74434 "http://sharkbomb.com/installation/index.php" "Mozilla/4.0 (compatible; MSIE 8.0; Windows NT 6.0; Trident/4.0; FBSMTWB; GTB6.4; SLCC1; .NET CLR 2.0.50727; Media Center PC 5.0; eMusic DLM/4; .NET CLR 3.5.30729; .NET CLR 3.0.30729)"
65.37.2.239 - - [06/Apr/2010:18:56:16 -0700] "GET /installation/template/images/j_header_middle.png HTTP/1.1" 200 385 "http://sharkbomb.com/installation/index.php" "Mozilla/4.0 (compatible; MSIE 8.0; Windows NT 6.0; Trident/4.0; FBSMTWB; GTB6.4; SLCC1; .NET CLR 2.0.50727; Media Center PC 5.0; eMusic DLM/4; .NET CLR 3.5.30729; .NET CLR 3.0.30729)"
65.37.2.239 - - [06/Apr/2010:18:56:16 -0700] "GET /installation/template/images/j_header_right.png HTTP/1.1" 200 366 "http://sharkbomb.com/installation/index.php" "Mozilla/4.0 (compatible; MSIE 8.0; Windows NT 6.0; Trident/4.0; FBSMTWB; GTB6.4; SLCC1; .NET CLR 2.0.50727; Media Center PC 5.0; eMusic DLM/4; .NET CLR 3.5.30729; .NET CLR 3.0.30729)"
65.37.2.239 - - [06/Apr/2010:18:56:16 -0700] "GET /installation/template/images/j_header_left.png HTTP/1.1" 200 5148 "http://sharkbomb.com/installation/index.php" "Mozilla/4.0 (compatible; MSIE 8.0; Windows NT 6.0; Trident/4.0; FBSMTWB; GTB6.4; SLCC1; .NET CLR 2.0.50727; Media Center PC 5.0; eMusic DLM/4; .NET CLR 3.5.30729; .NET CLR 3.0.30729)"
65.37.2.239 - - [06/Apr/2010:18:56:16 -0700] "GET /installation/template/images/j_bottom.png HTTP/1.1" 200 232 "http://sharkbomb.com/installation/index.php" "Mozilla/4.0 (compatible; MSIE 8.0; Windows NT 6.0; Trident/4.0; FBSMTWB; GTB6.4; SLCC1; .NET CLR 2.0.50727; Media Center PC 5.0; eMusic DLM/4; .NET CLR 3.5.30729; .NET CLR 3.0.30729)"
65.37.2.239 - - [06/Apr/2010:18:56:17 -0700] "GET /installation/template/images/j_corner_br.png HTTP/1.1" 200 314 "http://sharkbomb.com/installation/index.php" "Mozilla/4.0 (compatible; MSIE 8.0; Windows NT 6.0; Trident/4.0; FBSMTWB; GTB6.4; SLCC1; .NET CLR 2.0.50727; Media Center PC 5.0; eMusic DLM/4; .NET CLR 3.5.30729; .NET CLR 3.0.30729)"
65.37.2.239 - - [06/Apr/2010:18:56:17 -0700] "GET /installation/template/images/j_corner_bl.png HTTP/1.1" 200 303 "http://sharkbomb.com/installation/index.php" "Mozilla/4.0 (compatible; MSIE 8.0; Windows NT 6.0; Trident/4.0; FBSMTWB; GTB6.4; SLCC1; .NET CLR 2.0.50727; Media Center PC 5.0; eMusic DLM/4; .NET CLR 3.5.30729; .NET CLR 3.0.30729)"
65.37.2.239 - - [06/Apr/2010:18:56:17 -0700] "GET /installation/favicon.ico HTTP/1.1" 200 1150 "-" "Mozilla/4.0 (compatible; MSIE 8.0; Windows NT 6.0; Trident/4.0; FBSMTWB; GTB6.4; SLCC1; .NET CLR 2.0.50727; Media Center PC 5.0; eMusic DLM/4; .NET CLR 3.5.30729; .NET CLR 3.0.30729)"
67.218.116.133 - - [06/Apr/2010:19:19:47 -0700] "GET /robots.txt HTTP/1.1" 200 304 "-" "Mozilla/5.0 (Twiceler-0.9 http://www.cuil.com/twiceler/robot.html)"
93.158.148.31 - - [06/Apr/2010:20:43:40 -0700] "GET /robots.txt HTTP/1.1" 200 304 "-" "Yandex/1.01.001 (compatible; Win16; I)"
93.158.148.31 - - [06/Apr/2010:20:43:43 -0700] "GET / HTTP/1.1" 302 - "-" "Yandex/1.01.001 (compatible; Win16; I)"
66.249.68.55 - - [06/Apr/2010:21:53:53 -0700] "GET /robots.txt HTTP/1.1" 200 304 "-" "Mozilla/5.0 (compatible; Googlebot/2.1; +http://www.google.com/bot.html)"
208.115.111.243 - - [06/Apr/2010:22:08:30 -0700] "GET /robots.txt HTTP/1.1" 200 304 "-" "Mozilla/5.0 (compatible; DotBot/1.1; http://www.dotnetdotcom.org/, crawler@dotnetdotcom.org)"
123.125.66.104 - - [06/Apr/2010:23:40:54 -0700] "GET /robots.txt HTTP/1.1" 200 304 "-" "Baiduspider+(+http://www.baidu.com/search/spider.htm)"
216.129.119.40 - - [07/Apr/2010:00:43:06 -0700] "GET /robots.txt HTTP/1.1" 200 304 "-" "Mozilla/5.0 (Twiceler-0.9 http://www.cuil.com/twiceler/robot.html)"
208.115.111.243 - - [07/Apr/2010:02:19:57 -0700] "GET / HTTP/1.1" 302 - "-" "Mozilla/5.0 (compatible; DotBot/1.1; http://www.dotnetdotcom.org/, crawler@dotnetdotcom.org)"
220.181.94.223 - - [07/Apr/2010:03:12:35 -0700] "GET /robots.txt HTTP/1.1" 304 - "-" "Sogou web spider/4.0(+http://www.sogou.com/docs/help/webmasters.htm#07)"
220.181.94.223 - - [07/Apr/2010:03:12:45 -0700] "GET / HTTP/1.1" 302 - "-" "Sogou-Test-Spider/4.0 (compatible; MSIE 5.5; Windows 98)"
220.181.94.223 - - [07/Apr/2010:03:12:55 -0700] "GET /installation/index.php HTTP/1.1" 200 2046 "-" "Sogou-Test-Spider/4.0 (compatible; MSIE 5.5; Windows 98)"
208.80.193.30 - - [07/Apr/2010:10:43:51 -0700] "GET / HTTP/1.0" 302 - "-" "Mozilla/4.0 (compatible; MSIE 6.0; Windows NT 5.1; SV1; i-NavFourF; .NET CLR 1.0.3705; .NET CLR 1.1.4322)"
66.249.68.83 - - [07/Apr/2010:13:27:50 -0700] "GET /robots.txt HTTP/1.1" 200 304 "-" "Mozilla/5.0 (compatible; Googlebot/2.1; +http://www.google.com/bot.html)"
66.249.68.83 - - [07/Apr/2010:13:27:50 -0700] "GET / HTTP/1.1" 302 - "-" "Mozilla/5.0 (compatible; Googlebot/2.1; +http://www.google.com/bot.html)"
65.55.207.26 - - [07/Apr/2010:13:35:34 -0700] "GET /robots.txt HTTP/1.1" 200 304 "-" "msnbot/2.0b (+http://search.msn.com/msnbot.htm)"
193.47.80.41 - - [07/Apr/2010:15:27:15 -0700] "GET / HTTP/1.1" 302 - "-" "Mozilla/5.0 (compatible; Exabot/3.0; +http://www.exabot.com/go/robot)"
208.80.193.34 - - [07/Apr/2010:15:36:09 -0700] "GET /blog/archive/2006_03_01_index.html&h=224&w=300&sz=12&hl=en&start=46 HTTP/1.0" 302 353 "-" "Mozilla/4.0 (compatible; MSIE 6.0; Windows NT 5.0; snprtz|dialno)"
184.59.186.59 - - [07/Apr/2010:15:43:16 -0700] "GET / HTTP/1.1" 302 - "-" "Mozilla/4.0 (compatible; MSIE 8.0; Windows NT 6.1; WOW64; Trident/4.0; SLCC2; .NET CLR 2.0.50727; .NET CLR 3.5.30729; .NET CLR 3.0.30729; Media Center PC 6.0; InfoPath.3; .NET4.0C; .NET4.0E; Zune 4.0; eMusic DLM/4)"
184.59.186.59 - - [07/Apr/2010:15:43:16 -0700] "GET /installation/index.php HTTP/1.1" 200 2231 "-" "Mozilla/4.0 (compatible; MSIE 8.0; Windows NT 6.1; WOW64; Trident/4.0; SLCC2; .NET CLR 2.0.50727; .NET CLR 3.5.30729; .NET CLR 3.0.30729; Media Center PC 6.0; InfoPath.3; .NET4.0C; .NET4.0E; Zune 4.0; eMusic DLM/4)"
184.59.186.59 - - [07/Apr/2010:15:43:18 -0700] "GET /installation/template/css/template.css HTTP/1.1" 200 7375 "http://www.sharkbomb.com/installation/index.php" "Mozilla/4.0 (compatible; MSIE 8.0; Windows NT 6.1; WOW64; Trident/4.0; SLCC2; .NET CLR 2.0.50727; .NET CLR 3.5.30729; .NET CLR 3.0.30729; Media Center PC 6.0; InfoPath.3; .NET4.0C; .NET4.0E; Zune 4.0; eMusic DLM/4)"
184.59.186.59 - - [07/Apr/2010:15:43:18 -0700] "GET /installation/includes/js/installation.js HTTP/1.1" 200 598 "http://www.sharkbomb.com/installation/index.php" "Mozilla/4.0 (compatible; MSIE 8.0; Windows NT 6.1; WOW64; Trident/4.0; SLCC2; .NET CLR 2.0.50727; .NET CLR 3.5.30729; .NET CLR 3.0.30729; Media Center PC 6.0; InfoPath.3; .NET4.0C; .NET4.0E; Zune 4.0; eMusic DLM/4)"
184.59.186.59 - - [07/Apr/2010:15:43:18 -0700] "GET /installation/template/js/validation.js HTTP/1.1" 200 7137 "http://www.sharkbomb.com/installation/index.php" "Mozilla/4.0 (compatible; MSIE 8.0; Windows NT 6.1; WOW64; Trident/4.0; SLCC2; .NET CLR 2.0.50727; .NET CLR 3.5.30729; .NET CLR 3.0.30729; Media Center PC 6.0; InfoPath.3; .NET4.0C; .NET4.0E; Zune 4.0; eMusic DLM/4)"
184.59.186.59 - - [07/Apr/2010:15:43:18 -0700] "GET /media/system/js/mootools.js HTTP/1.1" 200 74434 "http://www.sharkbomb.com/installation/index.php" "Mozilla/4.0 (compatible; MSIE 8.0; Windows NT 6.1; WOW64; Trident/4.0; SLCC2; .NET CLR 2.0.50727; .NET CLR 3.5.30729; .NET CLR 3.0.30729; Media Center PC 6.0; InfoPath.3; .NET4.0C; .NET4.0E; Zune 4.0; eMusic DLM/4)"
184.59.186.59 - - [07/Apr/2010:15:43:20 -0700] "GET /installation/template/images/j_header_middle.png HTTP/1.1" 200 385 "http://www.sharkbomb.com/installation/index.php" "Mozilla/4.0 (compatible; MSIE 8.0; Windows NT 6.1; WOW64; Trident/4.0; SLCC2; .NET CLR 2.0.50727; .NET CLR 3.5.30729; .NET CLR 3.0.30729; Media Center PC 6.0; InfoPath.3; .NET4.0C; .NET4.0E; Zune 4.0; eMusic DLM/4)"
184.59.186.59 - - [07/Apr/2010:15:43:20 -0700] "GET /installation/template/images/j_header_right.png HTTP/1.1" 200 366 "http://www.sharkbomb.com/installation/index.php" "Mozilla/4.0 (compatible; MSIE 8.0; Windows NT 6.1; WOW64; Trident/4.0; SLCC2; .NET CLR 2.0.50727; .NET CLR 3.5.30729; .NET CLR 3.0.30729; Media Center PC 6.0; InfoPath.3; .NET4.0C; .NET4.0E; Zune 4.0; eMusic DLM/4)"
184.59.186.59 - - [07/Apr/2010:15:43:20 -0700] "GET /installation/template/images/j_header_left.png HTTP/1.1" 200 5148 "http://www.sharkbomb.com/installation/index.php" "Mozilla/4.0 (compatible; MSIE 8.0; Windows NT 6.1; WOW64; Trident/4.0; SLCC2; .NET CLR 2.0.50727; .NET CLR 3.5.30729; .NET CLR 3.0.30729; Media Center PC 6.0; InfoPath.3; .NET4.0C; .NET4.0E; Zune 4.0; eMusic DLM/4)"
184.59.186.59 - - [07/Apr/2010:15:43:20 -0700] "GET /installation/template/images/j_bottom.png HTTP/1.1" 200 232 "http://www.sharkbomb.com/installation/index.php" "Mozilla/4.0 (compatible; MSIE 8.0; Windows NT 6.1; WOW64; Trident/4.0; SLCC2; .NET CLR 2.0.50727; .NET CLR 3.5.30729; .NET CLR 3.0.30729; Media Center PC 6.0; InfoPath.3; .NET4.0C; .NET4.0E; Zune 4.0; eMusic DLM/4)"
184.59.186.59 - - [07/Apr/2010:15:43:20 -0700] "GET /installation/template/images/j_corner_bl.png HTTP/1.1" 200 303 "http://www.sharkbomb.com/installation/index.php" "Mozilla/4.0 (compatible; MSIE 8.0; Windows NT 6.1; WOW64; Trident/4.0; SLCC2; .NET CLR 2.0.50727; .NET CLR 3.5.30729; .NET CLR 3.0.30729; Media Center PC 6.0; InfoPath.3; .NET4.0C; .NET4.0E; Zune 4.0; eMusic DLM/4)"
184.59.186.59 - - [07/Apr/2010:15:43:20 -0700] "GET /installation/template/images/j_corner_br.png HTTP/1.1" 200 314 "http://www.sharkbomb.com/installation/index.php" "Mozilla/4.0 (compatible; MSIE 8.0; Windows NT 6.1; WOW64; Trident/4.0; SLCC2; .NET CLR 2.0.50727; .NET CLR 3.5.30729; .NET CLR 3.0.30729; Media Center PC 6.0; InfoPath.3; .NET4.0C; .NET4.0E; Zune 4.0; eMusic DLM/4)"
184.59.186.59 - - [07/Apr/2010:15:43:20 -0700] "GET /installation/favicon.ico HTTP/1.1" 200 1150 "-" "Mozilla/4.0 (compatible; MSIE 8.0; Windows NT 6.1; WOW64; Trident/4.0; SLCC2; .NET CLR 2.0.50727; .NET CLR 3.5.30729; .NET CLR 3.0.30729; Media Center PC 6.0; InfoPath.3; .NET4.0C; .NET4.0E; Zune 4.0; eMusic DLM/4)"
67.218.116.133 - - [07/Apr/2010:16:27:48 -0700] "GET /robots.txt HTTP/1.1" 200 304 "-" "Mozilla/5.0 (Twiceler-0.9 http://www.cuil.com/twiceler/robot.html)"
208.80.193.120 - - [07/Apr/2010:16:49:18 -0700] "GET /blog/archive/2006_03_01_index.html&h=224&w=300&sz=12&hl=en&start=21 HTTP/1.0" 302 353 "-" "Mozilla/4.0 (compatible; MSIE 7.0; Windows NT 5.1; Mozilla/4.0 (compatible; MSIE 6.0; Windows NT 5.1; SV1) ; .NET CLR 1.1.4322; InfoPath.1; .NET CLR 2.0.50727; .NET CLR 3