66.249.67.10 - - [18/Feb/2011:11:13:31 -0800] "GET / HTTP/1.1" 302 - "-" "DoCoMo/2.0 N905i(c100;TB;W24H16) (compatible; Googlebot-Mobile/2.1; +http://www.google.com/bot.html)"
66.249.67.20 - - [18/Feb/2011:11:53:23 -0800] "GET /robots.txt HTTP/1.1" 200 304 "-" "Mozilla/5.0 (compatible; Googlebot/2.1; +http://www.google.com/bot.html)"
66.249.67.20 - - [18/Feb/2011:11:53:23 -0800] "GET /blog/ HTTP/1.1" 302 353 "-" "Mozilla/5.0 (compatible; Googlebot/2.1; +http://www.google.com/bot.html)"
93.158.148.31 - - [18/Feb/2011:12:49:32 -0800] "GET /robots.txt HTTP/1.1" 200 304 "-" "Mozilla/5.0 (compatible; YandexBot/3.0; +http://yandex.com/bots)"
93.158.148.31 - - [18/Feb/2011:18:22:14 -0800] "GET / HTTP/1.1" 302 - "-" "Mozilla/5.0 (compatible; YandexBot/3.0; +http://yandex.com/bots)"
90.220.213.54 - - [18/Feb/2011:19:12:34 -0800] "GET /robots.txt HTTP/1.0" 200 304 "-" "Mozilla/5.0 (compatible; MJ12bot/v1.3.3; http://www.majestic12.co.uk/bot.php?+)"
90.220.213.54 - - [18/Feb/2011:19:12:38 -0800] "GET / HTTP/1.1" 302 - "-" "Mozilla/5.0 (compatible; MJ12bot/v1.3.3; http://www.majestic12.co.uk/bot.php?+)"
66.249.67.10 - - [18/Feb/2011:21:58:55 -0800] "GET /ct.html HTTP/1.1" 302 349 "-" "Mozilla/5.0 (compatible; Googlebot/2.1; +http://www.google.com/bot.html)"
66.249.67.10 - - [18/Feb/2011:21:58:56 -0800] "GET / HTTP/1.1" 302 - "-" "Mozilla/5.0 (compatible; Googlebot/2.1; +http://www.google.com/bot.html)"
174.129.117.237 - - [19/Feb/2011:00:11:00 -0800] "HEAD / HTTP/1.1" 302 - "-" "Mozilla/5.0 (Windows; U; Windows NT 5.1; en-US) AppleWebKit/525.13 (KHTML, like Gecko) Chrome/0.A.B.C Safari/525.13"
208.80.194.34 - - [19/Feb/2011:04:06:39 -0800] "GET / HTTP/1.0" 302 - "-" "Mozilla/4.0 (compatible; MSIE 6.0; Windows NT 5.1; SV1; FunWebProducts; InfoPath.1; .NET CLR 1.1.4322; ZangoToolbar 4.8.2)"
208.80.194.34 - - [19/Feb/2011:04:06:39 -0800] "GET /installation/index.php HTTP/1.0" 200 2232 "-" "Mozilla/4.0 (compatible; MSIE 7.0; Windows NT 5.1; snprtz|S04635376401727; .NET CLR 1.1.4322)"
66.249.67.20 - - [19/Feb/2011:06:21:42 -0800] "GET /robots.txt HTTP/1.1" 200 304 "-" "Mozilla/5.0 (compatible; Googlebot/2.1; +http://www.google.com/bot.html)"
66.249.67.20 - - [19/Feb/2011:06:21:42 -0800] "GET / HTTP/1.1" 302 - "-" "Mozilla/5.0 (compatible; Googlebot/2.1; +http://www.google.com/bot.html)"
66.249.67.20 - - [19/Feb/2011:11:12:13 -0800] "GET /robots.txt HTTP/1.1" 200 304 "-" "Mozilla/5.0 (compatible; Googlebot/2.1; +http://www.google.com/bot.html)"
66.249.67.20 - - [19/Feb/2011:11:12:13 -0800] "GET /blog/ HTTP/1.1" 302 353 "-" "Mozilla/5.0 (compatible; Googlebot/2.1; +http://www.google.com/bot.html)"
66.249.67.10 - - [19/Feb/2011:11:12:14 -0800] "GET /robots.txt HTTP/1.1" 200 304 "-" "Mozilla/5.0 (compatible; Googlebot/2.1; +http://www.google.com/bot.html)"
66.249.67.10 - - [19/Feb/2011:11:12:14 -0800] "GET / HTTP/1.1" 302 - "-" "Mozilla/5.0 (compatible; Googlebot/2.1; +http://www.google.com/bot.html)"
66.249.67.10 - - [19/Feb/2011:12:49:33 -0800] "GET /ct.html HTTP/1.1" 302 349 "-" "Mozilla/5.0 (compatible; Googlebot/2.1; +http://www.google.com/bot.html)"
208.80.194.36 - - [19/Feb/2011:13:37:34 -0800] "GET /blog/archive/2006_03_01_index.html&h=224&w=300&sz=12&hl=en&start=21 HTTP/1.0" 302 353 "-" "Mozilla/4.0 (compatible; MSIE 6.0; AOL 9.0; Windows NT 5.1; FunWebProducts; SV1; .NET CLR 1.1.4322; ZangoToolbar 4.8.3; HbTools 4.8.2)"
208.80.194.36 - - [19/Feb/2011:13:37:34 -0800] "GET / HTTP/1.0" 302 - "-" "Mozilla/4.0 (compatible; MSIE 6.0; AOL 9.0; Windows NT 5.1; .NET CLR 1.1.4322; .NET CLR 2.0.50727)"
208.80.194.36 - - [19/Feb/2011:13:37:34 -0800] "GET /installation/index.php HTTP/1.0" 200 2232 "-" "Mozilla/4.0 (compatible; MSIE 6.0; Windows NT 5.1; {E4D80592-D0B2-E857-C0A9-9026129EA1AF}; .NET CLR 2.0.50727)"
66.249.67.20 - - [19/Feb/2011:13:57:21 -0800] "GET /blog/ HTTP/1.1" 302 353 "-" "Mozilla/5.0 (compatible; Googlebot/2.1; +http://www.google.com/bot.html)"
64.246.161.190 - - [19/Feb/2011:14:09:41 -0800] "GET /robots.txt HTTP/1.0" 200 304 "-" "Mozilla/5.0 (Windows; U; Windows NT 5.1; en; rv:1.9.0.13) Gecko/2009073022 Firefox/3.5.2 (.NET CLR 3.5.30729) SurveyBot/2.3 (DomainTools)"
64.246.161.190 - - [19/Feb/2011:14:09:41 -0800] "GET / HTTP/1.1" 302 - "http://whois.domaintools.com/sharkbomb.com" "Mozilla/5.0 (Windows; U; Windows NT 5.1; en; rv:1.9.0.13) Gecko/2009073022 Firefox/3.5.2 (.NET CLR 3.5.30729) SurveyBot/2.3 (DomainTools)"
64.246.161.190 - - [19/Feb/2011:14:09:41 -0800] "GET /installation/index.php HTTP/1.1" 200 2231 "http://whois.domaintools.com/sharkbomb.com" "Mozilla/5.0 (Windows; U; Windows NT 5.1; en; rv:1.9.0.13) Gecko/2009073022 Firefox/3.5.2 (.NET CLR 3.5.30729) SurveyBot/2.3 (DomainTools)"
98.126.160.106 - - [19/Feb/2011:17:35:17 -0800] "GET / HTTP/1.0" 302 - "http://sharkbomb.com/" "Mozilla/4.0 (compatible; MSIE 5.0; Windows 95) Opera 6.01 [en]"
98.126.160.106 - - [19/Feb/2011:17:35:17 -0800] "GET /installation/index.php HTTP/1.0" 200 2232 "http://sharkbomb.com/installation/index.php" "Mozilla/4.0 (compatible; MSIE 5.0; Windows 95) Opera 6.01 [en]"
207.46.195.235 - - [19/Feb/2011:18:49:08 -0800] "GET /robots.txt HTTP/1.1" 200 304 "-" "Mozilla/5.0 (compatible; bingbot/2.0; +http://www.bing.com/bingbot.htm)"
207.46.195.235 - - [19/Feb/2011:18:50:10 -0800] "GET / HTTP/1.1" 302 - "-" "Mozilla/5.0 (compatible; bingbot/2.0; +http://www.bing.com/bingbot.htm)"
66.249.67.10 - - [19/Feb/2011:21:37:27 -0800] "GET /robots.txt HTTP/1.1" 200 304 "-" "Mozilla/5.0 (compatible; Googlebot/2.1; +http://www.google.com/bot.html)"
66.249.67.10 - - [19/Feb/2011:21:37:28 -0800] "GET /blog HTTP/1.1" 302 349 "-" "Mozilla/5.0 (compatible; Googlebot/2.1; +http://www.google.com/bot.html)"
66.249.67.20 - - [20/Feb/2011:00:10:47 -0800] "GET /robots.txt HTTP/1.1" 200 304 "-" "Mozilla/5.0 (compatible; Googlebot/2.1; +http://www.google.com/bot.html)"
66.249.67.10 - - [20/Feb/2011:09:27:35 -0800] "GET /robots.txt HTTP/1.1" 200 304 "-" "Mozilla/5.0 (compatible; Googlebot/2.1; +http://www.google.com/bot.html)"
66.249.67.10 - - [20/Feb/2011:09:27:36 -0800] "GET / HTTP/1.1" 302 - "-" "Mozilla/5.0 (compatible; Googlebot/2.1; +http://www.google.com/bot.html)"
208.80.194.33 - - [20/Feb/2011:15:08:29 -0800] "GET / HTTP/1.0" 302 - "-" "Mozilla/4.0 (compatible; MSIE 6.0; America Online Browser 1.1; rev1.2; Windows NT 5.1; .NET CLR 1.1.4322; InfoPath.1)"
208.80.194.33 - - [20/Feb/2011:15:08:29 -0800] "GET /installation/index.php HTTP/1.0" 200 2232 "-" "Mozilla/4.0 (compatible; MSIE 7.0; Windows NT 5.1; {A6C2D2E7-9A77-BDCE-2111-E835002CA674}; InfoPath.1)"
66.249.67.20 - - [20/Feb/2011:16:01:18 -0800] "GET /blog/ HTTP/1.1" 302 353 "-" "Mozilla/5.0 (compatible; Googlebot/2.1; +http://www.google.com/bot.html)"
66.249.67.10 - - [20/Feb/2011:16:01:19 -0800] "GET /robots.txt HTTP/1.1" 200 304 "-" "Mozilla/5.0 (compatible; Googlebot/2.1; +http://www.google.com/bot.html)"
66.249.67.10 - - [20/Feb/2011:20:05:17 -0800] "GET /ct.html HTTP/1.1" 302 349 "-" "Mozilla/5.0 (compatible; Googlebot/2.1; +http://www.google.com/bot.html)"
66.249.67.20 - - [20/Feb/2011:21:54:39 -0800] "GET / HTTP/1.1" 302 - "-" "Mozilla/5.0 (compatible; Googlebot/2.1; +http://www.google.com/bot.html)"
66.249.67.20 - - [21/Feb/2011:00:41:41 -0800] "GET /robots.txt HTTP/1.1" 200 304 "-" "Mozilla/5.0 (compatible; Googlebot/2.1; +http://www.google.com/bot.html)"
208.80.194.31 - - [21/Feb/2011:00:44:51 -0800] "GET /blog/archive/2006_03_01_index.html&h=224&w=300&sz=12&hl=en&start=21 HTTP/1.0" 302 353 "-" "Mozilla/4.0 (compatible; MSIE 7.0; Windows NT 5.1; SV1; .NET CLR 1.0.3705; ZangoToolbar 4.8.3)"
208.80.194.31 - - [21/Feb/2011:00:44:52 -0800] "GET / HTTP/1.0" 302 - "-" "Mozilla/4.0 (compatible; MSIE 6.0; Windows NT 5.1; SV1; InfoPath.1; Hotbar 10.0.342.0)"
208.80.194.31 - - [21/Feb/2011:00:44:52 -0800] "GET /installation/index.php HTTP/1.0" 200 2232 "-" "Mozilla/4.0 (compatible; MSIE 7.0; America Online Browser 1.1; Windows NT 5.1; .NET CLR 1.1.4322; HbTools 4.7.1)"
66.249.67.10 - - [21/Feb/2011:03:50:39 -0800] "GET /ct.html HTTP/1.1" 302 349 "-" "Mozilla/5.0 (compatible; Googlebot/2.1; +http://www.google.com/bot.html)"
66.249.67.10 - - [21/Feb/2011:06:24:38 -0800] "GET / HTTP/1.1" 302 - "-" "DoCoMo/2.0 N905i(c100;TB;W24H16) (compatible; Googlebot-Mobile/2.1; +http://www.google.com/bot.html)"
66.249.67.10 - - [21/Feb/2011:07:34:23 -0800] "GET / HTTP/1.1" 302 - "-" "SAMSUNG-SGH-E250/1.0 Profile/MIDP-2.0 Configuration/CLDC-1.1 UP.Browser/6.2.3.3.c.1.101 (GUI) MMP/2.0 (compatible; Googlebot-Mobile/2.1; +http://www.google.com/bot.html)"
66.249.67.20 - - [21/Feb/2011:10:08:16 -0800] "GET /robots.txt HTTP/1.1" 200 304 "-" "Mozilla/5.0 (compatible; Googlebot/2.1; +http://www.google.com/bot.html)"
66.249.67.20 - - [21/Feb/2011:10:08:16 -0800] "GET /blog/ HTTP/1.1" 302 353 "-" "Mozilla/5.0 (compatible; Googlebot/2.1; +http://www.google.com/bot.html)"
66.249.67.10 - - [21/Feb/2011:10:08:17 -0800] "GET / HTTP/1.1" 302 - "-" "Mozilla/5.0 (compatible; Googlebot/2.1; +http://www.google.com/bot.html)"
93.158.148.31 - - [21/Feb/2011:10:49:52 -0800] "GET /robots.txt HTTP/1.1" 200 304 "-" "Mozilla/5.0 (compatible; YandexBot/3.0; +http://yandex.com/bots)"
93.158.148.31 - - [21/Feb/2011:15:31:32 -0800] "GET / HTTP/1.1" 302 - "-" "Mozilla/5.0 (compatible; YandexBot/3.0; +http://yandex.com/bots)"
66.249.67.10 - - [21/Feb/2011:16:32:31 -0800] "GET /robots.txt HTTP/1.1" 200 304 "-" "Mozilla/5.0 (compatible; Googlebot/2.1; +http://www.google.com/bot.html)"
66.249.67.10 - - [21/Feb/2011:16:32:31 -0800] "GET /blog HTTP/1.1" 302 349 "-" "Mozilla/5.0 (compatible; Googlebot/2.1; +http://www.google.com/bot.html)"
66.249.67.10 - - [21/Feb/2011:16:32:32 -0800] "GET / HTTP/1.1" 302 - "-" "Mozilla/5.0 (compatible; Googlebot/2.1; +http://www.google.com/bot.html)"
95.27.6.182 - - [21/Feb/2011:19:55:57 -0800] "GET /index.php/page/index.html HTTP/1.0" 302 - "http://sharkbomb.com/index.php/page/index.html" "Mozilla/4.0 (compatible; MSIE 6.0; Windows NT 5.1; ru) Opera 8.01"
95.27.6.182 - - [21/Feb/2011:19:55:58 -0800] "GET /index.php/page/installation/index.php HTTP/1.0" 302 - "http://sharkbomb.com/installation/index.php" "Mozilla/4.0 (compatible; MSIE 6.0; Windows NT 5.1; ru) Opera 8.01"
95.27.6.182 - - [21/Feb/2011:19:55:59 -0800] "GET / HTTP/1.0" 302 - "http://sharkbomb.com/" "Mozilla/4.0 (compatible; MSIE 6.0; Windows NT 5.1; ru) Opera 8.01"
93.158.148.31 - - [22/Feb/2011:00:27:57 -0800] "GET /robots.txt HTTP/1.1" 200 304 "-" "Mozilla/5.0 (compatible; YandexBot/3.0; +http://yandex.com/bots)"
93.158.148.31 - - [22/Feb/2011:00:28:00 -0800] "GET / HTTP/1.1" 302 - "-" "Mozilla/5.0 (compatible; YandexBot/3.0; +http://yandex.com/bots)"
208.80.194.29 - - [22/Feb/2011:02:26:14 -0800] "GET / HTTP/1.0" 302 - "-" "Mozilla/4.0 (compatible; MSIE 7.0; Windows NT 5.1; .NET CLR 2.0.50727; Zune 2.0; .NET CLR 1.1.4322)"
208.80.194.29 - - [22/Feb/2011:02:26:14 -0800] "GET /installation/index.php HTTP/1.0" 200 2232 "-" "Mozilla/4.0 (compatible; MSIE 7.0; Windows NT 5.1; YPC 3.0.1; Embedded Web Browser from: http://bsalsa.com/; .NET CLR 1.1.4322; ZangoToolbar 4.8.3)"
174.129.117.237 - - [22/Feb/2011:05:02:20 -0800] "HEAD / HTTP/1.1" 302 - "-" "Mozilla/5.0 (Windows; U; Windows NT 5.1; en-US) AppleWebKit/525.13 (KHTML, like Gecko) Chrome/0.A.B.C Safari/525.13"
38.127.197.103 - - [22/Feb/2011:05:16:27 -0800] "GET / HTTP/1.1" 302 - "-" "Mozilla/4.0 (compatible; MSIE 7.0; Windows NT 5.2)"
38.127.197.103 - - [22/Feb/2011:05:16:28 -0800] "GET /installation/index.php HTTP/1.1" 200 2231 "http://www.sharkbomb.com/" "Mozilla/4.0 (compatible; MSIE 7.0; Windows NT 5.2)"
38.127.197.103 - - [22/Feb/2011:05:16:33 -0800] "GET /installation/../ HTTP/1.1" 302 - "http://www.sharkbomb.com/installation/index.php" "Mozilla/4.0 (compatible; MSIE 7.0; Windows NT 5.2)"
38.127.197.103 - - [22/Feb/2011:05:16:33 -0800] "GET /installation/template/css/template.css HTTP/1.1" 200 7375 "http://www.sharkbomb.com/installation/index.php" "Mozilla/4.0 (compatible; MSIE 7.0; Windows NT 5.2)"
208.80.194.35 - - [22/Feb/2011:12:01:16 -0800] "GET /blog/archive/2006_03_01_index.html&h=224&w=300&sz=12&hl=en&start=21 HTTP/1.0" 302 353 "-" "Mozilla/4.0 (compatible; MSIE 6.0; Windows NT 5.1; YPC 3.2.0; SV1; SpamBlockerUtility 4.7.1)"
208.80.194.35 - - [22/Feb/2011:12:01:16 -0800] "GET / HTTP/1.0" 302 - "-" "Mozilla/4.0 (compatible; MSIE 6.0; Windows NT 5.1; SV1; FunWebProducts; SIMBAR={565A14A5-66C2-4714-BA95-068D2E3790D6})"
208.80.194.35 - - [22/Feb/2011:12:01:17 -0800] "GET /installation/index.php HTTP/1.0" 200 2232 "-" "Mozilla/4.0 (compatible; MSIE 6.0; Windows NT 5.1; SV1; Sgrunt|V109|18|S203572697|dialno; snprtz|S21376500000275|2600#Service Pack 2#2#5#154321|isdn)"
66.249.67.10 - - [22/Feb/2011:15:17:20 -0800] "GET /robots.txt HTTP/1.1" 200 304 "-" "Mozilla/5.0 (compatible; Googlebot/2.1; +http://www.google.com/bot.html)"
66.249.67.10 - - [22/Feb/2011:15:17:20 -0800] "GET /ct.html HTTP/1.1" 302 349 "-" "Mozilla/5.0 (compatible; Googlebot/2.1; +http://www.google.com/bot.html)"
218.213.132.253 - - [22/Feb/2011:15:38:10 -0800] "GET /robots.txt HTTP/1.1" 200 304 "-" "ichiro/5.0 (http://help.goo.ne.jp/door/crawler.html)"
218.213.132.253 - - [22/Feb/2011:15:38:11 -0800] "GET / HTTP/1.1" 302 - "-" "ichiro/5.0 (http://help.goo.ne.jp/door/crawler.html)"
94.23.238.27 - - [22/Feb/2011:17:38:19 -0800] "GET /robots.txt HTTP/1.0" 200 304 "-" "Mozilla/5.0 (compatible; MJ12bot/v1.3.3; http://www.majestic12.co.uk/bot.php?+)"
94.23.238.27 - - [22/Feb/2011:17:38:23 -0800] "GET / HTTP/1.0" 302 - "-" "Mozilla/5.0 (compatible; MJ12bot/v1.3.3; http://www.majestic12.co.uk/bot.php?+)"
93.158.148.31 - - [22/Feb/2011:19:01:30 -0800] "GET /robots.txt HTTP/1.1" 200 304 "-" "Mozilla/5.0 (compatible; YandexBot/3.0; +http://yandex.com/bots)"
66.249.67.10 - - [22/Feb/2011:19:53:30 -0800] "GET / HTTP/1.1" 302 - "-" "Mozilla/5.0 (compatible; Googlebot/2.1; +http://www.google.com/bot.html)"
93.158.148.31 - - [22/Feb/2011:20:51:38 -0800] "GET / HTTP/1.1" 302 - "-" "Mozilla/5.0 (compatible; YandexBot/3.0; +http://yandex.com/bots)"
50.17.255.33 - - [22/Feb/2011:22:36:20 -0800] "GET / HTTP/1.1" 302 - "-" "-"
50.17.255.33 - - [22/Feb/2011:22:36:20 -0800] "GET /installation/index.php HTTP/1.1" 200 2232 "-" "-"
66.249.67.20 - - [22/Feb/2011:23:49:58 -0800] "GET /robots.txt HTTP/1.1" 200 304 "-" "Mozilla/5.0 (compatible; Googlebot/2.1; +http://www.google.com/bot.html)"
66.249.67.20 - - [22/Feb/2011:23:49:58 -0800] "GET / HTTP/1.1" 302 - "-" "Mozilla/5.0 (compatible; Googlebot/2.1; +http://www.google.com/bot.html)"
220.181.94.223 - - [23/Feb/2011:01:45:46 -0800] "GET / HTTP/1.1" 302 - "-" "Sogou-Test-Spider/4.0 (compatible; MSIE 5.5; Windows 98)"
220.181.94.223 - - [23/Feb/2011:01:45:55 -0800] "GET /installation/index.php HTTP/1.1" 200 2046 "-" "Sogou-Test-Spider/4.0 (compatible; MSIE 5.5; Windows 98)"
93.158.148.31 - - [23/Feb/2011:03:12:55 -0800] "GET /robots.txt HTTP/1.1" 200 304 "-" "Mozilla/5.0 (compatible; YandexBot/3.0; +http://yandex.com/bots)"
62.219.132.115 - - [23/Feb/2011:06:36:02 -0800] "GET / HTTP/1.1" 302 - "http://www.we-globe.net/Weblab/SiteCommonGraveReport/sharkbomb.com/" "Mozilla/5.0 (Windows; U; Windows NT 5.1; fr; rv:1.9.0.8) Gecko/2009032609 Firefox/3.0.8"
62.219.132.115 - - [23/Feb/2011:06:36:02 -0800] "GET /installation/index.php HTTP/1.1" 200 2232 "http://www.we-globe.net/Weblab/SiteCommonGraveReport/sharkbomb.com/" "Mozilla/5.0 (Windows; U; Windows NT 5.1; fr; rv:1.9.0.8) Gecko/2009032609 Firefox/3.0.8"
123.125.71.98 - - [23/Feb/2011:07:38:19 -0800] "GET / HTTP/1.1" 302 - "-" "Baiduspider+(+http://www.baidu.com/search/spider.htm)"
123.125.71.96 - - [23/Feb/2011:07:38:21 -0800] "GET /installation/index.php HTTP/1.1" 200 2046 "-" "Baiduspider+(+http://www.baidu.com/search/spider.htm)"
123.125.71.108 - - [23/Feb/2011:07:38:36 -0800] "GET /installation/template/css/template.css HTTP/1.1" 200 7375 "-" "Baiduspider+(+http://www.baidu.com/search/spider.htm)"
123.125.71.110 - - [23/Feb/2011:07:38:39 -0800] "GET /installation/index.php HTTP/1.1" 200 2046 "-" "Baiduspider+(+http://www.baidu.com/search/spider.htm)"
123.125.71.103 - - [23/Feb/2011:07:38:42 -0800] "GET /installation/ HTTP/1.1" 200 2046 "-" "Baiduspider+(+http://www.baidu.com/search/spider.htm)"
123.125.71.104 - - [23/Feb/2011:07:38:47 -0800] "GET /installation/ HTTP/1.1" 200 2046 "-" "Baiduspider+(+http://www.baidu.com/search/spider.htm)"
66.249.72.184 - - [23/Feb/2011:11:16:44 -0800] "GET /robots.txt HTTP/1.1" 200 304 "-" "Mozilla/5.0 (compatible; Googlebot/2.1; +http://www.google.com/bot.html)"
66.249.72.184 - - [23/Feb/2011:11:16:45 -0800] "GET /blog/ HTTP/1.1" 302 353 "-" "Mozilla/5.0 (compatible; Googlebot/2.1; +http://www.google.com/bot.html)"
66.249.72.71 - - [23/Feb/2011:11:16:45 -0800] "GET /robots.txt HTTP/1.1" 200 304 "-" "Mozilla/5.0 (compatible; Googlebot/2.1; +http://www.google.com/bot.html)"
66.249.72.71 - - [23/Feb/2011:11:16:46 -0800] "GET / HTTP/1.1" 302 - "-" "Mozilla/5.0 (compatible; Googlebot/2.1; +http://www.google.com/bot.html)"
66.249.72.184 - - [23/Feb/2011:12:25:02 -0800] "GET /robots.txt HTTP/1.1" 200 304 "-" "Mozilla/5.0 (compatible; Googlebot/2.1; +http://www.google.com/bot.html)"
66.249.72.71 - - [23/Feb/2011:12:25:03 -0800] "GET /robots.txt HTTP/1.1" 200 304 "-" "Mozilla/5.0 (compatible; Googlebot/2.1; +http://www.google.com/bot.html)"
208.80.194.34 - - [23/Feb/2011:13:32:43 -0800] "GET / HTTP/1.0" 302 - "-" "Mozilla/4.0 (compatible; MSIE 6.0; Windows NT 5.1; sv1; FunWebProducts; (R1 1.5); .NET CLR 1.1.4322; .NET CLR 2.0.50727)"
208.80.194.34 - - [23/Feb/2011:13:32:43 -0800] "GET /installation/index.php HTTP/1.0" 200 2232 "-" "Mozilla/4.0 (compatible; MSIE 7.0; Windows NT 5.1; YPC 3.2.0; BT Openworld BB; yplus 5.3.04d)"
216.115.123.69 - - [23/Feb/2011:14:02:42 -0800] "GET / HTTP/1.1" 302 - "-" "Mozilla/5.0 (Macintosh; U; Intel Mac OS X 10.5; en-US; rv:1.9.2.12) Gecko/20101026 Firefox/3.6.12"
216.115.123.69 - - [23/Feb/2011:14:02:42 -0800] "GET /installation/index.php HTTP/1.1" 200 2231 "-" "Mozilla/5.0 (Macintosh; U; Intel Mac OS X 10.5; en-US; rv:1.9.2.12) Gecko/20101026 Firefox/3.6.12"
216.115.123.69 - - [23/Feb/2011:14:02:42 -0800] "GET /installation/index.php HTTP/1.1" 200 2231 "-" "Mozilla/5.0 (Macintosh; U; Intel Mac OS X 10.5; en-US; rv:1.9.2.12) Gecko/20101026 Firefox/3.6.12"
216.115.123.69 - - [23/Feb/2011:14:02:46 -0800] "GET /installation/template/css/template.css HTTP/1.1" 200 7375 "-" "Mozilla/4.0 (compatible;)"
216.115.123.69 - - [23/Feb/2011:14:02:46 -0800] "GET /installation/favicon.ico HTTP/1.1" 200 1150 "-" "Mozilla/4.0 (compatible;)"
216.115.123.69 - - [23/Feb/2011:14:02:46 -0800] "GET /installation/template/css/template.css HTTP/1.1" 200 7375 "http://sharkbomb.com/installation/index.php" "Mozilla/5.0 (Macintosh; U; Intel Mac OS X 10.5; en-US; rv:1.9.2.12) Gecko/20101026 Firefox/3.6.12"
216.115.123.69 - - [23/Feb/2011:14:02:46 -0800] "GET /installation/favicon.ico HTTP/1.1" 200 1150 "-" "Mozilla/5.0 (Macintosh; U; Intel Mac OS X 10.5; en-US; rv:1.9.2.12) Gecko/20101026 Firefox/3.6.12"
216.115.123.69 - - [23/Feb/2011:14:02:46 -0800] "GET /installation/includes/js/installation.js HTTP/1.1" 200 598 "-" "Mozilla/4.0 (compatible;)"
216.115.123.69 - - [23/Feb/2011:14:02:46 -0800] "GET /installation/template/js/validation.js HTTP/1.1" 200 7137 "-" "Mozilla/4.0 (compatible;)"
216.115.123.69 - - [23/Feb/2011:14:02:46 -0800] "GET /media/system/js/mootools.js HTTP/1.1" 200 74434 "-" "Mozilla/4.0 (compatible;)"
216.115.123.69 - - [23/Feb/2011:14:02:46 -0800] "GET /media/system/js/mootools.js HTTP/1.1" 200 74434 "http://sharkbomb.com/installation/index.php" "Mozilla/5.0 (Macintosh; U; Intel Mac OS X 10.5; en-US; rv:1.9.2.12) Gecko/20101026 Firefox/3.6.12"
216.115.123.69 - - [23/Feb/2011:14:02:48 -0800] "GET /installation/template/images/j_bottom.png HTTP/1.1" 200 232 "http://sharkbomb.com/installation/template/css/template.css" "Mozilla/5.0 (Macintosh; U; Intel Mac OS X 10.5; en-US; rv:1.9.2.12) Gecko/20101026 Firefox/3.6.12"
216.115.123.69 - - [23/Feb/2011:14:02:48 -0800] "GET /installation/template/images/j_header_right.png HTTP/1.1" 200 366 "http://sharkbomb.com/installation/template/css/template.css" "Mozilla/5.0 (Macintosh; U; Intel Mac OS X 10.5; en-US; rv:1.9.2.12) Gecko/20101026 Firefox/3.6.12"
216.115.123.69 - - [23/Feb/2011:14:02:48 -0800] "GET /installation/template/images/j_header_middle.png HTTP/1.1" 200 385 "http://sharkbomb.com/installation/template/css/template.css" "Mozilla/5.0 (Macintosh; U; Intel Mac OS X 10.5; en-US; rv:1.9.2.12) Gecko/20101026 Firefox/3.6.12"
216.115.123.69 - - [23/Feb/2011:14:02:48 -0800] "GET /installation/template/images/j_header_left.png HTTP/1.1" 200 5148 "http://sharkbomb.com/installation/template/css/template.css" "Mozilla/5.0 (Macintosh; U; Intel Mac OS X 10.5; en-US; rv:1.9.2.12) Gecko/20101026 Firefox/3.6.12"
216.115.123.69 - - [23/Feb/2011:14:02:48 -0800] "GET /installation/template/images/j_corner_bl.png HTTP/1.1" 200 303 "http://sharkbomb.com/installation/template/css/template.css" "Mozilla/5.0 (Macintosh; U; Intel Mac OS X 10.5; en-US; rv:1.9.2.12) Gecko/20101026 Firefox/3.6.12"
216.115.123.69 - - [23/Feb/2011:14:02:48 -0800] "GET /installation/template/images/j_corner_br.png HTTP/1.1" 200 314 "http://sharkbomb.com/installation/template/css/template.css" "Mozilla/5.0 (Macintosh; U; Intel Mac OS X 10.5; en-US; rv:1.9.2.12) Gecko/20101026 Firefox/3.6.12"
66.249.72.71 - - [23/Feb/2011:14:49:44 -0800] "GET /blog HTTP/1.1" 302 349 "-" "Mozilla/5.0 (compatible; Googlebot/2.1; +http://www.google.com/bot.html)"
213.5.71.58 - - [23/Feb/2011:15:06:35 -0800] "GET /index.php HTTP/1.0" 302 - "http://sharkbomb.com/index.php" "Mozilla/1.22 (compatible; MSIE 2.0d; Windows NT)"
213.5.71.58 - - [23/Feb/2011:15:06:35 -0800] "GET /installation/index.php HTTP/1.0" 200 2232 "http://sharkbomb.com/installation/index.php" "Mozilla/1.22 (compatible; MSIE 2.0d; Windows NT)"
66.249.72.71 - - [23/Feb/2011:16:40:30 -0800] "GET /robots.txt HTTP/1.1" 200 304 "-" "Mozilla/5.0 (compatible; Googlebot/2.1; +http://www.google.com/bot.html)"
208.80.194.26 - - [23/Feb/2011:22:53:44 -0800] "GET /blog/archive/2006_03_01_index.html&h=224&w=300&sz=12&hl=en&start=21 HTTP/1.0" 302 353 "-" "Mozilla/4.0 (compatible; MSIE 6.0; Windows NT 5.1; SV1; sbcydsl 3.12; YComp 5.0.0.0; YPC 3.2.0; yplus 5.1.04b)"
208.80.194.26 - - [23/Feb/2011:22:53:45 -0800] "GET / HTTP/1.0" 302 - "-" "Mozilla/4.0 (compatible; MSIE 6.0; Windows NT 5.1; SV1; Mozilla/4.0 (compatible; MSIE 6.0; Windows NT 5.1; SV1) ; .NET CLR 1.0.3705; .NET CLR 1.1.4322)"
208.80.194.26 - - [23/Feb/2011:22:53:46 -0800] "GET /installation/index.php HTTP/1.0" 200 2232 "-" "Mozilla/4.0 (compatible; MSIE 7.0; Windows NT 5.1; .NET CLR 1.0.3705; .NET CLR 1.1.4322; Media Center PC 4.0; .NET CLR 2.0.50727; .NET CLR 3.0.04506.30; ImageShack Toolbar 3.0.6)"
66.249.72.71 - - [24/Feb/2011:07:48:26 -0800] "GET / HTTP/1.1" 302 - "-" "SAMSUNG-SGH-E250/1.0 Profile/MIDP-2.0 Configuration/CLDC-1.1 UP.Browser/6.2.3.3.c.1.101 (GUI) MMP/2.0 (compatible; Googlebot-Mobile/2.1; +http://www.google.com/bot.html)"
66.249.72.71 - - [24/Feb/2011:08:02:26 -0800] "GET / HTTP/1.1" 302 - "-" "DoCoMo/2.0 N905i(c100;TB;W24H16) (compatible; Googlebot-Mobile/2.1; +http://www.google.com/bot.html)"
66.249.72.184 - - [24/Feb/2011:09:15:31 -0800] "GET /robots.txt HTTP/1.1" 200 304 "-" "Mozilla/5.0 (compatible; Googlebot/2.1; +http://www.google.com/bot.html)"
66.249.72.184 - - [24/Feb/2011:09:15:31 -0800] "GET / HTTP/1.1" 302 - "-" "Mozilla/5.0 (compatible; Googlebot/2.1; +http://www.google.com/bot.html)"
123.125.71.99 - - [24/Feb/2011:09:19:56 -0800] "GET / HTTP/1.1" 302 - "-" "Baiduspider+(+http://www.baidu.com/search/spider.htm)"
123.125.71.111 - - [24/Feb/2011:09:19:59 -0800] "GET /installation/index.php HTTP/1.1" 200 2046 "-" "Baiduspider+(+http://www.baidu.com/search/spider.htm)"
123.125.71.112 - - [24/Feb/2011:09:58:49 -0800] "GET /installation/index.php HTTP/1.1" 200 2046 "-" "Baiduspider+(+http://www.baidu.com/search/spider.htm)"
123.125.71.108 - - [24/Feb/2011:09:58:52 -0800] "GET /installation/ HTTP/1.1" 200 2046 "-" "Baiduspider+(+http://www.baidu.com/search/spider.htm)"
66.249.72.184 - - [24/Feb/2011:10:11:17 -0800] "GET / HTTP/1.1" 302 - "-" "Mozilla/5.0 (compatible; Googlebot/2.1; +http://www.google.com/bot.html)"
87.155.55.144 - - [24/Feb/2011:10:34:51 -0800] "GET /index.php HTTP/1.0" 302 - "http://electroniccigarette0.com" "Mozilla/4.0 (compatible; MSIE 6.0; Windows NT 5.1; ru) Opera 8.50"
87.155.55.144 - - [24/Feb/2011:10:34:52 -0800] "GET /installation/index.php HTTP/1.0" 200 2232 "http://sharkbomb.com/installation/index.php" "Mozilla/4.0 (compatible; MSIE 6.0; Windows NT 5.1; ru) Opera 8.50"
123.125.71.113 - - [24/Feb/2011:10:56:00 -0800] "GET /installation/ HTTP/1.1" 200 2046 "-" "Baiduspider+(+http://www.baidu.com/search/spider.htm)"
66.249.67.55 - - [24/Feb/2011:12:34:11 -0800] "GET /robots.txt HTTP/1.1" 200 304 "-" "Mozilla/5.0 (compatible; Googlebot/2.1; +http://www.google.com/bot.html)"
123.125.71.104 - - [24/Feb/2011:13:56:29 -0800] "GET / HTTP/1.1" 302 - "-" "Baiduspider+(+http://www.baidu.com/search/spider.htm)"
123.125.71.115 - - [24/Feb/2011:13:56:29 -0800] "GET /installation/index.php HTTP/1.1" 200 2046 "-" "Baiduspider+(+http://www.baidu.com/search/spider.htm)"
66.249.67.55 - - [24/Feb/2011:14:38:25 -0800] "GET /blog/ HTTP/1.1" 302 353 "-" "Mozilla/5.0 (compatible; Googlebot/2.1; +http://www.google.com/bot.html)"
66.249.68.115 - - [24/Feb/2011:14:38:26 -0800] "GET /robots.txt HTTP/1.1" 200 304 "-" "Mozilla/5.0 (compatible; Googlebot/2.1; +http://www.google.com/bot.html)"
66.249.68.115 - - [24/Feb/2011:14:38:26 -0800] "GET / HTTP/1.1" 302 - "-" "Mozilla/5.0 (compatible; Googlebot/2.1; +http://www.google.com/bot.html)"
123.125.71.110 - - [24/Feb/2011:15:33:52 -0800] "GET / HTTP/1.1" 302 - "-" "Baiduspider+(+http://www.baidu.com/search/spider.htm)"
220.181.108.184 - - [24/Feb/2011:15:34:13 -0800] "GET / HTTP/1.1" 302 - "-" "Baiduspider+(+http://www.baidu.com/search/spider.htm)"
123.125.71.95 - - [24/Feb/2011:18:18:07 -0800] "GET / HTTP/1.1" 302 - "-" "Baiduspider+(+http://www.baidu.com/search/spider.htm)"
123.125.71.106 - - [24/Feb/2011:18:18:14 -0800] "GET /installation/index.php HTTP/1.1" 200 2046 "-" "Baiduspider+(+http://www.baidu.com/search/spider.htm)"
123.125.71.109 - - [24/Feb/2011:18:35:52 -0800] "GET / HTTP/1.1" 302 - "-" "Baiduspider+(+http://www.baidu.com/search/spider.htm)"
220.181.108.171 - - [24/Feb/2011:18:36:16 -0800] "GET / HTTP/1.1" 302 - "-" "Baiduspider+(+http://www.baidu.com/search/spider.htm)"
123.125.71.108 - - [24/Feb/2011:19:58:12 -0800] "GET / HTTP/1.1" 302 - "-" "Baiduspider+(+http://www.baidu.com/search/spider.htm)"
123.125.71.113 - - [24/Feb/2011:19:58:12 -0800] "GET /installation/index.php HTTP/1.1" 200 2046 "-" "Baiduspider+(+http://www.baidu.com/search/spider.htm)"
123.125.71.106 - - [24/Feb/2011:22:52:04 -0800] "GET / HTTP/1.1" 302 - "-" "Baiduspider+(+http://www.baidu.com/search/spider.htm)"
123.125.71.112 - - [24/Feb/2011:22:52:05 -0800] "GET /installation/index.php HTTP/1.1" 200 2046 "-" "Baiduspider+(+http://www.baidu.com/search/spider.htm)"
66.249.68.115 - - [25/Feb/2011:01:27:27 -0800] "GET /robots.txt HTTP/1.1" 200 304 "-" "Mozilla/5.0 (compatible; Googlebot/2.1; +http://www.google.com/bot.html)"
66.249.68.115 - - [25/Feb/2011:01:27:27 -0800] "GET /blog HTTP/1.1" 302 349 "-" "Mozilla/5.0 (compatible; Googlebot/2.1; +http://www.google.com/bot.html)"
208.80.194.26 - - [25/Feb/2011:01:32:36 -0800] "GET / HTTP/1.0" 302 - "-" "Mozilla/4.0 (compatible; MSIE 6.0; Windows NT 5.1; SV1; snprtz|S277969aa````b\\xaf; .NET CLR 1.0.3705; .NET CLR 1.1.4322; Media Center PC 3.1; yplus 4.1.00b)"
208.80.194.26 - - [25/Feb/2011:01:32:36 -0800] "GET /installation/index.php HTTP/1.0" 200 2232 "-" "Mozilla/4.0 (compatible; MSIE 6.0; AOL 9.0; Windows NT 5.1; FunWebProducts; SpamBlockerUtility 4.8.4)"
123.125.71.97 - - [25/Feb/2011:03:22:12 -0800] "GET / HTTP/1.1" 302 - "-" "Baiduspider+(+http://www.baidu.com/search/spider.htm)"
123.125.71.95 - - [25/Feb/2011:03:22:27 -0800] "GET /installation/index.php HTTP/1.1" 200 2046 "-" "Baiduspider+(+http://www.baidu.com/search/spider.htm)"
69.28.58.15 - - [25/Feb/2011:03:46:42 -0800] "GET /robots.txt HTTP/1.0" 200 304 "http://sharkbomb.com/robots.txt" "Mozilla/4.0 (compatible; MSIE 8.0; Windows NT 5.1; SV1; .NET CLR 2.0.50727)"
69.28.58.15 - - [25/Feb/2011:03:46:52 -0800] "GET / HTTP/1.0" 302 - "http://sharkbomb.com/" "Mozilla/4.0 (compatible; MSIE 8.0; Windows NT 5.1; SV1; .NET CLR 2.0.50727)"
218.213.130.158 - - [25/Feb/2011:04:23:25 -0800] "GET /robots.txt HTTP/1.1" 200 304 "-" "ichiro/4.0 (http://help.goo.ne.jp/door/crawler.html)"
218.213.130.158 - - [25/Feb/2011:04:23:27 -0800] "GET / HTTP/1.1" 302 - "-" "ichiro/4.0 (http://help.goo.ne.jp/door/crawler.html)"
123.125.71.115 - - [25/Feb/2011:08:55:16 -0800] "GET / HTTP/1.1" 302 - "-" "Baiduspider+(+http://www.baidu.com/search/spider.htm)"
123.125.71.107 - - [25/Feb/2011:08:55:32 -0800] "GET /installation/index.php HTTP/1.1" 200 2046 "-" "Baiduspider+(+http://www.baidu.com/search/spider.htm)"
208.80.194.35 - - [25/Feb/2011:11:15:23 -0800] "GET /blog/archive/2006_03_01_index.html&h=224&w=300&sz=12&hl=en&start=21 HTTP/1.0" 302 353 "-" "Mozilla/4.0 (compatible; MSIE 6.0; Windows NT 5.1; FunWebProducts; SV1; MSN 9.0;MSN 9.1; MSNbMSNI; MSNmen-us; MSNcOTH)"
208.80.194.35 - - [25/Feb/2011:11:15:23 -0800] "GET / HTTP/1.0" 302 - "-" "Mozilla/4.0 (compatible; MSIE 6.0; Windows NT 5.1; {132741AF-B094-7B4F-00E7-654A1900D000})"
208.80.194.35 - - [25/Feb/2011:11:15:23 -0800] "GET /installation/index.php HTTP/1.0" 200 2232 "-" "Mozilla/4.0 (compatible; MSIE 7.0; Windows NT 5.1; {FB2AD421-F311-ECD3-2715-DACEC5EECB5C}; .NET CLR 1.1.4322)"
174.129.117.237 - - [25/Feb/2011:11:22:41 -0800] "HEAD / HTTP/1.1" 302 - "-" "Mozilla/5.0 (Windows; U; Windows NT 5.1; en-US) AppleWebKit/525.13 (KHTML, like Gecko) Chrome/0.A.B.C Safari/525.13"
220.181.108.148 - - [25/Feb/2011:11:39:03 -0800] "GET /robots.txt HTTP/1.1" 200 304 "-" "Baiduspider+(+http://www.baidu.com/search/spider.htm)"
123.125.71.103 - - [25/Feb/2011:13:21:32 -0800] "GET / HTTP/1.1" 302 - "-" "Baiduspider+(+http://www.baidu.com/search/spider.htm)"
123.125.71.98 - - [25/Feb/2011:14:31:20 -0800] "GET / HTTP/1.1" 302 - "-" "Baiduspider+(+http://www.baidu.com/search/spider.htm)"
123.125.71.96 - - [25/Feb/2011:15:19:06 -0800] "GET / HTTP/1.1" 302 - "-" "Baiduspider+(+http://www.baidu.com/search/spider.htm)"
123.125.71.114 - - [25/Feb/2011:16:25:25 -0800] "GET / HTTP/1.1" 302 - "-" "Baiduspider+(+http://www.baidu.com/search/spider.htm)"
123.125.71.113 - - [25/Feb/2011:17:19:14 -0800] "GET / HTTP/1.1" 302 - "-" "Baiduspider+(+http://www.baidu.com/search/spider.htm)"
66.249.68.115 - - [25/Feb/2011:18:01:52 -0800] "GET /robots.txt HTTP/1.1" 200 304 "-" "Mozilla/5.0 (compatible; Googlebot/2.1; +http://www.google.com/bot.html)"
66.249.68.115 - - [25/Feb/2011:18:01:52 -0800] "GET /ct.html HTTP/1.1" 302 349 "-" "Mozilla/5.0 (compatible; Googlebot/2.1; +http://www.google.com/bot.html)"
123.125.71.100 - - [25/Feb/2011:18:20:27 -0800] "GET / HTTP/1.1" 302 - "-" "Baiduspider+(+http://www.baidu.com/search/spider.htm)"
123.125.71.104 - - [25/Feb/2011:19:28:52 -0800] "GET / HTTP/1.1" 302 - "-" "Baiduspider+(+http://www.baidu.com/search/spider.htm)"
123.125.71.106 - - [25/Feb/2011:20:21:06 -0800] "GET / HTTP/1.1" 302 - "-" "Baiduspider+(+http://www.baidu.com/search/spider.htm)"
66.249.68.115 - - [25/Feb/2011:20:48:05 -0800] "GET / HTTP/1.1" 302 - "-" "Mozilla/5.0 (compatible; Googlebot/2.1; +http://www.google.com/bot.html)"
123.125.71.116 - - [25/Feb/2011:21:34:35 -0800] "GET / HTTP/1.1" 302 - "-" "Baiduspider+(+http://www.baidu.com/search/spider.htm)"
66.249.67.55 - - [25/Feb/2011:21:59:44 -0800] "GET /robots.txt HTTP/1.1" 200 304 "-" "Mozilla/5.0 (compatible; Googlebot/2.1; +http://www.google.com/bot.html)"
66.249.67.55 - - [25/Feb/2011:21:59:44 -0800] "GET / HTTP/1.1" 302 - "-" "Mozilla/5.0 (compatible; Googlebot/2.1; +http://www.google.com/bot.html)"
91.201.66.171 - - [25/Feb/2011:22:05:51 -0800] "GET /index.php HTTP/1.0" 302 - "http://sharkbomb.com/index.php" "Mozilla/4.0 (compatible; MSIE 6.0; Windows NT 5.1; MRA 4.6 (build 01425))"
91.201.66.171 - - [25/Feb/2011:22:05:51 -0800] "GET /installation/index.php HTTP/1.0" 200 2232 "http://sharkbomb.com/installation/index.php" "Mozilla/4.0 (compatible; MSIE 6.0; Windows NT 5.1; MRA 4.6 (build 01425))"
123.125.71.101 - - [25/Feb/2011:22:25:51 -0800] "GET / HTTP/1.1" 302 - "-" "Baiduspider+(+http://www.baidu.com/search/spider.htm)"
123.125.71.109 - - [25/Feb/2011:23:26:03 -0800] "GET / HTTP/1.1" 302 - "-" "Baiduspider+(+http://www.baidu.com/search/spider.htm)"
123.125.71.97 - - [26/Feb/2011:00:30:01 -0800] "GET / HTTP/1.1" 302 - "-" "Baiduspider+(+http://www.baidu.com/search/spider.htm)"
123.125.71.114 - - [26/Feb/2011:01:24:15 -0800] "GET / HTTP/1.1" 302 - "-" "Baiduspider+(+http://www.baidu.com/search/spider.htm)"
123.125.71.111 - - [26/Feb/2011:01:33:07 -0800] "GET / HTTP/1.1" 302 - "-" "Baiduspider+(+http://www.baidu.com/search/spider.htm)"
220.181.108.178 - - [26/Feb/2011:01:33:30 -0800] "GET / HTTP/1.1" 302 - "-" "Baiduspider+(+http://www.baidu.com/search/spider.htm)"
66.249.67.55 - - [26/Feb/2011:01:57:08 -0800] "GET /blog/ HTTP/1.1" 302 353 "-" "Mozilla/5.0 (compatible; Googlebot/2.1; +http://www.google.com/bot.html)"
123.125.71.96 - - [26/Feb/2011:02:22:30 -0800] "GET / HTTP/1.1" 302 - "-" "Baiduspider+(+http://www.baidu.com/search/spider.htm)"
123.125.71.116 - - [26/Feb/2011:03:28:56 -0800] "GET / HTTP/1.1" 302 - "-" "Baiduspider+(+http://www.baidu.com/search/spider.htm)"
123.125.71.96 - - [26/Feb/2011:04:25:52 -0800] "GET / HTTP/1.1" 302 - "-" "Baiduspider+(+http://www.baidu.com/search/spider.htm)"
123.125.71.111 - - [26/Feb/2011:05:18:46 -0800] "GET / HTTP/1.1" 302 - "-" "Baiduspider+(+http://www.baidu.com/search/spider.htm)"
123.125.71.96 - - [26/Feb/2011:06:26:35 -0800] "GET / HTTP/1.1" 302 - "-" "Baiduspider+(+http://www.baidu.com/search/spider.htm)"
123.125.71.114 - - [26/Feb/2011:07:30:12 -0800] "GET / HTTP/1.1" 302 - "-" "Baiduspider+(+http://www.baidu.com/search/spider.htm)"
123.125.71.108 - - [26/Feb/2011:07:46:55 -0800] "GET / HTTP/1.1" 302 - "-" "Baiduspider+(+http://www.baidu.com/search/spider.htm)"
220.181.108.79 - - [26/Feb/2011:07:47:34 -0800] "GET / HTTP/1.1" 302 - "-" "Baiduspider+(+http://www.baidu.com/search/spider.htm)"
123.125.71.113 - - [26/Feb/2011:08:31:08 -0800] "GET / HTTP/1.1" 302 - "-" "Baiduspider+(+http://www.baidu.com/search/spider.htm)"
123.125.71.111 - - [26/Feb/2011:09:20:14 -0800] "GET / HTTP/1.1" 302 - "-" "Baiduspider+(+http://www.baidu.com/search/spider.htm)"
192.251.226.205 - - [26/Feb/2011:09:21:29 -0800] "GET /administrator/ HTTP/1.1" 302 - "-" "Mozilla/5.0 (Windows; U; Windows NT 6.1; en-US; rv:1.9.2.3) Gecko/20100401 Firefox/3.6.3"
192.251.226.205 - - [26/Feb/2011:09:21:31 -0800] "GET /installation/index.php HTTP/1.1" 200 2232 "-" "Mozilla/5.0 (Windows; U; Windows NT 6.1; en-US; rv:1.9.2.3) Gecko/20100401 Firefox/3.6.3"
192.251.226.205 - - [26/Feb/2011:09:21:34 -0800] "GET /installation/template/css/template.css HTTP/1.1" 200 7375 "http://sharkbomb.com/installation/index.php" "Mozilla/5.0 (Windows; U; Windows NT 6.1; en-US; rv:1.9.2.3) Gecko/20100401 Firefox/3.6.3"
192.251.226.205 - - [26/Feb/2011:09:21:36 -0800] "GET /installation/template/js/validation.js HTTP/1.1" 200 7137 "http://sharkbomb.com/installation/index.php" "Mozilla/5.0 (Windows; U; Windows NT 6.1; en-US; rv:1.9.2.3) Gecko/20100401 Firefox/3.6.3"
192.251.226.205 - - [26/Feb/2011:09:21:35 -0800] "GET /media/system/js/mootools.js HTTP/1.1" 200 74434 "http://sharkbomb.com/installation/index.php" "Mozilla/5.0 (Windows; U; Windows NT 6.1; en-US; rv:1.9.2.3) Gecko/20100401 Firefox/3.6.3"
192.251.226.205 - - [26/Feb/2011:09:21:37 -0800] "GET /installation/includes/js/installation.js HTTP/1.1" 200 598 "http://sharkbomb.com/installation/index.php" "Mozilla/5.0 (Windows; U; Windows NT 6.1; en-US; rv:1.9.2.3) Gecko/20100401 Firefox/3.6.3"
192.251.226.205 - - [26/Feb/2011:09:21:41 -0800] "GET /installation/template/images/j_header_middle.png HTTP/1.1" 200 385 "http://sharkbomb.com/installation/template/css/template.css" "Mozilla/5.0 (Windows; U; Windows NT 6.1; en-US; rv:1.9.2.3) Gecko/20100401 Firefox/3.6.3"
192.251.226.205 - - [26/Feb/2011:09:21:41 -0800] "GET /installation/template/images/j_header_right.png HTTP/1.1" 200 366 "http://sharkbomb.com/installation/template/css/template.css" "Mozilla/5.0 (Windows; U; Windows NT 6.1; en-US; rv:1.9.2.3) Gecko/20100401 Firefox/3.6.3"
192.251.226.205 - - [26/Feb/2011:09:21:44 -0800] "GET /installation/template/images/j_header_left.png HTTP/1.1" 200 5148 "http://sharkbomb.com/installation/template/css/template.css" "Mozilla/5.0 (Windows; U; Windows NT 6.1; en-US; rv:1.9.2.3) Gecko/20100401 Firefox/3.6.3"
192.251.226.205 - - [26/Feb/2011:09:21:44 -0800] "GET /installation/template/images/j_bottom.png HTTP/1.1" 200 232 "http://sharkbomb.com/installation/template/css/template.css" "Mozilla/5.0 (Windows; U; Windows NT 6.1; en-US; rv:1.9.2.3) Gecko/20100401 Firefox/3.6.3"
192.251.226.205 - - [26/Feb/2011:09:21:44 -0800] "GET /installation/template/images/j_corner_br.png HTTP/1.1" 200 314 "http://sharkbomb.com/installation/template/css/template.css" "Mozilla/5.0 (Windows; U; Windows NT 6.1; en-US; rv:1.9.2.3) Gecko/20100401 Firefox/3.6.3"
192.251.226.205 - - [26/Feb/2011:09:21:44 -0800] "GET /installation/template/images/j_corner_bl.png HTTP/1.1" 200 303 "http://sharkbomb.com/installation/template/css/template.css" "Mozilla/5.0 (Windows; U; Windows NT 6.1; en-US; rv:1.9.2.3) Gecko/20100401 Firefox/3.6.3"
66.249.67.55 - - [26/Feb/2011:09:52:01 -0800] "GET /robots.txt HTTP/1.1" 200 304 "-" "Mozilla/5.0 (compatible; Googlebot/2.1; +http://www.google.com/bot.html)"
66.249.67.55 - - [26/Feb/2011:11:45:15 -0800] "GET /blog/ HTTP/1.1" 302 353 "-" "Mozilla/5.0 (compatible; Googlebot/2.1; +http://www.google.com/bot.html)"
66.249.68.115 - - [26/Feb/2011:11:45:15 -0800] "GET /robots.txt HTTP/1.1" 200 304 "-" "Mozilla/5.0 (compatible; Googlebot/2.1; +http://www.google.com/bot.html)"
77.79.11.227 - - [26/Feb/2011:13:01:15 -0800] "GET /index.php HTTP/1.0" 302 - "https://sites.google.com/site/tehnogame" "Mozilla/4.0 (compatible; MSIE 6.0; Windows NT 5.2; Win64; AMD64)"
77.79.11.227 - - [26/Feb/2011:13:01:17 -0800] "GET /installation/index.php HTTP/1.0" 200 2232 "http://sharkbomb.com/installation/index.php" "Mozilla/4.0 (compatible; MSIE 6.0; Windows NT 5.2; Win64; AMD64)"
66.219.58.41 - - [26/Feb/2011:13:43:33 -0800] "GET /robots.txt HTTP/1.1" 200 304 "-" "MLBot (www.metadatalabs.com/mlbot)"
66.219.58.41 - - [26/Feb/2011:13:43:33 -0800] "GET / HTTP/1.1" 302 - "-" "MLBot (www.metadatalabs.com/mlbot)"
208.80.194.33 - - [26/Feb/2011:13:56:45 -0800] "GET / HTTP/1.0" 302 - "-" "Mozilla/4.0 (compatible; MSIE 7.0; Windows NT 5.1; FunWebProducts; iebar; .NET CLR 1.1.4322)"
208.80.194.33 - - [26/Feb/2011:13:56:45 -0800] "GET /installation/index.php HTTP/1.0" 200 2232 "-" "Mozilla/4.0 (compatible; MSIE 7.0; Windows NT 5.1; .NET CLR 1.1.4322; ZangoToolbar 4.8.3; MSN 6.1; MSNbMSFT; MSNmen-us; MSNc00; v5m)"
66.249.68.115 - - [26/Feb/2011:15:02:40 -0800] "GET /blog HTTP/1.1" 302 349 "-" "Mozilla/5.0 (compatible; Googlebot/2.1; +http://www.google.com/bot.html)"
85.17.170.109 - - [26/Feb/2011:17:32:32 -0800] "GET /index.php HTTP/1.0" 302 - "http://sharkbomb.com/index.php" "Mozilla/4.0 (compatible; MSIE 5.5; Windows NT 5.0; T312461)"
85.17.170.109 - - [26/Feb/2011:17:32:32 -0800] "GET /installation/index.php HTTP/1.0" 200 2232 "http://sharkbomb.com/installation/index.php" "Mozilla/4.0 (compatible; MSIE 5.5; Windows NT 5.0; T312461)"
123.125.71.112 - - [26/Feb/2011:17:33:58 -0800] "GET / HTTP/1.1" 302 - "-" "Baiduspider+(+http://www.baidu.com/search/spider.htm)"
66.249.67.55 - - [26/Feb/2011:19:31:16 -0800] "GET /robots.txt HTTP/1.1" 200 304 "-" "Mozilla/5.0 (compatible; Googlebot/2.1; +http://www.google.com/bot.html)"
123.125.71.103 - - [26/Feb/2011:21:34:24 -0800] "GET / HTTP/1.1" 302 - "-" "Baiduspider+(+http://www.baidu.com/search/spider.htm)"
220.181.108.169 - - [26/Feb/2011:21:34:46 -0800] "GET / HTTP/1.1" 302 - "-" "Baiduspider+(+http://www.baidu.com/search/spider.htm)"
95.67.80.146 - - [26/Feb/2011:22:07:36 -0800] "GET /index.php HTTP/1.0" 302 - "http://sharkbomb.com/index.php" "Mozilla/4.0 (compatible; MSIE 6.0; Windows NT 5.2; SV1; .NET CLR 1.1.4322; .NET CLR 2.0.50727)"
95.67.80.146 - - [26/Feb/2011:22:07:36 -0800] "GET /installation/index.php HTTP/1.0" 200 2232 "http://sharkbomb.com/installation/index.php" "Mozilla/4.0 (compatible; MSIE 6.0; Windows NT 5.2; SV1; .NET CLR 1.1.4322; .NET CLR 2.0.50727)"
208.80.194.32 - - [26/Feb/2011:23:34:51 -0800] "GET /blog/archive/2006_03_01_index.html&h=224&w=300&sz=12&hl=en&start=21 HTTP/1.0" 302 353 "-" "Mozilla/4.0 (compatible; MSIE 6.0; America Online Browser 1.1; Windows NT 5.1; FunWebProducts; SV1; .NET CLR 1.0.3705)"
208.80.194.32 - - [26/Feb/2011:23:34:51 -0800] "GET / HTTP/1.0" 302 - "-" "Mozilla/4.0 (compatible; MSIE 6.0; Windows NT 5.1; acc=jocker; acc=none; FreeprodTB; (none); .NET CLR 1.1.4322)"
208.80.194.32 - - [26/Feb/2011:23:34:52 -0800] "GET /installation/index.php HTTP/1.0" 200 2232 "-" "Mozilla/4.0 (compatible; MSIE 7.0; Windows NT 5.1; YPC 3.2.0; .NET CLR 1.0.3705; .NET CLR 1.1.4322; .NET CLR 2.0.50727; Windows-Media-Player/10.00.00.3990; Media Center PC 4.0; yplus 5.1.04b)"
220.181.108.153 - - [26/Feb/2011:23:49:07 -0800] "GET /robots.txt HTTP/1.1" 200 304 "-" "Baiduspider+(+http://www.baidu.com/search/spider.htm)"
69.84.207.147 - - [27/Feb/2011:03:50:25 -0800] "GET / HTTP/1.1" 302 - "-" "Mozilla/4.0 (compatible; MSIE 7.0;Windows NT 5.1;.NET CLR 1.1.4322;.NET CLR 2.0.50727;.NET CLR 3.0.04506.30)"
69.84.207.147 - - [27/Feb/2011:03:50:26 -0800] "GET /installation/index.php HTTP/1.1" 206 2232 "-" "Mozilla/4.0 (compatible; MSIE 7.0;Windows NT 5.1;.NET CLR 1.1.4322;.NET CLR 2.0.50727;.NET CLR 3.0.04506.30)"
69.84.207.147 - - [27/Feb/2011:03:50:27 -0800] "GET / HTTP/1.1" 302 - "-" "Mozilla/4.0 (compatible; MSIE 7.0;Windows NT 5.1;.NET CLR 1.1.4322;.NET CLR 2.0.50727;.NET CLR 3.0.04506.30)"
69.84.207.147 - - [27/Feb/2011:03:50:27 -0800] "GET /installation/index.php HTTP/1.1" 206 2232 "-" "Mozilla/4.0 (compatible; MSIE 7.0;Windows NT 5.1;.NET CLR 1.1.4322;.NET CLR 2.0.50727;.NET CLR 3.0.04506.30)"
69.84.207.147 - - [27/Feb/2011:03:50:31 -0800] "GET /installation/template/js/validation.js HTTP/1.1" 200 7137 "-" "Mozilla/4.0 (compatible; MSIE 7.0;Windows NT 5.1;.NET CLR 1.1.4322;.NET CLR 2.0.50727;.NET CLR 3.0.04506.30)"
69.84.207.147 - - [27/Feb/2011:03:50:34 -0800] "GET /installation/includes/js/installation.js HTTP/1.1" 200 598 "-" "Mozilla/4.0 (compatible; MSIE 7.0;Windows NT 5.1;.NET CLR 1.1.4322;.NET CLR 2.0.50727;.NET CLR 3.0.04506.30)"
69.84.207.147 - - [27/Feb/2011:03:50:35 -0800] "GET /media/system/js/mootools.js HTTP/1.1" 200 74434 "-" "Mozilla/4.0 (compatible; MSIE 7.0;Windows NT 5.1;.NET CLR 1.1.4322;.NET CLR 2.0.50727;.NET CLR 3.0.04506.30)"
208.115.111.71 - - [27/Feb/2011:07:39:04 -0800] "GET /robots.txt HTTP/1.1" 200 304 "-" "Mozilla/5.0 (compatible; Ezooms/1.0; ezooms.bot@gmail.com)"
208.115.111.71 - - [27/Feb/2011:08:13:53 -0800] "GET / HTTP/1.1" 302 - "-" "Mozilla/5.0 (compatible; Ezooms/1.0; ezooms.bot@gmail.com)"
220.181.108.155 - - [27/Feb/2011:19:34:28 -0800] "GET /robots.txt HTTP/1.1" 200 304 "-" "Baiduspider+(+http://www.baidu.com/search/spider.htm)"
123.125.71.106 - - [27/Feb/2011:23:31:48 -0800] "GET / HTTP/1.1" 302 - "-" "Baiduspider+(+http://www.baidu.com/search/spider.htm)"
66.249.68.115 - - [28/Feb/2011:00:00:06 -0800] "GET /robots.txt HTTP/1.1" 200 304 "-" "Mozilla/5.0 (compatible; Googlebot/2.1; +http://www.google.com/bot.html)"
66.249.68.115 - - [28/Feb/2011:00:00:06 -0800] "GET / HTTP/1.1" 302 - "-" "Mozilla/5.0 (compatible; Googlebot/2.1; +http://www.google.com/bot.html)"
123.125.71.96 - - [28/Feb/2011:01:32:32 -0800] "GET / HTTP/1.1" 302 - "-" "Baiduspider+(+http://www.baidu.com/search/spider.htm)"
220.181.108.183 - - [28/Feb/2011:01:32:54 -0800] "GET / HTTP/1.1" 302 - "-" "Baiduspider+(+http://www.baidu.com/search/spider.htm)"
208.80.194.27 - - [28/Feb/2011:02:15:21 -0800] "GET / HTTP/1.0" 302 - "-" "Mozilla/4.0 (compatible; MSIE 7.0; Windows NT 5.1; FunWebProducts; AskBar 3.00; ZangoToolbar 4.8.2)"
208.80.194.27 - - [28/Feb/2011:02:15:21 -0800] "GET /installation/index.php HTTP/1.0" 200 2232 "-" "Mozilla/4.0 (compatible; MSIE 6.0; Windows NT 5.1; SV1; TISA; Versatel.de ISDN 0404; .NET CLR 1.1.4322; .NET CLR 2.0.50727)"
124.115.6.17 - - [28/Feb/2011:02:18:48 -0800] "GET /robots.txt HTTP/1.1" 200 304 "-" "Sosospider+(+http://help.soso.com/webspider.htm)"
66.249.68.115 - - [28/Feb/2011:03:39:55 -0800] "GET / HTTP/1.1" 302 - "-" "Mozilla/5.0 (compatible; Googlebot/2.1; +http://www.google.com/bot.html)"
123.125.71.104 - - [28/Feb/2011:07:46:42 -0800] "GET / HTTP/1.1" 302 - "-" "Baiduspider+(+http://www.baidu.com/search/spider.htm)"
66.249.68.115 - - [28/Feb/2011:07:46:50 -0800] "GET /robots.txt HTTP/1.1" 200 304 "-" "Mozilla/5.0 (compatible; Googlebot/2.1; +http://www.google.com/bot.html)"
66.249.68.115 - - [28/Feb/2011:07:46:50 -0800] "GET /blog HTTP/1.1" 302 349 "-" "Mozilla/5.0 (compatible; Googlebot/2.1; +http://www.google.com/bot.html)"
220.181.108.181 - - [28/Feb/2011:07:47:16 -0800] "GET / HTTP/1.1" 302 - "-" "Baiduspider+(+http://www.baidu.com/search/spider.htm)"
119.188.14.197 - - [28/Feb/2011:11:01:32 -0800] "GET / HTTP/1.1" 302 - "http://www.baidu.com/s?wd=a" "Mozilla/4.0 (compatible; MSIE 7.0; Windows NT 5.1; .NET CLR 2.0.50727)"
119.188.14.197 - - [28/Feb/2011:11:01:33 -0800] "GET /installation/index.php HTTP/1.1" 200 2046 "http://www.baidu.com/s?wd=a" "Mozilla/4.0 (compatible; MSIE 7.0; Windows NT 5.1; .NET CLR 2.0.50727)"
119.188.14.197 - - [28/Feb/2011:11:01:36 -0800] "GET /installation/template/css/template.css HTTP/1.1" 200 7375 "http://www.baidu.com/s?wd=a" "Mozilla/4.0 (compatible; MSIE 7.0; Windows NT 5.1; .NET CLR 2.0.50727)"
119.188.14.197 - - [28/Feb/2011:11:01:36 -0800] "GET /media/system/js/mootools.js HTTP/1.1" 200 74434 "http://www.baidu.com/s?wd=a" "Mozilla/4.0 (compatible; MSIE 7.0; Windows NT 5.1; .NET CLR 2.0.50727)"
119.188.14.197 - - [28/Feb/2011:11:01:38 -0800] "GET /installation/includes/js/installation.js HTTP/1.1" 200 598 "http://www.baidu.com/s?wd=a" "Mozilla/4.0 (compatible; MSIE 7.0; Windows NT 5.1; .NET CLR 2.0.50727)"
119.188.14.197 - - [28/Feb/2011:11:01:38 -0800] "GET /installation/template/js/validation.js HTTP/1.1" 200 7137 "http://www.baidu.com/s?wd=a" "Mozilla/4.0 (compatible; MSIE 7.0; Windows NT 5.1; .NET CLR 2.0.50727)"
119.188.14.197 - - [28/Feb/2011:11:01:39 -0800] "GET /installation/template/images/j_header_right.png HTTP/1.1" 200 366 "http://www.baidu.com/s?wd=a" "Mozilla/4.0 (compatible; MSIE 7.0; Windows NT 5.1; .NET CLR 2.0.50727)"
119.188.14.197 - - [28/Feb/2011:11:01:39 -0800] "GET /installation/template/images/j_header_middle.png HTTP/1.1" 200 385 "http://www.baidu.com/s?wd=a" "Mozilla/4.0 (compatible; MSIE 7.0; Windows NT 5.1; .NET CLR 2.0.50727)"
119.188.14.199 - - [28/Feb/2011:11:01:39 -0800] "GET /installation/template/images/j_header_left.png HTTP/1.1" 200 5148 "http://www.baidu.com/s?wd=a" "Mozilla/4.0 (compatible; MSIE 7.0; Windows NT 5.1; .NET CLR 2.0.50727)"
119.188.14.213 - - [28/Feb/2011:11:01:39 -0800] "GET /installation/template/images/j_corner_br.png HTTP/1.1" 200 314 "http://www.baidu.com/s?wd=a" "Mozilla/4.0 (compatible; MSIE 7.0; Windows NT 5.1; .NET CLR 2.0.50727)"
119.188.14.208 - - [28/Feb/2011:11:01:39 -0800] "GET /installation/template/images/j_corner_bl.png HTTP/1.1" 200 303 "http://www.baidu.com/s?wd=a" "Mozilla/4.0 (compatible; MSIE 7.0; Windows NT 5.1; .NET CLR 2.0.50727)"
119.188.14.217 - - [28/Feb/2011:11:01:39 -0800] "GET /installation/template/images/j_bottom.png HTTP/1.1" 200 232 "http://www.baidu.com/s?wd=a" "Mozilla/4.0 (compatible; MSIE 7.0; Windows NT 5.1; .NET CLR 2.0.50727)"
208.80.194.33 - - [28/Feb/2011:12:12:41 -0800] "GET /blog/archive/2006_03_01_index.html&h=224&w=300&sz=12&hl=en&start=21 HTTP/1.0" 302 353 "-" "Mozilla/4.0 (compatible; MSIE 7.0; Windows NT 5.1; YPC 3.2.0; .NET CLR 1.1.4322; Zango 10.0.314.0; yplus 5.1.02b)"
208.80.194.33 - - [28/Feb/2011:12:12:41 -0800] "GET / HTTP/1.0" 302 - "-" "Mozilla/4.0 (compatible; MSIE 7.0; Windows NT 5.1; YComp 5.0.0.0; .NET CLR 1.0.3705; ZangoToolbar 4.8.2)"
208.80.194.33 - - [28/Feb/2011:12:12:41 -0800] "GET /installation/index.php HTTP/1.0" 200 2232 "-" "Mozilla/4.0 (compatible; MSIE 6.0; Windows NT 5.1; SV1; YPC 3.0.0; .NET CLR 1.0.3705; .NET CLR 1.1.4322; Media Center PC 4.0; SpamBlockerUtility 4.8.4)"
93.158.148.31 - - [28/Feb/2011:14:34:15 -0800] "GET /robots.txt HTTP/1.1" 200 304 "-" "Mozilla/5.0 (compatible; YandexBot/3.0; +http://yandex.com/bots)"
93.158.148.31 - - [28/Feb/2011:14:34:17 -0800] "GET / HTTP/1.1" 302 - "-" "Mozilla/5.0 (compatible; YandexBot/3.0; +http://yandex.com/bots)"
123.125.71.117 - - [28/Feb/2011:17:33:11 -0800] "GET / HTTP/1.1" 302 - "-" "Baiduspider+(+http://www.baidu.com/search/spider.htm)"
66.249.67.55 - - [28/Feb/2011:20:38:38 -0800] "GET /robots.txt HTTP/1.1" 200 304 "-" "Mozilla/5.0 (compatible; Googlebot/2.1; +http://www.google.com/bot.html)"
66.249.67.55 - - [28/Feb/2011:20:38:38 -0800] "GET / HTTP/1.1" 302 - "-" "Mozilla/5.0 (compatible; Googlebot/2.1; +http://www.google.com/bot.html)"
174.129.117.237 - - [28/Feb/2011:20:50:03 -0800] "HEAD / HTTP/1.1" 302 - "-" "Mozilla/5.0 (Windows; U; Windows NT 5.1; en-US) AppleWebKit/525.13 (KHTML, like Gecko) Chrome/0.A.B.C Safari/525.13"
123.125.71.107 - - [28/Feb/2011:23:32:38 -0800] "GET / HTTP/1.1" 302 - "-" "Baiduspider+(+http://www.baidu.com/search/spider.htm)"
220.181.108.170 - - [28/Feb/2011:23:33:01 -0800] "GET / HTTP/1.1" 302 - "-" "Baiduspider+(+http://www.baidu.com/search/spider.htm)"
123.125.71.108 - - [01/Mar/2011:05:34:27 -0800] "GET / HTTP/1.1" 302 - "-" "Baiduspider+(+http://www.baidu.com/search/spider.htm)"
