193.47.80.41 - - [24/Feb/2010:15:20:27 -0800] "GET / HTTP/1.1" 302 - "-" "Mozilla/5.0 (compatible; Exabot/3.0; +http://www.exabot.com/go/robot)"
204.236.242.141 - - [24/Feb/2010:16:07:07 -0800] "GET /robots.txt HTTP/1.1" 200 304 "-" "Mozilla/5.0 (compatible; spbot/2.0; +http://www.seoprofiler.com/bot/ )"
204.236.242.141 - - [24/Feb/2010:16:07:07 -0800] "GET / HTTP/1.1" 302 - "-" "Mozilla/5.0 (compatible; spbot/2.0; +http://www.seoprofiler.com/bot/ )"
204.236.242.141 - - [24/Feb/2010:16:07:08 -0800] "GET /installation/index.php HTTP/1.1" 200 2232 "-" "Mozilla/5.0 (compatible; spbot/2.0; +http://www.seoprofiler.com/bot/ )"
38.100.8.50 - - [24/Feb/2010:19:00:49 -0800] "GET /robots.txt HTTP/1.1" 200 304 "-" "panscient.com"
38.100.8.50 - - [24/Feb/2010:19:00:49 -0800] "GET / HTTP/1.1" 302 - "-" "panscient.com"
38.100.8.50 - - [24/Feb/2010:19:00:49 -0800] "GET /installation/index.php HTTP/1.1" 200 2232 "-" "panscient.com"
38.100.8.50 - - [24/Feb/2010:19:00:52 -0800] "GET / HTTP/1.1" 302 - "-" "panscient.com"
38.100.8.50 - - [24/Feb/2010:19:00:52 -0800] "GET /installation/index.php HTTP/1.1" 200 2232 "-" "panscient.com"
209.51.196.26 - - [24/Feb/2010:20:24:48 -0800] "GET / HTTP/1.1" 302 - "-" "CorenSearchBot/1.4 en libwww-perl/5.808"
209.51.196.26 - - [24/Feb/2010:20:24:49 -0800] "GET /installation/index.php HTTP/1.1" 200 2232 "-" "CorenSearchBot/1.4 en libwww-perl/5.808"
124.115.6.17 - - [25/Feb/2010:00:18:52 -0800] "GET /robots.txt HTTP/1.1" 200 304 "-" "Sosospider+(+http://help.soso.com/webspider.htm)"
220.181.94.223 - - [25/Feb/2010:00:33:11 -0800] "GET /robots.txt HTTP/1.1" 304 - "-" "Sogou web spider/4.0(+http://www.sogou.com/docs/help/webmasters.htm#07)"
220.181.94.223 - - [25/Feb/2010:00:33:21 -0800] "GET /robots.txt HTTP/1.1" 304 - "-" "Sogou web spider/4.0(+http://www.sogou.com/docs/help/webmasters.htm#07)"
216.129.119.40 - - [25/Feb/2010:03:02:59 -0800] "GET /robots.txt HTTP/1.1" 200 304 "-" "Mozilla/5.0 (Twiceler-0.9 http://www.cuil.com/twiceler/robot.html)"
66.249.68.55 - - [25/Feb/2010:12:02:44 -0800] "GET /robots.txt HTTP/1.1" 200 304 "-" "Mozilla/5.0 (compatible; Googlebot/2.1; +http://www.google.com/bot.html)"
66.249.68.55 - - [25/Feb/2010:12:02:44 -0800] "GET /blog HTTP/1.1" 302 349 "-" "Mozilla/5.0 (compatible; Googlebot/2.1; +http://www.google.com/bot.html)"
66.249.68.55 - - [25/Feb/2010:12:02:45 -0800] "GET / HTTP/1.1" 302 - "-" "Mozilla/5.0 (compatible; Googlebot/2.1; +http://www.google.com/bot.html)"
208.80.193.37 - - [25/Feb/2010:12:21:15 -0800] "GET / HTTP/1.0" 302 - "-" "Mozilla/4.0 (compatible; MSIE 6.0; Windows NT 5.1; SV1; Tablet PC 1.7; .NET CLR 1.0.3705; .NET CLR 1.1.4322; InfoPath.2)"
193.47.80.41 - - [25/Feb/2010:15:14:06 -0800] "GET / HTTP/1.1" 302 - "-" "Mozilla/5.0 (compatible; Exabot/3.0; +http://www.exabot.com/go/robot)"
193.47.80.41 - - [25/Feb/2010:15:34:28 -0800] "GET /robots.txt HTTP/1.1" 200 304 "-" "Mozilla/5.0 (compatible; Exabot/3.0; +http://www.exabot.com/go/robot)"
207.46.204.178 - - [25/Feb/2010:16:39:53 -0800] "GET /robots.txt HTTP/1.1" 200 304 "-" "msnbot/2.0b (+http://search.msn.com/msnbot.htm)"
207.46.204.178 - - [25/Feb/2010:16:40:48 -0800] "GET / HTTP/1.1" 302 - "-" "msnbot/2.0b (+http://search.msn.com/msnbot.htm)"
66.249.68.75 - - [25/Feb/2010:16:45:22 -0800] "GET /robots.txt HTTP/1.1" 200 304 "-" "Mozilla/5.0 (compatible; Googlebot/2.1; +http://www.google.com/bot.html)"
66.249.68.75 - - [25/Feb/2010:16:45:22 -0800] "GET / HTTP/1.1" 302 - "-" "Mozilla/5.0 (compatible; Googlebot/2.1; +http://www.google.com/bot.html)"
96.31.166.228 - - [25/Feb/2010:16:52:19 -0800] "GET / HTTP/1.1" 302 - "-" "Mozilla/4.0 (compatible; MSIE 7.0; Windows NT 5.1)"
96.31.166.228 - - [25/Feb/2010:16:52:19 -0800] "GET /installation/index.php HTTP/1.1" 200 2232 "-" "Mozilla/4.0 (compatible; MSIE 7.0; Windows NT 5.1)"
208.80.193.40 - - [25/Feb/2010:16:55:35 -0800] "GET /blog/archive/2006_03_01_index.html&h=224&w=300&sz=12&hl=en&start=46 HTTP/1.0" 302 353 "-" "Mozilla/4.0 (compatible; MSIE 6.0; Windows NT 5.1; SIMBAR={02FE9FCD-B19D-42dd-B03F-53B89C1D9432})"
208.80.193.42 - - [25/Feb/2010:18:11:30 -0800] "GET /blog/archive/2006_03_01_index.html&h=224&w=300&sz=12&hl=en&start=21 HTTP/1.0" 302 353 "-" "Mozilla/4.0 (compatible; MSIE 7.0; Windows NT 5.1; .NET CLR 1.1.4322; IEMB3; SpamBlockerUtility 4.8.4; ZangoToolbar 4.8.3; IEMB3)"
124.115.6.17 - - [26/Feb/2010:01:08:18 -0800] "GET /robots.txt HTTP/1.1" 200 304 "-" "Sosospider+(+http://help.soso.com/webspider.htm)"
208.80.193.37 - - [26/Feb/2010:01:56:19 -0800] "GET / HTTP/1.0" 302 - "-" "Mozilla/4.0 (compatible; MSIE 6.0; Windows NT 5.0; .NET CLR 1.1.1432)"
66.249.68.116 - - [26/Feb/2010:07:54:06 -0800] "GET /coppermine/displayimage.php?album=1&pos=132 HTTP/1.1" 200 - "-" "Mozilla/5.0 (compatible; Googlebot/2.1; +http://www.google.com/bot.html)"
64.56.66.210 - - [26/Feb/2010:09:50:48 -0800] "GET /robots.txt HTTP/1.0" 200 304 "http://sharkbomb.com/robots.txt" "Mozilla/4.0 (compatible; MSIE 6.0; Windows NT 5.1; SV1; .NET CLR 2.0.50727)"
64.56.66.210 - - [26/Feb/2010:09:50:48 -0800] "GET / HTTP/1.0" 302 - "http://sharkbomb.com/" "Mozilla/4.0 (compatible; MSIE 6.0; Windows NT 5.1; SV1; .NET CLR 2.0.50727)"
64.56.66.210 - - [26/Feb/2010:09:50:58 -0800] "GET /robots.txt HTTP/1.0" 200 304 "http://sharkbomb.com/robots.txt" "Mozilla/4.0 (compatible; MSIE 6.0; Windows NT 5.1; SV1; .NET CLR 2.0.50727)"
67.218.116.133 - - [26/Feb/2010:16:08:26 -0800] "GET /robots.txt HTTP/1.1" 200 304 "-" "Mozilla/5.0 (Twiceler-0.9 http://www.cuil.com/twiceler/robot.html)"
93.158.148.31 - - [26/Feb/2010:16:36:43 -0800] "GET /robots.txt HTTP/1.1" 200 304 "-" "Yandex/1.01.001 (compatible; Win16; I)"
193.47.80.41 - - [26/Feb/2010:17:31:49 -0800] "GET /robots.txt HTTP/1.1" 200 304 "-" "Mozilla/5.0 (compatible; Exabot/3.0; +http://www.exabot.com/go/robot)"
193.47.80.41 - - [26/Feb/2010:17:31:49 -0800] "GET / HTTP/1.1" 302 - "-" "Mozilla/5.0 (compatible; Exabot/3.0; +http://www.exabot.com/go/robot)"
93.158.148.31 - - [26/Feb/2010:19:38:58 -0800] "GET /robots.txt HTTP/1.1" 200 304 "-" "Yandex/1.01.001 (compatible; Win16; I)"
66.249.68.116 - - [26/Feb/2010:22:37:00 -0800] "GET /robots.txt HTTP/1.1" 200 304 "-" "Mozilla/5.0 (compatible; Googlebot/2.1; +http://www.google.com/bot.html)"
66.249.68.116 - - [26/Feb/2010:22:37:01 -0800] "GET /blog HTTP/1.1" 302 349 "-" "Mozilla/5.0 (compatible; Googlebot/2.1; +http://www.google.com/bot.html)"
66.249.68.116 - - [26/Feb/2010:22:37:01 -0800] "GET / HTTP/1.1" 302 - "-" "Mozilla/5.0 (compatible; Googlebot/2.1; +http://www.google.com/bot.html)"
67.202.8.74 - - [26/Feb/2010:23:00:45 -0800] "GET / HTTP/1.0" 302 - "-" "Mozilla/4.0 (compatible; MSIE 6.0; Windows NT 5.1; SV1; .NET CLR 1.1.4322; .NET CLR 2.0.50728)"
216.129.119.40 - - [27/Feb/2010:00:28:47 -0800] "GET /robots.txt HTTP/1.1" 200 304 "-" "Mozilla/5.0 (Twiceler-0.9 http://www.cuil.com/twiceler/robot.html)"
220.181.94.223 - - [27/Feb/2010:00:35:23 -0800] "GET /robots.txt HTTP/1.1" 304 - "-" "Sogou web spider/4.0(+http://www.sogou.com/docs/help/webmasters.htm#07)"
220.181.94.223 - - [27/Feb/2010:00:35:33 -0800] "GET /robots.txt HTTP/1.1" 304 - "-" "Sogou web spider/4.0(+http://www.sogou.com/docs/help/webmasters.htm#07)"
208.80.193.37 - - [27/Feb/2010:01:09:29 -0800] "GET / HTTP/1.0" 302 - "-" "Mozilla/4.0 (compatible; MSIE 6.0; Windows NT 5.1; Avant Browser; SV1; FunWebProducts; Avant Browser; InfoPath.1)"
124.115.6.17 - - [27/Feb/2010:01:32:30 -0800] "GET /robots.txt HTTP/1.1" 200 304 "-" "Sosospider+(+http://help.soso.com/webspider.htm)"
93.158.148.31 - - [27/Feb/2010:04:07:11 -0800] "GET / HTTP/1.1" 302 - "-" "Yandex/1.01.001 (compatible; Win16; I)"
93.158.148.31 - - [27/Feb/2010:04:07:12 -0800] "GET / HTTP/1.1" 302 - "-" "Yandex/1.01.001 (compatible; Win16; I)"
208.80.193.29 - - [27/Feb/2010:05:51:41 -0800] "GET /blog/archive/2006_03_01_index.html&h=224&w=300&sz=12&hl=en&start=46 HTTP/1.0" 302 353 "-" "Mozilla/4.0 (compatible; MSIE 6.0; AOL 9.0; Windows NT 5.1; SV1; .NET CLR 1.1.4322; Windows-Media-Player/10.00.00.3990)"
208.80.193.27 - - [27/Feb/2010:07:09:54 -0800] "GET /blog/archive/2006_03_01_index.html&h=224&w=300&sz=12&hl=en&start=21 HTTP/1.0" 302 353 "-" "Mozilla/4.0 (compatible; MSIE 6.0; Windows NT 5.1; SV1; DigExt; .NET CLR 1.1.4322; .NET CLR 2.0.50727)"
66.249.68.75 - - [27/Feb/2010:08:52:28 -0800] "GET /robots.txt HTTP/1.1" 200 304 "-" "Mozilla/5.0 (compatible; Googlebot/2.1; +http://www.google.com/bot.html)"
66.249.68.116 - - [27/Feb/2010:10:55:43 -0800] "GET / HTTP/1.1" 302 - "-" "Mozilla/5.0 (compatible; Googlebot/2.1; +http://www.google.com/bot.html)"
96.31.166.228 - - [27/Feb/2010:10:56:55 -0800] "GET / HTTP/1.1" 302 - "-" "Mozilla/4.0 (compatible; MSIE 7.0; Windows NT 5.1)"
96.31.166.228 - - [27/Feb/2010:10:56:56 -0800] "GET /installation/index.php HTTP/1.1" 200 2232 "-" "Mozilla/4.0 (compatible; MSIE 7.0; Windows NT 5.1)"
24.62.166.84 - - [27/Feb/2010:13:34:00 -0800] "GET / HTTP/1.1" 302 - "http://www.google.com/search?source=ig&hl=en&rlz=&=&q=sharkbomb&aq=f&aqi=g-sx3&oq=" "Mozilla/5.0 (Windows; U; Windows NT 5.1; en-US; rv:1.9.1.8) Gecko/20100202 Firefox/3.5.8"
24.62.166.84 - - [27/Feb/2010:13:34:00 -0800] "GET /installation/index.php HTTP/1.1" 200 2231 "http://www.google.com/search?source=ig&hl=en&rlz=&=&q=sharkbomb&aq=f&aqi=g-sx3&oq=" "Mozilla/5.0 (Windows; U; Windows NT 5.1; en-US; rv:1.9.1.8) Gecko/20100202 Firefox/3.5.8"
24.62.166.84 - - [27/Feb/2010:13:34:02 -0800] "GET / HTTP/1.1" 302 - "http://www.google.com/search?source=ig&hl=en&rlz=&=&q=sharkbomb&aq=f&aqi=g-sx3&oq=" "Mozilla/5.0 (Windows; U; Windows NT 5.1; en-US; rv:1.9.1.8) Gecko/20100202 Firefox/3.5.8"
24.62.166.84 - - [27/Feb/2010:13:34:02 -0800] "GET /installation/index.php HTTP/1.1" 200 2231 "http://www.google.com/search?source=ig&hl=en&rlz=&=&q=sharkbomb&aq=f&aqi=g-sx3&oq=" "Mozilla/5.0 (Windows; U; Windows NT 5.1; en-US; rv:1.9.1.8) Gecko/20100202 Firefox/3.5.8"
24.62.166.84 - - [27/Feb/2010:13:34:05 -0800] "GET /installation/favicon.ico HTTP/1.1" 200 1150 "-" "Mozilla/5.0 (Windows; U; Windows NT 5.1; en-US; rv:1.9.1.8) Gecko/20100202 Firefox/3.5.8"
24.62.166.84 - - [27/Feb/2010:13:34:05 -0800] "GET /installation/template/css/template.css HTTP/1.1" 200 7375 "http://sharkbomb.com/installation/index.php" "Mozilla/5.0 (Windows; U; Windows NT 5.1; en-US; rv:1.9.1.8) Gecko/20100202 Firefox/3.5.8"
24.62.166.84 - - [27/Feb/2010:13:34:05 -0800] "GET /installation/includes/js/installation.js HTTP/1.1" 200 598 "http://sharkbomb.com/installation/index.php" "Mozilla/5.0 (Windows; U; Windows NT 5.1; en-US; rv:1.9.1.8) Gecko/20100202 Firefox/3.5.8"
24.62.166.84 - - [27/Feb/2010:13:34:05 -0800] "GET /installation/template/js/validation.js HTTP/1.1" 200 7137 "http://sharkbomb.com/installation/index.php" "Mozilla/5.0 (Windows; U; Windows NT 5.1; en-US; rv:1.9.1.8) Gecko/20100202 Firefox/3.5.8"
24.62.166.84 - - [27/Feb/2010:13:34:05 -0800] "GET /media/system/js/mootools.js HTTP/1.1" 200 74434 "http://sharkbomb.com/installation/index.php" "Mozilla/5.0 (Windows; U; Windows NT 5.1; en-US; rv:1.9.1.8) Gecko/20100202 Firefox/3.5.8"
24.62.166.84 - - [27/Feb/2010:13:34:06 -0800] "GET /installation/template/images/j_header_middle.png HTTP/1.1" 200 385 "http://sharkbomb.com/installation/template/css/template.css" "Mozilla/5.0 (Windows; U; Windows NT 5.1; en-US; rv:1.9.1.8) Gecko/20100202 Firefox/3.5.8"
24.62.166.84 - - [27/Feb/2010:13:34:06 -0800] "GET /installation/template/images/j_header_right.png HTTP/1.1" 200 366 "http://sharkbomb.com/installation/template/css/template.css" "Mozilla/5.0 (Windows; U; Windows NT 5.1; en-US; rv:1.9.1.8) Gecko/20100202 Firefox/3.5.8"
24.62.166.84 - - [27/Feb/2010:13:34:06 -0800] "GET /installation/template/images/j_bottom.png HTTP/1.1" 200 232 "http://sharkbomb.com/installation/template/css/template.css" "Mozilla/5.0 (Windows; U; Windows NT 5.1; en-US; rv:1.9.1.8) Gecko/20100202 Firefox/3.5.8"
24.62.166.84 - - [27/Feb/2010:13:34:06 -0800] "GET /installation/template/images/j_header_left.png HTTP/1.1" 200 5148 "http://sharkbomb.com/installation/template/css/template.css" "Mozilla/5.0 (Windows; U; Windows NT 5.1; en-US; rv:1.9.1.8) Gecko/20100202 Firefox/3.5.8"
24.62.166.84 - - [27/Feb/2010:13:34:06 -0800] "GET /installation/template/images/j_corner_br.png HTTP/1.1" 200 314 "http://sharkbomb.com/installation/template/css/template.css" "Mozilla/5.0 (Windows; U; Windows NT 5.1; en-US; rv:1.9.1.8) Gecko/20100202 Firefox/3.5.8"
24.62.166.84 - - [27/Feb/2010:13:34:06 -0800] "GET /installation/template/images/j_corner_bl.png HTTP/1.1" 200 303 "http://sharkbomb.com/installation/template/css/template.css" "Mozilla/5.0 (Windows; U; Windows NT 5.1; en-US; rv:1.9.1.8) Gecko/20100202 Firefox/3.5.8"
24.62.166.84 - - [27/Feb/2010:13:34:14 -0800] "GET / HTTP/1.1" 302 - "http://www.google.com/search?source=ig&hl=en&rlz=&=&q=sharkbomb&aq=f&aqi=g-sx3&oq=" "Mozilla/5.0 (Windows; U; Windows NT 5.1; en-US; rv:1.9.1.8) Gecko/20100202 Firefox/3.5.8"
24.62.166.84 - - [27/Feb/2010:13:34:14 -0800] "GET /installation/index.php HTTP/1.1" 200 2231 "http://www.google.com/search?source=ig&hl=en&rlz=&=&q=sharkbomb&aq=f&aqi=g-sx3&oq=" "Mozilla/5.0 (Windows; U; Windows NT 5.1; en-US; rv:1.9.1.8) Gecko/20100202 Firefox/3.5.8"
24.62.166.84 - - [27/Feb/2010:13:34:30 -0800] "GET / HTTP/1.1" 302 - "http://www.google.com/search?hl=en&q=sharkbomb&btnG=Search&aq=f&aqi=&aql=&oq=" "Mozilla/5.0 (Windows; U; Windows NT 5.1; en-US; rv:1.9.1.8) Gecko/20100202 Firefox/3.5.8"
24.62.166.84 - - [27/Feb/2010:13:34:30 -0800] "GET /installation/index.php HTTP/1.1" 200 2231 "http://www.google.com/search?hl=en&q=sharkbomb&btnG=Search&aq=f&aqi=&aql=&oq=" "Mozilla/5.0 (Windows; U; Windows NT 5.1; en-US; rv:1.9.1.8) Gecko/20100202 Firefox/3.5.8"
67.218.116.133 - - [27/Feb/2010:15:03:16 -0800] "GET /robots.txt HTTP/1.1" 200 304 "-" "Mozilla/5.0 (Twiceler-0.9 http://www.cuil.com/twiceler/robot.html)"
193.47.80.41 - - [27/Feb/2010:15:08:03 -0800] "GET / HTTP/1.1" 302 - "-" "Mozilla/5.0 (compatible; Exabot/3.0; +http://www.exabot.com/go/robot)"
208.80.193.32 - - [27/Feb/2010:15:28:53 -0800] "GET / HTTP/1.0" 302 - "-" "Mozilla/4.0 (compatible; MSIE 7.0; America Online Browser 1.1; Windows NT 5.1; .NET CLR 1.1.4322; ZangoToolbar 4.8.2)"
128.241.112.231 - - [27/Feb/2010:17:27:21 -0800] "HEAD / HTTP/1.1" 302 - "-" "Lynxy/6.6.6dev.8 libwww-FM/3.14159FM"
78.140.138.39 - - [27/Feb/2010:22:00:07 -0800] "GET / HTTP/1.1" 302 - "-" "Mozilla/5.0 (Windows; U; Windows NT 5.1; en-US; rv:1.9.0.5) Gecko/2008120122 Firefox/3.0.5"
216.129.119.40 - - [28/Feb/2010:00:16:16 -0800] "GET /robots.txt HTTP/1.1" 200 304 "-" "Mozilla/5.0 (Twiceler-0.9 http://www.cuil.com/twiceler/robot.html)"
124.115.6.17 - - [28/Feb/2010:02:02:58 -0800] "GET /robots.txt HTTP/1.1" 200 304 "-" "Sosospider+(+http://help.soso.com/webspider.htm)"
67.195.111.158 - - [28/Feb/2010:02:37:21 -0800] "GET /robots.txt HTTP/1.0" 200 304 "-" "Mozilla/5.0 (compatible; Yahoo! Slurp; http://help.yahoo.com/help/us/ysearch/slurp)"
67.195.111.158 - - [28/Feb/2010:02:37:22 -0800] "GET / HTTP/1.0" 302 - "-" "Mozilla/5.0 (compatible; Yahoo! Slurp/3.0; http://help.yahoo.com/help/us/ysearch/slurp)"
75.101.197.161 - - [28/Feb/2010:03:02:00 -0800] "GET /robots.txt HTTP/1.1" 200 304 "-" "Mozilla/5.0 (compatible; spbot/2.0; +http://www.seoprofiler.com/bot/ )"
75.101.197.161 - - [28/Feb/2010:03:02:00 -0800] "GET / HTTP/1.1" 302 - "-" "Mozilla/5.0 (compatible; spbot/2.0; +http://www.seoprofiler.com/bot/ )"
75.101.197.161 - - [28/Feb/2010:03:02:01 -0800] "GET /installation/index.php HTTP/1.1" 200 2232 "-" "Mozilla/5.0 (compatible; spbot/2.0; +http://www.seoprofiler.com/bot/ )"
61.49.181.234 - - [28/Feb/2010:06:45:01 -0800] "GET /coppermine/login.php?lang=english HTTP/1.1" 200 - "-" "Mozilla/4.0 (compatible; Windows XP 5.1; MSIE 6)"
93.158.148.31 - - [28/Feb/2010:11:27:56 -0800] "GET /robots.txt HTTP/1.1" 200 304 "-" "Yandex/1.01.001 (compatible; Win16; I)"
93.158.148.31 - - [28/Feb/2010:12:41:31 -0800] "GET /robots.txt HTTP/1.1" 200 304 "-" "Yandex/1.01.001 (compatible; Win16; I)"
91.191.243.194 - - [28/Feb/2010:13:55:14 -0800] "GET / HTTP/1.1" 302 - "http://homesolarenergy.org/" "Mozilla/5.0 (Windows; U; Win 9x 4.90; nl-NL; rv:1.7.5) Gecko/20041202 Firefox/1.0"
91.191.243.194 - - [28/Feb/2010:13:55:14 -0800] "GET / HTTP/1.1" 302 - "http://homesolarenergy.org/" "Mozilla/5.0 (Windows; U; Win 9x 4.90; nl-NL; rv:1.7.5) Gecko/20041202 Firefox/1.0"
91.191.243.194 - - [28/Feb/2010:13:55:14 -0800] "GET / HTTP/1.1" 302 - "http://homesolarenergy.org/" "Mozilla/5.0 (Windows; U; Win 9x 4.90; nl-NL; rv:1.7.5) Gecko/20041202 Firefox/1.0"
208.80.193.42 - - [28/Feb/2010:14:27:59 -0800] "GET / HTTP/1.0" 302 - "-" "Mozilla/4.0 (compatible; MSIE 7.0; Windows NT 5.1; dna Internet)"
67.218.116.133 - - [28/Feb/2010:14:51:20 -0800] "GET /robots.txt HTTP/1.1" 200 304 "-" "Mozilla/5.0 (Twiceler-0.9 http://www.cuil.com/twiceler/robot.html)"
66.249.68.116 - - [28/Feb/2010:15:06:43 -0800] "GET /robots.txt HTTP/1.1" 200 304 "-" "Mozilla/5.0 (compatible; Googlebot/2.1; +http://www.google.com/bot.html)"
193.47.80.41 - - [28/Feb/2010:15:15:27 -0800] "GET /robots.txt HTTP/1.1" 200 304 "-" "Mozilla/5.0 (compatible; Exabot/3.0; +http://www.exabot.com/go/robot)"
193.47.80.41 - - [28/Feb/2010:15:15:28 -0800] "GET / HTTP/1.1" 302 - "-" "Mozilla/5.0 (compatible; Exabot/3.0; +http://www.exabot.com/go/robot)"
93.158.148.31 - - [28/Feb/2010:17:38:09 -0800] "GET / HTTP/1.1" 302 - "-" "Yandex/1.01.001 (compatible; Win16; I)"
93.158.148.31 - - [28/Feb/2010:17:38:10 -0800] "GET / HTTP/1.1" 302 - "-" "Yandex/1.01.001 (compatible; Win16; I)"
61.49.181.234 - - [28/Feb/2010:18:19:33 -0800] "GET /coppermine/login.php?lang=english HTTP/1.1" 200 - "-" "Mozilla/4.0 (compatible; Windows XP 5.1; MSIE 6)"
61.49.181.234 - - [28/Feb/2010:18:31:25 -0800] "GET /coppermine/login.php?lang=english HTTP/1.1" 200 - "-" "Mozilla/4.0 (compatible; Windows XP 5.1; MSIE 6)"
208.80.193.38 - - [28/Feb/2010:19:02:05 -0800] "GET /blog/archive/2006_03_01_index.html&h=224&w=300&sz=12&hl=en&start=46 HTTP/1.0" 302 353 "-" "Mozilla/4.0 (compatible; MSIE 6.0; Windows NT 5.1; {83C8DB52-03EF-7DF8-D0C5-7BF183131B11}; .NET CLR 2.0.50727)"
66.249.68.75 - - [28/Feb/2010:20:09:38 -0800] "GET /robots.txt HTTP/1.1" 200 304 "-" "Mozilla/5.0 (compatible; Googlebot/2.1; +http://www.google.com/bot.html)"
66.249.68.75 - - [28/Feb/2010:20:09:38 -0800] "GET / HTTP/1.1" 302 - "-" "Mozilla/5.0 (compatible; Googlebot/2.1; +http://www.google.com/bot.html)"
208.80.193.29 - - [28/Feb/2010:20:20:45 -0800] "GET /blog/archive/2006_03_01_index.html&h=224&w=300&sz=12&hl=en&start=21 HTTP/1.0" 302 353 "-" "Mozilla/4.0 (compatible; MSIE 7.0; Windows NT 5.1; {A42FC963-C64B-4780-926E-FB072EF0B192}; FunWebProducts; YPC 3.2.0; .NET CLR 1.0.3705; .NET CLR 1.1.4322)"
208.115.111.243 - - [28/Feb/2010:20:50:45 -0800] "GET /robots.txt HTTP/1.1" 200 304 "-" "Mozilla/5.0 (compatible; DotBot/1.1; http://www.dotnetdotcom.org/, crawler@dotnetdotcom.org)"
61.49.181.234 - - [28/Feb/2010:22:13:36 -0800] "GET /coppermine/login.php?lang=english HTTP/1.1" 200 - "-" "Mozilla/4.0 (compatible; Windows XP 5.1; MSIE 6)"
78.159.112.81 - - [28/Feb/2010:23:15:41 -0800] "GET /index.php/page/index.html HTTP/1.1" 302 - "-" "Mozilla/4.0 (compatible; MSIE 6.0; Windows NT 5.1; SV1)"
78.159.112.81 - - [28/Feb/2010:23:15:41 -0800] "GET /index.php/page/installation/index.php HTTP/1.1" 302 - "-" "Mozilla/4.0 (compatible; MSIE 6.0; Windows NT 5.1; SV1)"
78.159.112.81 - - [28/Feb/2010:23:15:42 -0800] "GET /index.php/page/installation/installation/index.php HTTP/1.1" 302 - "-" "Mozilla/4.0 (compatible; MSIE 6.0; Windows NT 5.1; SV1)"
78.159.112.81 - - [28/Feb/2010:23:15:42 -0800] "GET /index.php/page/installation/installation/installation/index.php HTTP/1.1" 302 - "-" "Mozilla/4.0 (compatible; MSIE 6.0; Windows NT 5.1; SV1)"
78.159.112.81 - - [28/Feb/2010:23:15:43 -0800] "GET /index.php/page/installation/installation/installation/installation/index.php HTTP/1.1" 302 - "-" "Mozilla/4.0 (compatible; MSIE 6.0; Windows NT 5.1; SV1)"
78.159.112.81 - - [28/Feb/2010:23:15:43 -0800] "GET /index.php/page/installation/installation/installation/installation/installation/index.php HTTP/1.1" 302 - "-" "Mozilla/4.0 (compatible; MSIE 6.0; Windows NT 5.1; SV1)"
216.129.119.40 - - [01/Mar/2010:00:12:43 -0800] "GET /robots.txt HTTP/1.1" 200 304 "-" "Mozilla/5.0 (Twiceler-0.9 http://www.cuil.com/twiceler/robot.html)"
220.181.94.223 - - [01/Mar/2010:00:33:46 -0800] "GET /robots.txt HTTP/1.1" 304 - "-" "Sogou web spider/4.0(+http://www.sogou.com/docs/help/webmasters.htm#07)"
220.181.94.223 - - [01/Mar/2010:00:33:55 -0800] "GET /robots.txt HTTP/1.1" 304 - "-" "Sogou web spider/4.0(+http://www.sogou.com/docs/help/webmasters.htm#07)"
208.115.111.243 - - [01/Mar/2010:00:43:41 -0800] "GET /robots.txt HTTP/1.1" 200 304 "-" "Mozilla/5.0 (compatible; DotBot/1.1; http://www.dotnetdotcom.org/, crawler@dotnetdotcom.org)"
93.158.148.31 - - [01/Mar/2010:01:06:32 -0800] "GET / HTTP/1.1" 302 - "-" "Yandex/1.01.001 (compatible; Win16; I)"
66.249.68.116 - - [01/Mar/2010:01:14:11 -0800] "GET /blog HTTP/1.1" 302 349 "-" "Mozilla/5.0 (compatible; Googlebot/2.1; +http://www.google.com/bot.html)"
66.249.68.116 - - [01/Mar/2010:01:14:12 -0800] "GET / HTTP/1.1" 302 - "-" "Mozilla/5.0 (compatible; Googlebot/2.1; +http://www.google.com/bot.html)"
124.115.6.17 - - [01/Mar/2010:04:06:51 -0800] "GET /robots.txt HTTP/1.1" 200 304 "-" "Sosospider+(+http://help.soso.com/webspider.htm)"
208.80.193.37 - - [01/Mar/2010:04:26:10 -0800] "GET / HTTP/1.0" 302 - "-" "Mozilla/4.0 (compatible; MSIE 6.0; Windows NT 5.1; acc=jocker; SV1; FunWebProducts; .NET CLR 2.0.50727)"
208.115.111.243 - - [01/Mar/2010:05:21:43 -0800] "GET / HTTP/1.1" 302 - "-" "Mozilla/5.0 (compatible; DotBot/1.1; http://www.dotnetdotcom.org/, crawler@dotnetdotcom.org)"
74.222.4.82 - - [01/Mar/2010:09:52:02 -0800] "GET /robots.txt HTTP/1.0" 200 304 "http://sharkbomb.com/robots.txt" "Mozilla/4.0 (compatible; MSIE 6.0; Windows NT 5.1; SV1; .NET CLR 2.0.50727)"
74.222.4.82 - - [01/Mar/2010:09:52:02 -0800] "GET / HTTP/1.0" 302 - "http://sharkbomb.com/" "Mozilla/4.0 (compatible; MSIE 6.0; Windows NT 5.1; SV1; .NET CLR 2.0.50727)"
74.222.4.82 - - [01/Mar/2010:09:52:09 -0800] "GET /robots.txt HTTP/1.0" 200 304 "http://sharkbomb.com/robots.txt" "Mozilla/4.0 (compatible; MSIE 6.0; Windows NT 5.1; SV1; .NET CLR 2.0.50727)"
66.249.68.116 - - [01/Mar/2010:11:03:42 -0800] "GET / HTTP/1.1" 302 - "-" "Mozilla/5.0 (compatible; Googlebot/2.1; +http://www.google.com/bot.html)"
93.158.148.31 - - [01/Mar/2010:12:14:11 -0800] "GET /robots.txt HTTP/1.1" 200 304 "-" "Yandex/1.01.001 (compatible; Win16; I)"
93.158.148.31 - - [01/Mar/2010:13:57:00 -0800] "GET /robots.txt HTTP/1.1" 200 304 "-" "Yandex/1.01.001 (compatible; Win16; I)"
67.218.116.133 - - [01/Mar/2010:14:51:15 -0800] "GET /robots.txt HTTP/1.1" 200 304 "-" "Mozilla/5.0 (Twiceler-0.9 http://www.cuil.com/twiceler/robot.html)"
193.47.80.41 - - [01/Mar/2010:15:16:06 -0800] "GET /robots.txt HTTP/1.1" 200 304 "-" "Mozilla/5.0 (compatible; Exabot/3.0; +http://www.exabot.com/go/robot)"
193.47.80.41 - - [01/Mar/2010:15:16:06 -0800] "GET / HTTP/1.1" 302 - "-" "Mozilla/5.0 (compatible; Exabot/3.0; +http://www.exabot.com/go/robot)"
124.115.6.17 - - [01/Mar/2010:18:41:20 -0800] "GET /robots.txt HTTP/1.1" 200 304 "-" "Sosospider+(+http://help.soso.com/webspider.htm)"
71.232.25.61 - - [01/Mar/2010:19:02:02 -0800] "GET / HTTP/1.1" 302 - "-" "curl/7.18.0 (i586-pc-mingw32msvc) libcurl/7.18.0 zlib/1.2.3"
71.41.201.34 - - [01/Mar/2010:21:10:13 -0800] "GET /robots.txt HTTP/1.1" 200 304 "-" "MLBot (www.metadatalabs.com/mlbot)"
71.41.201.34 - - [01/Mar/2010:21:10:13 -0800] "GET / HTTP/1.1" 302 - "-" "MLBot (www.metadatalabs.com/mlbot)"
216.129.119.40 - - [01/Mar/2010:22:34:30 -0800] "GET /robots.txt HTTP/1.1" 200 304 "-" "Mozilla/5.0 (Twiceler-0.9 http://www.cuil.com/twiceler/robot.html)"
93.158.148.31 - - [02/Mar/2010:01:25:17 -0800] "GET / HTTP/1.1" 302 - "-" "Yandex/1.01.001 (compatible; Win16; I)"
66.249.68.75 - - [02/Mar/2010:02:24:47 -0800] "GET /robots.txt HTTP/1.1" 200 304 "-" "Mozilla/5.0 (compatible; Googlebot/2.1; +http://www.google.com/bot.html)"
208.80.193.34 - - [02/Mar/2010:03:44:27 -0800] "GET / HTTP/1.0" 302 - "-" "Mozilla/4.0 (compatible; MSIE 6.0; Windows NT 5.1; {E85134AC-42BE-B206-EEE8-04D63021CA48})"
93.158.148.31 - - [02/Mar/2010:05:40:09 -0800] "GET / HTTP/1.1" 302 - "-" "Yandex/1.01.001 (compatible; Win16; I)"
216.145.17.190 - - [02/Mar/2010:06:35:20 -0800] "GET /robots.txt HTTP/1.0" 200 304 "-" "Mozilla/5.0 (Windows; U; Windows NT 5.1; en; rv:1.9.0.13) Gecko/2009073022 Firefox/3.5.2 (.NET CLR 3.5.30729) SurveyBot/2.3 (DomainTools)"
216.145.17.190 - - [02/Mar/2010:06:35:20 -0800] "GET / HTTP/1.1" 302 - "http://whois.domaintools.com/sharkbomb.com" "Mozilla/5.0 (Windows; U; Windows NT 5.1; en; rv:1.9.0.13) Gecko/2009073022 Firefox/3.5.2 (.NET CLR 3.5.30729) SurveyBot/2.3 (DomainTools)"
216.145.17.190 - - [02/Mar/2010:06:35:21 -0800] "GET /installation/index.php HTTP/1.1" 200 2231 "http://whois.domaintools.com/sharkbomb.com" "Mozilla/5.0 (Windows; U; Windows NT 5.1; en; rv:1.9.0.13) Gecko/2009073022 Firefox/3.5.2 (.NET CLR 3.5.30729) SurveyBot/2.3 (DomainTools)"
66.249.68.75 - - [02/Mar/2010:07:05:01 -0800] "GET / HTTP/1.1" 302 - "-" "Mozilla/5.0 (compatible; Googlebot/2.1; +http://www.google.com/bot.html)"
208.80.193.27 - - [02/Mar/2010:08:26:38 -0800] "GET /blog/archive/2006_03_01_index.html&h=224&w=300&sz=12&hl=en&start=46 HTTP/1.0" 302 353 "-" "Mozilla/4.0 (compatible; MSIE 6.0; Windows NT 5.1; .NET CLR 1.1.4322; MSN 8.0; MSNbMSNI; MSNmen-us; MSNcOTH)"
208.80.193.30 - - [02/Mar/2010:09:43:27 -0800] "GET /blog/archive/2006_03_01_index.html&h=224&w=300&sz=12&hl=en&start=21 HTTP/1.0" 302 353 "-" "Mozilla/4.0 (compatible; MSIE 7.0; AOL 9.0; Windows NT 5.1; IEMB3; .NET CLR 1.1.4322)"
66.249.68.75 - - [02/Mar/2010:10:04:43 -0800] "GET / HTTP/1.1" 302 - "-" "Mozilla/5.0 (compatible; Googlebot/2.1; +http://www.google.com/bot.html)"
67.218.116.133 - - [02/Mar/2010:12:49:02 -0800] "GET /robots.txt HTTP/1.1" 200 304 "-" "Mozilla/5.0 (Twiceler-0.9 http://www.cuil.com/twiceler/robot.html)"
93.158.148.31 - - [02/Mar/2010:17:24:33 -0800] "GET /robots.txt HTTP/1.1" 200 304 "-" "Yandex/1.01.001 (compatible; Win16; I)"
208.80.193.42 - - [02/Mar/2010:17:59:15 -0800] "GET / HTTP/1.0" 302 - "-" "Mozilla/4.0 (compatible; MSIE 6.0; Windows NT 5.1; FunWebProducts-MyWay)"
193.47.80.41 - - [02/Mar/2010:18:10:25 -0800] "GET /robots.txt HTTP/1.1" 200 304 "-" "Mozilla/5.0 (compatible; Exabot/3.0; +http://www.exabot.com/go/robot)"
193.47.80.41 - - [02/Mar/2010:18:10:29 -0800] "GET /index.php/photos/album/1/photo/5.html HTTP/1.1" 302 - "-" "Mozilla/5.0 (compatible; Exabot/3.0; +http://www.exabot.com/go/robot)"
193.47.80.41 - - [02/Mar/2010:18:10:29 -0800] "GET /index.php/photos/album/1/photo/installation/index.php HTTP/1.1" 302 - "-" "Mozilla/5.0 (compatible; Exabot/3.0; +http://www.exabot.com/go/robot)"
193.47.80.41 - - [02/Mar/2010:18:10:37 -0800] "GET /index.php/photos/album/1/photo/installation/installation/index.php HTTP/1.1" 302 - "-" "Mozilla/5.0 (compatible; Exabot/3.0; +http://www.exabot.com/go/robot)"
207.46.195.232 - - [02/Mar/2010:18:23:10 -0800] "GET /robots.txt HTTP/1.1" 200 304 "-" "msnbot/2.0b (+http://search.msn.com/msnbot.htm)"
207.46.195.232 - - [02/Mar/2010:18:24:17 -0800] "GET / HTTP/1.1" 302 - "-" "msnbot/2.0b (+http://search.msn.com/msnbot.htm)"
209.216.189.147 - - [02/Mar/2010:21:11:09 -0800] "GET / HTTP/1.1" 302 - "-" "Mozilla/5.0 (Windows; U; Windows NT 5.1; en-US; rv:1.9.1.8) Gecko/20100202 Firefox/3.5.8 (.NET CLR 3.5.30729)"
216.129.119.40 - - [02/Mar/2010:22:28:43 -0800] "GET /robots.txt HTTP/1.1" 200 304 "-" "Mozilla/5.0 (Twiceler-0.9 http://www.cuil.com/twiceler/robot.html)"
220.181.94.223 - - [03/Mar/2010:00:36:36 -0800] "GET /robots.txt HTTP/1.1" 304 - "-" "Sogou web spider/4.0(+http://www.sogou.com/docs/help/webmasters.htm#07)"
220.181.94.223 - - [03/Mar/2010:00:36:45 -0800] "GET /robots.txt HTTP/1.1" 304 - "-" "Sogou web spider/4.0(+http://www.sogou.com/docs/help/webmasters.htm#07)"
61.49.181.234 - - [03/Mar/2010:02:59:51 -0800] "GET /coppermine/login.php?lang=english HTTP/1.1" 200 - "-" "Mozilla/4.0 (compatible; Windows XP 5.1; MSIE 6)"
66.249.68.81 - - [03/Mar/2010:03:33:38 -0800] "GET /robots.txt HTTP/1.1" 200 304 "-" "Mozilla/5.0 (compatible; Googlebot/2.1; +http://www.google.com/bot.html)"
66.249.68.81 - - [03/Mar/2010:07:33:18 -0800] "GET /blog HTTP/1.1" 302 349 "-" "Mozilla/5.0 (compatible; Googlebot/2.1; +http://www.google.com/bot.html)"
66.249.68.81 - - [03/Mar/2010:07:33:18 -0800] "GET / HTTP/1.1" 302 - "-" "Mozilla/5.0 (compatible; Googlebot/2.1; +http://www.google.com/bot.html)"
61.49.181.99 - - [03/Mar/2010:08:24:03 -0800] "GET /coppermine/login.php?lang=english HTTP/1.1" 200 - "-" "Mozilla/4.0 (compatible; Windows XP 5.1; MSIE 6)"
93.158.148.31 - - [03/Mar/2010:12:01:45 -0800] "GET /robots.txt HTTP/1.1" 200 304 "-" "Yandex/1.01.001 (compatible; Win16; I)"
67.218.116.133 - - [03/Mar/2010:13:04:42 -0800] "GET /robots.txt HTTP/1.1" 200 304 "-" "Mozilla/5.0 (Twiceler-0.9 http://www.cuil.com/twiceler/robot.html)"
66.249.68.75 - - [03/Mar/2010:14:49:59 -0800] "GET /robots.txt HTTP/1.1" 200 304 "-" "Mozilla/5.0 (compatible; Googlebot/2.1; +http://www.google.com/bot.html)"
66.249.68.75 - - [03/Mar/2010:14:49:59 -0800] "GET / HTTP/1.1" 302 - "-" "Mozilla/5.0 (compatible; Googlebot/2.1; +http://www.google.com/bot.html)"
193.47.80.41 - - [03/Mar/2010:15:24:57 -0800] "GET /robots.txt HTTP/1.1" 200 304 "-" "Mozilla/5.0 (compatible; Exabot/3.0; +http://www.exabot.com/go/robot)"
193.47.80.41 - - [03/Mar/2010:15:24:58 -0800] "GET / HTTP/1.1" 302 - "-" "Mozilla/5.0 (compatible; Exabot/3.0; +http://www.exabot.com/go/robot)"
91.18.125.100 - - [03/Mar/2010:15:45:10 -0800] "GET / HTTP/1.1" 302 - "http://www.google.com/search?client=safari&rls=en&q=shark+teeth+bomber&ie=UTF-8&oe=UTF-8" "Mozilla/5.0 (Macintosh; U; Intel Mac OS X 10_6_2; de-de) AppleWebKit/531.21.8 (KHTML, like Gecko) Version/4.0.4 Safari/531.21.10"
91.18.125.100 - - [03/Mar/2010:15:45:10 -0800] "GET /installation/index.php HTTP/1.1" 200 2296 "http://www.google.com/search?client=safari&rls=en&q=shark+teeth+bomber&ie=UTF-8&oe=UTF-8" "Mozilla/5.0 (Macintosh; U; Intel Mac OS X 10_6_2; de-de) AppleWebKit/531.21.8 (KHTML, like Gecko) Version/4.0.4 Safari/531.21.10"
91.18.125.100 - - [03/Mar/2010:15:45:13 -0800] "GET /installation/includes/js/installation.js HTTP/1.1" 200 598 "http://sharkbomb.com/installation/index.php" "Mozilla/5.0 (Macintosh; U; Intel Mac OS X 10_6_2; de-de) AppleWebKit/531.21.8 (KHTML, like Gecko) Version/4.0.4 Safari/531.21.10"
91.18.125.100 - - [03/Mar/2010:15:45:14 -0800] "GET /installation/template/css/template.css HTTP/1.1" 200 7375 "http://sharkbomb.com/installation/index.php" "Mozilla/5.0 (Macintosh; U; Intel Mac OS X 10_6_2; de-de) AppleWebKit/531.21.8 (KHTML, like Gecko) Version/4.0.4 Safari/531.21.10"
91.18.125.100 - - [03/Mar/2010:15:45:14 -0800] "GET /installation/template/js/validation.js HTTP/1.1" 200 7137 "http://sharkbomb.com/installation/index.php" "Mozilla/5.0 (Macintosh; U; Intel Mac OS X 10_6_2; de-de) AppleWebKit/531.21.8 (KHTML, like Gecko) Version/4.0.4 Safari/531.21.10"
91.18.125.100 - - [03/Mar/2010:15:45:14 -0800] "GET /media/system/js/mootools.js HTTP/1.1" 200 74434 "http://sharkbomb.com/installation/index.php" "Mozilla/5.0 (Macintosh; U; Intel Mac OS X 10_6_2; de-de) AppleWebKit/531.21.8 (KHTML, like Gecko) Version/4.0.4 Safari/531.21.10"
91.18.125.100 - - [03/Mar/2010:15:45:16 -0800] "GET /installation/template/images/j_header_middle.png HTTP/1.1" 200 385 "http://sharkbomb.com/installation/index.php" "Mozilla/5.0 (Macintosh; U; Intel Mac OS X 10_6_2; de-de) AppleWebKit/531.21.8 (KHTML, like Gecko) Version/4.0.4 Safari/531.21.10"
91.18.125.100 - - [03/Mar/2010:15:45:16 -0800] "GET /installation/template/images/j_bottom.png HTTP/1.1" 200 232 "http://sharkbomb.com/installation/index.php" "Mozilla/5.0 (Macintosh; U; Intel Mac OS X 10_6_2; de-de) AppleWebKit/531.21.8 (KHTML, like Gecko) Version/4.0.4 Safari/531.21.10"
91.18.125.100 - - [03/Mar/2010:15:45:16 -0800] "GET /installation/template/images/j_header_left.png HTTP/1.1" 200 5148 "http://sharkbomb.com/installation/index.php" "Mozilla/5.0 (Macintosh; U; Intel Mac OS X 10_6_2; de-de) AppleWebKit/531.21.8 (KHTML, like Gecko) Version/4.0.4 Safari/531.21.10"
91.18.125.100 - - [03/Mar/2010:15:45:16 -0800] "GET /installation/template/images/j_header_right.png HTTP/1.1" 200 366 "http://sharkbomb.com/installation/index.php" "Mozilla/5.0 (Macintosh; U; Intel Mac OS X 10_6_2; de-de) AppleWebKit/531.21.8 (KHTML, like Gecko) Version/4.0.4 Safari/531.21.10"
91.18.125.100 - - [03/Mar/2010:15:45:16 -0800] "GET /installation/template/images/j_corner_br.png HTTP/1.1" 200 314 "http://sharkbomb.com/installation/index.php" "Mozilla/5.0 (Macintosh; U; Intel Mac OS X 10_6_2; de-de) AppleWebKit/531.21.8 (KHTML, like Gecko) Version/4.0.4 Safari/531.21.10"
91.18.125.100 - - [03/Mar/2010:15:45:16 -0800] "GET /installation/template/images/j_corner_bl.png HTTP/1.1" 200 303 "http://sharkbomb.com/installation/index.php" "Mozilla/5.0 (Macintosh; U; Intel Mac OS X 10_6_2; de-de) AppleWebKit/531.21.8 (KHTML, like Gecko) Version/4.0.4 Safari/531.21.10"
91.18.125.100 - - [03/Mar/2010:15:45:16 -0800] "GET /installation/favicon.ico HTTP/1.1" 200 1150 "http://sharkbomb.com/installation/index.php" "Mozilla/5.0 (Macintosh; U; Intel Mac OS X 10_6_2; de-de) AppleWebKit/531.21.8 (KHTML, like Gecko) Version/4.0.4 Safari/531.21.10"
61.49.181.234 - - [03/Mar/2010:16:51:53 -0800] "GET /coppermine/login.php?lang=english HTTP/1.1" 200 - "-" "Mozilla/4.0 (compatible; Windows XP 5.1; MSIE 6)"
67.202.8.74 - - [03/Mar/2010:18:39:57 -0800] "GET /blog/archive/2006_03_01_index.html&h=224&w=300&sz=12&hl=en&start=46 HTTP/1.0" 302 353 "-" "Mozilla/4.0 (compatible; MSIE 6.0; Windows NT 5.1; SV1; .NET CLR 1.1.4322; .NET CLR 2.0.50728)"
216.129.119.40 - - [03/Mar/2010:19:05:50 -0800] "GET / HTTP/1.1" 302 - "-" "Mozilla/5.0 (Twiceler-0.9 http://www.cuil.com/twiceler/robot.html)"
208.80.193.30 - - [03/Mar/2010:19:07:38 -0800] "GET / HTTP/1.0" 302 - "-" "Mozilla/4.0 (compatible; MSIE 7.0; Windows NT 5.1; Windows-Media-Player/10.00.00.3990; .NET CLR 1.1.4322; .NET CLR 2.0.50727; .NET CLR 3.0.04506.30)"
203.45.50.145 - - [03/Mar/2010:19:29:27 -0800] "GET / HTTP/1.1" 302 - "http://www.bing.com/search?q=shark%20bomb&form=MSNH50&mkt=en-au&qs=n" "Mozilla/4.0 (compatible; MSIE 8.0; Windows NT 5.1; Trident/4.0; GTB6.4; .NET CLR 1.1.4322; .NET CLR 2.0.50727; .NET CLR 3.0.04506.30; .NET CLR 3.0.04506.648; .NET CLR 3.0.4506.2152; .NET CLR 3.5.30729; OfficeLiveConnector.1.4; OfficeLivePatch.1.3)"
203.45.50.145 - - [03/Mar/2010:19:29:28 -0800] "GET /installation/index.php HTTP/1.1" 200 2231 "http://www.bing.com/search?q=shark%20bomb&form=MSNH50&mkt=en-au&qs=n" "Mozilla/4.0 (compatible; MSIE 8.0; Windows NT 5.1; Trident/4.0; GTB6.4; .NET CLR 1.1.4322; .NET CLR 2.0.50727; .NET CLR 3.0.04506.30; .NET CLR 3.0.04506.648; .NET CLR 3.0.4506.2152; .NET CLR 3.5.30729; OfficeLiveConnector.1.4; OfficeLivePatch.1.3)"
203.45.50.145 - - [03/Mar/2010:19:29:30 -0800] "GET /installation/template/js/validation.js HTTP/1.1" 200 7137 "http://sharkbomb.com/installation/index.php" "Mozilla/4.0 (compatible; MSIE 8.0; Windows NT 5.1; Trident/4.0; GTB6.4; .NET CLR 1.1.4322; .NET CLR 2.0.50727; .NET CLR 3.0.04506.30; .NET CLR 3.0.04506.648; .NET CLR 3.0.4506.2152; .NET CLR 3.5.30729; OfficeLiveConnector.1.4; OfficeLivePatch.1.3)"
203.45.50.145 - - [03/Mar/2010:19:29:30 -0800] "GET /installation/template/css/template.css HTTP/1.1" 200 7375 "http://sharkbomb.com/installation/index.php" "Mozilla/4.0 (compatible; MSIE 8.0; Windows NT 5.1; Trident/4.0; GTB6.4; .NET CLR 1.1.4322; .NET CLR 2.0.50727; .NET CLR 3.0.04506.30; .NET CLR 3.0.04506.648; .NET CLR 3.0.4506.2152; .NET CLR 3.5.30729; OfficeLiveConnector.1.4; OfficeLivePatch.1.3)"
203.45.50.145 - - [03/Mar/2010:19:29:30 -0800] "GET /installation/includes/js/installation.js HTTP/1.1" 200 598 "http://sharkbomb.com/installation/index.php" "Mozilla/4.0 (compatible; MSIE 8.0; Windows NT 5.1; Trident/4.0; GTB6.4; .NET CLR 1.1.4322; .NET CLR 2.0.50727; .NET CLR 3.0.04506.30; .NET CLR 3.0.04506.648; .NET CLR 3.0.4506.2152; .NET CLR 3.5.30729; OfficeLiveConnector.1.4; OfficeLivePatch.1.3)"
203.45.50.145 - - [03/Mar/2010:19:29:30 -0800] "GET /media/system/js/mootools.js HTTP/1.1" 200 74434 "http://sharkbomb.com/installation/index.php" "Mozilla/4.0 (compatible; MSIE 8.0; Windows NT 5.1; Trident/4.0; GTB6.4; .NET CLR 1.1.4322; .NET CLR 2.0.50727; .NET CLR 3.0.04506.30; .NET CLR 3.0.04506.648; .NET CLR 3.0.4506.2152; .NET CLR 3.5.30729; OfficeLiveConnector.1.4; OfficeLivePatch.1.3)"
203.45.50.145 - - [03/Mar/2010:19:29:32 -0800] "GET /installation/template/images/j_header_middle.png HTTP/1.1" 200 385 "http://sharkbomb.com/installation/index.php" "Mozilla/4.0 (compatible; MSIE 8.0; Windows NT 5.1; Trident/4.0; GTB6.4; .NET CLR 1.1.4322; .NET CLR 2.0.50727; .NET CLR 3.0.04506.30; .NET CLR 3.0.04506.648; .NET CLR 3.0.4506.2152; .NET CLR 3.5.30729; OfficeLiveConnector.1.4; OfficeLivePatch.1.3)"
203.45.50.145 - - [03/Mar/2010:19:29:32 -0800] "GET /installation/template/images/j_header_right.png HTTP/1.1" 200 366 "http://sharkbomb.com/installation/index.php" "Mozilla/4.0 (compatible; MSIE 8.0; Windows NT 5.1; Trident/4.0; GTB6.4; .NET CLR 1.1.4322; .NET CLR 2.0.50727; .NET CLR 3.0.04506.30; .NET CLR 3.0.04506.648; .NET CLR 3.0.4506.2152; .NET CLR 3.5.30729; OfficeLiveConnector.1.4; OfficeLivePatch.1.3)"
203.45.50.145 - - [03/Mar/2010:19:29:32 -0800] "GET /installation/template/images/j_header_left.png HTTP/1.1" 200 5148 "http://sharkbomb.com/installation/index.php" "Mozilla/4.0 (compatible; MSIE 8.0; Windows NT 5.1; Trident/4.0; GTB6.4; .NET CLR 1.1.4322; .NET CLR 2.0.50727; .NET CLR 3.0.04506.30; .NET CLR 3.0.04506.648; .NET CLR 3.0.4506.2152; .NET CLR 3.5.30729; OfficeLiveConnector.1.4; OfficeLivePatch.1.3)"
203.45.50.145 - - [03/Mar/2010:19:29:32 -0800] "GET /installation/template/images/j_bottom.png HTTP/1.1" 200 232 "http://sharkbomb.com/installation/index.php" "Mozilla/4.0 (compatible; MSIE 8.0; Windows NT 5.1; Trident/4.0; GTB6.4; .NET CLR 1.1.4322; .NET CLR 2.0.50727; .NET CLR 3.0.04506.30; .NET CLR 3.0.04506.648; .NET CLR 3.0.4506.2152; .NET CLR 3.5.30729; OfficeLiveConnector.1.4; OfficeLivePatch.1.3)"
203.45.50.145 - - [03/Mar/2010:19:29:32 -0800] "GET /installation/template/images/j_corner_br.png HTTP/1.1" 200 314 "http://sharkbomb.com/installation/index.php" "Mozilla/4.0 (compatible; MSIE 8.0; Windows NT 5.1; Trident/4.0; GTB6.4; .NET CLR 1.1.4322; .NET CLR 2.0.50727; .NET CLR 3.0.04506.30; .NET CLR 3.0.04506.648; .NET CLR 3.0.4506.2152; .NET CLR 3.5.30729; OfficeLiveConnector.1.4; OfficeLivePatch.1.3)"
203.45.50.145 - - [03/Mar/2010:19:29:32 -0800] "GET /installation/template/images/j_corner_bl.png HTTP/1.1" 200 303 "http://sharkbomb.com/installation/index.php" "Mozilla/4.0 (compatible; MSIE 8.0; Windows NT 5.1; Trident/4.0; GTB6.4; .NET CLR 1.1.4322; .NET CLR 2.0.50727; .NET CLR 3.0.04506.30; .NET CLR 3.0.04506.648; .NET CLR 3.0.4506.2152; .NET CLR 3.5.30729; OfficeLiveConnector.1.4; OfficeLivePatch.1.3)"
203.45.50.145 - - [03/Mar/2010:19:29:33 -0800] "GET /installation/favicon.ico HTTP/1.1" 200 1150 "-" "Mozilla/4.0 (compatible; MSIE 8.0; Windows NT 5.1; Trident/4.0; GTB6.4; .NET CLR 1.1.4322; .NET CLR 2.0.50727; .NET CLR 3.0.04506.30; .NET CLR 3.0.04506.648; .NET CLR 3.0.4506.2152; .NET CLR 3.5.30729; OfficeLiveConnector.1.4; OfficeLivePatch.1.3)"
203.45.50.145 - - [03/Mar/2010:19:29:57 -0800] "GET / HTTP/1.1" 302 - "http://sharkbomb.com/installation/index.php" "Mozilla/4.0 (compatible; MSIE 8.0; Windows NT 5.1; Trident/4.0; GTB6.4; .NET CLR 1.1.4322; .NET CLR 2.0.50727; .NET CLR 3.0.04506.30; .NET CLR 3.0.04506.648; .NET CLR 3.0.4506.2152; .NET CLR 3.5.30729; OfficeLiveConnector.1.4; OfficeLivePatch.1.3)"
203.45.50.145 - - [03/Mar/2010:19:29:57 -0800] "GET /installation/index.php HTTP/1.1" 200 2231 "http://sharkbomb.com/installation/index.php" "Mozilla/4.0 (compatible; MSIE 8.0; Windows NT 5.1; Trident/4.0; GTB6.4; .NET CLR 1.1.4322; .NET CLR 2.0.50727; .NET CLR 3.0.04506.30; .NET CLR 3.0.04506.648; .NET CLR 3.0.4506.2152; .NET CLR 3.5.30729; OfficeLiveConnector.1.4; OfficeLivePatch.1.3)"
61.49.181.121 - - [03/Mar/2010:20:09:09 -0800] "GET /coppermine/login.php?lang=english HTTP/1.1" 200 - "-" "Mozilla/4.0 (compatible; Windows XP 5.1; MSIE 6)"
216.129.119.40 - - [03/Mar/2010:22:34:08 -0800] "GET /robots.txt HTTP/1.1" 200 304 "-" "Mozilla/5.0 (Twiceler-0.9 http://www.cuil.com/twiceler/robot.html)"
208.80.193.42 - - [03/Mar/2010:23:51:53 -0800] "GET /blog/archive/2006_03_01_index.html&h=224&w=300&sz=12&hl=en&start=46 HTTP/1.0" 302 353 "-" "Mozilla/4.0 (compatible; MSIE 6.0; Windows NT 5.1; SV1; Mozilla/4.0 (compatible; MSIE 6.0; Windows NT 5.1; SV1) ; KuGooSoft; .NET CLR 2.0.50727)"
208.80.193.32 - - [04/Mar/2010:01:13:03 -0800] "GET /blog/archive/2006_03_01_index.html&h=224&w=300&sz=12&hl=en&start=21 HTTP/1.0" 302 353 "-" "Mozilla/4.0 (compatible; MSIE 6.0; Windows NT 5.1; ADVPLUGIN|K113|3|S-1536105846|dialno; SV1; snprtz|S29613818050073#296|isdn)"
66.249.68.43 - - [04/Mar/2010:01:33:40 -0800] "GET /coppermine/displayimage.php?album=1&pos=132 HTTP/1.1" 200 - "-" "Mozilla/5.0 (compatible; Googlebot/2.1; +http://www.google.com/bot.html)"
93.158.148.31 - - [04/Mar/2010:03:25:54 -0800] "GET / HTTP/1.1" 302 - "-" "Yandex/1.01.001 (compatible; Win16; I)"
66.249.68.43 - - [04/Mar/2010:03:32:06 -0800] "GET /blog HTTP/1.1" 302 349 "-" "Mozilla/5.0 (compatible; Googlebot/2.1; +http://www.google.com/bot.html)"
66.249.68.43 - - [04/Mar/2010:03:32:07 -0800] "GET / HTTP/1.1" 302 - "-" "Mozilla/5.0 (compatible; Googlebot/2.1; +http://www.google.com/bot.html)"
208.80.193.40 - - [04/Mar/2010:09:22:33 -0800] "GET / HTTP/1.0" 302 - "-" "Mozilla/4.0 (compatible; MSIE 6.0; Windows NT 5.1; FunWebProducts; yplus 5.6.03b)"
67.218.116.133 - - [04/Mar/2010:13:02:05 -0800] "GET /robots.txt HTTP/1.1" 200 304 "-" "Mozilla/5.0 (Twiceler-0.9 http://www.cuil.com/twiceler/robot.html)"
174.129.189.220 - - [04/Mar/2010:13:34:38 -0800] "GET / HTTP/1.1" 302 - "-" "HTMLParser/2.0"
174.129.189.220 - - [04/Mar/2010:13:34:38 -0800] "GET /installation/index.php HTTP/1.1" 200 2232 "-" "HTMLParser/2.0"
174.129.189.220 - - [04/Mar/2010:13:34:39 -0800] "GET / HTTP/1.1" 302 - "-" "HTMLParser/2.0"
174.129.189.220 - - [04/Mar/2010:13:34:40 -0800] "GET /installation/index.php HTTP/1.1" 200 2232 "-" "HTMLParser/2.0"
174.129.189.220 - - [04/Mar/2010:13:34:41 -0800] "GET / HTTP/1.1" 302 - "-" "HTMLParser/2.0"
174.129.189.220 - - [04/Mar/2010:13:34:41 -0800] "GET /installation/index.php HTTP/1.1" 200 2232 "-" "HTMLParser/2.0"
174.129.189.220 - - [04/Mar/2010:13:34:42 -0800] "GET / HTTP/1.1" 302 - "-" "HTMLParser/2.0"
174.129.189.220 - - [04/Mar/2010:13:34:42 -0800] "GET /installation/index.php HTTP/1.1" 200 2232 "-" "HTMLParser/2.0"
174.129.189.220 - - [04/Mar/2010:13:34:43 -0800] "GET / HTTP/1.1" 302 - "-" "HTMLParser/2.0"
174.129.189.220 - - [04/Mar/2010:13:34:44 -0800] "GET /installation/index.php HTTP/1.1" 200 2232 "-" "HTMLParser/2.0"
66.249.68.116 - - [04/Mar/2010:14:39:38 -0800] "GET /robots.txt HTTP/1.1" 200 304 "-" "SAMSUNG-SGH-E250/1.0 Profile/MIDP-2.0 Configuration/CLDC-1.1 UP.Browser/6.2.3.3.c.1.101 (GUI) MMP/2.0 (compatible; Googlebot-Mobile/2.1; +http://www.google.com/bot.html)"
66.249.68.116 - - [04/Mar/2010:14:39:39 -0800] "GET / HTTP/1.1" 302 - "-" "SAMSUNG-SGH-E250/1.0 Profile/MIDP-2.0 Configuration/CLDC-1.1 UP.Browser/6.2.3.3.c.1.101 (GUI) MMP/2.0 (compatible; Googlebot-Mobile/2.1; +http://www.google.com/bot.html)"
193.47.80.41 - - [04/Mar/2010:15:10:16 -0800] "GET / HTTP/1.1" 302 - "-" "Mozilla/5.0 (compatible; Exabot/3.0; +http://www.exabot.com/go/robot)"
193.47.80.41 - - [04/Mar/2010:15:32:19 -0800] "GET /robots.txt HTTP/1.1" 200 304 "-" "Mozilla/5.0 (compatible; Exabot/3.0; +http://www.exabot.com/go/robot)"
66.249.68.49 - - [04/Mar/2010:15:47:57 -0800] "GET /robots.txt HTTP/1.1" 200 304 "-" "Mozilla/5.0 (compatible; Googlebot/2.1; +http://www.google.com/bot.html)"
70.36.103.59 - - [04/Mar/2010:16:29:37 -0800] "GET /robots.txt HTTP/1.0" 200 304 "http://sharkbomb.com/robots.txt" "Mozilla/4.0 (compatible; MSIE 6.0; Windows NT 5.1; SV1; .NET CLR 2.0.50727)"
70.36.103.59 - - [04/Mar/2010:16:29:37 -0800] "GET / HTTP/1.0" 302 - "http://sharkbomb.com/" "Mozilla/4.0 (compatible; MSIE 6.0; Windows NT 5.1; SV1; .NET CLR 2.0.50727)"
70.36.103.59 - - [04/Mar/2010:16:29:46 -0800] "GET /robots.txt HTTP/1.0" 200 304 "http://sharkbomb.com/robots.txt" "Mozilla/4.0 (compatible; MSIE 6.0; Windows NT 5.1; SV1; .NET CLR 2.0.50727)"
204.236.253.0 - - [04/Mar/2010:18:26:29 -0800] "GET /robots.txt HTTP/1.0" 200 304 "-" "taptubot *** please read http://www.taptu.com/corp/taptubot ***"
204.236.253.0 - - [04/Mar/2010:18:26:29 -0800] "GET / HTTP/1.0" 302 - "-" "Mozilla/5.0 (iPhone; U; CPU iPhone OS 3_0 like Mac OS X; en) AppleWebKit/528.18 (KHTML, like Gecko) Version/4.0 Mobile/7A341 Safari/528.16"
204.236.253.0 - - [04/Mar/2010:18:26:30 -0800] "GET /installation/index.php HTTP/1.0" 200 2232 "-" "Mozilla/5.0 (iPhone; U; CPU iPhone OS 3_0 like Mac OS X; en) AppleWebKit/528.18 (KHTML, like Gecko) Version/4.0 Mobile/7A341 Safari/528.16"
204.236.253.0 - - [04/Mar/2010:18:26:31 -0800] "GET /media/system/js/mootools.js HTTP/1.0" 200 74434 "http://sharkbomb.com/installation/index.php" "Mozilla/5.0 (iPhone; U; CPU iPhone OS 3_0 like Mac OS X; en) AppleWebKit/528.18 (KHTML, like Gecko) Version/4.0 Mobile/7A341 Safari/528.16"
204.236.253.0 - - [04/Mar/2010:18:26:33 -0800] "GET /installation/includes/js/installation.js HTTP/1.0" 200 598 "http://sharkbomb.com/installation/index.php" "Mozilla/5.0 (iPhone; U; CPU iPhone OS 3_0 like Mac OS X; en) AppleWebKit/528.18 (KHTML, like Gecko) Version/4.0 Mobile/7A341 Safari/528.16"
204.236.253.0 - - [04/Mar/2010:18:26:34 -0800] "GET /installation/template/js/validation.js HTTP/1.0" 200 7137 "http://sharkbomb.com/installation/index.php" "Mozilla/5.0 (iPhone; U; CPU iPhone OS 3_0 like Mac OS X; en) AppleWebKit/528.18 (KHTML, like Gecko) Version/4.0 Mobile/7A341 Safari/528.16"
204.236.253.0 - - [04/Mar/2010:18:26:34 -0800] "GET /installation/template/css/template.css HTTP/1.0" 200 7375 "http://sharkbomb.com/installation/index.php" "Mozilla/5.0 (iPhone; U; CPU iPhone OS 3_0 like Mac OS X; en) AppleWebKit/528.18 (KHTML, like Gecko) Version/4.0 Mobile/7A341 Safari/528.16"
204.236.253.0 - - [04/Mar/2010:18:26:36 -0800] "GET /apple-touch-icon.png HTTP/1.0" 302 349 "-" "Mozilla/5.0 (iPhone; U; CPU iPhone OS 3_0 like Mac OS X; en) AppleWebKit/528.18 (KHTML, like Gecko) Version/4.0 Mobile/7A341 Safari/528.16"
204.236.253.0 - - [04/Mar/2010:18:26:36 -0800] "GET / HTTP/1.0" 302 - "-" "Mozilla/5.0 (iPhone; U; CPU iPhone OS 3_0 like Mac OS X; en) AppleWebKit/528.18 (KHTML, like Gecko) Version/4.0 Mobile/7A341 Safari/528.16"
204.236.253.0 - - [04/Mar/2010:18:27:38 -0800] "GET / HTTP/1.0" 302 - "-" "Mozilla/5.0 (iPhone; U; CPU iPhone OS 3_0 like Mac OS X; en) AppleWebKit/528.18 (KHTML, like Gecko) Version/4.0 Mobile/7A341 Safari/528.16"
204.236.253.0 - - [04/Mar/2010:18:27:38 -0800] "GET /installation/index.php HTTP/1.0" 200 2232 "-" "Mozilla/5.0 (iPhone; U; CPU iPhone OS 3_0 like Mac OS X; en) AppleWebKit/528.18 (KHTML, like Gecko) Version/4.0 Mobile/7A341 Safari/528.16"
204.236.253.0 - - [04/Mar/2010:18:27:39 -0800] "GET /media/system/js/mootools.js HTTP/1.0" 200 74434 "http://www.sharkbomb.com/installation/index.php" "Mozilla/5.0 (iPhone; U; CPU iPhone OS 3_0 like Mac OS X; en) AppleWebKit/528.18 (KHTML, like Gecko) Version/4.0 Mobile/7A341 Safari/528.16"
204.236.253.0 - - [04/Mar/2010:18:27:40 -0800] "GET /installation/includes/js/installation.js HTTP/1.0" 200 598 "http://www.sharkbomb.com/installation/index.php" "Mozilla/5.0 (iPhone; U; CPU iPhone OS 3_0 like Mac OS X; en) AppleWebKit/528.18 (KHTML, like Gecko) Version/4.0 Mobile/7A341 Safari/528.16"
204.236.253.0 - - [04/Mar/2010:18:27:41 -0800] "GET /installation/template/js/validation.js HTTP/1.0" 200 7137 "http://www.sharkbomb.com/installation/index.php" "Mozilla/5.0 (iPhone; U; CPU iPhone OS 3_0 like Mac OS X; en) AppleWebKit/528.18 (KHTML, like Gecko) Version/4.0 Mobile/7A341 Safari/528.16"
204.236.253.0 - - [04/Mar/2010:18:27:42 -0800] "GET /installation/template/css/template.css HTTP/1.0" 200 7375 "http://www.sharkbomb.com/installation/index.php" "Mozilla/5.0 (iPhone; U; CPU iPhone OS 3_0 like Mac OS X; en) AppleWebKit/528.18 (KHTML, like Gecko) Version/4.0 Mobile/7A341 Safari/528.16"
204.236.253.0 - - [04/Mar/2010:18:28:21 -0800] "GET /iphone/ HTTP/1.0" 302 353 "-" "Mozilla/5.0 (iPhone; U; CPU iPhone OS 3_0 like Mac OS X; en) AppleWebKit/528.18 (KHTML, like Gecko) Version/4.0 Mobile/7A341 Safari/528.16"
204.236.253.0 - - [04/Mar/2010:18:28:22 -0800] "GET / HTTP/1.0" 302 - "-" "Mozilla/5.0 (iPhone; U; CPU iPhone OS 3_0 like Mac OS X; en) AppleWebKit/528.18 (KHTML, like Gecko) Version/4.0 Mobile/7A341 Safari/528.16"
204.236.253.0 - - [04/Mar/2010:18:28:22 -0800] "GET /installation/index.php HTTP/1.0" 200 2232 "-" "Mozilla/5.0 (iPhone; U; CPU iPhone OS 3_0 like Mac OS X; en) AppleWebKit/528.18 (KHTML, like Gecko) Version/4.0 Mobile/7A341 Safari/528.16"
204.236.253.0 - - [04/Mar/2010:18:28:28 -0800] "GET /mobile/ HTTP/1.0" 302 353 "-" "Mozilla/5.0 (iPhone; U; CPU iPhone OS 3_0 like Mac OS X; en) AppleWebKit/528.18 (KHTML, like Gecko) Version/4.0 Mobile/7A341 Safari/528.16"
204.236.253.0 - - [04/Mar/2010:18:28:29 -0800] "GET / HTTP/1.0" 302 - "-" "Mozilla/5.0 (iPhone; U; CPU iPhone OS 3_0 like Mac OS X; en) AppleWebKit/528.18 (KHTML, like Gecko) Version/4.0 Mobile/7A341 Safari/528.16"
204.236.253.0 - - [04/Mar/2010:18:28:29 -0800] "GET /installation/index.php HTTP/1.0" 200 2232 "-" "Mozilla/5.0 (iPhone; U; CPU iPhone OS 3_0 like Mac OS X; en) AppleWebKit/528.18 (KHTML, like Gecko) Version/4.0 Mobile/7A341 Safari/528.16"
