209.216.160.11 - - [19/Nov/2010:15:42:03 -0800] "GET / HTTP/1.1" 302 - "-" "Opera/9.80 (Windows NT 5.1; U; en) Presto/2.6.30 Version/10.63"
209.216.160.11 - - [19/Nov/2010:15:42:03 -0800] "GET /installation/index.php HTTP/1.1" 200 2231 "-" "Opera/9.80 (Windows NT 5.1; U; en) Presto/2.6.30 Version/10.63"
209.216.160.11 - - [19/Nov/2010:15:42:05 -0800] "GET /installation/favicon.ico HTTP/1.1" 200 1150 "http://sharkbomb.com/installation/index.php" "Opera/9.80 (Windows NT 5.1; U; en) Presto/2.6.30 Version/10.63"
209.216.160.11 - - [19/Nov/2010:15:42:05 -0800] "GET /media/system/js/mootools.js HTTP/1.1" 200 74434 "http://sharkbomb.com/installation/index.php" "Opera/9.80 (Windows NT 5.1; U; en) Presto/2.6.30 Version/10.63"
209.216.160.11 - - [19/Nov/2010:15:42:06 -0800] "GET /installation/includes/js/installation.js HTTP/1.1" 200 598 "http://sharkbomb.com/installation/index.php" "Opera/9.80 (Windows NT 5.1; U; en) Presto/2.6.30 Version/10.63"
209.216.160.11 - - [19/Nov/2010:15:42:07 -0800] "GET /installation/template/js/validation.js HTTP/1.1" 200 7137 "http://sharkbomb.com/installation/index.php" "Opera/9.80 (Windows NT 5.1; U; en) Presto/2.6.30 Version/10.63"
209.216.160.11 - - [19/Nov/2010:15:42:08 -0800] "GET /installation/template/css/template.css HTTP/1.1" 200 7375 "http://sharkbomb.com/installation/index.php" "Opera/9.80 (Windows NT 5.1; U; en) Presto/2.6.30 Version/10.63"
209.216.160.11 - - [19/Nov/2010:15:42:08 -0800] "GET /installation/template/images/j_header_middle.png HTTP/1.1" 200 385 "http://sharkbomb.com/installation/index.php" "Opera/9.80 (Windows NT 5.1; U; en) Presto/2.6.30 Version/10.63"
209.216.160.11 - - [19/Nov/2010:15:42:08 -0800] "GET /installation/template/images/j_header_right.png HTTP/1.1" 200 366 "http://sharkbomb.com/installation/index.php" "Opera/9.80 (Windows NT 5.1; U; en) Presto/2.6.30 Version/10.63"
209.216.160.11 - - [19/Nov/2010:15:42:08 -0800] "GET /installation/template/images/j_header_left.png HTTP/1.1" 200 5148 "http://sharkbomb.com/installation/index.php" "Opera/9.80 (Windows NT 5.1; U; en) Presto/2.6.30 Version/10.63"
209.216.160.11 - - [19/Nov/2010:15:42:08 -0800] "GET /installation/template/images/j_bottom.png HTTP/1.1" 200 232 "http://sharkbomb.com/installation/index.php" "Opera/9.80 (Windows NT 5.1; U; en) Presto/2.6.30 Version/10.63"
209.216.160.11 - - [19/Nov/2010:15:42:08 -0800] "GET /installation/template/images/j_corner_br.png HTTP/1.1" 200 314 "http://sharkbomb.com/installation/index.php" "Opera/9.80 (Windows NT 5.1; U; en) Presto/2.6.30 Version/10.63"
209.216.160.11 - - [19/Nov/2010:15:42:08 -0800] "GET /installation/template/images/j_corner_bl.png HTTP/1.1" 200 303 "http://sharkbomb.com/installation/index.php" "Opera/9.80 (Windows NT 5.1; U; en) Presto/2.6.30 Version/10.63"
209.216.160.11 - - [19/Nov/2010:15:42:08 -0800] "GET /installation/template/images/j_corner_br.png HTTP/1.1" 200 314 "http://sharkbomb.com/installation/index.php" "Opera/9.80 (Windows NT 5.1; U; en) Presto/2.6.30 Version/10.63"
208.80.194.34 - - [19/Nov/2010:16:44:59 -0800] "GET /blog/archive/2006_03_01_index.html&h=224&w=300&sz=12&hl=en&start=21 HTTP/1.0" 302 353 "-" "Mozilla/4.0 (compatible; MSIE 6.0; Windows NT 5.1; SV1; sbcydsl 3.12; YComp 5.0.0.0; iebar; acc=jocker; acc=none; .NET CLR 1.1.4322; yplus 3.01)"
208.80.194.34 - - [19/Nov/2010:16:44:59 -0800] "GET / HTTP/1.0" 302 - "-" "Mozilla/4.0 (compatible; MSIE 7.0; Windows NT 5.1; YPC 3.2.0; ZangoToolbar 4.8.3; .NET CLR 2.0.50727; yplus 5.1.04b)"
208.80.194.34 - - [19/Nov/2010:16:44:59 -0800] "GET /installation/index.php HTTP/1.0" 200 2232 "-" "Mozilla/4.0 (compatible; MSIE 6.0; Windows NT 5.1; {A6D1A977-11E0-B5E0-3627-29E7B84AA07D}; YPC 3.2.0; .NET CLR 1.1.4322; yplus 5.1.04b)"
208.80.194.28 - - [20/Nov/2010:00:52:41 -0800] "GET / HTTP/1.0" 302 - "-" "Mozilla/4.0 (compatible; MSIE 6.0; Windows NT 5.1; {03E89F3F-EF85-13BC-AE9A-C4F1D4279AB6}; .NET CLR 1.1.4322)"
208.80.194.28 - - [20/Nov/2010:00:52:41 -0800] "GET /installation/index.php HTTP/1.0" 200 2232 "-" "Mozilla/4.0 (compatible; MSIE 7.0; Windows NT 5.1; freenet.de frndial 5.0; .NET CLR 1.1.4322)"
207.46.13.146 - - [20/Nov/2010:00:53:51 -0800] "GET /robots.txt HTTP/1.1" 200 304 "-" "Mozilla/5.0 (compatible; bingbot/2.0; +http://www.bing.com/bingbot.htm)"
207.46.13.146 - - [20/Nov/2010:01:01:29 -0800] "GET / HTTP/1.1" 302 - "-" "Mozilla/5.0 (compatible; bingbot/2.0; +http://www.bing.com/bingbot.htm)"
66.249.68.100 - - [20/Nov/2010:09:49:03 -0800] "GET /robots.txt HTTP/1.1" 200 304 "-" "Mozilla/5.0 (compatible; Googlebot/2.1; +http://www.google.com/bot.html)"
66.249.68.100 - - [20/Nov/2010:09:49:03 -0800] "GET /ct.html HTTP/1.1" 302 349 "-" "Mozilla/5.0 (compatible; Googlebot/2.1; +http://www.google.com/bot.html)"
66.249.68.100 - - [20/Nov/2010:09:49:04 -0800] "GET / HTTP/1.1" 302 - "-" "Mozilla/5.0 (compatible; Googlebot/2.1; +http://www.google.com/bot.html)"
193.47.80.41 - - [20/Nov/2010:14:25:04 -0800] "GET /robots.txt HTTP/1.1" 200 304 "-" "Mozilla/5.0 (compatible; Exabot/3.0; +http://www.exabot.com/go/robot)"
193.47.80.41 - - [20/Nov/2010:14:25:04 -0800] "GET / HTTP/1.1" 302 - "-" "Mozilla/5.0 (compatible; Exabot/3.0; +http://www.exabot.com/go/robot)"
204.12.71.204 - - [20/Nov/2010:15:15:24 -0800] "GET /favicon.ico HTTP/1.0" 302 353 "-" "Mozilla/4.0"
204.12.71.204 - - [20/Nov/2010:15:15:24 -0800] "GET / HTTP/1.0" 302 - "-" "Mozilla/4.0"
204.12.71.204 - - [20/Nov/2010:15:15:25 -0800] "GET /installation/index.php HTTP/1.0" 206 2232 "-" "Mozilla/4.0"
66.249.71.7 - - [20/Nov/2010:20:03:24 -0800] "GET /robots.txt HTTP/1.1" 200 304 "-" "Mozilla/5.0 (compatible; Googlebot/2.1; +http://www.google.com/bot.html)"
66.249.71.7 - - [20/Nov/2010:20:03:24 -0800] "GET /blog HTTP/1.1" 302 349 "-" "Mozilla/5.0 (compatible; Googlebot/2.1; +http://www.google.com/bot.html)"
66.249.71.7 - - [20/Nov/2010:20:03:25 -0800] "GET / HTTP/1.1" 302 - "-" "Mozilla/5.0 (compatible; Googlebot/2.1; +http://www.google.com/bot.html)"
95.108.150.235 - - [20/Nov/2010:21:43:07 -0800] "GET /robots.txt HTTP/1.1" 200 304 "-" "Mozilla/5.0 (compatible; YandexBot/3.0; MirrorDetector; +http://yandex.com/bots)"
95.108.150.235 - - [20/Nov/2010:21:43:07 -0800] "GET /robots.txt HTTP/1.1" 200 304 "-" "Mozilla/5.0 (compatible; YandexBot/3.0; MirrorDetector; +http://yandex.com/bots)"
95.108.150.235 - - [20/Nov/2010:21:43:08 -0800] "GET / HTTP/1.1" 302 - "-" "Mozilla/5.0 (compatible; YandexBot/3.0; MirrorDetector; +http://yandex.com/bots)"
95.108.150.235 - - [20/Nov/2010:21:43:08 -0800] "GET / HTTP/1.1" 302 - "-" "Mozilla/5.0 (compatible; YandexBot/3.0; MirrorDetector; +http://yandex.com/bots)"
95.108.150.235 - - [20/Nov/2010:21:43:09 -0800] "GET /installation/index.php HTTP/1.1" 200 2232 "-" "Mozilla/5.0 (compatible; YandexBot/3.0; MirrorDetector; +http://yandex.com/bots)"
95.108.150.235 - - [20/Nov/2010:21:43:09 -0800] "GET /installation/index.php HTTP/1.1" 200 2232 "-" "Mozilla/5.0 (compatible; YandexBot/3.0; MirrorDetector; +http://yandex.com/bots)"
95.108.150.235 - - [20/Nov/2010:21:43:11 -0800] "GET /installation/index.php HTTP/1.1" 200 2232 "-" "Mozilla/5.0 (compatible; YandexBot/3.0; MirrorDetector; +http://yandex.com/bots)"
95.108.150.235 - - [20/Nov/2010:21:43:11 -0800] "GET /installation/index.php HTTP/1.1" 200 2232 "-" "Mozilla/5.0 (compatible; YandexBot/3.0; MirrorDetector; +http://yandex.com/bots)"
205.251.121.5 - - [21/Nov/2010:00:37:17 -0800] "GET /robots.txt HTTP/1.1" 200 304 "-" "panscient.com"
205.251.121.5 - - [21/Nov/2010:00:37:17 -0800] "GET / HTTP/1.1" 302 - "-" "panscient.com"
205.251.121.5 - - [21/Nov/2010:00:37:17 -0800] "GET /installation/index.php HTTP/1.1" 200 2232 "-" "panscient.com"
205.251.121.5 - - [21/Nov/2010:00:37:20 -0800] "GET / HTTP/1.1" 302 - "-" "panscient.com"
205.251.121.5 - - [21/Nov/2010:00:37:20 -0800] "GET /installation/index.php HTTP/1.1" 200 2232 "-" "panscient.com"
208.80.194.28 - - [21/Nov/2010:01:41:59 -0800] "GET / HTTP/1.0" 302 - "-" "Mozilla/4.0 (compatible; MSIE 7.0; Windows NT 5.1; FunWebProducts; SIMBAR Enabled; SIMBAR={1B2D10D6-16E7-47ac-A6CD-3EA594C79C01}; .NET CLR 1.1.4322)"
208.80.194.28 - - [21/Nov/2010:01:41:59 -0800] "GET /installation/index.php HTTP/1.0" 200 2232 "-" "Mozilla/4.0 (compatible; MSIE 7.0; Windows NT 5.1; Q312461; .NET CLR 2.0.50727; .NET CLR 1.1.4322; .NET CLR 3.0.04506.30)"
208.80.194.36 - - [21/Nov/2010:06:23:35 -0800] "GET /blog/archive/2006_03_01_index.html&h=224&w=300&sz=12&hl=en&start=46 HTTP/1.0" 302 353 "-" "Mozilla/4.0 (compatible; MSIE 7.0; Windows NT 5.1; FunWebProducts; YPC 3.2.0; (R1 1.3; yplus 5.1.04b); .NET CLR 1.0.3705; .NET CLR 1.1.4322)"
208.80.194.36 - - [21/Nov/2010:06:23:36 -0800] "GET / HTTP/1.0" 302 - "-" "Mozilla/4.0 (compatible; MSIE 7.0; Windows NT 5.1; SIMBAR={CCE2DF3A-4CF0-4b1b-AEB3-E1A0DA1C6320}; .NET CLR 1.1.4322)"
208.80.194.36 - - [21/Nov/2010:06:23:36 -0800] "GET /installation/index.php HTTP/1.0" 200 2232 "-" "Mozilla/4.0 (compatible; MSIE 6.0; Windows NT 5.1; SV1; SIMBAR={916CC9FC-134B-4169-AA91-9C239B9F4BFB}; .NET CLR 1.1.4322)"
208.80.194.29 - - [21/Nov/2010:07:30:06 -0800] "GET /blog/archive/2006_03_01_index.html&h=224&w=300&sz=12&hl=en&start=21 HTTP/1.0" 302 353 "-" "Mozilla/4.0 (compatible; MSIE 7.0; Windows NT 5.1; Mozilla/4.0 (compatible; MSIE 6.0; Windows NT 5.1; SV1) ; .NET CLR 1.1.4322; InfoPath.1; .NET CLR 2.0.50727; .NET CLR 3.0.04506.30; MEGAUPLOAD 2.0)"
208.80.194.29 - - [21/Nov/2010:07:30:06 -0800] "GET / HTTP/1.0" 302 - "-" "Mozilla/4.0 (compatible; MSIE 6.0; Windows NT 5.0) BlackBerry8100/4.2.0 Profile/MIDP-2.0 Configuration/CLDC-1.1 VendorID/102"
208.80.194.29 - - [21/Nov/2010:07:30:06 -0800] "GET /installation/index.php HTTP/1.0" 200 2232 "-" "Mozilla/4.0 (compatible; MSIE 6.0; Windows NT 5.1; SV1; FunWebProducts; Creative ZENcast v1.02.10; Windows-Media-Player/10.00.00.3990)"
173.193.219.168 - - [21/Nov/2010:12:49:22 -0800] "GET /robots.txt HTTP/1.1" 200 304 "-" "Mozilla/4.0 (compatible; MSIE 7.0; Windows NT 6.0; Mozilla/4.0 (compatible; MSIE 6.0; Windows NT 5.1; SV1) ; Media Center PC 5.0)"
173.193.219.168 - "" [21/Nov/2010:12:49:22 -0800] "GET / HTTP/1.1" 302 - "-" "Mozilla/4.0 (compatible; MSIE 7.0; Windows NT 6.0; Mozilla/4.0 (compatible; MSIE 6.0; Windows NT 5.1; SV1) ; Media Center PC 5.0)"
173.193.219.168 - "" [21/Nov/2010:12:49:22 -0800] "GET /installation/index.php HTTP/1.1" 200 2232 "-" "Mozilla/4.0 (compatible; MSIE 7.0; Windows NT 6.0; Mozilla/4.0 (compatible; MSIE 6.0; Windows NT 5.1; SV1) ; Media Center PC 5.0)"
69.84.207.147 - - [21/Nov/2010:13:48:55 -0800] "GET / HTTP/1.1" 302 - "-" "Mozilla/4.0 (compatible; MSIE 7.0;Windows NT 5.1;.NET CLR 1.1.4322;.NET CLR 2.0.50727;.NET CLR 3.0.04506.30)"
69.84.207.147 - - [21/Nov/2010:13:48:55 -0800] "GET /installation/index.php HTTP/1.1" 206 2232 "-" "Mozilla/4.0 (compatible; MSIE 7.0;Windows NT 5.1;.NET CLR 1.1.4322;.NET CLR 2.0.50727;.NET CLR 3.0.04506.30)"
69.84.207.147 - - [21/Nov/2010:13:48:56 -0800] "GET / HTTP/1.1" 302 - "-" "Mozilla/4.0 (compatible; MSIE 7.0;Windows NT 5.1;.NET CLR 1.1.4322;.NET CLR 2.0.50727;.NET CLR 3.0.04506.30)"
69.84.207.147 - - [21/Nov/2010:13:48:56 -0800] "GET /installation/index.php HTTP/1.1" 206 2232 "-" "Mozilla/4.0 (compatible; MSIE 7.0;Windows NT 5.1;.NET CLR 1.1.4322;.NET CLR 2.0.50727;.NET CLR 3.0.04506.30)"
69.84.207.147 - - [21/Nov/2010:13:49:00 -0800] "GET /installation/template/js/validation.js HTTP/1.1" 200 7137 "-" "Mozilla/4.0 (compatible; MSIE 7.0;Windows NT 5.1;.NET CLR 1.1.4322;.NET CLR 2.0.50727;.NET CLR 3.0.04506.30)"
69.84.207.147 - - [21/Nov/2010:13:49:01 -0800] "GET /installation/includes/js/installation.js HTTP/1.1" 200 598 "-" "Mozilla/4.0 (compatible; MSIE 7.0;Windows NT 5.1;.NET CLR 1.1.4322;.NET CLR 2.0.50727;.NET CLR 3.0.04506.30)"
69.84.207.147 - - [21/Nov/2010:13:49:01 -0800] "GET /media/system/js/mootools.js HTTP/1.1" 200 74434 "-" "Mozilla/4.0 (compatible; MSIE 7.0;Windows NT 5.1;.NET CLR 1.1.4322;.NET CLR 2.0.50727;.NET CLR 3.0.04506.30)"
193.47.80.41 - - [21/Nov/2010:14:28:31 -0800] "GET /robots.txt HTTP/1.1" 200 304 "-" "Mozilla/5.0 (compatible; Exabot/3.0; +http://www.exabot.com/go/robot)"
193.47.80.41 - - [21/Nov/2010:14:28:31 -0800] "GET / HTTP/1.1" 302 - "-" "Mozilla/5.0 (compatible; Exabot/3.0; +http://www.exabot.com/go/robot)"
208.80.194.26 - - [21/Nov/2010:15:33:09 -0800] "GET / HTTP/1.0" 302 - "-" "Mozilla/4.0 (compatible; MSIE 6.0; Windows NT 5.1; SV1; FunWebProducts; .NET CLR 1.0.3705; .NET CLR 1.1.4322; Media Center PC 4.0; .NET CLR 2.0.50727; yplus 5.6.04)"
208.80.194.26 - - [21/Nov/2010:15:33:10 -0800] "GET /installation/index.php HTTP/1.0" 200 2232 "-" "Mozilla/4.0 (compatible; MSIE 6.0; Windows NT 5.1; sbcydsl 3.12; InfoPath.1)"
66.249.65.67 - - [21/Nov/2010:19:41:13 -0800] "GET /robots.txt HTTP/1.1" 200 304 "-" "Mozilla/5.0 (compatible; Googlebot/2.1; +http://www.google.com/bot.html)"
66.249.65.67 - - [21/Nov/2010:19:41:13 -0800] "GET /blog HTTP/1.1" 302 349 "-" "Mozilla/5.0 (compatible; Googlebot/2.1; +http://www.google.com/bot.html)"
66.249.65.67 - - [21/Nov/2010:19:41:14 -0800] "GET / HTTP/1.1" 302 - "-" "Mozilla/5.0 (compatible; Googlebot/2.1; +http://www.google.com/bot.html)"
66.249.65.115 - - [21/Nov/2010:20:20:39 -0800] "GET /robots.txt HTTP/1.1" 200 304 "-" "Mozilla/5.0 (compatible; Googlebot/2.1; +http://www.google.com/bot.html)"
66.249.65.115 - - [21/Nov/2010:20:20:40 -0800] "GET /2005/10/insert-title-here.html HTTP/1.1" 302 353 "-" "Mozilla/5.0 (compatible; Googlebot/2.1; +http://www.google.com/bot.html)"
66.249.65.115 - - [22/Nov/2010:02:16:37 -0800] "GET /robots.txt HTTP/1.1" 200 304 "-" "Mozilla/5.0 (compatible; Googlebot/2.1; +http://www.google.com/bot.html)"
66.249.65.115 - - [22/Nov/2010:02:16:37 -0800] "GET /blog/2005/10/bacon-soap.html HTTP/1.1" 302 353 "-" "Mozilla/5.0 (compatible; Googlebot/2.1; +http://www.google.com/bot.html)"
66.249.65.67 - - [22/Nov/2010:02:16:38 -0800] "GET /robots.txt HTTP/1.1" 200 304 "-" "Mozilla/5.0 (compatible; Googlebot/2.1; +http://www.google.com/bot.html)"
66.249.65.115 - - [22/Nov/2010:08:18:39 -0800] "GET /blog/2005/10/cats-explain-anime-faces-and-aolspeak.html HTTP/1.1" 302 353 "-" "Mozilla/5.0 (compatible; Googlebot/2.1; +http://www.google.com/bot.html)"
66.249.65.67 - - [22/Nov/2010:08:18:41 -0800] "GET /robots.txt HTTP/1.1" 200 304 "-" "Mozilla/5.0 (compatible; Googlebot/2.1; +http://www.google.com/bot.html)"
218.213.130.89 - - [22/Nov/2010:10:54:54 -0800] "GET /robots.txt HTTP/1.1" 200 304 "-" "DoCoMo/2.0 P900i(c100;TB;W24H11)(compatible; ichiro/mobile goo;+http://help.goo.ne.jp/door/crawler.html)"
218.213.130.89 - - [22/Nov/2010:10:54:56 -0800] "GET / HTTP/1.1" 302 - "-" "DoCoMo/2.0 P900i(c100;TB;W24H11)(compatible; ichiro/mobile goo;+http://help.goo.ne.jp/door/crawler.html)"
66.249.68.26 - - [22/Nov/2010:14:17:18 -0800] "GET /robots.txt HTTP/1.1" 200 304 "-" "Mozilla/5.0 (compatible; Googlebot/2.1; +http://www.google.com/bot.html)"
66.249.68.26 - - [22/Nov/2010:14:17:18 -0800] "GET /blog/2005/10/dont-let-this-happen-to-you.html HTTP/1.1" 302 353 "-" "Mozilla/5.0 (compatible; Googlebot/2.1; +http://www.google.com/bot.html)"
66.249.68.100 - - [22/Nov/2010:14:17:19 -0800] "GET /robots.txt HTTP/1.1" 200 304 "-" "Mozilla/5.0 (compatible; Googlebot/2.1; +http://www.google.com/bot.html)"
66.249.68.100 - - [22/Nov/2010:14:17:19 -0800] "GET / HTTP/1.1" 302 - "-" "Mozilla/5.0 (compatible; Googlebot/2.1; +http://www.google.com/bot.html)"
193.47.80.41 - - [22/Nov/2010:14:24:53 -0800] "GET / HTTP/1.1" 302 - "-" "Mozilla/5.0 (compatible; Exabot/3.0; +http://www.exabot.com/go/robot)"
66.249.68.26 - - [22/Nov/2010:14:29:14 -0800] "GET /blog/ HTTP/1.1" 302 353 "-" "Mozilla/5.0 (compatible; Googlebot/2.1; +http://www.google.com/bot.html)"
193.47.80.41 - - [22/Nov/2010:14:39:02 -0800] "GET /robots.txt HTTP/1.1" 200 304 "-" "Mozilla/5.0 (compatible; Exabot/3.0; +http://www.exabot.com/go/robot)"
208.80.194.28 - - [22/Nov/2010:16:36:26 -0800] "GET / HTTP/1.0" 302 - "-" "Mozilla/4.0 (compatible; MSIE 6.0; Windows NT 5.1; SV1; 3B 3.1)"
208.80.194.28 - - [22/Nov/2010:16:36:27 -0800] "GET /installation/index.php HTTP/1.0" 200 2232 "-" "Mozilla/4.0 (compatible; MSIE 6.0; Windows NT 5.1; iebar; acc=jocker; acc=none; FreeprodTB; (none); SV1; FunWebProducts; .NET CLR 1.1.4322)"
66.249.68.26 - - [22/Nov/2010:16:41:54 -0800] "GET /blog/ HTTP/1.1" 302 353 "-" "Mozilla/5.0 (compatible; Googlebot/2.1; +http://www.google.com/bot.html)"
209.216.181.131 - - [22/Nov/2010:17:40:05 -0800] "GET / HTTP/1.1" 302 - "-" "Mozilla/4.0 (compatible; MSIE 6.0; Windows 98; Win 9x 4.90)"
209.216.181.131 - - [22/Nov/2010:17:40:05 -0800] "GET /installation/index.php HTTP/1.1" 200 2231 "-" "Mozilla/4.0 (compatible; MSIE 6.0; Windows 98; Win 9x 4.90)"
209.216.181.131 - - [22/Nov/2010:17:40:07 -0800] "GET /installation/template/css/template.css HTTP/1.1" 200 7375 "http://www.sharkbomb.com/installation/index.php" "Mozilla/4.0 (compatible; MSIE 6.0; Windows 98; Win 9x 4.90)"
209.216.181.131 - - [22/Nov/2010:17:40:07 -0800] "GET /media/system/js/mootools.js HTTP/1.1" 200 74434 "http://www.sharkbomb.com/installation/index.php" "Mozilla/4.0 (compatible; MSIE 6.0; Windows 98; Win 9x 4.90)"
209.216.181.131 - - [22/Nov/2010:17:40:09 -0800] "GET /installation/includes/js/installation.js HTTP/1.1" 200 598 "http://www.sharkbomb.com/installation/index.php" "Mozilla/4.0 (compatible; MSIE 6.0; Windows 98; Win 9x 4.90)"
209.216.181.131 - - [22/Nov/2010:17:40:09 -0800] "GET /installation/template/js/validation.js HTTP/1.1" 200 7137 "http://www.sharkbomb.com/installation/index.php" "Mozilla/4.0 (compatible; MSIE 6.0; Windows 98; Win 9x 4.90)"
209.216.181.131 - - [22/Nov/2010:17:40:09 -0800] "GET /installation/template/images/j_header_right.png HTTP/1.1" 200 366 "http://www.sharkbomb.com/installation/index.php" "Mozilla/4.0 (compatible; MSIE 6.0; Windows 98; Win 9x 4.90)"
209.216.181.131 - - [22/Nov/2010:17:40:09 -0800] "GET /installation/template/images/j_header_middle.png HTTP/1.1" 200 385 "http://www.sharkbomb.com/installation/index.php" "Mozilla/4.0 (compatible; MSIE 6.0; Windows 98; Win 9x 4.90)"
209.216.181.131 - - [22/Nov/2010:17:40:10 -0800] "GET /installation/template/images/j_header_left.png HTTP/1.1" 200 5148 "http://www.sharkbomb.com/installation/index.php" "Mozilla/4.0 (compatible; MSIE 6.0; Windows 98; Win 9x 4.90)"
209.216.181.131 - - [22/Nov/2010:17:40:10 -0800] "GET /installation/template/images/j_bottom.png HTTP/1.1" 200 232 "http://www.sharkbomb.com/installation/index.php" "Mozilla/4.0 (compatible; MSIE 6.0; Windows 98; Win 9x 4.90)"
209.216.181.131 - - [22/Nov/2010:17:40:10 -0800] "GET /installation/template/images/j_corner_bl.png HTTP/1.1" 200 303 "http://www.sharkbomb.com/installation/index.php" "Mozilla/4.0 (compatible; MSIE 6.0; Windows 98; Win 9x 4.90)"
209.216.181.131 - - [22/Nov/2010:17:40:10 -0800] "GET /installation/template/images/j_corner_br.png HTTP/1.1" 200 314 "http://www.sharkbomb.com/installation/index.php" "Mozilla/4.0 (compatible; MSIE 6.0; Windows 98; Win 9x 4.90)"
66.249.68.100 - - [22/Nov/2010:19:02:18 -0800] "GET /robots.txt HTTP/1.1" 200 304 "-" "Mozilla/5.0 (compatible; Googlebot/2.1; +http://www.google.com/bot.html)"
66.249.68.100 - - [22/Nov/2010:19:02:18 -0800] "GET /ct.html HTTP/1.1" 302 349 "-" "Mozilla/5.0 (compatible; Googlebot/2.1; +http://www.google.com/bot.html)"
66.249.68.26 - - [22/Nov/2010:20:19:17 -0800] "GET /blog/2005/10/google-doesnt-want-me-for-rainbow.html HTTP/1.1" 302 353 "-" "Mozilla/5.0 (compatible; Googlebot/2.1; +http://www.google.com/bot.html)"
208.80.194.31 - - [22/Nov/2010:21:12:07 -0800] "GET /blog/archive/2006_03_01_index.html&h=224&w=300&sz=12&hl=en&start=46 HTTP/1.0" 302 353 "-" "Mozilla/4.0 (compatible; MSIE 6.0; Windows NT 5.1; SV1; SIMBAR={F7BC5A6E-A8AC-4dbe-8452-A2287A033141}; InfoPath.2; .NET CLR 1.1.4322)"
208.80.194.31 - - [22/Nov/2010:21:12:08 -0800] "GET / HTTP/1.0" 302 - "-" "Mozilla/4.0 (compatible; MSIE 6.0; Windows NT 5.1; iebar; SV1; acc=; acc=none; (none))"
208.80.194.31 - - [22/Nov/2010:21:12:08 -0800] "GET /installation/index.php HTTP/1.0" 200 2232 "-" "Mozilla/4.0 (compatible; MSIE 6.0; Windows NT 5.1; {308D8A16-4D1B-4388-9B72-79C18FAEB96A}; SV1)"
95.108.150.235 - - [22/Nov/2010:21:16:42 -0800] "GET /robots.txt HTTP/1.1" 200 304 "-" "Mozilla/5.0 (compatible; YandexBot/3.0; MirrorDetector; +http://yandex.com/bots)"
95.108.150.235 - - [22/Nov/2010:21:16:42 -0800] "GET /robots.txt HTTP/1.1" 200 304 "-" "Mozilla/5.0 (compatible; YandexBot/3.0; MirrorDetector; +http://yandex.com/bots)"
95.108.150.235 - - [22/Nov/2010:21:16:43 -0800] "GET / HTTP/1.1" 302 - "-" "Mozilla/5.0 (compatible; YandexBot/3.0; MirrorDetector; +http://yandex.com/bots)"
95.108.150.235 - - [22/Nov/2010:21:16:43 -0800] "GET / HTTP/1.1" 302 - "-" "Mozilla/5.0 (compatible; YandexBot/3.0; MirrorDetector; +http://yandex.com/bots)"
95.108.150.235 - - [22/Nov/2010:21:16:44 -0800] "GET /installation/index.php HTTP/1.1" 200 2232 "-" "Mozilla/5.0 (compatible; YandexBot/3.0; MirrorDetector; +http://yandex.com/bots)"
95.108.150.235 - - [22/Nov/2010:21:16:44 -0800] "GET /installation/index.php HTTP/1.1" 200 2232 "-" "Mozilla/5.0 (compatible; YandexBot/3.0; MirrorDetector; +http://yandex.com/bots)"
95.108.150.235 - - [22/Nov/2010:21:16:45 -0800] "GET /installation/index.php HTTP/1.1" 200 2232 "-" "Mozilla/5.0 (compatible; YandexBot/3.0; MirrorDetector; +http://yandex.com/bots)"
95.108.150.235 - - [22/Nov/2010:21:16:45 -0800] "GET /installation/index.php HTTP/1.1" 200 2232 "-" "Mozilla/5.0 (compatible; YandexBot/3.0; MirrorDetector; +http://yandex.com/bots)"
208.80.194.26 - - [22/Nov/2010:22:11:42 -0800] "GET /blog/archive/2006_03_01_index.html&h=224&w=300&sz=12&hl=en&start=21 HTTP/1.0" 302 353 "-" "Mozilla/4.0 (compatible; MSIE 6.0; Windows NT 5.1; SV1; .NET CLR 1.1.4322; .NET CLR 2.0.50215; InfoPath.1)"
208.80.194.26 - - [22/Nov/2010:22:11:42 -0800] "GET / HTTP/1.0" 302 - "-" "Mozilla/4.0 (compatible; MSIE 6.0; Windows NT 5.1; {F2DA34B3-F906-460D-AA65-4D98164802D3}; .NET CLR 1.1.4322)"
208.80.194.26 - - [22/Nov/2010:22:11:43 -0800] "GET /installation/index.php HTTP/1.0" 200 2232 "-" "Mozilla/4.0 (compatible; MSIE 7.0; Windows NT 5.1; iebar; (none); (R1 1.5))"
66.249.68.26 - - [23/Nov/2010:02:50:46 -0800] "GET /blog/2005/10/more-pie.html HTTP/1.1" 302 353 "-" "Mozilla/5.0 (compatible; Googlebot/2.1; +http://www.google.com/bot.html)"
208.80.194.30 - - [23/Nov/2010:05:50:53 -0800] "GET / HTTP/1.0" 302 - "-" "Mozilla/4.0 (compatible; MSIE 7.0; Windows NT 5.1; TCom_MAX270)"
208.80.194.30 - - [23/Nov/2010:05:50:53 -0800] "GET /installation/index.php HTTP/1.0" 200 2232 "-" "Mozilla/4.0 (compatible; MSIE 6.0; Windows NT 5.1; {308D8A16-4D1B-4388-9B72-79C18FAEB96A}; SV1)"
66.249.68.26 - - [23/Nov/2010:08:31:45 -0800] "GET /blog/2005/10/dirty-sanchez-fao-unit.html HTTP/1.1" 302 353 "-" "Mozilla/5.0 (compatible; Googlebot/2.1; +http://www.google.com/bot.html)"
64.246.165.190 - - [23/Nov/2010:12:04:59 -0800] "GET /robots.txt HTTP/1.0" 200 304 "-" "Mozilla/5.0 (Windows; U; Windows NT 5.1; en; rv:1.9.0.13) Gecko/2009073022 Firefox/3.5.2 (.NET CLR 3.5.30729) SurveyBot/2.3 (DomainTools)"
64.246.165.190 - - [23/Nov/2010:12:04:59 -0800] "GET / HTTP/1.1" 302 - "http://whois.domaintools.com/sharkbomb.com" "Mozilla/5.0 (Windows; U; Windows NT 5.1; en; rv:1.9.0.13) Gecko/2009073022 Firefox/3.5.2 (.NET CLR 3.5.30729) SurveyBot/2.3 (DomainTools)"
64.246.165.190 - - [23/Nov/2010:12:04:59 -0800] "GET /installation/index.php HTTP/1.1" 200 2231 "http://whois.domaintools.com/sharkbomb.com" "Mozilla/5.0 (Windows; U; Windows NT 5.1; en; rv:1.9.0.13) Gecko/2009073022 Firefox/3.5.2 (.NET CLR 3.5.30729) SurveyBot/2.3 (DomainTools)"
193.47.80.41 - - [23/Nov/2010:14:47:38 -0800] "GET /robots.txt HTTP/1.1" 200 304 "-" "Mozilla/5.0 (compatible; Exabot/3.0; +http://www.exabot.com/go/robot)"
193.47.80.41 - - [23/Nov/2010:14:47:38 -0800] "GET / HTTP/1.1" 302 - "-" "Mozilla/5.0 (compatible; Exabot/3.0; +http://www.exabot.com/go/robot)"
66.249.68.26 - - [23/Nov/2010:15:28:00 -0800] "GET /robots.txt HTTP/1.1" 200 304 "-" "Mozilla/5.0 (compatible; Googlebot/2.1; +http://www.google.com/bot.html)"
66.249.68.26 - - [23/Nov/2010:15:28:00 -0800] "GET /blog/2005/10/just-one-pixel.html HTTP/1.1" 302 353 "-" "Mozilla/5.0 (compatible; Googlebot/2.1; +http://www.google.com/bot.html)"
66.249.68.100 - - [23/Nov/2010:15:28:01 -0800] "GET /robots.txt HTTP/1.1" 200 304 "-" "Mozilla/5.0 (compatible; Googlebot/2.1; +http://www.google.com/bot.html)"
66.249.68.100 - - [23/Nov/2010:15:28:01 -0800] "GET / HTTP/1.1" 302 - "-" "Mozilla/5.0 (compatible; Googlebot/2.1; +http://www.google.com/bot.html)"
66.249.68.100 - - [23/Nov/2010:18:39:21 -0800] "GET /blog HTTP/1.1" 302 349 "-" "Mozilla/5.0 (compatible; Googlebot/2.1; +http://www.google.com/bot.html)"
66.249.68.26 - - [23/Nov/2010:20:41:52 -0800] "GET /blog/2005/11/bacon-accessories.html HTTP/1.1" 302 353 "-" "Mozilla/5.0 (compatible; Googlebot/2.1; +http://www.google.com/bot.html)"
220.181.94.223 - - [24/Nov/2010:02:44:21 -0800] "GET / HTTP/1.1" 302 - "-" "Sogou-Test-Spider/4.0 (compatible; MSIE 5.5; Windows 98)"
220.181.94.223 - - [24/Nov/2010:02:44:31 -0800] "GET /installation/index.php HTTP/1.1" 200 2046 "-" "Sogou-Test-Spider/4.0 (compatible; MSIE 5.5; Windows 98)"
66.249.68.26 - - [24/Nov/2010:02:52:29 -0800] "GET /blog/2005/11/dollar-menu-burgers.html HTTP/1.1" 302 353 "-" "Mozilla/5.0 (compatible; Googlebot/2.1; +http://www.google.com/bot.html)"
208.80.194.35 - - [24/Nov/2010:05:49:21 -0800] "GET / HTTP/1.0" 302 - "-" "Mozilla/4.0 (compatible; MSIE 7.0; Windows NT 5.1; Q312461; .NET CLR 1.0.3705; .NET CLR 1.1.4322; .NET CLR 2.0.50727; InfoPath.1; MSN 9.0;MSN 9.1; MSNbMSNI; MSNmen-us; MSNcOTH)"
208.80.194.35 - - [24/Nov/2010:05:49:21 -0800] "GET /installation/index.php HTTP/1.0" 200 2232 "-" "Mozilla/4.0 (compatible; MSIE 6.0; Windows NT 5.1; {F7F379D8-B48C-40D8-86F1-F47DCE39EA88}; SV1; .NET CLR 1.0.3705)"
66.249.68.26 - - [24/Nov/2010:08:47:28 -0800] "GET /robots.txt HTTP/1.1" 200 304 "-" "Mozilla/5.0 (compatible; Googlebot/2.1; +http://www.google.com/bot.html)"
66.249.68.26 - - [24/Nov/2010:08:47:29 -0800] "GET /blog/2005/11/its-mirakel.html HTTP/1.1" 302 353 "-" "Mozilla/5.0 (compatible; Googlebot/2.1; +http://www.google.com/bot.html)"
66.249.68.100 - - [24/Nov/2010:08:47:29 -0800] "GET / HTTP/1.1" 302 - "-" "Mozilla/5.0 (compatible; Googlebot/2.1; +http://www.google.com/bot.html)"
208.80.194.35 - - [24/Nov/2010:10:23:14 -0800] "GET /blog/archive/2006_03_01_index.html&h=224&w=300&sz=12&hl=en&start=46 HTTP/1.0" 302 353 "-" "Mozilla/4.0 (compatible; MSIE 7.0; Windows NT 5.1; SIMBAR Enabled; SIMBAR={C9A60873-7B9A-4959-A482-EC3B38E9D4D9}; .NET CLR 1.1.4322)"
208.80.194.35 - - [24/Nov/2010:10:23:14 -0800] "GET / HTTP/1.0" 302 - "-" "Mozilla/4.0 (compatible; MSIE 6.0; Windows NT 5.1; SV1; iebar; acc=jocker; acc=none; (none); FunWebProducts; (R1 1.5); SpamBlockerUtility 4.8.4)"
208.80.194.35 - - [24/Nov/2010:10:23:14 -0800] "GET /installation/index.php HTTP/1.0" 200 2232 "-" "Mozilla/4.0 (compatible; MSIE 7.0; AOL 9.0; Windows NT 5.1; .NET CLR 1.0.3705; .NET CLR 1.1.4322; Media Center PC 3.1; ZangoToolbar 4.8.3; InfoPath.1; IEMB3)"
208.80.194.36 - - [24/Nov/2010:11:22:37 -0800] "GET /blog/archive/2006_03_01_index.html&h=224&w=300&sz=12&hl=en&start=21 HTTP/1.0" 302 353 "-" "Mozilla/4.0 (compatible; MSIE 6.0; Windows NT 5.1; YComp 5.0.0.0; SV1; (R1 1.5); .NET CLR 1.0.3705)"
208.80.194.36 - - [24/Nov/2010:11:22:37 -0800] "GET / HTTP/1.0" 302 - "-" "Mozilla/4.0 (compatible; MSIE 6.0; Windows NT 5.1; ONDOWN3.2; Q312461; SV1)"
208.80.194.36 - - [24/Nov/2010:11:22:37 -0800] "GET /installation/index.php HTTP/1.0" 200 2232 "-" "Mozilla/4.0 (compatible; MSIE 7.0; Windows NT 5.1; {E871716B-6AC0-3D0C-954B-EDEC476ED039}; .NET CLR 1.1.4322; .NET CLR 2.0.50727)"
218.213.130.89 - - [24/Nov/2010:11:43:52 -0800] "GET /robots.txt HTTP/1.1" 200 304 "-" "DoCoMo/2.0 P900i(c100;TB;W24H11)(compatible; ichiro/mobile goo;+http://help.goo.ne.jp/door/crawler.html)"
66.249.68.26 - - [24/Nov/2010:14:42:44 -0800] "GET /blog/2005/11/november-is-month-of-bacon.html HTTP/1.1" 302 353 "-" "Mozilla/5.0 (compatible; Googlebot/2.1; +http://www.google.com/bot.html)"
193.47.80.41 - - [24/Nov/2010:14:50:26 -0800] "GET /robots.txt HTTP/1.1" 200 304 "-" "Mozilla/5.0 (compatible; Exabot/3.0; +http://www.exabot.com/go/robot)"
193.47.80.41 - - [24/Nov/2010:14:50:26 -0800] "GET / HTTP/1.1" 302 - "-" "Mozilla/5.0 (compatible; Exabot/3.0; +http://www.exabot.com/go/robot)"
66.249.68.100 - - [24/Nov/2010:18:10:51 -0800] "GET /robots.txt HTTP/1.1" 200 304 "-" "Mozilla/5.0 (compatible; Googlebot/2.1; +http://www.google.com/bot.html)"
66.249.68.100 - - [24/Nov/2010:18:10:51 -0800] "GET /ct.html HTTP/1.1" 302 349 "-" "Mozilla/5.0 (compatible; Googlebot/2.1; +http://www.google.com/bot.html)"
208.80.194.29 - - [24/Nov/2010:19:08:37 -0800] "GET / HTTP/1.0" 302 - "-" "Mozilla/4.0 (compatible; MSIE 7.0; Windows NT 5.1; SV1; FunWebProducts; .NET CLR 1.0.3705; .NET CLR 1.1.4322; Media Center PC 4.0)"
208.80.194.29 - - [24/Nov/2010:19:08:37 -0800] "GET /installation/index.php HTTP/1.0" 200 2232 "-" "Mozilla/4.0 (compatible; MSIE 6.0; Windows NT 5.1; SV1; Mailinfo [783752]; .NET CLR 1.1.4322; HbTools 4.7.5; InfoPath.1; .NET CLR 2.0.50727)"
84.196.240.90 - - [24/Nov/2010:20:17:30 -0800] "GET / HTTP/1.0" 302 - "-" "Mozilla/3.0"
84.196.240.90 - - [24/Nov/2010:20:17:34 -0800] "GET /installation/index.php HTTP/1.0" 200 2232 "-" "Mozilla/3.0"
66.249.68.26 - - [24/Nov/2010:20:52:12 -0800] "GET /blog/2005/11/tempura-bacon.html HTTP/1.1" 302 353 "-" "Mozilla/5.0 (compatible; Googlebot/2.1; +http://www.google.com/bot.html)"
95.108.150.235 - - [25/Nov/2010:02:52:02 -0800] "GET /robots.txt HTTP/1.1" 200 304 "-" "Mozilla/5.0 (compatible; YandexBot/3.0; MirrorDetector; +http://yandex.com/bots)"
95.108.150.235 - - [25/Nov/2010:02:52:02 -0800] "GET /robots.txt HTTP/1.1" 200 304 "-" "Mozilla/5.0 (compatible; YandexBot/3.0; MirrorDetector; +http://yandex.com/bots)"
95.108.150.235 - - [25/Nov/2010:02:52:03 -0800] "GET / HTTP/1.1" 302 - "-" "Mozilla/5.0 (compatible; YandexBot/3.0; MirrorDetector; +http://yandex.com/bots)"
95.108.150.235 - - [25/Nov/2010:02:52:03 -0800] "GET / HTTP/1.1" 302 - "-" "Mozilla/5.0 (compatible; YandexBot/3.0; MirrorDetector; +http://yandex.com/bots)"
95.108.150.235 - - [25/Nov/2010:02:52:04 -0800] "GET /installation/index.php HTTP/1.1" 200 2232 "-" "Mozilla/5.0 (compatible; YandexBot/3.0; MirrorDetector; +http://yandex.com/bots)"
95.108.150.235 - - [25/Nov/2010:02:52:04 -0800] "GET /installation/index.php HTTP/1.1" 200 2232 "-" "Mozilla/5.0 (compatible; YandexBot/3.0; MirrorDetector; +http://yandex.com/bots)"
95.108.150.235 - - [25/Nov/2010:02:52:06 -0800] "GET /installation/index.php HTTP/1.1" 200 2232 "-" "Mozilla/5.0 (compatible; YandexBot/3.0; MirrorDetector; +http://yandex.com/bots)"
95.108.150.235 - - [25/Nov/2010:02:52:06 -0800] "GET /installation/index.php HTTP/1.1" 200 2232 "-" "Mozilla/5.0 (compatible; YandexBot/3.0; MirrorDetector; +http://yandex.com/bots)"
66.249.68.26 - - [25/Nov/2010:03:09:53 -0800] "GET /blog/2005/11/this-is-not-ok.html HTTP/1.1" 302 353 "-" "Mozilla/5.0 (compatible; Googlebot/2.1; +http://www.google.com/bot.html)"
74.52.245.146 - - [25/Nov/2010:14:14:02 -0800] "GET / HTTP/1.0" 302 - "-" "Mozilla/5.0 (X11; U; Linux i686; en-US; rv:1.7.5) Gecko/20041107 Firefox/1.0"
74.52.245.146 - - [25/Nov/2010:14:14:02 -0800] "GET /installation/index.php HTTP/1.0" 200 2232 "-" "Mozilla/5.0 (X11; U; Linux i686; en-US; rv:1.7.5) Gecko/20041107 Firefox/1.0"
193.47.80.41 - - [25/Nov/2010:14:18:17 -0800] "GET / HTTP/1.1" 302 - "-" "Mozilla/5.0 (compatible; Exabot/3.0; +http://www.exabot.com/go/robot)"
66.249.68.26 - - [25/Nov/2010:14:18:50 -0800] "GET /robots.txt HTTP/1.1" 200 304 "-" "Mozilla/5.0 (compatible; Googlebot/2.1; +http://www.google.com/bot.html)"
66.249.68.26 - - [25/Nov/2010:14:18:51 -0800] "GET /blog/ HTTP/1.1" 302 353 "-" "Mozilla/5.0 (compatible; Googlebot/2.1; +http://www.google.com/bot.html)"
66.249.68.100 - - [25/Nov/2010:14:18:52 -0800] "GET /robots.txt HTTP/1.1" 200 304 "-" "Mozilla/5.0 (compatible; Googlebot/2.1; +http://www.google.com/bot.html)"
66.249.68.100 - - [25/Nov/2010:14:18:52 -0800] "GET / HTTP/1.1" 302 - "-" "Mozilla/5.0 (compatible; Googlebot/2.1; +http://www.google.com/bot.html)"
66.249.68.100 - - [25/Nov/2010:17:18:08 -0800] "GET /blog HTTP/1.1" 302 349 "-" "Mozilla/5.0 (compatible; Googlebot/2.1; +http://www.google.com/bot.html)"
208.80.194.36 - - [25/Nov/2010:18:55:04 -0800] "GET / HTTP/1.0" 302 - "-" "Mozilla/4.0 (compatible; MSIE 7.0; America Online Browser 1.1; Windows NT 5.1; YPC 3.2.0; .NET CLR 1.1.4322; IEMB3; IEMB3)"
208.80.194.36 - - [25/Nov/2010:18:55:04 -0800] "GET /installation/index.php HTTP/1.0" 200 2232 "-" "Mozilla/4.0 (compatible; MSIE 6.0; Windows NT 5.1; MSN 9.0;MSN 9.1; MSNbMSNI; MSNmen-us; MSNcOTH)"
208.80.194.31 - - [25/Nov/2010:23:13:42 -0800] "GET /blog/archive/2006_03_01_index.html&h=224&w=300&sz=12&hl=en&start=46 HTTP/1.0" 302 353 "-" "Mozilla/4.0 (compatible; MSIE 6.0; America Online Browser 1.1; Windows NT 5.1; SV1; YPC 3.0.1; .NET CLR 1.1.4322; SpamBlockerUtility 4.8.0)"
208.80.194.31 - - [25/Nov/2010:23:13:42 -0800] "GET / HTTP/1.0" 302 - "-" "Mozilla/4.0 (compatible; MSIE 6.0; Windows NT 5.0; {5A203A64-8206-4827-BAE5-4A5A3CC28F36}; .NET CLR 1.1.4322)"
208.80.194.31 - - [25/Nov/2010:23:13:43 -0800] "GET /installation/index.php HTTP/1.0" 200 2232 "-" "Mozilla/4.0 (compatible; MSIE 7.0; Windows NT 5.1; FunWebProducts; .NET CLR 1.0.3705; .NET CLR 1.1.4322; .NET CLR 2.0.50727; Media Center PC 4.0; IEMB3; IEMB3)"
208.80.194.29 - - [26/Nov/2010:00:23:15 -0800] "GET /blog/archive/2006_03_01_index.html&h=224&w=300&sz=12&hl=en&start=21 HTTP/1.0" 302 353 "-" "Mozilla/4.0 (compatible; MSIE 6.0; Windows 98; Cox High Speed Internet Customer)"
208.80.194.29 - - [26/Nov/2010:00:23:15 -0800] "GET / HTTP/1.0" 302 - "-" "Mozilla/4.0 (compatible; MSIE 7.0; Windows NT 5.1; SpamBlockerUtility 4.8.4; ZangoToolbar 4.8.2)"
208.80.194.29 - - [26/Nov/2010:00:23:15 -0800] "GET /installation/index.php HTTP/1.0" 200 2232 "-" "Mozilla/4.0 (compatible; MSIE 6.0; Windows NT 5.1; SV1; LocalNet3; .NET CLR 1.0.3705; .NET CLR 1.1.4322; Media Center PC 4.0; .NET CLR 2.0.50727)"
208.80.194.26 - - [26/Nov/2010:07:56:50 -0800] "GET / HTTP/1.0" 302 - "-" "Mozilla/4.0 (compatible; MSIE 6.0; Windows NT 5.1; SV1; MSN 6.1; MSNbMSFT; MSNmen-us; MSNc11; v5m)"
208.80.194.26 - - [26/Nov/2010:07:56:50 -0800] "GET /installation/index.php HTTP/1.0" 200 2232 "-" "Mozilla/4.0 (compatible; MSIE 7.0; Windows NT 6.0; Mailinfo [867753]; SLCC1; .NET CLR 2.0.50727; Media Center PC 5.0; .NET CLR 3.0.04506; .NET CLR 1.1.4322)"
66.249.68.26 - - [26/Nov/2010:08:53:29 -0800] "GET /blog/2005/10/hickory-smoked-vanilla-bourbon-bacon-i.html HTTP/1.1" 302 353 "-" "Mozilla/5.0 (compatible; Googlebot/2.1; +http://www.google.com/bot.html)"
66.249.68.100 - - [26/Nov/2010:08:53:30 -0800] "GET /robots.txt HTTP/1.1" 200 304 "-" "Mozilla/5.0 (compatible; Googlebot/2.1; +http://www.google.com/bot.html)"
193.47.80.41 - - [26/Nov/2010:15:11:27 -0800] "GET /robots.txt HTTP/1.1" 200 304 "-" "Mozilla/5.0 (compatible; Exabot/3.0; +http://www.exabot.com/go/robot)"
193.47.80.41 - - [26/Nov/2010:15:11:27 -0800] "GET / HTTP/1.1" 302 - "-" "Mozilla/5.0 (compatible; Exabot/3.0; +http://www.exabot.com/go/robot)"
66.249.68.100 - - [26/Nov/2010:17:29:12 -0800] "GET /ct.html HTTP/1.1" 302 349 "-" "Mozilla/5.0 (compatible; Googlebot/2.1; +http://www.google.com/bot.html)"
66.249.68.100 - - [26/Nov/2010:17:29:13 -0800] "GET / HTTP/1.1" 302 - "-" "Mozilla/5.0 (compatible; Googlebot/2.1; +http://www.google.com/bot.html)"
74.82.68.18 - - [26/Nov/2010:18:45:43 -0800] "GET / HTTP/1.0" 302 - "http://creepy.evilfuckers.org/index.html?detectflash=false" "BlackBerry9330/5.0.0.913 Profile/MIDP-2.1 Configuration/CLDC-1.1 VendorID/104"
74.82.68.18 - - [26/Nov/2010:18:45:43 -0800] "GET /installation/index.php HTTP/1.0" 200 2231 "http://creepy.evilfuckers.org/index.html?detectflash=false" "BlackBerry9330/5.0.0.913 Profile/MIDP-2.1 Configuration/CLDC-1.1 VendorID/104"
74.82.68.18 - - [26/Nov/2010:18:45:46 -0800] "GET /installation/template/js/validation.js HTTP/1.0" 200 7137 "http://sharkbomb.com/installation/index.php" "BlackBerry9330/5.0.0.913 Profile/MIDP-2.1 Configuration/CLDC-1.1 VendorID/104"
74.82.68.16 - - [26/Nov/2010:18:45:46 -0800] "GET /installation/template/css/template.css HTTP/1.0" 200 7375 "http://sharkbomb.com/installation/index.php" "BlackBerry9330/5.0.0.913 Profile/MIDP-2.1 Configuration/CLDC-1.1 VendorID/104"
74.82.68.16 - - [26/Nov/2010:18:45:46 -0800] "GET /installation/includes/js/installation.js HTTP/1.0" 200 598 "http://sharkbomb.com/installation/index.php" "BlackBerry9330/5.0.0.913 Profile/MIDP-2.1 Configuration/CLDC-1.1 VendorID/104"
74.82.68.16 - - [26/Nov/2010:18:45:46 -0800] "GET /media/system/js/mootools.js HTTP/1.0" 200 74434 "http://sharkbomb.com/installation/index.php" "BlackBerry9330/5.0.0.913 Profile/MIDP-2.1 Configuration/CLDC-1.1 VendorID/104"
74.82.68.16 - - [26/Nov/2010:18:45:47 -0800] "GET /favicon.ico HTTP/1.0" 302 349 "http://sharkbomb.com/installation/index.php" "BlackBerry9330/5.0.0.913 Profile/MIDP-2.1 Configuration/CLDC-1.1 VendorID/104"
74.82.68.16 - - [26/Nov/2010:18:45:47 -0800] "GET /installation/favicon.ico HTTP/1.0" 200 1150 "http://sharkbomb.com/installation/index.php" "BlackBerry9330/5.0.0.913 Profile/MIDP-2.1 Configuration/CLDC-1.1 VendorID/104"
74.82.68.16 - - [26/Nov/2010:18:45:47 -0800] "GET /installation/template/images/j_header_right.png HTTP/1.0" 200 366 "http://sharkbomb.com/installation/index.php" "BlackBerry9330/5.0.0.913 Profile/MIDP-2.1 Configuration/CLDC-1.1 VendorID/104"
74.82.68.18 - - [26/Nov/2010:18:45:47 -0800] "GET /installation/template/images/j_header_middle.png HTTP/1.0" 200 385 "http://sharkbomb.com/installation/index.php" "BlackBerry9330/5.0.0.913 Profile/MIDP-2.1 Configuration/CLDC-1.1 VendorID/104"
74.82.68.16 - - [26/Nov/2010:18:45:47 -0800] "GET / HTTP/1.0" 302 - "http://sharkbomb.com/installation/index.php" "BlackBerry9330/5.0.0.913 Profile/MIDP-2.1 Configuration/CLDC-1.1 VendorID/104"
74.82.68.16 - - [26/Nov/2010:18:45:47 -0800] "GET /installation/template/images/j_header_left.png HTTP/1.0" 200 5148 "http://sharkbomb.com/installation/index.php" "BlackBerry9330/5.0.0.913 Profile/MIDP-2.1 Configuration/CLDC-1.1 VendorID/104"
74.82.68.16 - - [26/Nov/2010:18:45:47 -0800] "GET /installation/template/images/j_bottom.png HTTP/1.0" 200 232 "http://sharkbomb.com/installation/index.php" "BlackBerry9330/5.0.0.913 Profile/MIDP-2.1 Configuration/CLDC-1.1 VendorID/104"
74.82.68.16 - - [26/Nov/2010:18:45:47 -0800] "GET /installation/template/images/j_corner_br.png HTTP/1.0" 200 314 "http://sharkbomb.com/installation/index.php" "BlackBerry9330/5.0.0.913 Profile/MIDP-2.1 Configuration/CLDC-1.1 VendorID/104"
74.82.68.16 - - [26/Nov/2010:18:45:47 -0800] "GET /installation/template/images/j_corner_bl.png HTTP/1.0" 200 303 "http://sharkbomb.com/installation/index.php" "BlackBerry9330/5.0.0.913 Profile/MIDP-2.1 Configuration/CLDC-1.1 VendorID/104"
74.82.68.18 - - [26/Nov/2010:18:45:47 -0800] "GET /installation/index.php HTTP/1.0" 200 2232 "http://sharkbomb.com/installation/index.php" "BlackBerry9330/5.0.0.913 Profile/MIDP-2.1 Configuration/CLDC-1.1 VendorID/104"
93.172.234.209 - - [26/Nov/2010:20:15:33 -0800] "GET / HTTP/1.1" 302 - "http://sharkbomb.com/" "Mozilla/4.0 (compatible; MSIE 7.0; Windows NT 6.0)"
93.172.234.209 - - [26/Nov/2010:20:15:34 -0800] "GET /installation/index.php HTTP/1.1" 200 2232 "http://sharkbomb.com/" "Mozilla/4.0 (compatible; MSIE 7.0; Windows NT 6.0)"
207.210.111.184 - - [26/Nov/2010:22:47:47 -0800] "GET / HTTP/1.0" 302 - "-" "Mozilla/4.0 (compatible; MSIE 6.0)"
207.210.111.184 - - [26/Nov/2010:22:47:48 -0800] "GET /installation/index.php HTTP/1.0" 200 2232 "-" "Mozilla/4.0 (compatible; MSIE 6.0)"
95.108.150.235 - - [27/Nov/2010:01:22:06 -0800] "GET /robots.txt HTTP/1.1" 200 304 "-" "Mozilla/5.0 (compatible; YandexBot/3.0; MirrorDetector; +http://yandex.com/bots)"
95.108.150.235 - - [27/Nov/2010:01:22:06 -0800] "GET /robots.txt HTTP/1.1" 200 304 "-" "Mozilla/5.0 (compatible; YandexBot/3.0; MirrorDetector; +http://yandex.com/bots)"
95.108.150.235 - - [27/Nov/2010:01:22:07 -0800] "GET / HTTP/1.1" 302 - "-" "Mozilla/5.0 (compatible; YandexBot/3.0; MirrorDetector; +http://yandex.com/bots)"
95.108.150.235 - - [27/Nov/2010:01:22:07 -0800] "GET / HTTP/1.1" 302 - "-" "Mozilla/5.0 (compatible; YandexBot/3.0; MirrorDetector; +http://yandex.com/bots)"
95.108.150.235 - - [27/Nov/2010:01:22:08 -0800] "GET /installation/index.php HTTP/1.1" 200 2232 "-" "Mozilla/5.0 (compatible; YandexBot/3.0; MirrorDetector; +http://yandex.com/bots)"
95.108.150.235 - - [27/Nov/2010:01:22:08 -0800] "GET /installation/index.php HTTP/1.1" 200 2232 "-" "Mozilla/5.0 (compatible; YandexBot/3.0; MirrorDetector; +http://yandex.com/bots)"
95.108.150.235 - - [27/Nov/2010:01:22:10 -0800] "GET /installation/index.php HTTP/1.1" 200 2232 "-" "Mozilla/5.0 (compatible; YandexBot/3.0; MirrorDetector; +http://yandex.com/bots)"
95.108.150.235 - - [27/Nov/2010:01:22:10 -0800] "GET /installation/index.php HTTP/1.1" 200 2232 "-" "Mozilla/5.0 (compatible; YandexBot/3.0; MirrorDetector; +http://yandex.com/bots)"
208.80.194.26 - - [27/Nov/2010:07:40:42 -0800] "GET / HTTP/1.0" 302 - "-" "Mozilla/4.0 (compatible; MSIE 7.0; Windows NT 5.1; sbcydsl 3.12; YPC 3.0.3; .NET CLR 1.1.4322; .NET CLR 2.0.50727)"
208.80.194.26 - - [27/Nov/2010:07:40:42 -0800] "GET /installation/index.php HTTP/1.0" 200 2232 "-" "Mozilla/4.0 (compatible; MSIE 6.0; Windows 98; Win 9x 4.90; FunWebProducts; yplus 5.1.03b)"
208.80.194.28 - - [27/Nov/2010:12:03:21 -0800] "GET /blog/archive/2006_03_01_index.html&h=224&w=300&sz=12&hl=en&start=46 HTTP/1.0" 302 353 "-" "Mozilla/4.0 (compatible; MSIE 7.0; Windows NT 5.1; {D128C8A7-45AF-4E59-A54E-48B5E1B2CC4D}; .NET CLR 1.1.4322)"
208.80.194.28 - - [27/Nov/2010:12:03:21 -0800] "GET / HTTP/1.0" 302 - "-" "Mozilla/4.0 (compatible; MSIE 6.0; Windows NT 5.0; H010818)"
208.80.194.28 - - [27/Nov/2010:12:03:21 -0800] "GET /installation/index.php HTTP/1.0" 200 2232 "-" "Mozilla/4.0 (compatible; MSIE 6.0; Windows NT 5.1) Opera 7.50 [en]"
208.80.194.33 - - [27/Nov/2010:13:04:28 -0800] "GET /blog/archive/2006_03_01_index.html&h=224&w=300&sz=12&hl=en&start=21 HTTP/1.0" 302 353 "-" "Mozilla/4.0 (compatible; MSIE 6.0; Windows NT 5.1; SV1; FunWebProducts; YPC 3.2.0; .NET CLR 1.0.3705; .NET CLR 1.1.4322; Media Center PC 4.0; yplus 5.1.04b)"
208.80.194.33 - - [27/Nov/2010:13:04:28 -0800] "GET / HTTP/1.0" 302 - "-" "Mozilla/4.0 (compatible; MSIE 6.0; Windows NT 5.1; SV1; SIMBAR Enabled; SIMBAR={48E2A6AB-2F5C-40e7-AB4C-1A1031BF25E0}; SIMBAR=0; FunWebProducts; .NET CLR 1.0.3705; .NET CLR 1.1.4322; Media Center PC 4.0; .NET CLR 2.0.50727; ZangoToolbar 4.8.3)"
208.80.194.33 - - [27/Nov/2010:13:04:28 -0800] "GET /installation/index.php HTTP/1.0" 200 2232 "-" "Mozilla/4.0 (compatible; MSIE 6.0; Windows NT 5.1; CDSource=v3.12a.00; SV1; 1.5.1 )"
193.47.80.41 - - [27/Nov/2010:14:22:31 -0800] "GET / HTTP/1.1" 302 - "-" "Mozilla/5.0 (compatible; Exabot/3.0; +http://www.exabot.com/go/robot)"
66.249.68.100 - - [27/Nov/2010:16:58:31 -0800] "GET /robots.txt HTTP/1.1" 200 304 "-" "Mozilla/5.0 (compatible; Googlebot/2.1; +http://www.google.com/bot.html)"
66.249.68.100 - - [27/Nov/2010:16:58:31 -0800] "GET /blog HTTP/1.1" 302 349 "-" "Mozilla/5.0 (compatible; Googlebot/2.1; +http://www.google.com/bot.html)"
66.249.68.100 - - [27/Nov/2010:16:58:32 -0800] "GET / HTTP/1.1" 302 - "-" "Mozilla/5.0 (compatible; Googlebot/2.1; +http://www.google.com/bot.html)"
208.80.194.32 - - [27/Nov/2010:20:36:46 -0800] "GET / HTTP/1.0" 302 - "-" "Mozilla/4.0 (compatible; MSIE 6.0; Windows 98; YPC 3.2.0; Keymaster; .NET CLR 1.1.4322; SpamBlockerUtility 4.8.4)"
208.80.194.32 - - [27/Nov/2010:20:36:46 -0800] "GET /installation/index.php HTTP/1.0" 200 2232 "-" "Mozilla/4.0 (compatible; MSIE 7.0; Windows NT 5.1; AskBar 3.00; .NET CLR 1.1.4322)"
66.249.68.26 - - [27/Nov/2010:21:40:57 -0800] "GET /robots.txt HTTP/1.1" 200 304 "-" "Mozilla/5.0 (compatible; Googlebot/2.1; +http://www.google.com/bot.html)"
66.249.68.26 - - [27/Nov/2010:21:40:57 -0800] "GET /blog/2005/10/just-google-it.html HTTP/1.1" 302 353 "-" "Mozilla/5.0 (compatible; Googlebot/2.1; +http://www.google.com/bot.html)"
66.249.68.100 - - [27/Nov/2010:21:40:58 -0800] "GET / HTTP/1.1" 302 - "-" "Mozilla/5.0 (compatible; Googlebot/2.1; +http://www.google.com/bot.html)"
66.45.246.226 - - [28/Nov/2010:01:07:38 -0800] "GET / HTTP/1.1" 302 - "-" "Mozilla/5.0 (Windows; U; Windows NT 5.1; en-US; rv:1.9.2.6) Gecko/20100625 Firefox/3.6.6"
66.45.246.226 - - [28/Nov/2010:01:07:39 -0800] "GET /installation/index.php HTTP/1.1" 200 2232 "http://SHARKBOMB.COM" "Mozilla/5.0 (Windows; U; Windows NT 5.1; en-US; rv:1.9.2.6) Gecko/20100625 Firefox/3.6.6"
208.115.111.243 - - [28/Nov/2010:03:30:46 -0800] "GET /robots.txt HTTP/1.1" 200 304 "-" "Mozilla/5.0 (compatible; DotBot/1.1; http://www.dotnetdotcom.org/, crawler@dotnetdotcom.org)"
66.249.68.26 - - [28/Nov/2010:03:48:15 -0800] "GET /blog/2005/10/would-someone-please-get-man-some-pie.html HTTP/1.1" 302 353 "-" "Mozilla/5.0 (compatible; Googlebot/2.1; +http://www.google.com/bot.html)"
66.249.68.100 - - [28/Nov/2010:04:08:33 -0800] "GET /ct.html HTTP/1.1" 302 349 "-" "Mozilla/5.0 (compatible; Googlebot/2.1; +http://www.google.com/bot.html)"
69.28.58.26 - - [28/Nov/2010:07:15:24 -0800] "GET /robots.txt HTTP/1.0" 200 304 "-" "page_test (larbin2.6.3@unspecified.mail)"
69.28.58.26 - - [28/Nov/2010:07:15:24 -0800] "GET / HTTP/1.0" 302 - "-" "page_test larbin2.6.3@unspecified.mail"
208.115.111.243 - - [28/Nov/2010:07:49:37 -0800] "GET / HTTP/1.1" 302 - "-" "Mozilla/5.0 (compatible; DotBot/1.1; http://www.dotnetdotcom.org/, crawler@dotnetdotcom.org)"
69.28.58.26 - - [28/Nov/2010:08:42:16 -0800] "GET /robots.txt HTTP/1.0" 200 304 "-" "page_test (larbin2.6.3@unspecified.mail)"
69.28.58.26 - - [28/Nov/2010:08:42:16 -0800] "GET /installation/index.php HTTP/1.0" 200 2232 "-" "page_test larbin2.6.3@unspecified.mail"
66.249.68.26 - - [28/Nov/2010:14:23:48 -0800] "GET /robots.txt HTTP/1.1" 200 304 "-" "Mozilla/5.0 (compatible; Googlebot/2.1; +http://www.google.com/bot.html)"
66.249.68.26 - - [28/Nov/2010:14:23:48 -0800] "GET /blog/ HTTP/1.1" 302 353 "-" "Mozilla/5.0 (compatible; Googlebot/2.1; +http://www.google.com/bot.html)"
66.249.68.100 - - [28/Nov/2010:14:23:49 -0800] "GET /robots.txt HTTP/1.1" 200 304 "-" "Mozilla/5.0 (compatible; Googlebot/2.1; +http://www.google.com/bot.html)"
66.249.68.100 - - [28/Nov/2010:14:23:49 -0800] "GET / HTTP/1.1" 302 - "-" "Mozilla/5.0 (compatible; Googlebot/2.1; +http://www.google.com/bot.html)"
193.47.80.41 - - [28/Nov/2010:14:34:57 -0800] "GET /robots.txt HTTP/1.1" 200 304 "-" "Mozilla/5.0 (compatible; Exabot/3.0; +http://www.exabot.com/go/robot)"
193.47.80.41 - - [28/Nov/2010:14:34:58 -0800] "GET / HTTP/1.1" 302 - "-" "Mozilla/5.0 (compatible; Exabot/3.0; +http://www.exabot.com/go/robot)"
66.249.68.100 - - [28/Nov/2010:16:21:54 -0800] "GET /blog HTTP/1.1" 302 349 "-" "Mozilla/5.0 (compatible; Googlebot/2.1; +http://www.google.com/bot.html)"
208.80.194.37 - - [28/Nov/2010:20:12:24 -0800] "GET / HTTP/1.0" 302 - "-" "Mozilla/4.0 (compatible; MSIE 7.0; Windows NT 5.1; .NET CLR 1.0.3705; .NET CLR 1.1.4322; Media Center PC 4.0; .NET CLR 2.0.50727; InfoPath.1; Zune 2.0)"
208.80.194.37 - - [28/Nov/2010:20:12:25 -0800] "GET /installation/index.php HTTP/1.0" 200 2232 "-" "Mozilla/4.0 (compatible; MSIE 6.0; Windows NT 5.1; SV1; acc=Messenger; acc=none; .NET CLR 1.1.4322; SpamBlockerUtility 4.7.1; .NET CLR 2.0.50727)"
208.80.194.34 - - [29/Nov/2010:00:40:04 -0800] "GET /blog/archive/2006_03_01_index.html&h=224&w=300&sz=12&hl=en&start=46 HTTP/1.0" 302 353 "-" "Mozilla/4.0 (compatible; MSIE 7.0; Windows NT 5.1; (R1 1.5); .NET CLR 1.1.4322; .NET CLR 2.0.50727; ZangoToolbar 4.8.3)"
208.80.194.34 - - [29/Nov/2010:00:40:04 -0800] "GET / HTTP/1.0" 302 - "-" "Mozilla/4.0 (compatible; MSIE 7.0; Windows NT 5.1; FunWebProducts; MSDigitalLocker; (R1 1.5); .NET CLR 1.0.3705; .NET CLR 2.0.50727; Comcast; Comcast)"
208.80.194.34 - - [29/Nov/2010:00:40:05 -0800] "GET /installation/index.php HTTP/1.0" 200 2232 "-" "Mozilla/4.0 (compatible; MSIE 6.0; Windows NT 5.1; SV1; YPC 3.2.0; Media Center PC 3.0; .NET CLR 1.0.3705; yplus 5.3.04b)"
208.80.194.28 - - [29/Nov/2010:01:41:14 -0800] "GET /blog/archive/2006_03_01_index.html&h=224&w=300&sz=12&hl=en&start=21 HTTP/1.0" 302 353 "-" "Mozilla/4.0 (compatible; MSIE 6.0; Windows NT 5.1; SV1; BIGPOND_ADSL_42)"
208.80.194.28 - - [29/Nov/2010:01:41:14 -0800] "GET / HTTP/1.0" 302 - "-" "Mozilla/4.0 (compatible; MSIE 6.0; Windows NT 5.1; SV1; yplus 5.6.03b)"
208.80.194.28 - - [29/Nov/2010:01:41:14 -0800] "GET /installation/index.php HTTP/1.0" 200 2232 "-" "Mozilla/4.0 (compatible; MSIE 6.0; Windows 98; YPC 3.2.0; Keymaster; .NET CLR 1.1.4322; SpamBlockerUtility 4.8.4)"
95.108.150.235 - - [29/Nov/2010:02:11:21 -0800] "GET /robots.txt HTTP/1.1" 200 304 "-" "Mozilla/5.0 (compatible; YandexBot/3.0; MirrorDetector; +http://yandex.com/bots)"
95.108.150.235 - - [29/Nov/2010:02:11:21 -0800] "GET /robots.txt HTTP/1.1" 200 304 "-" "Mozilla/5.0 (compatible; YandexBot/3.0; MirrorDetector; +http://yandex.com/bots)"
95.108.150.235 - - [29/Nov/2010:02:11:22 -0800] "GET / HTTP/1.1" 302 - "-" "Mozilla/5.0 (compatible; YandexBot/3.0; MirrorDetector; +http://yandex.com/bots)"
95.108.150.235 - - [29/Nov/2010:02:11:22 -0800] "GET / HTTP/1.1" 302 - "-" "Mozilla/5.0 (compatible; YandexBot/3.0; MirrorDetector; +http://yandex.com/bots)"
95.108.150.235 - - [29/Nov/2010:02:11:23 -0800] "GET /installation/index.php HTTP/1.1" 200 2232 "-" "Mozilla/5.0 (compatible; YandexBot/3.0; MirrorDetector; +http://yandex.com/bots)"
95.108.150.235 - - [29/Nov/2010:02:11:23 -0800] "GET /installation/index.php HTTP/1.1" 200 2232 "-" "Mozilla/5.0 (compatible; YandexBot/3.0; MirrorDetector; +http://yandex.com/bots)"
95.108.150.235 - - [29/Nov/2010:02:11:25 -0800] "GET /installation/index.php HTTP/1.1" 200 2232 "-" "Mozilla/5.0 (compatible; YandexBot/3.0; MirrorDetector; +http://yandex.com/bots)"
