89.159.209.249 - - [19/Feb/2010:15:42:44 -0800] "GET /browserbomb-access.log HTTP/1.0" 200 - "-" "Mozilla/5.0 (compatible; Googlebot/2.1; +http://www.google.com/bot.html)"
65.55.207.123 - - [19/Feb/2010:16:09:22 -0800] "GET /robots.txt HTTP/1.1" 302 360 "-" "msnbot/2.0b (+http://search.msn.com/msnbot.htm)"
65.55.216.53 - - [19/Feb/2010:16:09:35 -0800] "GET /robots.txt HTTP/1.1" 302 360 "-" "msnbot/2.0b (+http://search.msn.com/msnbot.htm)"
65.55.207.123 - - [19/Feb/2010:16:40:27 -0800] "GET /robots.txt HTTP/1.1" 302 360 "-" "msnbot/2.0b (+http://search.msn.com/msnbot.htm)"
65.55.207.123 - - [19/Feb/2010:17:18:28 -0800] "GET /robots.txt HTTP/1.1" 302 360 "-" "msnbot/2.0b (+http://search.msn.com/msnbot.htm)"
123.125.66.110 - - [19/Feb/2010:17:32:36 -0800] "GET /robots.txt HTTP/1.1" 302 360 "-" "Baiduspider+(+http://www.baidu.com/search/spider.htm)"
65.55.216.53 - - [19/Feb/2010:17:58:07 -0800] "GET /robots.txt HTTP/1.1" 302 360 "-" "msnbot/2.0b (+http://search.msn.com/msnbot.htm)"
66.249.71.251 - - [19/Feb/2010:18:40:09 -0800] "GET /robots.txt HTTP/1.1" 302 360 "-" "Mozilla/5.0 (compatible; Googlebot/2.1; +http://www.google.com/bot.html)"
66.249.71.251 - - [19/Feb/2010:18:40:09 -0800] "GET /vaginacide-error.log HTTP/1.1" 200 2963 "-" "Mozilla/5.0 (compatible; Googlebot/2.1; +http://www.google.com/bot.html)"
65.55.216.53 - - [19/Feb/2010:18:43:50 -0800] "GET /robots.txt HTTP/1.1" 302 360 "-" "msnbot/2.0b (+http://search.msn.com/msnbot.htm)"
65.55.207.123 - - [19/Feb/2010:19:31:45 -0800] "GET /robots.txt HTTP/1.1" 302 360 "-" "msnbot/2.0b (+http://search.msn.com/msnbot.htm)"
65.55.216.53 - - [19/Feb/2010:19:38:37 -0800] "GET /robots.txt HTTP/1.1" 302 360 "-" "msnbot/2.0b (+http://search.msn.com/msnbot.htm)"
65.55.216.53 - - [19/Feb/2010:19:48:13 -0800] "GET /robots.txt HTTP/1.1" 302 360 "-" "msnbot/2.0b (+http://search.msn.com/msnbot.htm)"
65.55.216.53 - - [19/Feb/2010:19:54:28 -0800] "GET /robots.txt HTTP/1.1" 302 360 "-" "msnbot/2.0b (+http://search.msn.com/msnbot.htm)"
65.55.207.123 - - [19/Feb/2010:20:04:37 -0800] "GET /robots.txt HTTP/1.1" 302 360 "-" "msnbot/2.0b (+http://search.msn.com/msnbot.htm)"
65.55.216.53 - - [19/Feb/2010:20:16:54 -0800] "GET /robots.txt HTTP/1.1" 302 360 "-" "msnbot/2.0b (+http://search.msn.com/msnbot.htm)"
65.55.216.53 - - [19/Feb/2010:20:35:10 -0800] "GET /robots.txt HTTP/1.1" 302 360 "-" "msnbot/2.0b (+http://search.msn.com/msnbot.htm)"
89.149.244.240 - - [19/Feb/2010:20:40:52 -0800] "GET /log.20080919/terhanian-error.log HTTP/1.1" 302 359 "-" "Mozilla/4.0 (compatible; MSIE 6.0; Windows NT 5.1; SV1)"
123.125.66.116 - - [19/Feb/2010:20:51:50 -0800] "GET /robots.txt HTTP/1.1" 302 360 "-" "Baiduspider+(+http://www.baidu.com/search/spider.htm)"
65.55.216.53 - - [19/Feb/2010:20:56:50 -0800] "GET /robots.txt HTTP/1.1" 302 360 "-" "msnbot/2.0b (+http://search.msn.com/msnbot.htm)"
65.55.207.123 - - [19/Feb/2010:20:56:57 -0800] "GET /robots.txt HTTP/1.1" 302 360 "-" "msnbot/2.0b (+http://search.msn.com/msnbot.htm)"
68.175.68.164 - - [19/Feb/2010:21:05:49 -0800] "GET /clownjuice-access.log HTTP/1.1" 200 93415 "http://www.google.com/search?q=75.101.219.68&ie=utf-8&oe=utf-8&aq=t&rls=org.mozilla:en-US:official&client=firefox-a" "Mozilla/5.0 (Macintosh; U; Intel Mac OS X 10.5; en-US; rv:1.9.1.8) Gecko/20100202 Firefox/3.5.8"
68.175.68.164 - - [19/Feb/2010:21:05:55 -0800] "GET /favicon.ico HTTP/1.1" 302 360 "-" "Mozilla/5.0 (Macintosh; U; Intel Mac OS X 10.5; en-US; rv:1.9.1.8) Gecko/20100202 Firefox/3.5.8"
84.130.50.59 - - [19/Feb/2010:21:09:26 -0800] "GET /evilfuckers-error.log HTTP/1.1" 200 30616 "-" "Mozilla/5.0 (Windows; U; Windows NT 5.1; de; rv:1.8.1.11) Gecko/20071127 Firefox/2.0.0.11"
84.130.50.59 - - [19/Feb/2010:21:14:24 -0800] "GET /clownjuice-error.log HTTP/1.1" 200 42985 "-" "Mozilla/5.0 (Windows; U; Windows NT 5.1; de; rv:1.8.1.11) Gecko/20071127 Firefox/2.0.0.11"
65.55.216.53 - - [19/Feb/2010:21:22:43 -0800] "GET /robots.txt HTTP/1.1" 302 360 "-" "msnbot/2.0b (+http://search.msn.com/msnbot.htm)"
65.55.207.123 - - [19/Feb/2010:21:50:54 -0800] "GET /robots.txt HTTP/1.1" 302 360 "-" "msnbot/2.0b (+http://search.msn.com/msnbot.htm)"
84.130.50.59 - - [19/Feb/2010:22:02:26 -0800] "GET /clownjuice-error.log HTTP/1.1" 200 43098 "-" "Mozilla/5.0 (Windows; U; Windows NT 5.1; de; rv:1.8.1.11) Gecko/20071127 Firefox/2.0.0.11"
84.130.50.59 - - [19/Feb/2010:22:02:39 -0800] "GET /clownjuice-error.log HTTP/1.1" 200 43098 "-" "Mozilla/5.0 (Windows; U; Windows NT 5.1; de; rv:1.8.1.11) Gecko/20071127 Firefox/2.0.0.11"
65.55.216.53 - - [19/Feb/2010:22:24:55 -0800] "GET /robots.txt HTTP/1.1" 302 360 "-" "msnbot/2.0b (+http://search.msn.com/msnbot.htm)"
66.249.71.236 - - [19/Feb/2010:22:42:11 -0800] "GET /robots.txt HTTP/1.1" 302 360 "-" "Mozilla/5.0 (compatible; Googlebot/2.1; +http://www.google.com/bot.html)"
66.249.71.236 - - [19/Feb/2010:22:42:11 -0800] "GET /clownjuice-error.log HTTP/1.1" 200 43098 "-" "Mozilla/5.0 (compatible; Googlebot/2.1; +http://www.google.com/bot.html)"
65.55.207.123 - - [19/Feb/2010:23:03:07 -0800] "GET /robots.txt HTTP/1.1" 302 360 "-" "msnbot/2.0b (+http://search.msn.com/msnbot.htm)"
67.220.101.136 - - [19/Feb/2010:23:21:00 -0800] "GET /robots.txt HTTP/1.1" 302 355 "-" "Mozilla/4.0 (compatible; MSIE 6.0; Windows NT 5.1; .NET CLR 1.0.3705)"
67.220.101.136 - - [19/Feb/2010:23:21:01 -0800] "GET /data/ HTTP/1.1" 302 355 "-" "Mozilla/4.0 (compatible; MSIE 6.0; Windows NT 5.1; .NET CLR 1.0.3705)"
65.55.207.123 - - [19/Feb/2010:23:43:58 -0800] "GET /robots.txt HTTP/1.1" 302 360 "-" "msnbot/2.0b (+http://search.msn.com/msnbot.htm)"
65.55.207.123 - - [20/Feb/2010:00:28:57 -0800] "GET /robots.txt HTTP/1.1" 302 360 "-" "msnbot/2.0b (+http://search.msn.com/msnbot.htm)"
65.55.207.123 - - [20/Feb/2010:00:29:58 -0800] "GET /jasoncmartin-error.log HTTP/1.1" 200 147923 "-" "msnbot/2.0b (+http://search.msn.com/msnbot.htm)"
65.55.216.53 - - [20/Feb/2010:00:31:53 -0800] "GET /vaginacide-error.log HTTP/1.1" 200 2963 "-" "msnbot/2.0b (+http://search.msn.com/msnbot.htm)"
202.90.158.8 - - [20/Feb/2010:00:56:00 -0800] "GET /log-error.log HTTP/1.0" 200 92173 "http://www.google.com.ph/search?q=Socket+is+not+connected%3A+core_output_filter%3A+writing+data+to+the+network&ie=utf-8&oe=utf-8&aq=t&rls=com.ubuntu:en-US:official&client=firefox-a" "Mozilla/5.0 (X11; U; Linux i686; en-US; rv:1.9.1.8) Gecko/20100214 Ubuntu/9.10 (karmic) Firefox/3.5.8"
202.90.158.8 - - [20/Feb/2010:00:56:02 -0800] "GET /favicon.ico HTTP/1.0" 302 360 "-" "Mozilla/5.0 (X11; U; Linux i686; en-US; rv:1.9.1.8) Gecko/20100214 Ubuntu/9.10 (karmic) Firefox/3.5.8"
202.90.158.8 - - [20/Feb/2010:00:56:05 -0800] "GET /favicon.ico HTTP/1.0" 302 360 "-" "Mozilla/5.0 (X11; U; Linux i686; en-US; rv:1.9.1.8) Gecko/20100214 Ubuntu/9.10 (karmic) Firefox/3.5.8"
65.55.207.71 - - [20/Feb/2010:00:57:29 -0800] "GET /ferality-access.log HTTP/1.1" 200 514823 "-" "msnbot/2.0b (+http://search.msn.com/msnbot.htm)"
65.55.207.100 - - [20/Feb/2010:01:12:54 -0800] "GET /orbsucks-access.log HTTP/1.1" 200 275633 "-" "msnbot/2.0b (+http://search.msn.com/msnbot.htm)"
65.55.216.11 - - [20/Feb/2010:02:07:51 -0800] "GET /sharkbomb-access.log HTTP/1.1" 200 270367 "-" "msnbot/2.0b (+http://search.msn.com/msnbot.htm)"
66.249.71.236 - - [20/Feb/2010:02:44:16 -0800] "GET /paxnihilo-access.log HTTP/1.1" 200 10040 "-" "Mozilla/5.0 (compatible; Googlebot/2.1; +http://www.google.com/bot.html)"
67.218.116.162 - - [20/Feb/2010:02:46:05 -0800] "GET /robots.txt HTTP/1.1" 302 360 "-" "Mozilla/5.0 (Twiceler-0.9 http://www.cuil.com/twiceler/robot.html)"
187.16.19.4 - - [20/Feb/2010:03:40:29 -0800] "GET /user/soapCaller.bs HTTP/1.1" 302 355 "-" "Morfeus Fucking Scanner"
207.70.37.16 - - [20/Feb/2010:04:18:18 -0800] "GET / HTTP/1.1" 200 5976 "-" "Mozilla/4.0 (compatible; MSIE 6.0; Windows NT 5.0; DigExt)"
222.231.50.161 - - [20/Feb/2010:04:34:18 -0800] "GET / HTTP/1.1" 200 5981 "http://unusualdischarge.com/" "Mozilla/5.0 (compatible; MSIE or Firefox mutant; not on Windows server; +http://ws.daum.net/aboutWebSearch.html) Daumoa/2.0"
65.55.207.97 - - [20/Feb/2010:04:44:42 -0800] "GET /robots.txt HTTP/1.1" 302 360 "-" "msnbot/2.0b (+http://search.msn.com/msnbot.htm)"
65.55.207.97 - - [20/Feb/2010:04:57:44 -0800] "GET /robots.txt HTTP/1.1" 302 360 "-" "msnbot/2.0b (+http://search.msn.com/msnbot.htm)"
65.55.207.97 - - [20/Feb/2010:05:18:09 -0800] "GET /robots.txt HTTP/1.1" 302 360 "-" "msnbot/2.0b (+http://search.msn.com/msnbot.htm)"
65.55.207.97 - - [20/Feb/2010:05:40:29 -0800] "GET /robots.txt HTTP/1.1" 302 360 "-" "msnbot/2.0b (+http://search.msn.com/msnbot.htm)"
65.55.207.97 - - [20/Feb/2010:06:14:22 -0800] "GET /robots.txt HTTP/1.1" 302 360 "-" "msnbot/2.0b (+http://search.msn.com/msnbot.htm)"
65.55.207.97 - - [20/Feb/2010:06:45:20 -0800] "GET /robots.txt HTTP/1.1" 302 360 "-" "msnbot/2.0b (+http://search.msn.com/msnbot.htm)"
66.249.71.251 - - [20/Feb/2010:06:46:36 -0800] "GET /robots.txt HTTP/1.1" 302 360 "-" "Mozilla/5.0 (compatible; Googlebot/2.1; +http://www.google.com/bot.html)"
66.249.71.251 - - [20/Feb/2010:06:46:36 -0800] "GET /paxnihilo-error.log HTTP/1.1" 200 2468 "-" "Mozilla/5.0 (compatible; Googlebot/2.1; +http://www.google.com/bot.html)"
65.55.207.97 - - [20/Feb/2010:07:20:07 -0800] "GET /robots.txt HTTP/1.1" 302 360 "-" "msnbot/2.0b (+http://search.msn.com/msnbot.htm)"
216.129.119.12 - - [20/Feb/2010:07:24:29 -0800] "GET /robots.txt HTTP/1.1" 302 360 "-" "Mozilla/5.0 (Twiceler-0.9 http://www.cuil.com/twiceler/robot.html)"
74.222.4.218 - - [20/Feb/2010:07:50:05 -0800] "GET /robots.txt HTTP/1.0" 302 360 "http://unusualdischarge.com/robots.txt" "Mozilla/4.0 (compatible; MSIE 6.0; Windows NT 5.1; SV1; .NET CLR 2.0.50727)"
74.222.4.218 - - [20/Feb/2010:07:50:05 -0800] "GET / HTTP/1.0" 200 5981 "http://unusualdischarge.com/" "Mozilla/4.0 (compatible; MSIE 6.0; Windows NT 5.1; SV1; .NET CLR 2.0.50727)"
65.55.207.97 - - [20/Feb/2010:07:56:13 -0800] "GET /robots.txt HTTP/1.1" 302 360 "-" "msnbot/2.0b (+http://search.msn.com/msnbot.htm)"
65.55.207.97 - - [20/Feb/2010:08:33:45 -0800] "GET /robots.txt HTTP/1.1" 302 360 "-" "msnbot/2.0b (+http://search.msn.com/msnbot.htm)"
65.55.207.97 - - [20/Feb/2010:09:15:29 -0800] "GET /robots.txt HTTP/1.1" 302 360 "-" "msnbot/2.0b (+http://search.msn.com/msnbot.htm)"
65.55.207.97 - - [20/Feb/2010:10:14:28 -0800] "GET /robots.txt HTTP/1.1" 302 360 "-" "msnbot/2.0b (+http://search.msn.com/msnbot.htm)"
65.55.207.97 - - [20/Feb/2010:10:26:10 -0800] "GET /robots.txt HTTP/1.1" 302 360 "-" "msnbot/2.0b (+http://search.msn.com/msnbot.htm)"
67.195.112.234 - - [20/Feb/2010:10:41:09 -0800] "GET /robots.txt HTTP/1.0" 302 360 "-" "Mozilla/5.0 (compatible; Yahoo! Slurp; http://help.yahoo.com/help/us/ysearch/slurp)"
67.195.112.234 - - [20/Feb/2010:10:41:10 -0800] "GET /index.php/photos/album/1/photo/2.html HTTP/1.0" 302 360 "-" "Mozilla/5.0 (compatible; Yahoo! Slurp/3.0; http://help.yahoo.com/help/us/ysearch/slurp)"
65.55.207.97 - - [20/Feb/2010:11:11:36 -0800] "GET /robots.txt HTTP/1.1" 302 360 "-" "msnbot/2.0b (+http://search.msn.com/msnbot.htm)"
65.55.207.97 - - [20/Feb/2010:11:20:29 -0800] "GET /robots.txt HTTP/1.1" 302 360 "-" "msnbot/2.0b (+http://search.msn.com/msnbot.htm)"
65.55.207.97 - - [20/Feb/2010:11:37:13 -0800] "GET /robots.txt HTTP/1.1" 302 360 "-" "msnbot/2.0b (+http://search.msn.com/msnbot.htm)"
65.55.207.97 - - [20/Feb/2010:11:56:43 -0800] "GET /robots.txt HTTP/1.1" 302 360 "-" "msnbot/2.0b (+http://search.msn.com/msnbot.htm)"
173.9.196.238 - - [20/Feb/2010:12:13:13 -0800] "GET /log.20081203/ferality-access.log HTTP/1.0" 302 359 "-" "Mozilla/4.0 (compatible; MSIE 6.0; Windows NT 5.1; SV1)"
65.55.207.97 - - [20/Feb/2010:12:20:24 -0800] "GET /robots.txt HTTP/1.1" 302 360 "-" "msnbot/2.0b (+http://search.msn.com/msnbot.htm)"
65.55.207.97 - - [20/Feb/2010:12:43:41 -0800] "GET /robots.txt HTTP/1.1" 302 360 "-" "msnbot/2.0b (+http://search.msn.com/msnbot.htm)"
69.58.178.32 - - [20/Feb/2010:12:57:01 -0800] "GET /robots.txt HTTP/1.1" 302 364 "-" "Mozilla/5.0 (X11; U; Linux i686; en-US; rv:1.9.1.3; ips-agent) Gecko/20090824 Fedora/1.0.7-1.1.fc4 Firefox/3.5.3"
69.58.178.32 - - [20/Feb/2010:12:57:02 -0800] "GET / HTTP/1.1" 200 5985 "-" "Mozilla/5.0 (X11; U; Linux i686; en-US; rv:1.9.1.3; ips-agent) Gecko/20090824 Fedora/1.0.7-1.1.fc4 Firefox/3.5.3"
69.58.178.32 - - [20/Feb/2010:12:57:03 -0800] "GET / HTTP/1.1" 200 5985 "-" "BlackBerry9000/4.6.0.167 Profile/MIDP-2.0 Configuration/CLDC-1.1 VendorID/102 ips-agent"
69.58.178.32 - - [20/Feb/2010:12:57:05 -0800] "GET /?C=N;O=D HTTP/1.1" 200 5985 "-" "Mozilla/5.0 (X11; U; Linux i686; en-US; rv:1.9.1.3; ips-agent) Gecko/20090824 Fedora/1.0.7-1.1.fc4 Firefox/3.5.3"
69.58.178.32 - - [20/Feb/2010:12:57:06 -0800] "GET /?C=M;O=A HTTP/1.1" 200 5985 "-" "Mozilla/5.0 (X11; U; Linux i686; en-US; rv:1.9.1.3; ips-agent) Gecko/20090824 Fedora/1.0.7-1.1.fc4 Firefox/3.5.3"
69.58.178.32 - - [20/Feb/2010:12:57:07 -0800] "GET /?C=S;O=A HTTP/1.1" 200 5985 "-" "Mozilla/5.0 (X11; U; Linux i686; en-US; rv:1.9.1.3; ips-agent) Gecko/20090824 Fedora/1.0.7-1.1.fc4 Firefox/3.5.3"
69.58.178.32 - - [20/Feb/2010:12:57:08 -0800] "GET /?C=D;O=A HTTP/1.1" 200 5985 "-" "Mozilla/5.0 (X11; U; Linux i686; en-US; rv:1.9.1.3; ips-agent) Gecko/20090824 Fedora/1.0.7-1.1.fc4 Firefox/3.5.3"
69.58.178.32 - - [20/Feb/2010:12:57:10 -0800] "GET /browserbomb-access.log HTTP/1.1" 200 - "-" "Mozilla/5.0 (X11; U; Linux i686; en-US; rv:1.9.1.3; ips-agent) Gecko/20090824 Fedora/1.0.7-1.1.fc4 Firefox/3.5.3"
69.58.178.32 - - [20/Feb/2010:12:57:11 -0800] "GET /browserbomb-error.log HTTP/1.1" 200 - "-" "Mozilla/5.0 (X11; U; Linux i686; en-US; rv:1.9.1.3; ips-agent) Gecko/20090824 Fedora/1.0.7-1.1.fc4 Firefox/3.5.3"
69.58.178.32 - - [20/Feb/2010:12:57:12 -0800] "GET /clownjuice-access.log HTTP/1.1" 200 94921 "-" "Mozilla/5.0 (X11; U; Linux i686; en-US; rv:1.9.1.3; ips-agent) Gecko/20090824 Fedora/1.0.7-1.1.fc4 Firefox/3.5.3"
69.58.178.32 - - [20/Feb/2010:12:57:15 -0800] "GET /clownjuice-error.log HTTP/1.1" 200 44031 "-" "Mozilla/5.0 (X11; U; Linux i686; en-US; rv:1.9.1.3; ips-agent) Gecko/20090824 Fedora/1.0.7-1.1.fc4 Firefox/3.5.3"
69.58.178.32 - - [20/Feb/2010:12:57:17 -0800] "GET /dustinharley-access.log HTTP/1.1" 200 349391 "-" "Mozilla/5.0 (X11; U; Linux i686; en-US; rv:1.9.1.3; ips-agent) Gecko/20090824 Fedora/1.0.7-1.1.fc4 Firefox/3.5.3"
69.58.178.32 - - [20/Feb/2010:12:57:21 -0800] "GET /dustinharley-error.log HTTP/1.1" 200 41708 "-" "Mozilla/5.0 (X11; U; Linux i686; en-US; rv:1.9.1.3; ips-agent) Gecko/20090824 Fedora/1.0.7-1.1.fc4 Firefox/3.5.3"
69.58.178.32 - - [20/Feb/2010:12:57:23 -0800] "GET /evilfuckers-access.log HTTP/1.1" 200 106513 "-" "Mozilla/5.0 (X11; U; Linux i686; en-US; rv:1.9.1.3; ips-agent) Gecko/20090824 Fedora/1.0.7-1.1.fc4 Firefox/3.5.3"
65.55.207.97 - - [20/Feb/2010:13:12:51 -0800] "GET /robots.txt HTTP/1.1" 302 360 "-" "msnbot/2.0b (+http://search.msn.com/msnbot.htm)"
65.55.207.97 - - [20/Feb/2010:13:43:18 -0800] "GET /robots.txt HTTP/1.1" 302 360 "-" "msnbot/2.0b (+http://search.msn.com/msnbot.htm)"
90.182.126.114 - - [20/Feb/2010:13:50:37 -0800] "GET /log.20081203/ferality-error.log HTTP/1.0" 302 359 "-" "Mozilla/4.0 (compatible; MSIE 6.0; Windows NT 5.1; SV1)"
67.195.112.234 - - [20/Feb/2010:14:14:51 -0800] "GET /robots.txt HTTP/1.0" 302 360 "-" "Mozilla/5.0 (compatible; Yahoo! Slurp; http://help.yahoo.com/help/us/ysearch/slurp)"
67.195.112.234 - - [20/Feb/2010:14:14:51 -0800] "GET /clownjuice-access.log HTTP/1.0" 200 94921 "-" "Mozilla/5.0 (compatible; Yahoo! Slurp/3.0; http://help.yahoo.com/help/us/ysearch/slurp)"
65.55.207.97 - - [20/Feb/2010:14:19:01 -0800] "GET /robots.txt HTTP/1.1" 302 360 "-" "msnbot/2.0b (+http://search.msn.com/msnbot.htm)"
64.246.187.42 - - [20/Feb/2010:14:45:27 -0800] "GET /robots.txt HTTP/1.0" 302 364 "-" "Mozilla/5.0 (Windows; U; Windows NT 5.1; en; rv:1.9.0.13) Gecko/2009073022 Firefox/3.5.2 (.NET CLR 3.5.30729) SurveyBot/2.3 (DomainTools)"
64.246.187.42 - - [20/Feb/2010:14:45:27 -0800] "GET / HTTP/1.1" 200 5985 "http://whois.domaintools.com/unusualdischarge.com" "Mozilla/5.0 (Windows; U; Windows NT 5.1; en; rv:1.9.0.13) Gecko/2009073022 Firefox/3.5.2 (.NET CLR 3.5.30729) SurveyBot/2.3 (DomainTools)"
65.55.207.97 - - [20/Feb/2010:14:56:43 -0800] "GET /robots.txt HTTP/1.1" 302 360 "-" "msnbot/2.0b (+http://search.msn.com/msnbot.htm)"
94.102.63.60 - - [20/Feb/2010:15:17:01 -0800] "GET / HTTP/1.0" 200 5980 "http://theinvestblog.com/" "Mozilla/4.0 (compatible; MSIE 6.0; Windows NT 5.2; Win64; x64; SV1; .NET CLR 2.0.50727)"
66.249.71.251 - - [20/Feb/2010:15:19:12 -0800] "GET /robots.txt HTTP/1.1" 302 360 "-" "Mozilla/5.0 (compatible; Googlebot/2.1; +http://www.google.com/bot.html)"
66.249.71.251 - - [20/Feb/2010:15:19:12 -0800] "GET /clownjuice-access.log HTTP/1.1" 200 94921 "-" "Mozilla/5.0 (compatible; Googlebot/2.1; +http://www.google.com/bot.html)"
65.55.207.97 - - [20/Feb/2010:15:39:31 -0800] "GET /robots.txt HTTP/1.1" 302 360 "-" "msnbot/2.0b (+http://search.msn.com/msnbot.htm)"
89.159.209.249 - - [20/Feb/2010:15:42:27 -0800] "GET /browserbomb-access.log HTTP/1.0" 200 - "-" "Mozilla/5.0 (compatible; Googlebot/2.1; +http://www.google.com/bot.html)"
65.55.207.97 - - [20/Feb/2010:16:25:38 -0800] "GET /robots.txt HTTP/1.1" 302 360 "-" "msnbot/2.0b (+http://search.msn.com/msnbot.htm)"
65.55.207.97 - - [20/Feb/2010:16:26:22 -0800] "GET /orbsucks-error.log HTTP/1.1" 200 48542 "-" "msnbot/2.0b (+http://search.msn.com/msnbot.htm)"
204.236.226.210 - - [20/Feb/2010:16:54:17 -0800] "GET /robots.txt HTTP/1.0" 302 360 "-" "ia_archiver (+http://www.alexa.com/site/help/webmasters; crawler@alexa.com)"
204.236.226.210 - - [20/Feb/2010:16:54:17 -0800] "GET /?C=M;O=A HTTP/1.0" 200 5981 "-" "ia_archiver (+http://www.alexa.com/site/help/webmasters; crawler@alexa.com)"
204.236.226.210 - - [20/Feb/2010:16:54:24 -0800] "GET /?C=S;O=A HTTP/1.0" 200 5981 "-" "ia_archiver (+http://www.alexa.com/site/help/webmasters; crawler@alexa.com)"
204.236.226.210 - - [20/Feb/2010:16:54:29 -0800] "GET /log-error.log HTTP/1.0" 200 96602 "-" "ia_archiver (+http://www.alexa.com/site/help/webmasters; crawler@alexa.com)"
204.236.226.210 - - [20/Feb/2010:16:54:34 -0800] "GET /paxnihilo-access.log HTTP/1.0" 200 10040 "-" "ia_archiver (+http://www.alexa.com/site/help/webmasters; crawler@alexa.com)"
204.236.226.210 - - [20/Feb/2010:16:54:39 -0800] "GET /sharkbomb-error.log HTTP/1.0" 200 13035 "-" "ia_archiver (+http://www.alexa.com/site/help/webmasters; crawler@alexa.com)"
204.236.226.210 - - [20/Feb/2010:16:54:45 -0800] "GET /vaginacide-access.log HTTP/1.0" 200 11184 "-" "ia_archiver (+http://www.alexa.com/site/help/webmasters; crawler@alexa.com)"
204.236.226.210 - - [20/Feb/2010:16:54:50 -0800] "GET /vaginacide-error.log HTTP/1.0" 200 3184 "-" "ia_archiver (+http://www.alexa.com/site/help/webmasters; crawler@alexa.com)"
204.236.226.210 - - [20/Feb/2010:16:58:54 -0800] "GET /dustinharley-access.log HTTP/1.0" 200 350860 "-" "ia_archiver (+http://www.alexa.com/site/help/webmasters; crawler@alexa.com)"
204.236.226.210 - - [20/Feb/2010:16:58:59 -0800] "GET /dustinharley-error.log HTTP/1.0" 200 41708 "-" "ia_archiver (+http://www.alexa.com/site/help/webmasters; crawler@alexa.com)"
204.236.226.210 - - [20/Feb/2010:16:59:05 -0800] "GET /ferality-error.log HTTP/1.0" 200 40137 "-" "ia_archiver (+http://www.alexa.com/site/help/webmasters; crawler@alexa.com)"
204.236.226.210 - - [20/Feb/2010:16:59:10 -0800] "GET /gorgeworld-error.log HTTP/1.0" 200 24262 "-" "ia_archiver (+http://www.alexa.com/site/help/webmasters; crawler@alexa.com)"
204.236.226.210 - - [20/Feb/2010:16:59:16 -0800] "GET /jasoncmartin-error.log HTTP/1.0" 200 150930 "-" "ia_archiver (+http://www.alexa.com/site/help/webmasters; crawler@alexa.com)"
204.236.226.210 - - [20/Feb/2010:16:59:21 -0800] "GET /orbsucks-access.log HTTP/1.0" 200 281066 "-" "ia_archiver (+http://www.alexa.com/site/help/webmasters; crawler@alexa.com)"
204.236.226.210 - - [20/Feb/2010:16:59:26 -0800] "GET /orbsucks-error.log HTTP/1.0" 200 48542 "-" "ia_archiver (+http://www.alexa.com/site/help/webmasters; crawler@alexa.com)"
204.236.226.210 - - [20/Feb/2010:16:59:31 -0800] "GET /sharkbomb-access.log HTTP/1.0" 200 278770 "-" "ia_archiver (+http://www.alexa.com/site/help/webmasters; crawler@alexa.com)"
204.236.226.210 - - [20/Feb/2010:17:00:03 -0800] "GET /terhanian-access.log HTTP/1.0" 200 - "-" "ia_archiver (+http://www.alexa.com/site/help/webmasters; crawler@alexa.com)"
204.236.226.210 - - [20/Feb/2010:17:00:26 -0800] "GET /?C=N;O=D HTTP/1.0" 200 5981 "-" "ia_archiver (+http://www.alexa.com/site/help/webmasters; crawler@alexa.com)"
204.236.226.210 - - [20/Feb/2010:17:00:31 -0800] "GET /clownjuice-error.log HTTP/1.0" 200 44257 "-" "ia_archiver (+http://www.alexa.com/site/help/webmasters; crawler@alexa.com)"
204.236.226.210 - - [20/Feb/2010:17:00:36 -0800] "GET /ferality-access.log HTTP/1.0" 200 524567 "-" "ia_archiver (+http://www.alexa.com/site/help/webmasters; crawler@alexa.com)"
204.236.226.210 - - [20/Feb/2010:17:00:44 -0800] "GET /gorgeworld-access.log HTTP/1.0" 200 85208 "-" "ia_archiver (+http://www.alexa.com/site/help/webmasters; crawler@alexa.com)"
204.236.226.210 - - [20/Feb/2010:17:00:49 -0800] "GET /jasoncmartin-access.log HTTP/1.0" 200 393363 "-" "ia_archiver (+http://www.alexa.com/site/help/webmasters; crawler@alexa.com)"
204.236.226.210 - - [20/Feb/2010:17:00:54 -0800] "GET /log-access.log HTTP/1.0" 200 270798 "-" "ia_archiver (+http://www.alexa.com/site/help/webmasters; crawler@alexa.com)"
204.236.226.210 - - [20/Feb/2010:17:01:00 -0800] "GET /paxnihilo-error.log HTTP/1.0" 200 2468 "-" "ia_archiver (+http://www.alexa.com/site/help/webmasters; crawler@alexa.com)"
204.236.226.210 - - [20/Feb/2010:17:01:05 -0800] "GET /terhanian-error.log HTTP/1.0" 200 - "-" "ia_archiver (+http://www.alexa.com/site/help/webmasters; crawler@alexa.com)"
204.236.226.210 - - [20/Feb/2010:17:07:13 -0800] "GET /?C=D;O=A HTTP/1.0" 200 5981 "-" "ia_archiver (+http://www.alexa.com/site/help/webmasters; crawler@alexa.com)"
204.236.226.210 - - [20/Feb/2010:17:07:18 -0800] "GET /evilfuckers-error.log HTTP/1.0" 200 31544 "-" "ia_archiver (+http://www.alexa.com/site/help/webmasters; crawler@alexa.com)"
123.125.66.49 - - [20/Feb/2010:17:33:48 -0800] "GET /robots.txt HTTP/1.1" 302 360 "-" "Baiduspider+(+http://www.baidu.com/search/spider.htm)"
123.125.66.51 - - [20/Feb/2010:20:51:26 -0800] "GET /robots.txt HTTP/1.1" 302 360 "-" "Baiduspider+(+http://www.baidu.com/search/spider.htm)"
208.80.193.28 - - [20/Feb/2010:23:48:26 -0800] "GET / HTTP/1.0" 200 5981 "-" "Mozilla/4.0 (compatible; MSIE 7.0; Windows NT 5.1; .NET CLR 1.1.4322; SpamBlockerUtility 4.7.5; .NET CLR 2.0.50727; Badongo 2.0.0)"
66.249.71.251 - - [21/Feb/2010:00:04:17 -0800] "GET /robots.txt HTTP/1.1" 302 360 "-" "Mozilla/5.0 (compatible; Googlebot/2.1; +http://www.google.com/bot.html)"
66.249.71.251 - - [21/Feb/2010:00:04:17 -0800] "GET /paxnihilo-access.log HTTP/1.1" 200 10040 "-" "Mozilla/5.0 (compatible; Googlebot/2.1; +http://www.google.com/bot.html)"
193.138.178.164 - - [21/Feb/2010:00:24:52 -0800] "GET HTTP/1.1 HTTP/1.1" 400 373 "-" "Toata dragostea mea pentru diavola"
193.138.178.164 - - [21/Feb/2010:00:24:53 -0800] "GET /install.txt HTTP/1.1" 302 355 "-" "Toata dragostea mea pentru diavola"
193.138.178.164 - - [21/Feb/2010:00:24:53 -0800] "GET /cart/install.txt HTTP/1.1" 302 355 "-" "Toata dragostea mea pentru diavola"
193.138.178.164 - - [21/Feb/2010:00:24:54 -0800] "GET /zencart/install.txt HTTP/1.1" 302 355 "-" "Toata dragostea mea pentru diavola"
193.138.178.164 - - [21/Feb/2010:00:24:54 -0800] "GET /zen-cart/install.txt HTTP/1.1" 302 355 "-" "Toata dragostea mea pentru diavola"
193.138.178.164 - - [21/Feb/2010:00:24:55 -0800] "GET /zen/install.txt HTTP/1.1" 302 355 "-" "Toata dragostea mea pentru diavola"
193.138.178.164 - - [21/Feb/2010:00:24:56 -0800] "GET /shop/install.txt HTTP/1.1" 302 355 "-" "Toata dragostea mea pentru diavola"
193.138.178.164 - - [21/Feb/2010:00:24:56 -0800] "GET /butik/install.txt HTTP/1.1" 302 355 "-" "Toata dragostea mea pentru diavola"
193.138.178.164 - - [21/Feb/2010:00:24:57 -0800] "GET /zcart/install.txt HTTP/1.1" 302 355 "-" "Toata dragostea mea pentru diavola"
193.138.178.164 - - [21/Feb/2010:00:24:57 -0800] "GET /shop2/install.txt HTTP/1.1" 302 355 "-" "Toata dragostea mea pentru diavola"
193.138.178.164 - - [21/Feb/2010:00:24:58 -0800] "GET /catalog/install.txt HTTP/1.1" 302 355 "-" "Toata dragostea mea pentru diavola"
193.138.178.164 - - [21/Feb/2010:00:24:59 -0800] "GET /boutique/install.txt HTTP/1.1" 302 355 "-" "Toata dragostea mea pentru diavola"
193.138.178.164 - - [21/Feb/2010:00:24:59 -0800] "GET /cart/install.txt HTTP/1.1" 302 355 "-" "Toata dragostea mea pentru diavola"
193.138.178.164 - - [21/Feb/2010:00:25:00 -0800] "GET /store/install.txt HTTP/1.1" 302 355 "-" "Toata dragostea mea pentru diavola"
66.249.71.251 - - [21/Feb/2010:01:54:03 -0800] "GET /orbsucks-error.log HTTP/1.1" 200 48865 "-" "Mozilla/5.0 (compatible; Googlebot/2.1; +http://www.google.com/bot.html)"
206.80.114.188 - - [21/Feb/2010:02:59:06 -0800] "GET / HTTP/1.1" 200 5976 "-" "Mozilla/4.0 (compatible; MSIE 6.0; Windows NT 5.0; DigExt)"
66.219.58.34 - - [21/Feb/2010:03:02:23 -0800] "GET /robots.txt HTTP/1.1" 302 360 "-" "MLBot (www.metadatalabs.com/mlbot)"
66.219.58.34 - - [21/Feb/2010:03:02:24 -0800] "GET / HTTP/1.1" 200 5981 "-" "MLBot (www.metadatalabs.com/mlbot)"
66.219.58.34 - - [21/Feb/2010:03:05:46 -0800] "GET /clownjuice-access.log HTTP/1.1" 200 95866 "-" "MLBot (www.metadatalabs.com/mlbot)"
66.219.58.34 - - [21/Feb/2010:03:08:04 -0800] "GET /clownjuice-error.log HTTP/1.1" 200 44518 "-" "MLBot (www.metadatalabs.com/mlbot)"
66.219.58.34 - - [21/Feb/2010:03:10:07 -0800] "GET /evilfuckers-access.log HTTP/1.1" 200 108992 "-" "MLBot (www.metadatalabs.com/mlbot)"
66.219.58.34 - - [21/Feb/2010:03:11:36 -0800] "GET /evilfuckers-error.log HTTP/1.1" 200 32253 "-" "MLBot (www.metadatalabs.com/mlbot)"
66.219.58.34 - - [21/Feb/2010:03:14:05 -0800] "GET /gorgeworld-access.log HTTP/1.1" 200 86196 "-" "MLBot (www.metadatalabs.com/mlbot)"
66.219.58.34 - - [21/Feb/2010:03:15:10 -0800] "GET /gorgeworld-error.log HTTP/1.1" 200 24633 "-" "MLBot (www.metadatalabs.com/mlbot)"
66.219.58.34 - - [21/Feb/2010:03:16:17 -0800] "GET /orbsucks-access.log HTTP/1.1" 200 283421 "-" "MLBot (www.metadatalabs.com/mlbot)"
66.219.58.34 - - [21/Feb/2010:03:17:09 -0800] "GET /orbsucks-error.log HTTP/1.1" 200 49079 "-" "MLBot (www.metadatalabs.com/mlbot)"
66.249.71.251 - - [21/Feb/2010:03:21:50 -0800] "GET /sharkbomb-error.log HTTP/1.1" 200 13241 "-" "Mozilla/5.0 (compatible; Googlebot/2.1; +http://www.google.com/bot.html)"
66.219.58.34 - - [21/Feb/2010:03:34:48 -0800] "GET /log-error.log HTTP/1.1" 200 99227 "-" "MLBot (www.metadatalabs.com/mlbot)"
66.219.58.34 - - [21/Feb/2010:03:36:06 -0800] "GET /paxnihilo-access.log HTTP/1.1" 200 10040 "-" "MLBot (www.metadatalabs.com/mlbot)"
66.219.58.34 - - [21/Feb/2010:03:37:01 -0800] "GET /paxnihilo-error.log HTTP/1.1" 200 2468 "-" "MLBot (www.metadatalabs.com/mlbot)"
66.219.58.34 - - [21/Feb/2010:03:38:43 -0800] "GET /sharkbomb-access.log HTTP/1.1" 200 280642 "-" "MLBot (www.metadatalabs.com/mlbot)"
66.219.58.34 - - [21/Feb/2010:03:39:44 -0800] "GET /sharkbomb-error.log HTTP/1.1" 200 13241 "-" "MLBot (www.metadatalabs.com/mlbot)"
66.219.58.34 - - [21/Feb/2010:03:40:45 -0800] "GET /terhanian-access.log HTTP/1.1" 200 - "-" "MLBot (www.metadatalabs.com/mlbot)"
66.219.58.34 - - [21/Feb/2010:03:42:22 -0800] "GET /terhanian-error.log HTTP/1.1" 200 - "-" "MLBot (www.metadatalabs.com/mlbot)"
66.219.58.34 - - [21/Feb/2010:03:44:56 -0800] "GET /vaginacide-access.log HTTP/1.1" 200 11360 "-" "MLBot (www.metadatalabs.com/mlbot)"
66.219.58.34 - - [21/Feb/2010:03:56:37 -0800] "GET /vaginacide-error.log HTTP/1.1" 200 3294 "-" "MLBot (www.metadatalabs.com/mlbot)"
92.74.36.76 - - [21/Feb/2010:04:41:16 -0800] "GET /gorgeworld-error.log HTTP/1.1" 200 24744 "-" "Mozilla/4.0 (compatible; MSIE 7.0; Windows NT 5.1; .NET CLR 1.1.4322; FDM; .NET CLR 2.0.50727)"
66.249.71.140 - - [21/Feb/2010:06:41:52 -0800] "GET /robots.txt HTTP/1.1" 302 359 "-" "Mozilla/5.0 (compatible; Googlebot/2.1; +http://www.google.com/bot.html)"
66.249.71.140 - - [21/Feb/2010:06:41:52 -0800] "GET /vaginacide-error.log HTTP/1.1" 200 3294 "-" "Mozilla/5.0 (compatible; Googlebot/2.1; +http://www.google.com/bot.html)"
65.55.216.31 - - [21/Feb/2010:06:47:45 -0800] "GET /robots.txt HTTP/1.1" 302 360 "-" "msnbot/2.0b (+http://search.msn.com/msnbot.htm)"
65.55.216.31 - - [21/Feb/2010:06:59:03 -0800] "GET /robots.txt HTTP/1.1" 302 360 "-" "msnbot/2.0b (+http://search.msn.com/msnbot.htm)"
65.55.216.31 - - [21/Feb/2010:07:17:05 -0800] "GET /robots.txt HTTP/1.1" 302 360 "-" "msnbot/2.0b (+http://search.msn.com/msnbot.htm)"
216.129.119.12 - - [21/Feb/2010:07:20:35 -0800] "GET /robots.txt HTTP/1.1" 302 360 "-" "Mozilla/5.0 (Twiceler-0.9 http://www.cuil.com/twiceler/robot.html)"
65.55.216.31 - - [21/Feb/2010:07:37:43 -0800] "GET /robots.txt HTTP/1.1" 302 360 "-" "msnbot/2.0b (+http://search.msn.com/msnbot.htm)"
65.55.216.31 - - [21/Feb/2010:07:54:45 -0800] "GET /robots.txt HTTP/1.1" 302 360 "-" "msnbot/2.0b (+http://search.msn.com/msnbot.htm)"
65.55.216.31 - - [21/Feb/2010:08:15:39 -0800] "GET /robots.txt HTTP/1.1" 302 360 "-" "msnbot/2.0b (+http://search.msn.com/msnbot.htm)"
65.55.207.120 - - [21/Feb/2010:08:37:15 -0800] "GET /robots.txt HTTP/1.1" 302 360 "-" "msnbot/2.0b (+http://search.msn.com/msnbot.htm)"
65.55.216.31 - - [21/Feb/2010:09:06:06 -0800] "GET /robots.txt HTTP/1.1" 302 360 "-" "msnbot/2.0b (+http://search.msn.com/msnbot.htm)"
65.55.207.120 - - [21/Feb/2010:09:06:11 -0800] "GET /robots.txt HTTP/1.1" 302 360 "-" "msnbot/2.0b (+http://search.msn.com/msnbot.htm)"
65.55.207.120 - - [21/Feb/2010:09:37:36 -0800] "GET /robots.txt HTTP/1.1" 302 360 "-" "msnbot/2.0b (+http://search.msn.com/msnbot.htm)"
65.55.216.31 - - [21/Feb/2010:09:37:44 -0800] "GET /robots.txt HTTP/1.1" 302 360 "-" "msnbot/2.0b (+http://search.msn.com/msnbot.htm)"
70.36.103.59 - - [21/Feb/2010:09:40:48 -0800] "GET /robots.txt HTTP/1.0" 302 360 "http://unusualdischarge.com/robots.txt" "Mozilla/4.0 (compatible; MSIE 6.0; Windows NT 5.1; SV1; .NET CLR 2.0.50727)"
70.36.103.59 - - [21/Feb/2010:09:40:48 -0800] "GET / HTTP/1.0" 200 5981 "http://unusualdischarge.com/" "Mozilla/4.0 (compatible; MSIE 6.0; Windows NT 5.1; SV1; .NET CLR 2.0.50727)"
66.249.71.251 - - [21/Feb/2010:10:02:09 -0800] "GET /robots.txt HTTP/1.1" 302 360 "-" "Mozilla/5.0 (compatible; Googlebot/2.1; +http://www.google.com/bot.html)"
66.249.71.251 - - [21/Feb/2010:10:02:09 -0800] "GET /ferality-error.log HTTP/1.1" 200 40827 "-" "Mozilla/5.0 (compatible; Googlebot/2.1; +http://www.google.com/bot.html)"
82.92.144.128 - - [21/Feb/2010:10:38:07 -0800] "GET /favicon.ico HTTP/1.1" 302 360 "-" "Mozilla/5.0 (Windows; U; Windows NT 5.1; en-US; rv:1.9.1.8) Gecko/20100202 Firefox/3.5.8"
82.92.144.128 - - [21/Feb/2010:10:38:07 -0800] "GET /favicon.ico HTTP/1.1" 302 360 "-" "Mozilla/5.0 (Windows; U; Windows NT 5.1; en-US; rv:1.9.1.8) Gecko/20100202 Firefox/3.5.8"
65.55.216.31 - - [21/Feb/2010:10:44:42 -0800] "GET /robots.txt HTTP/1.1" 302 360 "-" "msnbot/2.0b (+http://search.msn.com/msnbot.htm)"
65.55.216.31 - - [21/Feb/2010:11:19:05 -0800] "GET /robots.txt HTTP/1.1" 302 360 "-" "msnbot/2.0b (+http://search.msn.com/msnbot.htm)"
65.55.216.31 - - [21/Feb/2010:12:00:44 -0800] "GET /robots.txt HTTP/1.1" 302 360 "-" "msnbot/2.0b (+http://search.msn.com/msnbot.htm)"
65.55.216.31 - - [21/Feb/2010:12:46:42 -0800] "GET /robots.txt HTTP/1.1" 302 360 "-" "msnbot/2.0b (+http://search.msn.com/msnbot.htm)"
66.249.71.251 - - [21/Feb/2010:12:53:46 -0800] "GET /clownjuice-access.log HTTP/1.1" 200 96586 "-" "Mozilla/5.0 (compatible; Googlebot/2.1; +http://www.google.com/bot.html)"
65.55.216.31 - - [21/Feb/2010:13:36:17 -0800] "GET /robots.txt HTTP/1.1" 302 360 "-" "msnbot/2.0b (+http://search.msn.com/msnbot.htm)"
65.55.216.31 - - [21/Feb/2010:14:28:12 -0800] "GET /robots.txt HTTP/1.1" 302 360 "-" "msnbot/2.0b (+http://search.msn.com/msnbot.htm)"
65.55.216.31 - - [21/Feb/2010:14:38:56 -0800] "GET /robots.txt HTTP/1.1" 302 360 "-" "msnbot/2.0b (+http://search.msn.com/msnbot.htm)"
65.55.216.31 - - [21/Feb/2010:14:56:17 -0800] "GET /robots.txt HTTP/1.1" 302 360 "-" "msnbot/2.0b (+http://search.msn.com/msnbot.htm)"
65.55.216.31 - - [21/Feb/2010:15:17:43 -0800] "GET /robots.txt HTTP/1.1" 302 360 "-" "msnbot/2.0b (+http://search.msn.com/msnbot.htm)"
89.159.209.249 - - [21/Feb/2010:15:36:33 -0800] "GET /browserbomb-access.log HTTP/1.1" 200 - "-" "libwww-perl/5.826"
65.55.207.120 - - [21/Feb/2010:15:44:30 -0800] "GET /robots.txt HTTP/1.1" 302 360 "-" "msnbot/2.0b (+http://search.msn.com/msnbot.htm)"
65.55.216.31 - - [21/Feb/2010:16:14:08 -0800] "GET /robots.txt HTTP/1.1" 302 360 "-" "msnbot/2.0b (+http://search.msn.com/msnbot.htm)"
65.55.216.31 - - [21/Feb/2010:16:48:11 -0800] "GET /robots.txt HTTP/1.1" 302 360 "-" "msnbot/2.0b (+http://search.msn.com/msnbot.htm)"
65.55.216.31 - - [21/Feb/2010:17:26:01 -0800] "GET /robots.txt HTTP/1.1" 302 360 "-" "msnbot/2.0b (+http://search.msn.com/msnbot.htm)"
123.125.66.23 - - [21/Feb/2010:17:28:26 -0800] "GET /robots.txt HTTP/1.1" 302 360 "-" "Baiduspider+(+http://www.baidu.com/search/spider.htm)"
65.55.216.31 - - [21/Feb/2010:18:06:33 -0800] "GET /robots.txt HTTP/1.1" 302 360 "-" "msnbot/2.0b (+http://search.msn.com/msnbot.htm)"
65.55.216.31 - - [21/Feb/2010:18:52:57 -0800] "GET /robots.txt HTTP/1.1" 302 360 "-" "msnbot/2.0b (+http://search.msn.com/msnbot.htm)"
65.55.216.31 - - [21/Feb/2010:19:57:30 -0800] "GET /robots.txt HTTP/1.1" 302 360 "-" "msnbot/2.0b (+http://search.msn.com/msnbot.htm)"
65.55.216.31 - - [21/Feb/2010:20:09:53 -0800] "GET /robots.txt HTTP/1.1" 302 360 "-" "msnbot/2.0b (+http://search.msn.com/msnbot.htm)"
65.55.216.31 - - [21/Feb/2010:20:27:28 -0800] "GET /robots.txt HTTP/1.1" 302 360 "-" "msnbot/2.0b (+http://search.msn.com/msnbot.htm)"
123.125.66.33 - - [21/Feb/2010:20:42:40 -0800] "GET /robots.txt HTTP/1.1" 302 360 "-" "Baiduspider+(+http://www.baidu.com/search/spider.htm)"
65.55.216.31 - - [21/Feb/2010:20:46:22 -0800] "GET /robots.txt HTTP/1.1" 302 360 "-" "msnbot/2.0b (+http://search.msn.com/msnbot.htm)"
66.249.71.119 - - [21/Feb/2010:20:57:43 -0800] "GET /robots.txt HTTP/1.1" 302 359 "-" "Mozilla/5.0 (compatible; Googlebot/2.1; +http://www.google.com/bot.html)"
66.249.71.119 - - [21/Feb/2010:20:58:39 -0800] "GET /paxnihilo-error.log HTTP/1.1" 200 2577 "-" "Mozilla/5.0 (compatible; Googlebot/2.1; +http://www.google.com/bot.html)"
128.197.81.70 - - [21/Feb/2010:21:00:58 -0800] "GET /wordtrans/index.html HTTP/1.1" 302 355 "-" "Mozilla/4.0 (compatible; MSIE 6.0; Windows 98)"
128.197.81.70 - - [21/Feb/2010:21:00:58 -0800] "GET /wordtrans/index.php HTTP/1.1" 302 355 "-" "Mozilla/4.0 (compatible; MSIE 6.0; Windows 98)"
65.55.216.31 - - [21/Feb/2010:21:09:06 -0800] "GET /robots.txt HTTP/1.1" 302 360 "-" "msnbot/2.0b (+http://search.msn.com/msnbot.htm)"
89.159.209.249 - - [21/Feb/2010:21:11:06 -0800] "GET /browserbomb-access.log HTTP/1.0" 200 - "-" "Mozilla/5.0 (compatible; Googlebot/2.1; +http://www.google.com/bot.html)"
65.55.216.31 - - [21/Feb/2010:21:37:17 -0800] "GET /robots.txt HTTP/1.1" 302 360 "-" "msnbot/2.0b (+http://search.msn.com/msnbot.htm)"
65.55.216.31 - - [21/Feb/2010:22:06:11 -0800] "GET /robots.txt HTTP/1.1" 302 360 "-" "msnbot/2.0b (+http://search.msn.com/msnbot.htm)"
24.255.112.2 - - [21/Feb/2010:22:07:19 -0800] "GET /gorgeworld-access.log HTTP/1.1" 200 86988 "http://www.google.com/custom?q=174.129.144.34&sa=Google+Search&client=pub-7158950401421305&forid=1&ie=ISO-8859-1&oe=ISO-8859-1&hl=en" "Mozilla/4.0 (compatible; MSIE 8.0; Windows NT 6.1; WOW64; Trident/4.0; SLCC2; .NET CLR 2.0.50727; .NET CLR 3.5.30729; .NET CLR 3.0.30729; Media Center PC 6.0; OfficeLiveConnector.1.4; OfficeLivePatch.1.3)"
64.124.203.72 - - [21/Feb/2010:22:11:29 -0800] "GET /gorgeworld-access.log HTTP/1.1" 200 86988 "-" "Mozilla/4.0 (compatible; MSIE 7.0; Windows NT 5.1)"
66.249.71.236 - - [21/Feb/2010:22:26:26 -0800] "GET /robots.txt HTTP/1.1" 302 360 "-" "Mozilla/5.0 (compatible; Googlebot/2.1; +http://www.google.com/bot.html)"
66.249.71.236 - - [21/Feb/2010:22:26:26 -0800] "GET / HTTP/1.1" 200 5981 "-" "Mozilla/5.0 (compatible; Googlebot/2.1; +http://www.google.com/bot.html)"
98.221.181.238 - - [21/Feb/2010:22:31:40 -0800] "GET /robots.txt HTTP/1.1" 302 360 "-" "Mozilla/5.0 (compatible; 008/0.83; http://www.80legs.com/spider.html;) Gecko/2008032620"
65.55.216.31 - - [21/Feb/2010:22:38:48 -0800] "GET /robots.txt HTTP/1.1" 302 360 "-" "msnbot/2.0b (+http://search.msn.com/msnbot.htm)"
65.55.106.230 - - [21/Feb/2010:23:13:49 -0800] "GET /robots.txt HTTP/1.1" 302 360 "-" "msnbot/2.0b (+http://search.msn.com/msnbot.htm)"
65.55.106.230 - - [21/Feb/2010:23:52:55 -0800] "GET /robots.txt HTTP/1.1" 302 360 "-" "msnbot/2.0b (+http://search.msn.com/msnbot.htm)"
66.249.71.251 - - [21/Feb/2010:23:55:24 -0800] "GET /robots.txt HTTP/1.1" 302 360 "-" "Mozilla/5.0 (compatible; Googlebot/2.1; +http://www.google.com/bot.html)"
66.249.71.251 - - [21/Feb/2010:23:55:24 -0800] "GET /gorgeworld-error.log HTTP/1.1" 200 24987 "-" "Mozilla/5.0 (compatible; Googlebot/2.1; +http://www.google.com/bot.html)"
65.55.207.120 - - [22/Feb/2010:00:34:57 -0800] "GET /robots.txt HTTP/1.1" 302 360 "-" "msnbot/2.0b (+http://search.msn.com/msnbot.htm)"
66.249.71.251 - - [22/Feb/2010:01:25:18 -0800] "GET /clownjuice-access.log HTTP/1.1" 200 97040 "-" "Mozilla/5.0 (compatible; Googlebot/2.1; +http://www.google.com/bot.html)"
65.55.216.31 - - [22/Feb/2010:01:26:42 -0800] "GET /robots.txt HTTP/1.1" 302 360 "-" "msnbot/2.0b (+http://search.msn.com/msnbot.htm)"
67.218.116.162 - - [22/Feb/2010:01:30:49 -0800] "GET /clownjuice-error.log HTTP/1.1" 200 44960 "-" "Mozilla/5.0 (Twiceler-0.9 http://www.cuil.com/twiceler/robot.html)"
65.55.207.120 - - [22/Feb/2010:01:33:31 -0800] "GET /robots.txt HTTP/1.1" 302 360 "-" "msnbot/2.0b (+http://search.msn.com/msnbot.htm)"
84.244.141.2 - - [22/Feb/2010:01:35:56 -0800] "GET /gorgeworld-access.log HTTP/1.1" 200 87650 "http://www.google.nl/url?sa=t&source=web&ct=res&cd=2&ved=0CAwQFjAB&url=http%3A%2F%2Funusualdischarge.com%2Fgorgeworld-access.log&rct=j&q=seoprofiler+bot&ei=80-CS5SALo_4-AbYy-CVBw&usg=AFQjCNGjWupZuHasNlTeVt7nYk0Wj8nxaw" "Mozilla/5.0 (Windows; U; Windows NT 5.1; nl; rv:1.9.1.7) Gecko/20091221 Firefox/3.5.7 (.NET CLR 3.5.30729)"
84.244.141.2 - - [22/Feb/2010:01:35:58 -0800] "GET /favicon.ico HTTP/1.1" 302 360 "-" "Mozilla/5.0 (Windows; U; Windows NT 5.1; nl; rv:1.9.1.7) Gecko/20091221 Firefox/3.5.7 (.NET CLR 3.5.30729)"
84.244.141.2 - - [22/Feb/2010:01:36:01 -0800] "GET /favicon.ico HTTP/1.1" 302 360 "-" "Mozilla/5.0 (Windows; U; Windows NT 5.1; nl; rv:1.9.1.7) Gecko/20091221 Firefox/3.5.7 (.NET CLR 3.5.30729)"
65.55.207.120 - - [22/Feb/2010:01:43:02 -0800] "GET /robots.txt HTTP/1.1" 302 360 "-" "msnbot/2.0b (+http://search.msn.com/msnbot.htm)"
65.55.216.31 - - [22/Feb/2010:01:55:28 -0800] "GET /robots.txt HTTP/1.1" 302 360 "-" "msnbot/2.0b (+http://search.msn.com/msnbot.htm)"
65.55.106.230 - - [22/Feb/2010:02:11:55 -0800] "GET /robots.txt HTTP/1.1" 302 360 "-" "msnbot/2.0b (+http://search.msn.com/msnbot.htm)"
67.218.116.162 - - [22/Feb/2010:02:31:24 -0800] "GET /robots.txt HTTP/1.1" 302 360 "-" "Mozilla/5.0 (Twiceler-0.9 http://www.cuil.com/twiceler/robot.html)"
65.55.215.75 - - [22/Feb/2010:02:33:29 -0800] "GET /robots.txt HTTP/1.1" 302 360 "-" "msnbot/2.0b (+http://search.msn.com/msnbot.htm)"
66.249.71.236 - - [22/Feb/2010:02:54:21 -0800] "GET /log.20080919/ HTTP/1.1" 302 360 "-" "Mozilla/5.0 (compatible; Googlebot/2.1; +http://www.google.com/bot.html)"
65.55.215.75 - - [22/Feb/2010:02:58:10 -0800] "GET /robots.txt HTTP/1.1" 302 360 "-" "msnbot/2.0b (+http://search.msn.com/msnbot.htm)"
65.55.215.75 - - [22/Feb/2010:03:26:18 -0800] "GET /robots.txt HTTP/1.1" 302 360 "-" "msnbot/2.0b (+http://search.msn.com/msnbot.htm)"
66.225.225.224 - - [22/Feb/2010:03:51:36 -0800] "POST http://205.188.234.121:6667/ HTTP/1.0" 302 357 "-" "-"
66.225.225.224 - - [22/Feb/2010:03:51:36 -0800] "CONNECT 205.188.234.121:6667 HTTP/1.0" 405 374 "-" "-"
65.55.216.31 - - [22/Feb/2010:03:58:37 -0800] "GET /robots.txt HTTP/1.1" 302 360 "-" "msnbot/2.0b (+http://search.msn.com/msnbot.htm)"
65.55.215.75 - - [22/Feb/2010:04:35:52 -0800] "GET /robots.txt HTTP/1.1" 302 360 "-" "msnbot/2.0b (+http://search.msn.com/msnbot.htm)"
65.55.215.75 - - [22/Feb/2010:05:16:23 -0800] "GET /robots.txt HTTP/1.1" 302 360 "-" "msnbot/2.0b (+http://search.msn.com/msnbot.htm)"
65.55.106.230 - - [22/Feb/2010:06:03:43 -0800] "GET /robots.txt HTTP/1.1" 302 360 "-" "msnbot/2.0b (+http://search.msn.com/msnbot.htm)"
65.55.106.230 - - [22/Feb/2010:06:04:23 -0800] "GET /ferality-error.log HTTP/1.1" 200 41680 "-" "msnbot/2.0b (+http://search.msn.com/msnbot.htm)"
65.55.207.120 - - [22/Feb/2010:06:04:58 -0800] "GET /evilfuckers-error.log HTTP/1.1" 200 33164 "-" "msnbot/2.0b (+http://search.msn.com/msnbot.htm)"
65.55.215.75 - - [22/Feb/2010:06:05:30 -0800] "GET /paxnihilo-error.log HTTP/1.1" 200 2577 "-" "msnbot/2.0b (+http://search.msn.com/msnbot.htm)"
216.129.119.12 - - [22/Feb/2010:06:53:49 -0800] "GET /robots.txt HTTP/1.1" 302 360 "-" "Mozilla/5.0 (Twiceler-0.9 http://www.cuil.com/twiceler/robot.html)"
61.239.248.139 - - [22/Feb/2010:08:19:20 -0800] "CONNECT 205.188.251.1:443 HTTP/1.0" 405 371 "-" "-"
193.17.194.226 - - [22/Feb/2010:08:20:15 -0800] "GET /log.20080919/log-error.log HTTP/1.1" 302 360 "http://www.google.de/url?sa=t&source=web&ct=res&cd=4&ved=0CBEQFjAD&url=http%3A%2F%2Fmail.evilfuckers.org%2Flog.20080919%2Flog-error.log&rct=j&q=typo3+%22client+denied+by+server+configuration%22+favicon&ei=w62CS8zZF4iC_QbS8snzBg&usg=AFQjCNHCS03HaW7eFPwb5M3SJ2waX0fB0w" "Mozilla/5.0 (Windows; U; Windows NT 5.1; de; rv:1.9.0.18) Gecko/2010020220 Firefox/3.0.18 (.NET CLR 3.5.30729)"
150.70.84.155 - - [22/Feb/2010:08:24:36 -0800] "GET /log.20080919/log-error.log HTTP/1.0" 302 360 "-" "Mozilla/4.0 (compatible; MSIE 6.0; Windows NT 5.1)"
91.2.104.248 - - [22/Feb/2010:09:04:18 -0800] "GET /gorgeworld-error.log HTTP/1.1" 200 25517 "-" "Mozilla/4.0 (compatible; MSIE 7.0; Windows NT 5.1; .NET CLR 1.1.4322; FDM; .NET CLR 2.0.50727)"
89.171.198.150 - - [22/Feb/2010:11:31:05 -0800] "GET /log.20081203/ HTTP/1.1" 302 359 "http://www.google.pl/search?hl=pl&lr=&client=firefox-a&hs=9We&rls=org.mozilla:pl:official&q=access.log+index+of&start=20&sa=N" "Mozilla/5.0 (Windows; U; Windows NT 6.1; pl; rv:1.9.2) Gecko/20100115 Firefox/3.6"
122.102.253.195 - - [22/Feb/2010:11:33:47 -0800] "GET /phpmyadmin//scripts/setup.php HTTP/1.1" 302 355 "-" "Mozilla/4.0 (compatible; MSIE 6.0; MSIE 5.5; Windows NT 5.1) Opera 7.01 [en]"
122.102.253.195 - - [22/Feb/2010:11:33:51 -0800] "GET /phpmyadmin//setup/config.php?type=post HTTP/1.1" 302 355 "-" "Mozilla/4.0 (compatible; MSIE 6.0; MSIE 5.5; Windows NT 5.1) Opera 7.01 [en]"
89.171.198.150 - - [22/Feb/2010:11:35:57 -0800] "GET /log.20080919/ HTTP/1.1" 302 360 "http://www.google.pl/search?hl=pl&lr=&client=firefox-a&hs=SYe&rls=org.mozilla:pl:official&q=access.log+index+of&start=40&sa=N" "Mozilla/5.0 (Windows; U; Windows NT 6.1; pl; rv:1.9.2) Gecko/20100115 Firefox/3.6"
82.72.20.231 - - [22/Feb/2010:11:50:33 -0800] "GET /favicon.ico HTTP/1.1" 302 360 "-" "Mozilla/5.0 (Windows; U; Windows NT 5.1; nl; rv:1.9.1.8) Gecko/20100202 Firefox/3.5.8"
82.72.20.231 - - [22/Feb/2010:11:53:18 -0800] "GET /favicon.ico HTTP/1.1" 302 360 "-" "Mozilla/5.0 (Windows; U; Windows NT 5.1; nl; rv:1.9.1.8) Gecko/20100202 Firefox/3.5.8"
208.80.193.34 - - [22/Feb/2010:13:13:24 -0800] "GET / HTTP/1.0" 200 5981 "-" "Mozilla/4.0 (compatible; MSIE 7.0; Windows NT 5.1; YPC 3.0.1; .NET CLR 1.0.3705; .NET CLR 1.1.4322; Media Center PC 3.1)"
66.249.71.251 - - [22/Feb/2010:13:49:07 -0800] "GET /robots.txt HTTP/1.1" 302 360 "-" "Mozilla/5.0 (compatible; Googlebot/2.1; +http://www.google.com/bot.html)"
66.249.71.251 - - [22/Feb/2010:13:49:08 -0800] "GET /clownjuice-access.log HTTP/1.1" 200 97687 "-" "Mozilla/5.0 (compatible; Googlebot/2.1; +http://www.google.com/bot.html)"
66.249.71.251 - - [22/Feb/2010:14:13:13 -0800] "GET /sharkbomb-error.log HTTP/1.1" 200 13344 "-" "Mozilla/5.0 (compatible; Googlebot/2.1; +http://www.google.com/bot.html)"
122.200.203.11 - - [22/Feb/2010:15:25:19 -0800] "GET ////bbs//skin/zero_vote/ask_password.php?dir=http://www.kortech.cn/bbs/data/id1.txt? HTTP/1.1" 302 359 "-" "Mozilla/5.0"
122.200.203.11 - - [22/Feb/2010:15:25:19 -0800] "GET /log.20080919/terhanian-error.log////bbs//skin/zero_vote/ask_password.php?dir=http://www.kortech.cn/bbs/data/id1.txt? HTTP/1.1" 302 359 "-" "Mozilla/5.0"
122.200.203.11 - - [22/Feb/2010:15:25:20 -0800] "GET /log.20080919////bbs//skin/zero_vote/ask_password.php?dir=http://www.kortech.cn/bbs/data/id1.txt? HTTP/1.1" 302 359 "-" "Mozilla/5.0"
122.200.203.11 - - [22/Feb/2010:15:26:26 -0800] "GET ////bbs//skin/zero_vote/ask_password.php?dir=http://www.kortech.cn/bbs/data/id1.txt? HTTP/1.1" 302 359 "-" "Mozilla/5.0"
122.200.203.11 - - [22/Feb/2010:15:26:26 -0800] "GET /log.20080919////bbs//skin/zero_vote/ask_password.php?dir=http://www.kortech.cn/bbs/data/id1.txt? HTTP/1.1" 302 359 "-" "Mozilla/5.0"
122.200.203.11 - - [22/Feb/2010:15:26:26 -0800] "GET /log.20080919/terhanian-error.log////bbs//skin/zero_vote/ask_password.php?dir=http://www.kortech.cn/bbs/data/id1.txt? HTTP/1.1" 302 359 "-" "Mozilla/5.0"
66.249.71.251 - - [22/Feb/2010:15:26:46 -0800] "GET /paxnihilo-error.log HTTP/1.1" 200 2577 "-" "Mozilla/5.0 (compatible; Googlebot/2.1; +http://www.google.com/bot.html)"
65.55.207.97 - - [22/Feb/2010:15:30:20 -0800] "GET /robots.txt HTTP/1.1" 302 360 "-" "msnbot/2.0b (+http://search.msn.com/msnbot.htm)"
122.200.203.11 - - [22/Feb/2010:15:30:42 -0800] "GET /log.20080919/terhanian-error.log////bbs//skin/zero_vote/ask_password.php?dir=http://www.kortech.cn/bbs/data/id1.txt? HTTP/1.1" 302 359 "-" "Mozilla/5.0"
122.200.203.11 - - [22/Feb/2010:15:30:42 -0800] "GET /log.20080919////bbs//skin/zero_vote/ask_password.php?dir=http://www.kortech.cn/bbs/data/id1.txt? HTTP/1.1" 302 359 "-" "Mozilla/5.0"
122.200.203.11 - - [22/Feb/2010:15:30:42 -0800] "GET ////bbs//skin/zero_vote/ask_password.php?dir=http://www.kortech.cn/bbs/data/id1.txt? HTTP/1.1" 302 359 "-" "Mozilla/5.0"
65.55.207.97 - - [22/Feb/2010:15:35:36 -0800] "GET /robots.txt HTTP/1.1" 302 360 "-" "msnbot/2.0b (+http://search.msn.com/msnbot.htm)"
66.190.90.176 - - [22/Feb/2010:15:36:03 -0800] "GET /log.20080919/log-access.log HTTP/1.1" 302 359 "http://www.google.com/url?sa=t&source=web&ct=res&cd=13&ved=0CAsQFjACOAo&url=http%3A%2F%2Fmail.gorgeworld.com%2Flog.20080919%2Flog-access.log&rct=j&q=198.252.144.2&ei=yxSDS6GrO46EmQe7q4CwDQ&usg=AFQjCNFmSVQ_Kmx51uYm1hIkCHCOixuJMQ" "Mozilla/5.0 (Windows; U; Windows NT 5.1; en-US; rv:1.9.0.17) Gecko/2009122116 Firefox/3.0.17 (.NET CLR 3.5.30729)"
122.200.203.11 - - [22/Feb/2010:15:45:21 -0800] "GET ////bbs//skin/zero_vote/ask_password.php?dir=http://www.kortech.cn/bbs/data/id1.txt? HTTP/1.1" 302 359 "-" "Mozilla/5.0"
122.200.203.11 - - [22/Feb/2010:15:45:21 -0800] "GET /log.20080919////bbs//skin/zero_vote/ask_password.php?dir=http://www.kortech.cn/bbs/data/id1.txt? HTTP/1.1" 302 359 "-" "Mozilla/5.0"
122.200.203.11 - - [22/Feb/2010:15:45:21 -0800] "GET /log.20080919/terhanian-error.log////bbs//skin/zero_vote/ask_password.php?dir=http://www.kortech.cn/bbs/data/id1.txt? HTTP/1.1" 302 359 "-" "Mozilla/5.0"
61.239.248.139 - - [22/Feb/2010:15:45:51 -0800] "CONNECT 205.188.251.11:443 HTTP/1.0" 405 372 "-" "-"
65.55.207.97 - - [22/Feb/2010:15:46:45 -0800] "GET /robots.txt HTTP/1.1" 302 360 "-" "msnbot/2.0b (+http://search.msn.com/msnbot.htm)"
89.159.209.249 - - [22/Feb/2010:15:46:59 -0800] "GET /browserbomb-access.log HTTP/1.0" 200 - "-" "Mozilla/5.0 (compatible; Googlebot/2.1; +http://www.google.com/bot.html)"
87.78.226.162 - - [22/Feb/2010:15:54:29 -0800] "GET /clownjuice-error.log HTTP/1.1" 200 45292 "-" "Mozilla/5.0 (Windows; U; Windows NT 5.1; de; rv:1.8.1.11) Gecko/20071127 Firefox/2.0.0.11"
66.249.71.37 - - [22/Feb/2010:16:01:25 -0800] "GET /robots.txt HTTP/1.1" 302 359 "-" "Googlebot-Image/1.0"
66.249.71.37 - - [22/Feb/2010:16:01:25 -0800] "GET /icons/text.gif HTTP/1.1" 304 - "-" "Googlebot-Image/1.0"
65.55.207.97 - - [22/Feb/2010:16:01:31 -0800] "GET /robots.txt HTTP/1.1" 302 360 "-" "msnbot/2.0b (+http://search.msn.com/msnbot.htm)"
122.102.253.195 - - [22/Feb/2010:16:02:17 -0800] "GET /phpMyAdmin//scripts/setup.php HTTP/1.1" 302 355 "-" "Mozilla/4.0 (compatible; MSIE 6.0; MSIE 5.5; Windows NT 5.1) Opera 7.01 [en]"
122.102.253.195 - - [22/Feb/2010:16:02:18 -0800] "GET /phpMyAdmin//setup/config.php?type=post HTTP/1.1" 302 355 "-" "Mozilla/4.0 (compatible; MSIE 6.0; MSIE 5.5; Windows NT 5.1) Opera 7.01 [en]"
65.55.207.97 - - [22/Feb/2010:16:21:33 -0800] "GET /robots.txt HTTP/1.1" 302 360 "-" "msnbot/2.0b (+http://search.msn.com/msnbot.htm)"
66.249.71.37 - - [22/Feb/2010:16:40:18 -0800] "GET / HTTP/1.1" 200 5980 "-" "Mozilla/5.0 (compatible; Googlebot/2.1; +http://www.google.com/bot.html)"
65.55.207.97 - - [22/Feb/2010:16:45:59 -0800] "GET /robots.txt HTTP/1.1" 302 360 "-" "msnbot/2.0b (+http://search.msn.com/msnbot.htm)"
90.157.48.55 - - [22/Feb/2010:17:05:37 -0800] "GET /evilfuckers-access.log HTTP/1.0" 200 112902 "http://mail.clownjuice.com/evilfuckers-access.log" "Mozilla/4.0 (compatible; MSIE 6.0; Windows NT 5.1)"
90.157.48.55 - - [22/Feb/2010:17:05:41 -0800] "GET / HTTP/1.0" 200 5980 "http://mail.clownjuice.com/" "Mozilla/4.0 (compatible; MSIE 6.0; Windows NT 5.1)"
65.55.207.97 - - [22/Feb/2010:17:14:49 -0800] "GET /robots.txt HTTP/1.1" 302 360 "-" "msnbot/2.0b (+http://search.msn.com/msnbot.htm)"
123.125.66.116 - - [22/Feb/2010:17:30:04 -0800] "GET /robots.txt HTTP/1.1" 302 360 "-" "Baiduspider+(+http://www.baidu.com/search/spider.htm)"
65.55.207.97 - - [22/Feb/2010:17:46:37 -0800] "GET /robots.txt HTTP/1.1" 302 360 "-" "msnbot/2.0b (+http://search.msn.com/msnbot.htm)"
65.55.207.97 - - [22/Feb/2010:18:22:31 -0800] "GET /robots.txt HTTP/1.1" 302 360 "-" "msnbot/2.0b (+http://search.msn.com/msnbot.htm)"
