66.219.58.39 - - [08/Mar/2010:09:48:17 -0800] "GET /paxnihilo-error.log HTTP/1.1" 200 3988 "-" "MLBot (www.metadatalabs.com/mlbot)"
66.219.58.39 - - [08/Mar/2010:09:49:08 -0800] "GET /sharkbomb-access.log HTTP/1.1" 200 362807 "-" "MLBot (www.metadatalabs.com/mlbot)"
66.219.58.39 - - [08/Mar/2010:09:49:59 -0800] "GET /sharkbomb-error.log HTTP/1.1" 200 16551 "-" "MLBot (www.metadatalabs.com/mlbot)"
66.219.58.39 - - [08/Mar/2010:09:50:50 -0800] "GET /terhanian-access.log HTTP/1.1" 200 - "-" "MLBot (www.metadatalabs.com/mlbot)"
66.219.58.39 - - [08/Mar/2010:09:51:41 -0800] "GET /terhanian-error.log HTTP/1.1" 200 - "-" "MLBot (www.metadatalabs.com/mlbot)"
66.219.58.39 - - [08/Mar/2010:09:52:32 -0800] "GET /vaginacide-access.log HTTP/1.1" 200 19199 "-" "MLBot (www.metadatalabs.com/mlbot)"
66.219.58.39 - - [08/Mar/2010:09:53:24 -0800] "GET /vaginacide-error.log HTTP/1.1" 200 5804 "-" "MLBot (www.metadatalabs.com/mlbot)"
38.105.83.6 - - [08/Mar/2010:09:59:25 -0800] "GET / HTTP/1.1" 200 5985 "-" "Mozilla/4.0 (compatible; MSIE 7.0; Windows NT 5.2)"
38.105.83.6 - - [08/Mar/2010:10:00:31 -0800] "GET /jasoncmartin-error.log HTTP/1.1" 200 219364 "http://www.unusualdischarge.com/" "Mozilla/4.0 (compatible; MSIE 7.0; Windows NT 5.2)"
38.105.83.6 - - [08/Mar/2010:10:00:35 -0800] "GET /terhanian-error.log HTTP/1.1" 200 - "http://www.unusualdischarge.com/" "Mozilla/4.0 (compatible; MSIE 7.0; Windows NT 5.2)"
38.105.83.6 - - [08/Mar/2010:10:00:37 -0800] "GET /clownjuice-access.log HTTP/1.1" 200 121055 "http://www.unusualdischarge.com/" "Mozilla/4.0 (compatible; MSIE 7.0; Windows NT 5.2)"
38.105.83.6 - - [08/Mar/2010:10:00:41 -0800] "GET /orbsucks-access.log HTTP/1.1" 200 533985 "http://www.unusualdischarge.com/" "Mozilla/4.0 (compatible; MSIE 7.0; Windows NT 5.2)"
38.105.83.6 - - [08/Mar/2010:10:00:46 -0800] "GET /ferality-access.log HTTP/1.1" 200 762148 "http://www.unusualdischarge.com/" "Mozilla/4.0 (compatible; MSIE 7.0; Windows NT 5.2)"
38.105.83.6 - - [08/Mar/2010:10:00:49 -0800] "GET /clownjuice-error.log HTTP/1.1" 200 56192 "http://www.unusualdischarge.com/" "Mozilla/4.0 (compatible; MSIE 7.0; Windows NT 5.2)"
38.105.83.6 - - [08/Mar/2010:10:00:52 -0800] "GET /jasoncmartin-access.log HTTP/1.1" 200 589320 "http://www.unusualdischarge.com/" "Mozilla/4.0 (compatible; MSIE 7.0; Windows NT 5.2)"
38.105.83.6 - - [08/Mar/2010:10:00:56 -0800] "GET /gorgeworld-error.log HTTP/1.1" 200 32312 "http://www.unusualdischarge.com/" "Mozilla/4.0 (compatible; MSIE 7.0; Windows NT 5.2)"
38.105.83.6 - - [08/Mar/2010:10:00:59 -0800] "GET /evilfuckers-access.log HTTP/1.1" 200 159932 "http://www.unusualdischarge.com/" "Mozilla/4.0 (compatible; MSIE 7.0; Windows NT 5.2)"
38.105.83.6 - - [08/Mar/2010:10:01:02 -0800] "GET /orbsucks-error.log HTTP/1.1" 200 96237 "http://www.unusualdischarge.com/" "Mozilla/4.0 (compatible; MSIE 7.0; Windows NT 5.2)"
38.105.83.6 - - [08/Mar/2010:10:01:06 -0800] "GET /dustinharley-access.log HTTP/1.1" 200 472856 "http://www.unusualdischarge.com/" "Mozilla/4.0 (compatible; MSIE 7.0; Windows NT 5.2)"
38.105.83.6 - - [08/Mar/2010:10:01:12 -0800] "GET /log-access.log HTTP/1.1" 200 502234 "http://www.unusualdischarge.com/" "Mozilla/4.0 (compatible; MSIE 7.0; Windows NT 5.2)"
38.105.83.6 - - [08/Mar/2010:10:01:16 -0800] "GET /log-error.log HTTP/1.1" 200 186791 "http://www.unusualdischarge.com/" "Mozilla/4.0 (compatible; MSIE 7.0; Windows NT 5.2)"
38.105.83.6 - - [08/Mar/2010:10:01:21 -0800] "GET /vaginacide-error.log HTTP/1.1" 200 5804 "http://www.unusualdischarge.com/" "Mozilla/4.0 (compatible; MSIE 7.0; Windows NT 5.2)"
38.105.83.6 - - [08/Mar/2010:10:01:23 -0800] "GET /dustinharley-error.log HTTP/1.1" 200 49540 "http://www.unusualdischarge.com/" "Mozilla/4.0 (compatible; MSIE 7.0; Windows NT 5.2)"
38.105.83.6 - - [08/Mar/2010:10:01:26 -0800] "GET /ferality-error.log HTTP/1.1" 200 53671 "http://www.unusualdischarge.com/" "Mozilla/4.0 (compatible; MSIE 7.0; Windows NT 5.2)"
38.105.83.6 - - [08/Mar/2010:10:01:28 -0800] "GET /evilfuckers-error.log HTTP/1.1" 200 46933 "http://www.unusualdischarge.com/" "Mozilla/4.0 (compatible; MSIE 7.0; Windows NT 5.2)"
38.105.83.6 - - [08/Mar/2010:10:01:31 -0800] "GET /sharkbomb-access.log HTTP/1.1" 200 362807 "http://www.unusualdischarge.com/" "Mozilla/4.0 (compatible; MSIE 7.0; Windows NT 5.2)"
38.105.83.6 - - [08/Mar/2010:10:01:35 -0800] "GET /vaginacide-access.log HTTP/1.1" 200 19199 "http://www.unusualdischarge.com/" "Mozilla/4.0 (compatible; MSIE 7.0; Windows NT 5.2)"
38.105.83.6 - - [08/Mar/2010:10:01:39 -0800] "GET /gorgeworld-access.log HTTP/1.1" 200 110114 "http://www.unusualdischarge.com/" "Mozilla/4.0 (compatible; MSIE 7.0; Windows NT 5.2)"
38.105.83.6 - - [08/Mar/2010:10:01:42 -0800] "GET /terhanian-access.log HTTP/1.1" 200 - "http://www.unusualdischarge.com/" "Mozilla/4.0 (compatible; MSIE 7.0; Windows NT 5.2)"
38.105.83.6 - - [08/Mar/2010:10:01:44 -0800] "GET /browserbomb-error.log HTTP/1.1" 200 - "http://www.unusualdischarge.com/" "Mozilla/4.0 (compatible; MSIE 7.0; Windows NT 5.2)"
38.105.83.6 - - [08/Mar/2010:10:01:49 -0800] "GET /browserbomb-access.log HTTP/1.1" 200 - "http://www.unusualdischarge.com/" "Mozilla/4.0 (compatible; MSIE 7.0; Windows NT 5.2)"
38.105.83.6 - - [08/Mar/2010:10:01:54 -0800] "GET /sharkbomb-error.log HTTP/1.1" 200 16551 "http://www.unusualdischarge.com/" "Mozilla/4.0 (compatible; MSIE 7.0; Windows NT 5.2)"
38.105.83.6 - - [08/Mar/2010:10:01:56 -0800] "GET /paxnihilo-access.log HTTP/1.1" 200 14858 "http://www.unusualdischarge.com/" "Mozilla/4.0 (compatible; MSIE 7.0; Windows NT 5.2)"
38.105.83.6 - - [08/Mar/2010:10:01:58 -0800] "GET /paxnihilo-error.log HTTP/1.1" 200 3988 "http://www.unusualdischarge.com/" "Mozilla/4.0 (compatible; MSIE 7.0; Windows NT 5.2)"
207.46.195.237 - - [08/Mar/2010:10:28:47 -0800] "GET /robots.txt HTTP/1.1" 302 360 "-" "msnbot/2.0b (+http://search.msn.com/msnbot.htm)"
207.46.195.237 - - [08/Mar/2010:10:29:31 -0800] "GET /orbsucks-access.log HTTP/1.1" 200 534495 "-" "msnbot/2.0b (+http://search.msn.com/msnbot.htm)"
66.249.68.171 - - [08/Mar/2010:10:44:27 -0800] "GET /robots.txt HTTP/1.1" 302 360 "-" "Mozilla/5.0 (compatible; Googlebot/2.1; +http://www.google.com/bot.html)"
66.249.68.171 - - [08/Mar/2010:10:44:27 -0800] "GET /clownjuice-access.log HTTP/1.1" 200 121468 "-" "Mozilla/5.0 (compatible; Googlebot/2.1; +http://www.google.com/bot.html)"
216.129.119.12 - - [08/Mar/2010:11:26:22 -0800] "GET /robots.txt HTTP/1.1" 302 360 "-" "Mozilla/5.0 (Twiceler-0.9 http://www.cuil.com/twiceler/robot.html)"
66.249.68.171 - - [08/Mar/2010:11:48:21 -0800] "GET /sharkbomb-error.log HTTP/1.1" 200 16551 "-" "Mozilla/5.0 (compatible; Googlebot/2.1; +http://www.google.com/bot.html)"
208.115.138.254 - - [08/Mar/2010:12:09:19 -0800] "GET /log-access.log HTTP/1.1" 200 505880 "-" "Mozilla/4.0 (compatible; MSIE 7.0; Windows NT 5.1; InfoPath.1; .NET CLR 2.0.50727; .NET CLR 1.1.4322; MS-RTC LM 8; .NET CLR 3.0.4506.2152; .NET CLR 3.5.30729)"
199.22.57.2 - - [08/Mar/2010:12:09:19 -0800] "GET /log-access.log HTTP/1.1" 200 505880 "http://www.bing.com/search?q=65.39.172.207&first=11&FORM=PERE" "Mozilla/4.0 (compatible; MSIE 8.0; Windows NT 5.1; Trident/4.0; .NET CLR 1.1.4322; .NET CLR 2.0.50727; .NET CLR 3.0.04506.30; .NET CLR 3.0.4506.2152; .NET CLR 3.5.30729)"
184.73.23.37 - - [08/Mar/2010:13:00:03 -0800] "GET / HTTP/1.0" 200 5981 "-" "Mozilla/4.0 (compatible; MSIE 6.0; Windows NT 5.1; SV1; .NET CLR 1.1.4322; .NET CLR 2.0.50728)"
87.78.200.118 - - [08/Mar/2010:13:18:05 -0800] "GET /sharkbomb-error.log HTTP/1.1" 200 16551 "-" "Mozilla/5.0 (Windows; U; Windows NT 5.1; de; rv:1.8.1.11) Gecko/20071127 Firefox/2.0.0.11"
64.56.65.218 - - [08/Mar/2010:13:19:33 -0800] "GET /robots.txt HTTP/1.0" 302 360 "http://unusualdischarge.com/robots.txt" "Mozilla/4.0 (compatible; MSIE 6.0; Windows NT 5.1; SV1; .NET CLR 2.0.50727)"
64.56.65.218 - - [08/Mar/2010:13:19:33 -0800] "GET / HTTP/1.0" 200 5981 "http://unusualdischarge.com/" "Mozilla/4.0 (compatible; MSIE 6.0; Windows NT 5.1; SV1; .NET CLR 2.0.50727)"
93.158.148.31 - - [08/Mar/2010:13:44:29 -0800] "GET /robots.txt HTTP/1.1" 302 360 "-" "Yandex/1.01.001 (compatible; Win16; I)"
66.249.68.171 - - [08/Mar/2010:14:07:24 -0800] "GET /paxnihilo-access.log HTTP/1.1" 304 - "-" "Mozilla/5.0 (compatible; Googlebot/2.1; +http://www.google.com/bot.html)"
66.249.68.171 - - [08/Mar/2010:14:10:28 -0800] "GET /orbsucks-error.log HTTP/1.1" 200 96708 "-" "Mozilla/5.0 (compatible; Googlebot/2.1; +http://www.google.com/bot.html)"
89.159.206.159 - - [08/Mar/2010:15:31:22 -0800] "GET /browserbomb-access.log HTTP/1.0" 200 - "-" "Mozilla/5.0 (compatible; Googlebot/2.1; +http://www.google.com/bot.html)"
66.249.65.246 - - [08/Mar/2010:16:47:17 -0800] "GET /robots.txt HTTP/1.1" 302 360 "-" "Mozilla/5.0 (compatible; Googlebot/2.1; +http://www.google.com/bot.html)"
66.249.65.246 - - [08/Mar/2010:16:47:17 -0800] "GET /gorgeworld-error.log HTTP/1.1" 200 32312 "-" "Mozilla/5.0 (compatible; Googlebot/2.1; +http://www.google.com/bot.html)"
173.45.105.138 - - [08/Mar/2010:16:56:20 -0800] "GET /ferality-access.log HTTP/1.1" 200 765201 "-" "Mozilla/5.0 (Windows; U; Windows NT 5.2; en-US; rv:1.8.0.6) Gecko/20060728 Firefox/1.5.0.6"
66.249.65.225 - - [08/Mar/2010:17:09:42 -0800] "GET /robots.txt HTTP/1.1" 302 359 "-" "Mozilla/5.0 (compatible; Googlebot/2.1; +http://www.google.com/bot.html)"
66.249.65.225 - - [08/Mar/2010:17:09:42 -0800] "GET /paxnihilo-error.log HTTP/1.1" 200 3988 "-" "Mozilla/5.0 (compatible; Googlebot/2.1; +http://www.google.com/bot.html)"
67.195.115.26 - - [08/Mar/2010:17:18:40 -0800] "GET /robots.txt HTTP/1.0" 302 360 "-" "Mozilla/5.0 (compatible; Yahoo! Slurp; http://help.yahoo.com/help/us/ysearch/slurp)"
67.195.115.26 - - [08/Mar/2010:17:18:40 -0800] "GET / HTTP/1.0" 200 5981 "-" "Mozilla/5.0 (compatible; Yahoo! Slurp/3.0; http://help.yahoo.com/help/us/ysearch/slurp)"
208.80.193.41 - - [08/Mar/2010:17:53:28 -0800] "GET / HTTP/1.0" 200 5981 "-" "Mozilla/4.0 (compatible; MSIE 6.0; Windows NT 5.1; Sgrunt|V109|867|S1012992214|dialno; snprtz|S04345540980867#867|isdn)"
66.249.65.246 - - [08/Mar/2010:17:58:42 -0800] "GET /ferality-error.log HTTP/1.1" 200 53887 "-" "Mozilla/5.0 (compatible; Googlebot/2.1; +http://www.google.com/bot.html)"
93.158.148.31 - - [08/Mar/2010:19:53:18 -0800] "GET /browserbomb-error.log HTTP/1.1" 200 - "-" "Yandex/1.01.001 (compatible; Win16; I)"
24.138.67.66 - - [08/Mar/2010:20:27:42 -0800] "GET / HTTP/1.1" 200 5981 "http://lobsters-sale.wholesalelobster.ca" "Mozilla/4.0 (compatible; MSIE 5.01; Windows 98)"
127.0.0.1 - - [08/Mar/2010:20:27:50 -0800] "OPTIONS * HTTP/1.0" 200 - "-" "Apache/2.2.11 (FreeBSD) mod_ssl/2.2.11 OpenSSL/0.9.8e DAV/2 PHP/5.2.9 with Suhosin-Patch (internal dummy connection)"
127.0.0.1 - - [08/Mar/2010:20:27:51 -0800] "OPTIONS * HTTP/1.0" 200 - "-" "Apache/2.2.11 (FreeBSD) mod_ssl/2.2.11 OpenSSL/0.9.8e DAV/2 PHP/5.2.9 with Suhosin-Patch (internal dummy connection)"
127.0.0.1 - - [08/Mar/2010:20:27:53 -0800] "OPTIONS * HTTP/1.0" 200 - "-" "Apache/2.2.11 (FreeBSD) mod_ssl/2.2.11 OpenSSL/0.9.8e DAV/2 PHP/5.2.9 with Suhosin-Patch (internal dummy connection)"
93.158.148.31 - - [08/Mar/2010:21:28:42 -0800] "GET /orbsucks-error.log HTTP/1.1" 200 97139 "-" "Yandex/1.01.001 (compatible; Win16; I)"
66.249.65.241 - - [08/Mar/2010:21:44:12 -0800] "GET /robots.txt HTTP/1.1" 302 359 "-" "Mozilla/5.0 (compatible; Googlebot/2.1; +http://www.google.com/bot.html)"
66.249.65.241 - - [08/Mar/2010:21:44:12 -0800] "GET / HTTP/1.1" 200 5980 "-" "Mozilla/5.0 (compatible; Googlebot/2.1; +http://www.google.com/bot.html)"
66.249.65.246 - - [08/Mar/2010:21:55:09 -0800] "GET /gorgeworld-error.log HTTP/1.1" 200 32423 "-" "Mozilla/5.0 (compatible; Googlebot/2.1; +http://www.google.com/bot.html)"
93.158.148.31 - - [08/Mar/2010:22:32:47 -0800] "GET /orbsucks-access.log HTTP/1.1" 200 541736 "-" "Yandex/1.01.001 (compatible; Win16; I)"
113.161.65.144 - - [08/Mar/2010:22:56:37 -0800] "GET /gorgeworld-error.log HTTP/1.0" 200 32423 "http://www.google.com.vn/search?q=%22174.123.174.34%22&ie=utf-8&oe=utf-8&aq=t&rls=com.ubuntu:en-US:official&client=firefox-a" "Mozilla/5.0 (X11; U; Linux i686; en-US; rv:1.9.1.8) Gecko/20100214 Ubuntu/9.10 (karmic) Firefox/3.5.8"
113.161.65.144 - - [08/Mar/2010:22:56:38 -0800] "GET /favicon.ico HTTP/1.0" 302 360 "-" "Mozilla/5.0 (X11; U; Linux i686; en-US; rv:1.9.1.8) Gecko/20100214 Ubuntu/9.10 (karmic) Firefox/3.5.8"
113.161.65.144 - - [08/Mar/2010:22:56:38 -0800] "GET /favicon.ico HTTP/1.0" 302 360 "-" "Mozilla/5.0 (X11; U; Linux i686; en-US; rv:1.9.1.8) Gecko/20100214 Ubuntu/9.10 (karmic) Firefox/3.5.8"
93.158.148.31 - - [08/Mar/2010:23:36:54 -0800] "GET /browserbomb-access.log HTTP/1.1" 200 - "-" "Yandex/1.01.001 (compatible; Win16; I)"
118.69.224.112 - - [09/Mar/2010:00:19:08 -0800] "GET /gorgeworld-access.log HTTP/1.0" 200 110714 "http://www.google.com/cse?cx=partner-pub-9300639326172081%3Aqi7dvj9mh31&ie=UTF-8&q=%22174.123.174.34%22&sa=Search" "Mozilla/5.0 (X11; U; Linux i686; en-US; rv:1.9.1.8) Gecko/20100214 Ubuntu/9.10 (karmic) Firefox/3.5.8"
91.212.127.100 - - [09/Mar/2010:00:37:22 -0800] "GET http://ant.dsabuse.com/abc.php?auth=45V456b09m&strPassword=SRZHTWGYCLKJGVX&nLoginId=43 HTTP/1.1" 302 355 "-" "Mozilla/5.0 (Windows; U; Windows NT 5.0; en-US; rv:1.8.1.12) Gecko/20080201 Firefox/2.0.0.12"
93.158.148.31 - - [09/Mar/2010:00:40:55 -0800] "GET /jasoncmartin-access.log HTTP/1.1" 200 599984 "-" "Yandex/1.01.001 (compatible; Win16; I)"
150.70.84.77 - - [09/Mar/2010:00:49:12 -0800] "GET /sharkbomb-error.log HTTP/1.0" 200 16860 "-" "Mozilla/4.0 (compatible; MSIE 6.0; Windows NT 5.1)"
93.158.148.31 - - [09/Mar/2010:01:45:02 -0800] "GET /ferality-error.log HTTP/1.1" 200 54103 "-" "Yandex/1.01.001 (compatible; Win16; I)"
66.249.65.246 - - [09/Mar/2010:01:51:22 -0800] "GET /robots.txt HTTP/1.1" 302 360 "-" "Mozilla/5.0 (compatible; Googlebot/2.1; +http://www.google.com/bot.html)"
66.249.65.246 - - [09/Mar/2010:01:51:22 -0800] "GET /gorgeworld-access.log HTTP/1.1" 200 110714 "-" "Mozilla/5.0 (compatible; Googlebot/2.1; +http://www.google.com/bot.html)"
66.249.65.241 - - [09/Mar/2010:02:18:42 -0800] "GET /vaginacide-error.log HTTP/1.1" 200 5915 "-" "Mozilla/5.0 (compatible; Googlebot/2.1; +http://www.google.com/bot.html)"
93.158.148.31 - - [09/Mar/2010:02:49:04 -0800] "GET /sharkbomb-error.log HTTP/1.1" 200 16860 "-" "Yandex/1.01.001 (compatible; Win16; I)"
93.158.148.31 - - [09/Mar/2010:03:53:04 -0800] "GET /?C=S;O=D HTTP/1.1" 200 5981 "-" "Yandex/1.01.001 (compatible; Win16; I)"
93.158.148.31 - - [09/Mar/2010:04:02:38 -0800] "GET /?C=D;O=A HTTP/1.1" 200 5981 "-" "Yandex/1.01.001 (compatible; Win16; I)"
67.218.116.162 - - [09/Mar/2010:04:30:54 -0800] "GET /robots.txt HTTP/1.1" 302 360 "-" "Mozilla/5.0 (Twiceler-0.9 http://www.cuil.com/twiceler/robot.html)"
66.249.65.246 - - [09/Mar/2010:05:48:03 -0800] "GET /clownjuice-access.log HTTP/1.1" 200 121996 "-" "Mozilla/5.0 (compatible; Googlebot/2.1; +http://www.google.com/bot.html)"
66.249.65.241 - - [09/Mar/2010:06:53:01 -0800] "GET /robots.txt HTTP/1.1" 302 359 "-" "Mozilla/5.0 (compatible; Googlebot/2.1; +http://www.google.com/bot.html)"
66.249.65.241 - - [09/Mar/2010:06:53:02 -0800] "GET /log.20080919/tib-error.log HTTP/1.1" 302 359 "-" "Mozilla/5.0 (compatible; Googlebot/2.1; +http://www.google.com/bot.html)"
66.249.65.241 - - [09/Mar/2010:09:11:44 -0800] "GET /log.20080919/terhanian-error.log HTTP/1.1" 302 359 "-" "Mozilla/5.0 (compatible; Googlebot/2.1; +http://www.google.com/bot.html)"
66.249.65.246 - - [09/Mar/2010:09:44:15 -0800] "GET /robots.txt HTTP/1.1" 302 360 "-" "Mozilla/5.0 (compatible; Googlebot/2.1; +http://www.google.com/bot.html)"
66.249.65.246 - - [09/Mar/2010:09:44:15 -0800] "GET /vaginacide-access.log HTTP/1.1" 200 20000 "-" "Mozilla/5.0 (compatible; Googlebot/2.1; +http://www.google.com/bot.html)"
207.46.195.225 - - [09/Mar/2010:10:09:53 -0800] "GET /robots.txt HTTP/1.1" 302 360 "-" "msnbot/2.0b (+http://search.msn.com/msnbot.htm)"
207.46.195.225 - - [09/Mar/2010:10:15:47 -0800] "GET /robots.txt HTTP/1.1" 302 360 "-" "msnbot/2.0b (+http://search.msn.com/msnbot.htm)"
207.46.195.225 - - [09/Mar/2010:10:23:58 -0800] "GET /robots.txt HTTP/1.1" 302 360 "-" "msnbot/2.0b (+http://search.msn.com/msnbot.htm)"
207.46.195.225 - - [09/Mar/2010:10:37:40 -0800] "GET /robots.txt HTTP/1.1" 302 360 "-" "msnbot/2.0b (+http://search.msn.com/msnbot.htm)"
207.46.195.225 - - [09/Mar/2010:10:53:58 -0800] "GET /robots.txt HTTP/1.1" 302 360 "-" "msnbot/2.0b (+http://search.msn.com/msnbot.htm)"
207.46.195.225 - - [09/Mar/2010:11:14:06 -0800] "GET /robots.txt HTTP/1.1" 302 360 "-" "msnbot/2.0b (+http://search.msn.com/msnbot.htm)"
207.46.195.225 - - [09/Mar/2010:11:38:13 -0800] "GET /robots.txt HTTP/1.1" 302 360 "-" "msnbot/2.0b (+http://search.msn.com/msnbot.htm)"
184.73.55.119 - - [09/Mar/2010:11:58:55 -0800] "GET /user/soapCaller.bs HTTP/1.1" 302 355 "-" "Morfeus Fucking Scanner"
207.46.195.225 - - [09/Mar/2010:12:07:50 -0800] "GET /robots.txt HTTP/1.1" 302 360 "-" "msnbot/2.0b (+http://search.msn.com/msnbot.htm)"
207.46.195.225 - - [09/Mar/2010:12:40:01 -0800] "GET /robots.txt HTTP/1.1" 302 360 "-" "msnbot/2.0b (+http://search.msn.com/msnbot.htm)"
204.236.226.210 - - [09/Mar/2010:12:58:30 -0800] "GET /robots.txt HTTP/1.0" 302 359 "-" "ia_archiver (+http://www.alexa.com/site/help/webmasters; crawler@alexa.com)"
204.236.226.210 - - [09/Mar/2010:12:58:31 -0800] "GET /orbsucks-error.log HTTP/1.0" 200 97679 "-" "ia_archiver (+http://www.alexa.com/site/help/webmasters; crawler@alexa.com)"
207.46.195.225 - - [09/Mar/2010:13:16:42 -0800] "GET /robots.txt HTTP/1.1" 302 360 "-" "msnbot/2.0b (+http://search.msn.com/msnbot.htm)"
41.130.1.145 - - [09/Mar/2010:13:21:55 -0800] "GET /paxnihilo-access.log HTTP/1.1" 200 14858 "http://www.google.com.eg/search?hl=ar&source=hp&q=http%3A%2F%2F1-freephone.com&btnG=%D8%A8%D8%AD%D8%AB+Google%E2%80%8F&meta=&aq=null&oq=" "Mozilla/4.0 (compatible; MSIE 6.0; Windows NT 5.1; SV1; .NET CLR 2.0.50727)"
41.130.1.145 - - [09/Mar/2010:13:22:06 -0800] "GET /paxnihilo-access.log HTTP/1.1" 206 14858 "http://unusualdischarge.com/" "Mozilla/4.0 (compatible; MSIE 6.0; Windows NT 5.1)"
207.46.195.225 - - [09/Mar/2010:13:57:54 -0800] "GET /robots.txt HTTP/1.1" 302 360 "-" "msnbot/2.0b (+http://search.msn.com/msnbot.htm)"
202.173.213.9 - - [09/Mar/2010:14:32:02 -0800] "GET //phpmyadmin/config/config.inc.php?p=phpinfo(); HTTP/1.1" 302 355 "-" "Mozilla/4.0 (compatible; MSIE 6.0; Windows 98)"
202.173.213.9 - - [09/Mar/2010:14:32:03 -0800] "GET //phpMyAdmin/config/config.inc.php?p=phpinfo(); HTTP/1.1" 302 355 "-" "Mozilla/4.0 (compatible; MSIE 6.0; Windows 98)"
202.173.213.9 - - [09/Mar/2010:14:32:03 -0800] "GET //PMA/config/config.inc.php?p=phpinfo(); HTTP/1.1" 302 355 "-" "Mozilla/4.0 (compatible; MSIE 6.0; Windows 98)"
202.173.213.9 - - [09/Mar/2010:14:32:04 -0800] "GET //pma/config/config.inc.php?p=phpinfo(); HTTP/1.1" 302 355 "-" "Mozilla/4.0 (compatible; MSIE 6.0; Windows 98)"
202.173.213.9 - - [09/Mar/2010:14:32:05 -0800] "GET //admin/config/config.inc.php?p=phpinfo(); HTTP/1.1" 302 355 "-" "Mozilla/4.0 (compatible; MSIE 6.0; Windows 98)"
202.173.213.9 - - [09/Mar/2010:14:32:05 -0800] "GET //dbadmin/config/config.inc.php?p=phpinfo(); HTTP/1.1" 302 355 "-" "Mozilla/4.0 (compatible; MSIE 6.0; Windows 98)"
202.173.213.9 - - [09/Mar/2010:14:32:06 -0800] "GET //mysql/config/config.inc.php?p=phpinfo(); HTTP/1.1" 302 355 "-" "Mozilla/4.0 (compatible; MSIE 6.0; Windows 98)"
202.173.213.9 - - [09/Mar/2010:14:32:07 -0800] "GET //myadmin/config/config.inc.php?p=phpinfo(); HTTP/1.1" 302 355 "-" "Mozilla/4.0 (compatible; MSIE 6.0; Windows 98)"
202.173.213.9 - - [09/Mar/2010:14:32:07 -0800] "GET //phpmyadmin2/config/config.inc.php?p=phpinfo(); HTTP/1.1" 302 355 "-" "Mozilla/4.0 (compatible; MSIE 6.0; Windows 98)"
202.173.213.9 - - [09/Mar/2010:14:32:08 -0800] "GET //phpMyAdmin2/config/config.inc.php?p=phpinfo(); HTTP/1.1" 302 355 "-" "Mozilla/4.0 (compatible; MSIE 6.0; Windows 98)"
202.173.213.9 - - [09/Mar/2010:14:32:09 -0800] "GET //phpMyAdmin-2/config/config.inc.php?p=phpinfo(); HTTP/1.1" 302 355 "-" "Mozilla/4.0 (compatible; MSIE 6.0; Windows 98)"
202.173.213.9 - - [09/Mar/2010:14:32:09 -0800] "GET //php-my-admin/config/config.inc.php?p=phpinfo(); HTTP/1.1" 302 355 "-" "Mozilla/4.0 (compatible; MSIE 6.0; Windows 98)"
202.173.213.9 - - [09/Mar/2010:14:32:10 -0800] "GET //sqlmanager/config/config.inc.php?p=phpinfo(); HTTP/1.1" 302 355 "-" "Mozilla/4.0 (compatible; MSIE 6.0; Windows 98)"
202.173.213.9 - - [09/Mar/2010:14:32:11 -0800] "GET //mysqlmanager/config/config.inc.php?p=phpinfo(); HTTP/1.1" 302 355 "-" "Mozilla/4.0 (compatible; MSIE 6.0; Windows 98)"
202.173.213.9 - - [09/Mar/2010:14:32:11 -0800] "GET //p/m/a/config/config.inc.php?p=phpinfo(); HTTP/1.1" 302 355 "-" "Mozilla/4.0 (compatible; MSIE 6.0; Windows 98)"
202.173.213.9 - - [09/Mar/2010:14:32:12 -0800] "GET //PMA2005/config/config.inc.php?p=phpinfo(); HTTP/1.1" 302 355 "-" "Mozilla/4.0 (compatible; MSIE 6.0; Windows 98)"
202.173.213.9 - - [09/Mar/2010:14:32:12 -0800] "GET //pma2005/config/config.inc.php?p=phpinfo(); HTTP/1.1" 302 355 "-" "Mozilla/4.0 (compatible; MSIE 6.0; Windows 98)"
202.173.213.9 - - [09/Mar/2010:14:32:13 -0800] "GET //phpmanager/config/config.inc.php?p=phpinfo(); HTTP/1.1" 302 355 "-" "Mozilla/4.0 (compatible; MSIE 6.0; Windows 98)"
202.173.213.9 - - [09/Mar/2010:14:32:14 -0800] "GET //php-myadmin/config/config.inc.php?p=phpinfo(); HTTP/1.1" 302 355 "-" "Mozilla/4.0 (compatible; MSIE 6.0; Windows 98)"
202.173.213.9 - - [09/Mar/2010:14:32:14 -0800] "GET //phpmy-admin/config/config.inc.php?p=phpinfo(); HTTP/1.1" 302 355 "-" "Mozilla/4.0 (compatible; MSIE 6.0; Windows 98)"
202.173.213.9 - - [09/Mar/2010:14:32:15 -0800] "GET //webadmin/config/config.inc.php?p=phpinfo(); HTTP/1.1" 302 355 "-" "Mozilla/4.0 (compatible; MSIE 6.0; Windows 98)"
202.173.213.9 - - [09/Mar/2010:14:32:16 -0800] "GET //sqlweb/config/config.inc.php?p=phpinfo(); HTTP/1.1" 302 355 "-" "Mozilla/4.0 (compatible; MSIE 6.0; Windows 98)"
202.173.213.9 - - [09/Mar/2010:14:32:16 -0800] "GET //websql/config/config.inc.php?p=phpinfo(); HTTP/1.1" 302 355 "-" "Mozilla/4.0 (compatible; MSIE 6.0; Windows 98)"
202.173.213.9 - - [09/Mar/2010:14:32:17 -0800] "GET //webdb/config/config.inc.php?p=phpinfo(); HTTP/1.1" 302 355 "-" "Mozilla/4.0 (compatible; MSIE 6.0; Windows 98)"
202.173.213.9 - - [09/Mar/2010:14:32:18 -0800] "GET //mysqladmin/ config/config.inc.php?p=phpinfo(); HTTP/1.1" 302 355 "-" "Mozilla/4.0 (compatible; MSIE 6.0; Windows 98)"
202.173.213.9 - - [09/Mar/2010:14:32:18 -0800] "GET //mysql-admin/config/config.inc.php?p=phpinfo(); HTTP/1.1" 302 355 "-" "Mozilla/4.0 (compatible; MSIE 6.0; Windows 98)"
174.129.107.57 - - [09/Mar/2010:14:34:58 -0800] "GET / HTTP/1.0" 200 5985 "-" "Mozilla/5.0 (compatible; NetcraftSurveyAgent/1.0; +info@netcraft.com)"
207.46.195.225 - - [09/Mar/2010:14:43:22 -0800] "GET /robots.txt HTTP/1.1" 302 360 "-" "msnbot/2.0b (+http://search.msn.com/msnbot.htm)"
207.46.195.225 - - [09/Mar/2010:14:44:03 -0800] "GET /log-error.log HTTP/1.1" 200 193869 "-" "msnbot/2.0b (+http://search.msn.com/msnbot.htm)"
66.249.65.246 - - [09/Mar/2010:15:03:22 -0800] "GET /paxnihilo-access.log HTTP/1.1" 200 15007 "-" "Mozilla/5.0 (compatible; Googlebot/2.1; +http://www.google.com/bot.html)"
89.159.206.159 - - [09/Mar/2010:15:33:12 -0800] "GET /browserbomb-access.log HTTP/1.0" 200 - "-" "Mozilla/5.0 (compatible; Googlebot/2.1; +http://www.google.com/bot.html)"
67.170.84.104 - - [09/Mar/2010:15:39:32 -0800] "GET /ferality-error.log HTTP/1.1" 200 54898 "http://www.google.com/search?q=74.222.4.218&rls=com.microsoft:en-us:IE-SearchBox&ie=UTF-8&oe=UTF-8&sourceid=ie7&rlz=1I7DKUS_en" "Mozilla/4.0 (compatible; MSIE 8.0; Windows NT 6.0; Trident/4.0; GTB6.4; SLCC1; .NET CLR 2.0.50727; Media Center PC 5.0; .NET CLR 3.5.21022; .NET CLR 3.5.30729; .NET CLR 3.0.30618; OfficeLiveConnector.1.3; OfficeLivePatch.0.0; MSSDMC1.3.1020.3)"
66.249.65.246 - - [09/Mar/2010:15:48:26 -0800] "GET /robots.txt HTTP/1.1" 302 360 "-" "Mozilla/5.0 (compatible; Googlebot/2.1; +http://www.google.com/bot.html)"
66.249.65.246 - - [09/Mar/2010:15:48:26 -0800] "GET /ferality-error.log HTTP/1.1" 200 54898 "-" "Mozilla/5.0 (compatible; Googlebot/2.1; +http://www.google.com/bot.html)"
93.158.148.31 - - [09/Mar/2010:16:39:55 -0800] "GET /robots.txt HTTP/1.1" 302 360 "-" "Yandex/1.01.001 (compatible; Win16; I)"
64.105.64.186 - - [09/Mar/2010:16:42:13 -0800] "GET HTTP/1.1 HTTP/1.1" 400 373 "-" "Toata dragostea mea pentru diavola"
64.105.64.186 - - [09/Mar/2010:16:42:13 -0800] "GET /roundcube//bin/msgimport HTTP/1.1" 302 355 "-" "Toata dragostea mea pentru diavola"
64.105.64.186 - - [09/Mar/2010:16:42:14 -0800] "GET /rc//bin/msgimport HTTP/1.1" 302 355 "-" "Toata dragostea mea pentru diavola" 64.10