66.249.68.203 - - [01/Mar/2010:14:19:06 -0800] "GET /robots.txt HTTP/1.1" 302 359 "-" "Mozilla/5.0 (compatible; Googlebot/2.1; +http://www.google.com/bot.html)"
66.249.68.203 - - [01/Mar/2010:14:19:07 -0800] "GET /log.20080919/ HTTP/1.1" 302 359 "-" "Mozilla/5.0 (compatible; Googlebot/2.1; +http://www.google.com/bot.html)"
210.154.76.52 - - [01/Mar/2010:14:20:53 -0800] "GET /index.php HTTP/1.1" 302 360 "-" "Mozilla/5.0"
210.154.76.52 - - [01/Mar/2010:14:20:53 -0800] "GET /log-access.log/index.php HTTP/1.1" 302 360 "-" "Mozilla/5.0"
210.154.76.52 - - [01/Mar/2010:14:38:44 -0800] "GET /index.php HTTP/1.1" 302 360 "-" "Mozilla/5.0"
210.154.76.52 - - [01/Mar/2010:14:38:45 -0800] "GET /log-access.log/index.php HTTP/1.1" 302 360 "-" "Mozilla/5.0"
89.159.206.159 - - [01/Mar/2010:15:30:24 -0800] "GET /browserbomb-access.log HTTP/1.0" 200 - "-" "Mozilla/5.0 (compatible; Googlebot/2.1; +http://www.google.com/bot.html)"
66.249.68.177 - - [01/Mar/2010:16:09:35 -0800] "GET /clownjuice-error.log HTTP/1.1" 200 51217 "-" "Mozilla/5.0 (compatible; Googlebot/2.1; +http://www.google.com/bot.html)"
66.249.67.80 - - [01/Mar/2010:16:22:12 -0800] "GET /robots.txt HTTP/1.1" 302 359 "-" "Mozilla/5.0 (compatible; Googlebot/2.1; +http://www.google.com/bot.html)"
66.249.67.80 - - [01/Mar/2010:16:22:12 -0800] "GET /vaginacide-error.log HTTP/1.1" 200 4392 "-" "Mozilla/5.0 (compatible; Googlebot/2.1; +http://www.google.com/bot.html)"
93.158.148.31 - - [01/Mar/2010:16:55:25 -0800] "GET / HTTP/1.1" 200 5981 "-" "Yandex/1.01.001 (compatible; Win16; I)"
123.125.66.31 - - [01/Mar/2010:17:32:42 -0800] "GET /robots.txt HTTP/1.1" 302 360 "-" "Baiduspider+(+http://www.baidu.com/search/spider.htm)"
93.158.148.31 - - [01/Mar/2010:18:20:24 -0800] "GET /jasoncmartin-access.log HTTP/1.1" 200 523237 "-" "Yandex/1.01.001 (compatible; Win16; I)"
93.158.148.31 - - [01/Mar/2010:19:45:30 -0800] "GET /?C=D;O=A HTTP/1.1" 200 5981 "-" "Yandex/1.01.001 (compatible; Win16; I)"
210.143.35.22 - - [01/Mar/2010:20:48:35 -0800] "GET /log.20081203/ferality-access.log HTTP/1.1" 302 359 "http://www.google.co.jp/search?hl=ja&q=%22GET+%2FAUTH+HTTP%2F1.1%22+401&btnG=%E6%A4%9C%E7%B4%A2&lr=lang_ja&aq=f&oq=" "Mozilla/4.0 (compatible; MSIE 7.0; Windows NT 5.1; .NET CLR 1.1.4322; .NET CLR 2.0.50727; InfoPath.1)"
66.249.68.177 - - [01/Mar/2010:21:06:01 -0800] "GET /robots.txt HTTP/1.1" 302 360 "-" "Mozilla/5.0 (compatible; Googlebot/2.1; +http://www.google.com/bot.html)"
66.249.68.177 - - [01/Mar/2010:21:06:01 -0800] "GET /gorgeworld-access.log HTTP/1.1" 200 98893 "-" "Mozilla/5.0 (compatible; Googlebot/2.1; +http://www.google.com/bot.html)"
93.158.148.31 - - [01/Mar/2010:21:10:27 -0800] "GET /browserbomb-error.log HTTP/1.1" 200 - "-" "Yandex/1.01.001 (compatible; Win16; I)"
204.236.226.210 - - [01/Mar/2010:21:56:46 -0800] "GET /robots.txt HTTP/1.0" 302 360 "-" "ia_archiver (+http://www.alexa.com/site/help/webmasters; crawler@alexa.com)"
204.236.226.210 - - [01/Mar/2010:21:56:46 -0800] "GET /log.20080919/log-error.log HTTP/1.0" 302 360 "-" "ia_archiver (+http://www.alexa.com/site/help/webmasters; crawler@alexa.com)"
66.249.68.215 - - [01/Mar/2010:22:21:55 -0800] "GET /robots.txt HTTP/1.1" 302 359 "-" "Mozilla/5.0 (compatible; Googlebot/2.1; +http://www.google.com/bot.html)"
66.249.68.215 - - [01/Mar/2010:22:21:55 -0800] "GET /log.20080919/jeremykm-error.log HTTP/1.1" 302 359 "-" "Mozilla/5.0 (compatible; Googlebot/2.1; +http://www.google.com/bot.html)"
93.158.148.31 - - [01/Mar/2010:22:35:24 -0800] "GET /browserbomb-access.log HTTP/1.1" 200 - "-" "Yandex/1.01.001 (compatible; Win16; I)"
204.236.226.210 - - [01/Mar/2010:23:17:02 -0800] "GET /robots.txt HTTP/1.0" 302 359 "-" "ia_archiver (+http://www.alexa.com/site/help/webmasters; crawler@alexa.com)"
204.236.226.210 - - [01/Mar/2010:23:17:02 -0800] "GET /log.20080919/terhanian-error.log HTTP/1.0" 302 359 "-" "ia_archiver (+http://www.alexa.com/site/help/webmasters; crawler@alexa.com)"
93.158.148.31 - - [02/Mar/2010:00:00:20 -0800] "GET /vaginacide-access.log HTTP/1.1" 200 14809 "-" "Yandex/1.01.001 (compatible; Win16; I)"
83.103.72.130 - - [02/Mar/2010:00:14:36 -0800] "GET //delete_comment.php?DOCUMENT_ROOT=http://idscan.fileave.com/id1.txt? HTTP/1.1" 302 360 "-" "Mozilla/5.0"
83.103.72.130 - - [02/Mar/2010:00:14:36 -0800] "GET /clownjuice-access.log//delete_comment.php?DOCUMENT_ROOT=http://idscan.fileave.com/id1.txt? HTTP/1.1" 302 360 "-" "Mozilla/5.0"
83.103.72.130 - - [02/Mar/2010:00:15:25 -0800] "GET //delete_comment.php?DOCUMENT_ROOT=http://idscan.fileave.com/id1.txt? HTTP/1.1" 302 360 "-" "Mozilla/5.0"
83.103.72.130 - - [02/Mar/2010:00:15:25 -0800] "GET /clownjuice-access.log//delete_comment.php?DOCUMENT_ROOT=http://idscan.fileave.com/id1.txt? HTTP/1.1" 302 360 "-" "Mozilla/5.0"
83.103.72.130 - - [02/Mar/2010:00:15:36 -0800] "GET /gorgeworld-access.log//delete_comment.php?DOCUMENT_ROOT=http://idscan.fileave.com/id1.txt? HTTP/1.1" 302 360 "-" "Mozilla/5.0"
93.158.148.31 - - [02/Mar/2010:01:25:18 -0800] "GET /robots.txt HTTP/1.1" 302 360 "-" "Yandex/1.01.001 (compatible; Win16; I)"
67.218.116.162 - - [02/Mar/2010:02:42:48 -0800] "GET /robots.txt HTTP/1.1" 302 360 "-" "Mozilla/5.0 (Twiceler-0.9 http://www.cuil.com/twiceler/robot.html)"
93.158.148.31 - - [02/Mar/2010:02:50:15 -0800] "GET /terhanian-error.log HTTP/1.1" 200 - "-" "Yandex/1.01.001 (compatible; Win16; I)"
83.103.72.130 - - [02/Mar/2010:03:37:41 -0800] "GET //logs////////?mosConfig_absolute_path=http://idscan.fileave.com/id1.txt? HTTP/1.1" 302 360 "-" "Mozilla/5.0"
83.103.72.130 - - [02/Mar/2010:03:37:41 -0800] "GET /clownjuice-access.log//logs////////?mosConfig_absolute_path=http://idscan.fileave.com/id1.txt? HTTP/1.1" 302 360 "-" "Mozilla/5.0"
83.103.72.130 - - [02/Mar/2010:03:46:32 -0800] "GET //logs////////?mosConfig_absolute_path=http://idscan.fileave.com/id1.txt? HTTP/1.1" 302 360 "-" "Mozilla/5.0"
83.103.72.130 - - [02/Mar/2010:03:46:32 -0800] "GET /clownjuice-access.log//logs////////?mosConfig_absolute_path=http://idscan.fileave.com/id1.txt? HTTP/1.1" 302 360 "-" "Mozilla/5.0"
83.103.72.130 - - [02/Mar/2010:03:46:39 -0800] "GET /gorgeworld-access.log//logs////////?mosConfig_absolute_path=http://idscan.fileave.com/id1.txt? HTTP/1.1" 302 360 "-" "Mozilla/5.0"
93.158.148.31 - - [02/Mar/2010:04:15:10 -0800] "GET /sharkbomb-access.log HTTP/1.1" 200 323908 "-" "Yandex/1.01.001 (compatible; Win16; I)"
173.45.105.138 - - [02/Mar/2010:04:56:51 -0800] "GET /ferality-access.log HTTP/1.1" 200 621646 "-" "Mozilla/5.0 (Windows; U; Windows NT 5.2; en-US; rv:1.8.0.6) Gecko/20060728 Firefox/1.5.0.6"
66.249.68.177 - - [02/Mar/2010:05:00:00 -0800] "GET /robots.txt HTTP/1.1" 302 360 "-" "Mozilla/5.0 (compatible; Googlebot/2.1; +http://www.google.com/bot.html)"
66.249.68.177 - - [02/Mar/2010:05:00:00 -0800] "GET /clownjuice-access.log HTTP/1.1" 200 109521 "-" "Mozilla/5.0 (compatible; Googlebot/2.1; +http://www.google.com/bot.html)"
66.219.58.38 - - [02/Mar/2010:05:49:20 -0800] "GET /robots.txt HTTP/1.1" 302 360 "-" "MLBot (www.metadatalabs.com/mlbot)"
66.219.58.38 - - [02/Mar/2010:05:49:21 -0800] "GET / HTTP/1.1" 200 5981 "-" "MLBot (www.metadatalabs.com/mlbot)"
66.219.58.38 - - [02/Mar/2010:05:56:38 -0800] "GET /browserbomb-access.log HTTP/1.1" 200 - "-" "MLBot (www.metadatalabs.com/mlbot)"
66.219.58.38 - - [02/Mar/2010:06:01:11 -0800] "GET /browserbomb-error.log HTTP/1.1" 200 - "-" "MLBot (www.metadatalabs.com/mlbot)"
66.219.58.38 - - [02/Mar/2010:06:04:38 -0800] "GET /clownjuice-access.log HTTP/1.1" 200 109521 "-" "MLBot (www.metadatalabs.com/mlbot)"
66.219.58.38 - - [02/Mar/2010:06:07:19 -0800] "GET /clownjuice-error.log HTTP/1.1" 200 51771 "-" "MLBot (www.metadatalabs.com/mlbot)"
66.219.58.38 - - [02/Mar/2010:06:10:03 -0800] "GET /dustinharley-access.log HTTP/1.1" 200 414599 "-" "MLBot (www.metadatalabs.com/mlbot)"
66.219.58.38 - - [02/Mar/2010:06:12:05 -0800] "GET /dustinharley-error.log HTTP/1.1" 200 46125 "-" "MLBot (www.metadatalabs.com/mlbot)"
66.219.58.38 - - [02/Mar/2010:06:14:00 -0800] "GET /evilfuckers-access.log HTTP/1.1" 200 137849 "-" "MLBot (www.metadatalabs.com/mlbot)"
66.219.58.38 - - [02/Mar/2010:06:15:15 -0800] "GET /evilfuckers-error.log HTTP/1.1" 200 40932 "-" "MLBot (www.metadatalabs.com/mlbot)"
66.219.58.38 - - [02/Mar/2010:06:16:45 -0800] "GET /ferality-access.log HTTP/1.1" 200 622035 "-" "MLBot (www.metadatalabs.com/mlbot)"
66.219.58.38 - - [02/Mar/2010:06:17:47 -0800] "GET /ferality-error.log HTTP/1.1" 200 47620 "-" "MLBot (www.metadatalabs.com/mlbot)"
66.219.58.38 - - [02/Mar/2010:06:18:42 -0800] "GET /gorgeworld-access.log HTTP/1.1" 200 99325 "-" "MLBot (www.metadatalabs.com/mlbot)"
66.219.58.38 - - [02/Mar/2010:06:19:33 -0800] "GET /gorgeworld-error.log HTTP/1.1" 200 29230 "-" "MLBot (www.metadatalabs.com/mlbot)"
66.219.58.38 - - [02/Mar/2010:06:20:26 -0800] "GET /jasoncmartin-access.log HTTP/1.1" 200 526513 "-" "MLBot (www.metadatalabs.com/mlbot)"
66.219.58.38 - - [02/Mar/2010:06:21:31 -0800] "GET /jasoncmartin-error.log HTTP/1.1" 200 199606 "-" "MLBot (www.metadatalabs.com/mlbot)"
66.219.58.38 - - [02/Mar/2010:06:22:22 -0800] "GET /log-access.log HTTP/1.1" 200 408393 "-" "MLBot (www.metadatalabs.com/mlbot)"
66.219.58.38 - - [02/Mar/2010:06:24:01 -0800] "GET /log-error.log HTTP/1.1" 200 152772 "-" "MLBot (www.metadatalabs.com/mlbot)"
66.219.58.38 - - [02/Mar/2010:06:24:54 -0800] "GET /orbsucks-access.log HTTP/1.1" 200 395826 "-" "MLBot (www.metadatalabs.com/mlbot)"
66.219.58.38 - - [02/Mar/2010:06:26:03 -0800] "GET /orbsucks-error.log HTTP/1.1" 200 61398 "-" "MLBot (www.metadatalabs.com/mlbot)"
66.219.58.38 - - [02/Mar/2010:06:26:59 -0800] "GET /paxnihilo-access.log HTTP/1.1" 200 12306 "-" "MLBot (www.metadatalabs.com/mlbot)"
66.219.58.38 - - [02/Mar/2010:06:27:51 -0800] "GET /paxnihilo-error.log HTTP/1.1" 200 3118 "-" "MLBot (www.metadatalabs.com/mlbot)"
66.219.58.38 - - [02/Mar/2010:06:29:11 -0800] "GET /sharkbomb-access.log HTTP/1.1" 200 324023 "-" "MLBot (www.metadatalabs.com/mlbot)"
66.219.58.38 - - [02/Mar/2010:06:30:02 -0800] "GET /sharkbomb-error.log HTTP/1.1" 200 14579 "-" "MLBot (www.metadatalabs.com/mlbot)"
66.219.58.38 - - [02/Mar/2010:06:30:53 -0800] "GET /terhanian-access.log HTTP/1.1" 200 - "-" "MLBot (www.metadatalabs.com/mlbot)"
66.219.58.38 - - [02/Mar/2010:06:31:57 -0800] "GET /terhanian-error.log HTTP/1.1" 200 - "-" "MLBot (www.metadatalabs.com/mlbot)"
66.219.58.38 - - [02/Mar/2010:06:32:51 -0800] "GET /vaginacide-access.log HTTP/1.1" 200 14809 "-" "MLBot (www.metadatalabs.com/mlbot)"
66.219.58.38 - - [02/Mar/2010:06:34:04 -0800] "GET /vaginacide-error.log HTTP/1.1" 200 4502 "-" "MLBot (www.metadatalabs.com/mlbot)"
66.249.68.177 - - [02/Mar/2010:08:05:05 -0800] "GET /tnqwvepikjwsbip.html HTTP/1.1" 302 360 "-" "Mozilla/5.0 (compatible; Googlebot/2.1; +http://www.google.com/bot.html)"
208.80.193.35 - - [02/Mar/2010:08:15:32 -0800] "GET / HTTP/1.0" 200 5981 "-" "Mozilla/4.0 (compatible; MSIE 6.0; Windows NT 5.1; Avant Browser; SV1; FunWebProducts; Avant Browser; InfoPath.1)"
189.115.182.248 - - [02/Mar/2010:08:35:12 -0800] "GET /log-access.log HTTP/1.0" 200 410341 "http://unusualdischarge.com/log-access.log" "Mozilla/4.0 (compatible; MSIE 6.0; Windows NT 5.1; SV1)"
87.118.100.43 - - [02/Mar/2010:08:52:50 -0800] "GET /wp-login.php HTTP/1.0" 302 360 "http://unusualdischarge.com/wp-login.php" "Mozilla/4.0 (compatible; MSIE 6.0; Windows 98; Win 9x 4.90)"
216.129.119.12 - - [02/Mar/2010:08:55:48 -0800] "GET /robots.txt HTTP/1.1" 302 360 "-" "Mozilla/5.0 (Twiceler-0.9 http://www.cuil.com/twiceler/robot.html)"
94.102.63.60 - - [02/Mar/2010:12:11:59 -0800] "GET / HTTP/1.0" 200 5980 "http://aimtrust.com/aim/r/60008" "Mozilla/4.0 (compatible; MSIE 6.0; Windows NT 5.1; MRA 4.3 (build 01218); .NET CLR 1.1.4322)"
66.249.68.232 - - [02/Mar/2010:12:39:59 -0800] "GET /robots.txt HTTP/1.1" 302 360 "-" "Mozilla/5.0 (compatible; Googlebot/2.1; +http://www.google.com/bot.html)"
66.249.68.232 - - [02/Mar/2010:12:39:59 -0800] "GET / HTTP/1.1" 200 5981 "-" "Mozilla/5.0 (compatible; Googlebot/2.1; +http://www.google.com/bot.html)"
66.249.68.232 - - [02/Mar/2010:15:15:30 -0800] "GET /gorgeworld-access.log HTTP/1.1" 200 99325 "-" "Mozilla/5.0 (compatible; Googlebot/2.1; +http://www.google.com/bot.html)"
89.159.206.159 - - [02/Mar/2010:15:30:36 -0800] "GET /browserbomb-access.log HTTP/1.0" 200 - "-" "Mozilla/5.0 (compatible; Googlebot/2.1; +http://www.google.com/bot.html)"
207.46.204.238 - - [02/Mar/2010:16:24:26 -0800] "GET /robots.txt HTTP/1.1" 302 360 "-" "msnbot/2.0b (+http://search.msn.com/msnbot.htm)"
207.46.204.238 - - [02/Mar/2010:16:29:39 -0800] "GET /robots.txt HTTP/1.1" 302 360 "-" "msnbot/2.0b (+http://search.msn.com/msnbot.htm)"
207.46.204.238 - - [02/Mar/2010:16:38:41 -0800] "GET /robots.txt HTTP/1.1" 302 360 "-" "msnbot/2.0b (+http://search.msn.com/msnbot.htm)"
207.46.204.238 - - [02/Mar/2010:16:52:34 -0800] "GET /robots.txt HTTP/1.1" 302 360 "-" "msnbot/2.0b (+http://search.msn.com/msnbot.htm)"
207.46.204.238 - - [02/Mar/2010:17:08:47 -0800] "GET /robots.txt HTTP/1.1" 302 360 "-" "msnbot/2.0b (+http://search.msn.com/msnbot.htm)"
207.46.204.238 - - [02/Mar/2010:17:29:56 -0800] "GET /robots.txt HTTP/1.1" 302 360 "-" "msnbot/2.0b (+http://search.msn.com/msnbot.htm)"
66.249.68.168 - - [02/Mar/2010:17:50:29 -0800] "GET /robots.txt HTTP/1.1" 302 359 "-" "Mozilla/5.0 (compatible; Googlebot/2.1; +http://www.google.com/bot.html)"
66.249.68.168 - - [02/Mar/2010:17:50:29 -0800] "GET /paxnihilo-error.log HTTP/1.1" 200 3118 "-" "Mozilla/5.0 (compatible; Googlebot/2.1; +http://www.google.com/bot.html)"
207.46.204.238 - - [02/Mar/2010:17:55:14 -0800] "GET /robots.txt HTTP/1.1" 302 360 "-" "msnbot/2.0b (+http://search.msn.com/msnbot.htm)"
66.249.68.250 - - [02/Mar/2010:18:09:30 -0800] "GET /ferality-error.log HTTP/1.1" 200 47836 "-" "Mozilla/5.0 (compatible; Googlebot/2.1; +http://www.google.com/bot.html)"
207.46.204.238 - - [02/Mar/2010:18:25:05 -0800] "GET /robots.txt HTTP/1.1" 302 360 "-" "msnbot/2.0b (+http://search.msn.com/msnbot.htm)"
207.46.204.238 - - [02/Mar/2010:18:57:40 -0800] "GET /robots.txt HTTP/1.1" 302 360 "-" "msnbot/2.0b (+http://search.msn.com/msnbot.htm)"
207.46.204.238 - - [02/Mar/2010:19:34:45 -0800] "GET /robots.txt HTTP/1.1" 302 360 "-" "msnbot/2.0b (+http://search.msn.com/msnbot.htm)"
69.46.23.47 - - [02/Mar/2010:19:50:28 -0800] "GET http://173.212.243.202/proxychecker/check.cgi?action=getinfo HTTP/1.1" 302 355 "http://www.google.com/search?hl=ru&q=free+proxy+checker&sourceid=navclient-ff&ie=UTF-8" "Mozilla/4.0 (compatible; MSIE 6.0; Windows NT 5.1; SV1)"
74.218.125.11 - - [02/Mar/2010:20:00:51 -0800] "GET /w00tw00t.at.ISC.SANS.DFind:) HTTP/1.1" 400 375 "-" "-"
207.46.204.238 - - [02/Mar/2010:20:15:59 -0800] "GET /robots.txt HTTP/1.1" 302 360 "-" "msnbot/2.0b (+http://search.msn.com/msnbot.htm)"
66.249.68.168 - - [02/Mar/2010:20:26:11 -0800] "GET /paxnihilo-access.log HTTP/1.1" 200 12306 "-" "Mozilla/5.0 (compatible; Googlebot/2.1; +http://www.google.com/bot.html)"
207.46.204.182 - - [02/Mar/2010:21:01:21 -0800] "GET /robots.txt HTTP/1.1" 302 360 "-" "msnbot/2.0b (+http://search.msn.com/msnbot.htm)"
207.46.204.182 - - [02/Mar/2010:21:02:18 -0800] "GET /dustinharley-error.log HTTP/1.1" 200 46348 "-" "msnbot/2.0b (+http://search.msn.com/msnbot.htm)"
207.46.204.238 - - [02/Mar/2010:21:02:36 -0800] "GET /evilfuckers-access.log HTTP/1.1" 200 138773 "-" "msnbot/2.0b (+http://search.msn.com/msnbot.htm)"
66.249.68.250 - - [02/Mar/2010:23:01:40 -0800] "GET /robots.txt HTTP/1.1" 302 360 "-" "Mozilla/5.0 (compatible; Googlebot/2.1; +http://www.google.com/bot.html)"
66.249.68.250 - - [02/Mar/2010:23:01:40 -0800] "GET /dustinharley-error.log HTTP/1.1" 200 46348 "-" "Mozilla/5.0 (compatible; Googlebot/2.1; +http://www.google.com/bot.html)"
207.46.199.41 - - [02/Mar/2010:23:19:22 -0800] "GET /robots.txt HTTP/1.1" 302 360 "-" "msnbot/2.0b (+http://search.msn.com/msnbot.htm)"
207.46.199.41 - - [02/Mar/2010:23:24:24 -0800] "GET /robots.txt HTTP/1.1" 302 360 "-" "msnbot/2.0b (+http://search.msn.com/msnbot.htm)"
207.46.199.41 - - [02/Mar/2010:23:33:45 -0800] "GET /robots.txt HTTP/1.1" 302 360 "-" "msnbot/2.0b (+http://search.msn.com/msnbot.htm)"
64.246.165.190 - - [02/Mar/2010:23:40:20 -0800] "GET /robots.txt HTTP/1.0" 302 364 "-" "Mozilla/5.0 (Windows; U; Windows NT 5.1; en; rv:1.9.0.13) Gecko/2009073022 Firefox/3.5.2 (.NET CLR 3.5.30729) SurveyBot/2.3 (DomainTools)"
64.246.165.190 - - [02/Mar/2010:23:40:20 -0800] "GET / HTTP/1.1" 200 5985 "http://whois.domaintools.com/unusualdischarge.com" "Mozilla/5.0 (Windows; U; Windows NT 5.1; en; rv:1.9.0.13) Gecko/2009073022 Firefox/3.5.2 (.NET CLR 3.5.30729) SurveyBot/2.3 (DomainTools)"
207.46.199.41 - - [02/Mar/2010:23:47:13 -0800] "GET /robots.txt HTTP/1.1" 302 360 "-" "msnbot/2.0b (+http://search.msn.com/msnbot.htm)"
207.46.199.41 - - [03/Mar/2010:00:03:20 -0800] "GET /robots.txt HTTP/1.1" 302 360 "-" "msnbot/2.0b (+http://search.msn.com/msnbot.htm)"
207.46.199.41 - - [03/Mar/2010:00:24:34 -0800] "GET /robots.txt HTTP/1.1" 302 360 "-" "msnbot/2.0b (+http://search.msn.com/msnbot.htm)"
207.46.199.41 - - [03/Mar/2010:00:49:18 -0800] "GET /robots.txt HTTP/1.1" 302 360 "-" "msnbot/2.0b (+http://search.msn.com/msnbot.htm)"
207.46.199.41 - - [03/Mar/2010:01:17:47 -0800] "GET /robots.txt HTTP/1.1" 302 360 "-" "msnbot/2.0b (+http://search.msn.com/msnbot.htm)"
127.0.0.1 - - [03/Mar/2010:01:49:20 -0800] "OPTIONS * HTTP/1.0" 200 - "-" "Apache/2.2.11 (FreeBSD) mod_ssl/2.2.11 OpenSSL/0.9.8e DAV/2 PHP/5.2.9 with Suhosin-Patch (internal dummy connection)"
127.0.0.1 - - [03/Mar/2010:01:50:13 -0800] "OPTIONS * HTTP/1.0" 200 - "-" "Apache/2.2.11 (FreeBSD) mod_ssl/2.2.11 OpenSSL/0.9.8e DAV/2 PHP/5.2.9 with Suhosin-Patch (internal dummy connection)"
207.46.199.41 - - [03/Mar/2010:01:50:33 -0800] "GET /robots.txt HTTP/1.1" 302 360 "-" "msnbot/2.0b (+http://search.msn.com/msnbot.htm)"
66.249.68.250 - - [03/Mar/2010:01:57:12 -0800] "GET /gorgeworld-access.log HTTP/1.1" 200 100032 "-" "Mozilla/5.0 (compatible; Googlebot/2.1; +http://www.google.com/bot.html)"
127.0.0.1 - - [03/Mar/2010:02:21:47 -0800] "OPTIONS * HTTP/1.0" 200 - "-" "Apache/2.2.11 (FreeBSD) mod_ssl/2.2.11 OpenSSL/0.9.8e DAV/2 PHP/5.2.9 with Suhosin-Patch (internal dummy connection)"
127.0.0.1 - - [03/Mar/2010:02:21:49 -0800] "OPTIONS * HTTP/1.0" 200 - "-" "Apache/2.2.11 (FreeBSD) mod_ssl/2.2.11 OpenSSL/0.9.8e DAV/2 PHP/5.2.9 with Suhosin-Patch (internal dummy connection)"
127.0.0.1 - - [03/Mar/2010:02:23:33 -0800] "OPTIONS * HTTP/1.0" 200 - "-" "Apache/2.2.11 (FreeBSD) mod_ssl/2.2.11 OpenSSL/0.9.8e DAV/2 PHP/5.2.9 with Suhosin-Patch (internal dummy connection)"
207.46.199.41 - - [03/Mar/2010:02:26:59 -0800] "GET /robots.txt HTTP/1.1" 302 360 "-" "msnbot/2.0b (+http://search.msn.com/msnbot.htm)"
62.149.27.167 - - [03/Mar/2010:02:28:53 -0800] "GET /myAdmin//scripts/setup.php HTTP/1.0" 302 357 "-" "-"
62.149.27.167 - - [03/Mar/2010:02:28:54 -0800] "GET /phpadmin/scripts/setup.php HTTP/1.0" 302 357 "-" "-"
62.149.27.167 - - [03/Mar/2010:02:28:54 -0800] "GET /phpMyAdmin/scripts/setup.php HTTP/1.0" 302 357 "-" "-"
62.149.27.167 - - [03/Mar/2010:02:28:55 -0800] "GET /phpmyadmin/scripts/setup.php HTTP/1.0" 302 357 "-" "-"
67.218.116.162 - - [03/Mar/2010:02:39:49 -0800] "GET /robots.txt HTTP/1.1" 302 360 "-" "Mozilla/5.0 (Twiceler-0.9 http://www.cuil.com/twiceler/robot.html)"
93.158.148.31 - - [03/Mar/2010:03:02:15 -0800] "GET /robots.txt HTTP/1.1" 302 360 "-" "Yandex/1.01.001 (compatible; Win16; I)"
207.46.199.41 - - [03/Mar/2010:03:08:10 -0800] "GET /robots.txt HTTP/1.1" 302 360 "-" "msnbot/2.0b (+http://search.msn.com/msnbot.htm)"
93.158.148.31 - - [03/Mar/2010:03:44:56 -0800] "GET /?C=N;O=A HTTP/1.1" 200 5981 "-" "Yandex/1.01.001 (compatible; Win16; I)"
207.46.199.41 - - [03/Mar/2010:03:53:27 -0800] "GET /robots.txt HTTP/1.1" 302 360 "-" "msnbot/2.0b (+http://search.msn.com/msnbot.htm)"
207.46.199.41 - - [03/Mar/2010:03:54:06 -0800] "GET /gorgeworld-error.log HTTP/1.1" 200 29450 "-" "msnbot/2.0b (+http://search.msn.com/msnbot.htm)"
66.249.68.168 - - [03/Mar/2010:04:12:15 -0800] "GET /robots.txt HTTP/1.1" 302 359 "-" "Mozilla/5.0 (compatible; Googlebot/2.1; +http://www.google.com/bot.html)"
66.249.68.168 - - [03/Mar/2010:04:12:15 -0800] "GET /terhanian-error.log HTTP/1.1" 200 - "-" "Mozilla/5.0 (compatible; Googlebot/2.1; +http://www.google.com/bot.html)"
93.158.148.31 - - [03/Mar/2010:04:27:37 -0800] "GET /?C=D;O=D HTTP/1.1" 200 5981 "-" "Yandex/1.01.001 (compatible; Win16; I)"
93.158.148.31 - - [03/Mar/2010:05:10:18 -0800] "GET /?C=M;O=A HTTP/1.1" 200 5981 "-" "Yandex/1.01.001 (compatible; Win16; I)"
66.249.67.152 - - [03/Mar/2010:05:26:59 -0800] "GET /robots.txt HTTP/1.1" 302 360 "-" "Googlebot-Image/1.0"
66.249.67.152 - - [03/Mar/2010:05:27:00 -0800] "GET /icons/blank.gif HTTP/1.1" 304 - "-" "Googlebot-Image/1.0"
93.158.148.31 - - [03/Mar/2010:05:52:59 -0800] "GET /?C=S;O=A HTTP/1.1" 200 5981 "-" "Yandex/1.01.001 (compatible; Win16; I)"
213.27.10.56 - - [03/Mar/2010:06:15:05 -0800] "GET /evilfuckers-access.log HTTP/1.1" 200 139275 "http://www.google.ru/search?q=213.27.10.56&ie=utf-8&oe=utf-8&aq=t&rls=org.mozilla:ru:official&client=firefox" "Mozilla/5.0 (Windows; U; Windows NT 5.1; ru; rv:1.9.2) Gecko/20100115 Firefox/3.6"
213.27.10.56 - - [03/Mar/2010:06:15:09 -0800] "GET /favicon.ico HTTP/1.1" 302 359 "-" "Mozilla/5.0 (Windows; U; Windows NT 5.1; ru; rv:1.9.2) Gecko/20100115 Firefox/3.6"
213.27.10.56 - - [03/Mar/2010:06:15:12 -0800] "GET /favicon.ico HTTP/1.1" 302 359 "-" "Mozilla/5.0 (Windows; U; Windows NT 5.1; ru; rv:1.9.2) Gecko/20100115 Firefox/3.6"
213.27.10.56 - - [03/Mar/2010:06:16:05 -0800] "GET / HTTP/1.1" 200 5980 "-" "Mozilla/5.0 (Windows; U; Windows NT 5.1; ru; rv:1.9.2) Gecko/20100115 Firefox/3.6"
213.27.10.56 - - [03/Mar/2010:06:16:06 -0800] "GET /icons/blank.gif HTTP/1.1" 200 148 "http://mail.clownjuice.com/" "Mozilla/5.0 (Windows; U; Windows NT 5.1; ru; rv:1.9.2) Gecko/20100115 Firefox/3.6"
213.27.10.56 - - [03/Mar/2010:06:16:06 -0800] "GET /icons/text.gif HTTP/1.1" 200 229 "http://mail.clownjuice.com/" "Mozilla/5.0 (Windows; U; Windows NT 5.1; ru; rv:1.9.2) Gecko/20100115 Firefox/3.6"
213.27.10.56 - - [03/Mar/2010:06:16:11 -0800] "GET /browserbomb-error.log HTTP/1.1" 200 - "http://mail.clownjuice.com/" "Mozilla/5.0 (Windows; U; Windows NT 5.1; ru; rv:1.9.2) Gecko/20100115 Firefox/3.6"
213.27.10.56 - - [03/Mar/2010:06:16:17 -0800] "GET /log-access.log HTTP/1.1" 200 421653 "http://mail.clownjuice.com/" "Mozilla/5.0 (Windows; U; Windows NT 5.1; ru; rv:1.9.2) Gecko/20100115 Firefox/3.6"
213.27.10.56 - - [03/Mar/2010:06:16:48 -0800] "GET //phpmyadmin/scripts/setup.php HTTP/1.1" 302 359 "-" "Mozilla/5.0 (Windows; U; Windows NT 5.1; ru; rv:1.9.2) Gecko/20100115 Firefox/3.6"
213.27.10.56 - - [03/Mar/2010:06:17:02 -0800] "GET /vaginacide-access.log HTTP/1.1" 200 15295 "http://mail.clownjuice.com/" "Mozilla/5.0 (Windows; U; Windows NT 5.1; ru; rv:1.9.2) Gecko/20100115 Firefox/3.6"
213.27.10.56 - - [03/Mar/2010:06:16:58 -0800] "GET /log-error.log HTTP/1.1" 200 160235 "http://mail.clownjuice.com/" "Mozilla/5.0 (Windows; U; Windows NT 5.1; ru; rv:1.9.2) Gecko/20100115 Firefox/3.6"
213.27.10.56 - - [03/Mar/2010:06:17:03 -0800] "GET /vaginacide-error.log HTTP/1.1" 200 4613 "http://mail.clownjuice.com/" "Mozilla/5.0 (Windows; U; Windows NT 5.1; ru; rv:1.9.2) Gecko/20100115 Firefox/3.6"
213.27.10.56 - - [03/Mar/2010:06:18:00 -0800] "GET /vaginacide-access.log HTTP/1.1" 200 16090 "http://www.google.ru/search?q=vaginacide&ie=utf-8&oe=utf-8&aq=t&rls=org.mozilla:ru:official&client=firefox" "Mozilla/5.0 (Windows; U; Windows NT 5.1; ru; rv:1.9.2) Gecko/20100115 Firefox/3.6"
213.27.10.56 - - [03/Mar/2010:06:18:01 -0800] "GET /favicon.ico HTTP/1.1" 302 360 "-" "Mozilla/5.0 (Windows; U; Windows NT 5.1; ru; rv:1.9.2) Gecko/20100115 Firefox/3.6"
213.27.10.56 - - [03/Mar/2010:06:18:04 -0800] "GET /favicon.ico HTTP/1.1" 302 360 "-" "Mozilla/5.0 (Windows; U; Windows NT 5.1; ru; rv:1.9.2) Gecko/20100115 Firefox/3.6"
213.27.10.56 - - [03/Mar/2010:06:18:08 -0800] "GET / HTTP/1.1" 200 5981 "-" "Mozilla/5.0 (Windows; U; Windows NT 5.1; ru; rv:1.9.2) Gecko/20100115 Firefox/3.6"
213.27.10.56 - - [03/Mar/2010:06:18:09 -0800] "GET /icons/blank.gif HTTP/1.1" 200 148 "http://unusualdischarge.com/" "Mozilla/5.0 (Windows; U; Windows NT 5.1; ru; rv:1.9.2) Gecko/20100115 Firefox/3.6"
213.27.10.56 - - [03/Mar/2010:06:18:09 -0800] "GET /icons/text.gif HTTP/1.1" 200 229 "http://unusualdischarge.com/" "Mozilla/5.0 (Windows; U; Windows NT 5.1; ru; rv:1.9.2) Gecko/20100115 Firefox/3.6"
93.158.148.31 - - [03/Mar/2010:06:35:40 -0800] "GET /dustinharley-access.log HTTP/1.1" 200 425260 "-" "Yandex/1.01.001 (compatible; Win16; I)"
173.45.105.138 - - [03/Mar/2010:06:37:36 -0800] "GET /ferality-access.log HTTP/1.1" 200 708149 "-" "Mozilla/5.0 (Windows; U; Windows NT 5.2; en-US; rv:1.8.0.6) Gecko/20060728 Firefox/1.5.0.6"
66.249.67.152 - - [03/Mar/2010:06:48:17 -0800] "GET /terhanian-error.log HTTP/1.1" 200 - "-" "Mozilla/5.0 (compatible; Googlebot/2.1; +http://www.google.com/bot.html)"
66.249.68.168 - - [03/Mar/2010:07:21:57 -0800] "GET /log.20080919/jeremykm-error.log HTTP/1.1" 302 359 "-" "Mozilla/5.0 (compatible; Googlebot/2.1; +http://www.google.com/bot.html)"
87.194.36.149 - - [03/Mar/2010:08:21:15 -0800] "GET /favicon.ico HTTP/1.1" 302 364 "-" "Mozilla/5.0 (Windows; U; Windows NT 5.1; en-GB; rv:1.9.2) Gecko/20100115 Firefox/3.6"
216.129.119.12 - - [03/Mar/2010:08:50:25 -0800] "GET /robots.txt HTTP/1.1" 302 360 "-" "Mozilla/5.0 (Twiceler-0.9 http://www.cuil.com/twiceler/robot.html)"
213.180.207.227 - - [03/Mar/2010:09:00:11 -0800] "GET / HTTP/1.1" 200 5981 "-" "Yandex/1.02.000 (compatible; Win16; F)"
213.180.207.227 - - [03/Mar/2010:09:00:12 -0800] "GET /favicon.ico HTTP/1.1" 302 360 "-" "Yandex/1.02.000 (compatible; Win16; F)"
66.249.67.42 - - [03/Mar/2010:09:24:48 -0800] "GET /robots.txt HTTP/1.1" 302 359 "-" "Mozilla/5.0 (compatible; Googlebot/2.1; +http://www.google.com/bot.html)"
66.249.67.42 - - [03/Mar/2010:09:24:48 -0800] "GET /terhanian-error.log HTTP/1.1" 200 - "-" "Mozilla/5.0 (compatible; Googlebot/2.1; +http://www.google.com/bot.html)"
207.70.47.119 - - [03/Mar/2010:09:34:50 -0800] "GET / HTTP/1.1" 200 5976 "-" "Mozilla/4.0 (compatible; MSIE 6.0; Windows NT 5.0; DigExt)"
207.46.12.111 - - [03/Mar/2010:09:41:35 -0800] "GET /vaginacide-error.log HTTP/1.1" 200 4833 "-" "Mozilla/4.0 (compatible; MSIE 6.0; Windows NT 5.2; SLCC1; .NET CLR 1.1.4322; .NET CLR 2.0.40607; .NET CLR 3.0.30729; .NET CLR 3.5.30707; InfoPath.2)"
66.249.68.250 - - [03/Mar/2010:09:53:07 -0800] "GET /robots.txt HTTP/1.1" 302 360 "-" "Mozilla/5.0 (compatible; Googlebot/2.1; +http://www.google.com/bot.html)"
66.249.68.250 - - [03/Mar/2010:09:53:07 -0800] "GET /clownjuice-access.log HTTP/1.1" 200 110676 "-" "Mozilla/5.0 (compatible; Googlebot/2.1; +http://www.google.com/bot.html)"
65.55.110.43 - - [03/Mar/2010:10:55:42 -0800] "GET /vaginacide-error.log HTTP/1.1" 200 4833 "-" "Mozilla/4.0 (compatible; MSIE 6.0; Windows NT 5.2; SV1; .NET CLR 1.1.4325; .NET CLR 2.0.50727; .NET CLR 3.0.04506.648)"
66.249.68.168 - - [03/Mar/2010:12:32:37 -0800] "GET /robots.txt HTTP/1.1" 302 359 "-" "Mozilla/5.0 (compatible; Googlebot/2.1; +http://www.google.com/bot.html)"
127.0.0.1 - - [03/Mar/2010:12:44:40 -0800] "OPTIONS * HTTP/1.0" 200 - "-" "Apache/2.2.11 (FreeBSD) mod_ssl/2.2.11 OpenSSL/0.9.8e DAV/2 PHP/5.2.9 with Suhosin-Patch (internal dummy connection)"
66.249.68.250 - - [03/Mar/2010:14:09:56 -0800] "GET /ferality-error.log HTTP/1.1" 200 49238 "-" "Mozilla/5.0 (compatible; Googlebot/2.1; +http://www.google.com/bot.html)"
69.64.70.246 - - [03/Mar/2010:14:32:16 -0800] "GET /index.php HTTP/1.1" 302 360 "-" "Mozilla/5.0"
69.64.70.246 - - [03/Mar/2010:14:32:16 -0800] "GET /log-access.log/index.php HTTP/1.1" 302 360 "-" "Mozilla/5.0"
69.64.70.246 - - [03/Mar/2010:14:32:18 -0800] "GET /log-access.log/index.php HTTP/1.1" 302 360 "-" "Mozilla/5.0"
69.64.70.246 - - [03/Mar/2010:14:32:18 -0800] "GET /index.php HTTP/1.1" 302 360 "-" "Mozilla/5.0"
89.159.206.159 - - [03/Mar/2010:15:38:44 -0800] "GET /browserbomb-access.log HTTP/1.0" 200 - "-" "Mozilla/5.0 (compatible; Googlebot/2.1; +http://www.google.com/bot.html)"
127.0.0.1 - - [03/Mar/2010:15:45:24 -0800] "OPTIONS * HTTP/1.0" 200 - "-" "Apache/2.2.11 (FreeBSD) mod_ssl/2.2.11 OpenSSL/0.9.8e DAV/2 PHP/5.2.9 with Suhosin-Patch (internal dummy connection)"
66.225.225.224 - - [03/Mar/2010:18:11:20 -0800] "POST http://66.225.225.225:6667/ HTTP/1.0" 302 356 "-" "-"
66.225.225.224 - - [03/Mar/2010:18:11:20 -0800] "CONNECT 66.225.225.225:6667 HTTP/1.0" 405 373 "-" "-"
67.218.116.162 - - [03/Mar/2010:18:12:32 -0800] "GET / HTTP/1.1" 200 5981 "-" "Mozilla/5.0 (Twiceler-0.9 http://www.cuil.com/twiceler/robot.html)"
123.125.66.27 - - [03/Mar/2010:18:32:43 -0800] "GET /robots.txt HTTP/1.1" 302 360 "-" "Baiduspider+(+http://www.baidu.com/search/spider.htm)"
66.225.225.224 - - [03/Mar/2010:19:22:36 -0800] "POST http://209.249.249.126:6667/ HTTP/1.0" 302 357 "-" "-"
66.225.225.224 - - [03/Mar/2010:19:22:36 -0800] "CONNECT 209.249.249.126:6667 HTTP/1.0" 405 374 "-" "-"
127.0.0.1 - - [03/Mar/2010:19:29:41 -0800] "OPTIONS * HTTP/1.0" 200 - "-" "Apache/2.2.11 (FreeBSD) mod_ssl/2.2.11 OpenSSL/0.9.8e DAV/2 PHP/5.2.9 with Suhosin-Patch (internal dummy connection)"
93.158.148.31 - - [03/Mar/2010:20:29:41 -0800] "GET / HTTP/1.1" 200 5981 "-" "Yandex/1.01.001 (compatible; Win16; I)"
193.169.32.254 - - [03/Mar/2010:20:49:56 -0800] "GET / HTTP/1.0" 200 5978 "-" "-"
67.218.116.162 - - [03/Mar/2010:21:28:50 -0800] "GET /orbsucks-error.log HTTP/1.1" 200 90110 "-" "Mozilla/5.0 (Twiceler-0.9 http://www.cuil.com/twiceler/robot.html)"
66.249.68.154 - - [03/Mar/2010:22:00:20 -0800] "GET /robots.txt HTTP/1.1" 302 360 "-" "Mozilla/5.0 (compatible; Googlebot/2.1; +http://www.google.com/bot.html)"
66.249.68.154 - - [03/Mar/2010:22:00:20 -0800] "GET /gorgeworld-access.log HTTP/1.1" 200 100578 "-" "Mozilla/5.0 (compatible; Googlebot/2.1; +http://www.google.com/bot.html)"
67.218.116.162 - - [03/Mar/2010:22:50:26 -0800] "GET /ferality-access.log HTTP/1.1" 200 716095 "-" "Mozilla/5.0 (Twiceler-0.9 http://www.cuil.com/twiceler/robot.html)"
208.80.193.35 - - [03/Mar/2010:23:41:20 -0800] "GET / HTTP/1.0" 200 5981 "-" "Mozilla/4.0 (compatible; MSIE 6.0; Windows NT 5.1; SV1; MyWebbrowser 1,13 Embedded Web Browser from: http://bsalsa.com/; .NET CLR 2.0.50727)"
67.218.116.162 - - [03/Mar/2010:23:58:01 -0800] "GET /?C=D;O=A HTTP/1.1" 200 5981 "-" "Mozilla/5.0 (Twiceler-0.9 http://www.cuil.com/twiceler/robot.html)"
67.218.116.162 - - [04/Mar/2010:00:07:16 -0800] "GET /browserbomb-access.log HTTP/1.1" 200 - "-" "Mozilla/5.0 (Twiceler-0.9 http://www.cuil.com/twiceler/robot.html)"
93.158.148.31 - - [04/Mar/2010:00:36:20 -0800] "GET /?C=M;O=D HTTP/1.1" 200 5981 "-" "Yandex/1.01.001 (compatible; Win16; I)"
67.218.116.162 - - [04/Mar/2010:01:43:03 -0800] "GET /paxnihilo-error.log HTTP/1.1" 200 3226 "-" "Mozilla/5.0 (Twiceler-0.9 http://www.cuil.com/twiceler/robot.html)"
67.218.116.162 - - [04/Mar/2010:01:52:36 -0800] "GET /clownjuice-error.log HTTP/1.1" 200 52484 "-" "Mozilla/5.0 (Twiceler-0.9 http://www.cuil.com/twiceler/robot.html)"
67.218.116.162 - - [04/Mar/2010:01:57:23 -0800] "GET /orbsucks-access.log HTTP/1.1" 200 477030 "-" "Mozilla/5.0 (Twiceler-0.9 http://www.cuil.com/twiceler/robot.html)"
66.249.68.154 - - [04/Mar/2010:02:03:06 -0800] "GET /rvldzkbxq.html HTTP/1.1" 302 360 "-" "Mozilla/5.0 (compatible; Googlebot/2.1; +http://www.google.com/bot.html)"
66.249.68.154 - - [04/Mar/2010:02:27:53 -0800] "GET /clownjuice-access.log HTTP/1.1" 200 111899 "-" "Mozilla/5.0 (compatible; Googlebot/2.1; +http://www.google.com/bot.html)"
67.218.116.162 - - [04/Mar/2010:02:49:59 -0800] "GET /terhanian-error.log HTTP/1.1" 200 - "-" "Mozilla/5.0 (Twiceler-0.9 http://www.cuil.com/twiceler/robot.html)"
89.73.9.196 - - [04/Mar/2010:02:53:47 -0800] "GET /sitemap.xml HTTP/1.1" 302 359 "-" "Mozilla/5.0 (Windows; U; Windows NT 5.1; pl; rv:1.9.2) Gecko/20100115 Firefox/3.6"
207.241.227.84 - - [04/Mar/2010:02:53:47 -0800] "GET /robots.txt HTTP/1.1" 302 359 "-" "ia_archiver-web.archive.org"
89.73.9.196 - - [04/Mar/2010:02:53:58 -0800] "GET /sitemap.xml HTTP/1.1" 302 360 "-" "Mozilla/5.0 (Windows; U; Windows NT 5.1; pl; rv:1.9.2) Gecko/20100115 Firefox/3.6"
207.241.227.84 - - [04/Mar/2010:02:54:01 -0800] "GET /robots.txt HTTP/1.1" 302 360 "-" "ia_archiver-web.archive.org"
67.218.116.162 - - [04/Mar/2010:02:59:33 -0800] "GET /?C=M;O=A HTTP/1.1" 200 5981 "-" "Mozilla/5.0 (Twiceler-0.9 http://www.cuil.com/twiceler/robot.html)"
67.218.116.162 - - [04/Mar/2010:03:01:55 -0800] "GET /robots.txt HTTP/1.1" 302 360 "-" "Mozilla/5.0 (Twiceler-0.9 http://www.cuil.com/twiceler/robot.html)"
67.218.116.162 - - [04/Mar/2010:03:23:32 -0800] "GET /vaginacide-access.log HTTP/1.1" 200 16400 "-" "Mozilla/5.0 (Twiceler-0.9 http://www.cuil.com/twiceler/robot.html)"
67.218.116.162 - - [04/Mar/2010:03:24:35 -0800] "GET /log-access.log HTTP/1.1" 200 432199 "-" "Mozilla/5.0 (Twiceler-0.9 http://www.cuil.com/twiceler/robot.html)"
93.158.148.31 - - [04/Mar/2010:03:25:55 -0800] "GET /robots.txt HTTP/1.1" 302 360 "-" "Yandex/1.01.001 (compatible; Win16; I)"
67.218.116.162 - - [04/Mar/2010:04:01:55 -0800] "GET /clownjuice-access.log HTTP/1.1" 200 112055 "-" "Mozilla/5.0 (Twiceler-0.9 http://www.cuil.com/twiceler/robot.html)"
67.218.116.162 - - [04/Mar/2010:04:16:13 -0800] "GET /sharkbomb-error.log HTTP/1.1" 200 15296 "-" "Mozilla/5.0 (Twiceler-0.9 http://www.cuil.com/twiceler/robot.html)"
208.115.111.249 - - [04/Mar/2010:05:17:22 -0800] "GET /robots.txt HTTP/1.1" 302 360 "-" "Mozilla/5.0 (compatible; DotBot/1.1; http://www.dotnetdotcom.org/, crawler@dotnetdotcom.org)"
67.218.116.162 - - [04/Mar/2010:05:28:02 -0800] "GET /vaginacide-error.log HTTP/1.1" 200 4943 "-" "Mozilla/5.0 (Twiceler-0.9 http://www.cuil.com/twiceler/robot.html)"
93.158.148.31 - - [04/Mar/2010:06:15:28 -0800] "GET /?C=N;O=D HTTP/1.1" 200 5981 "-" "Yandex/1.01.001 (compatible; Win16; I)"
124.229.0.5 - - [04/Mar/2010:06:44:45 -0800] "GET /paxnihilo-access.log HTTP/1.1" 200 12766 "http://www.google.cn/search?hl=zh-CN&newwindow=1&client=aff-maxthon&hs=HWX&channel=channel4&source=hp&q=69.58.178.29&start=60&sa=N" "Mozilla/4.0 (compatible; MSIE 7.0; Windows NT 5.1; Trident/4.0; Mozilla/4.0 (compatible; MSIE 6.0; Windows NT 5.1; SV1) ; .NET CLR 2.0.50727; CIBA; .NET CLR 3.0.04506.648; .NET CLR 3.5.21022; MAXTHON 2.0)"
124.229.0.5 - - [04/Mar/2010:06:44:45 -0800] "GET /favicon.ico HTTP/1.1" 302 359 "-" "Mozilla/4.0 (compatible; MSIE 7.0; Windows NT 5.1; Trident/4.0; Mozilla/4.0 (compatible; MSIE 6.0; Windows NT 5.1; SV1) ; .NET CLR 2.0.50727; CIBA; .NET CLR 3.0.04506.648; .NET CLR 3.5.21022; MAXTHON 2.0)"
67.218.116.162 - - [04/Mar/2010:06:58:55 -0800] "GET /log-error.log HTTP/1.1" 200 163510 "-" "Mozilla/5.0 (Twiceler-0.9 http://www.cuil.com/twiceler/robot.html)"
67.218.116.162 - - [04/Mar/2010:07:08:31 -0800] "GET /paxnihilo-access.log HTTP/1.1" 200 12766 "-" "Mozilla/5.0 (Twiceler-0.9 http://www.cuil.com/twiceler/robot.html)"
67.218.116.162 - - [04/Mar/2010:07:09:31 -0800] "GET /sharkbomb-access.log HTTP/1.1" 200 341395 "-" "Mozilla/5.0 (Twiceler-0.9 http://www.cuil.com/twiceler/robot.html)"
67.218.116.162 - - [04/Mar/2010:07:22:51 -0800] "GET /evilfuckers-error.log HTTP/1.1" 200 42371 "-" "Mozilla/5.0 (Twiceler-0.9 http://www.cuil.com/twiceler/robot.html)"
67.218.116.162 - - [04/Mar/2010:07:32:29 -0800] "GET /jasoncmartin-error.log HTTP/1.1" 200 204529 "-" "Mozilla/5.0 (Twiceler-0.9 http://www.cuil.com/twiceler/robot.html)"
66.249.68.154 - - [04/Mar/2010:07:37:17 -0800] "GET /robots.txt HTTP/1.1" 302 360 "-" "Mozilla/5.0 (compatible; Googlebot/2.1; +http://www.google.com/bot.html)"
66.249.68.154 - - [04/Mar/2010:07:37:17 -0800] "GET /ferality-error.log HTTP/1.1" 200 50535 "-" "Mozilla/5.0 (compatible; Googlebot/2.1; +http://www.google.com/bot.html)"
67.218.116.162 - - [04/Mar/2010:07:37:18 -0800] "GET /?C=N;O=D HTTP/1.1" 200 5981 "-" "Mozilla/5.0 (Twiceler-0.9 http://www.cuil.com/twiceler/robot.html)"
93.158.148.31 - - [04/Mar/2010:07:40:15 -0800] "GET /log-error.log HTTP/1.1" 200 163613 "-" "Yandex/1.01.001 (compatible; Win16; I)"
67.218.116.162 - - [04/Mar/2010:07:42:10 -0800] "GET /browserbomb-error.log HTTP/1.1" 200 - "-" "Mozilla/5.0 (Twiceler-0.9 http://www.cuil.com/twiceler/robot.html)"
67.218.116.162 - - [04/Mar/2010:07:51:37 -0800] "GET /ferality-error.log HTTP/1.1" 200 50535 "-" "Mozilla/5.0 (Twiceler-0.9 http://www.cuil.com/twiceler/robot.html)"
173.45.105.138 - - [04/Mar/2010:08:38:33 -0800] "GET /ferality-access.log HTTP/1.1" 200 724443 "-" "Mozilla/5.0 (Windows; U; Windows NT 5.2; en-US; rv:1.8.0.6) Gecko/20060728 Firefox/1.5.0.6"
184.73.25.43 - - [04/Mar/2010:08:42:22 -0800] "GET /robots.txt HTTP/1.0" 302 360 "-" "taptubot *** please read http://www.taptu.com/corp/taptubot ***"
184.73.25.43 - - [04/Mar/2010:08:42:25 -0800] "GET /robots.txt HTTP/1.0" 302 360 "-" "taptubot *** please read http://www.taptu.com/corp/taptubot ***"
184.73.25.43 - - [04/Mar/2010:08:42:26 -0800] "GET / HTTP/1.0" 200 5981 "-" "Mozilla/5.0 (iPhone; U; CPU iPhone OS 3_0 like Mac OS X; en) AppleWebKit/528.18 (KHTML, like Gecko) Version/4.0 Mobile/7A341 Safari/528.16"
184.73.25.43 - - [04/Mar/2010:08:42:27 -0800] "GET /apple-touch-icon.png HTTP/1.0" 302 360 "-" "Mozilla/5.0 (iPhone; U; CPU iPhone OS 3_0 like Mac OS X; en) AppleWebKit/528.18 (KHTML, like Gecko) Version/4.0 Mobile/7A341 Safari/528.16"
184.73.25.43 - - [04/Mar/2010:08:42:34 -0800] "GET / HTTP/1.0" 200 5985 "-" "Mozilla/5.0 (iPhone; U; CPU iPhone OS 3_0 like Mac OS X; en) AppleWebKit/528.18 (KHTML, like Gecko) Version/4.0 Mobile/7A341 Safari/528.16"
184.73.25.43 - - [04/Mar/2010:08:42:37 -0800] "GET /iphone/ HTTP/1.0" 302 364 "-" "Mozilla/5.0 (iPhone; U; CPU iPhone OS 3_0 like Mac OS X; en) AppleWebKit/528.18 (KHTML, like Gecko) Version/4.0 Mobile/7A341 Safari/528.16"
184.73.25.43 - - [04/Mar/2010:08:42:41 -0800] "GET /mobile/ HTTP/1.0" 302 364 "-" "Mozilla/5.0 (iPhone; U; CPU iPhone OS 3_0 like Mac OS X; en) AppleWebKit/528.18 (KHTML, like Gecko) Version/4.0 Mobile/7A341 Safari/528.16"
184.73.25.43 - - [04/Mar/2010:08:42:42 -0800] "GET /m/ HTTP/1.0" 302 364 "-" "Mozilla/5.0 (iPhone; U; CPU iPhone OS 3_0 like Mac OS X; en) AppleWebKit/528.18 (KHTML, like Gecko) Version/4.0 Mobile/7A341 Safari/528.16"
184.73.25.43 - - [04/Mar/2010:08:42:43 -0800] "GET /mobi/ HTTP/1.0" 302 364 "-" "Mozilla/5.0 (iPhone; U; CPU iPhone OS 3_0 like Mac OS X; en) AppleWebKit/528.18 (KHTML, like Gecko) Version/4.0 Mobile/7A341 Safari/528.16"
184.73.25.43 - - [04/Mar/2010:08:42:44 -0800] "GET / HTTP/1.0" 200 5981 "-" "Mozilla/5.0 (Windows; U; Windows NT 5.1; en-GB; rv:1.8.1.6; taptu-downloader) Gecko/20070725 Firefox/2.0.0.6"
67.218.116.162 - - [04/Mar/2010:08:52:59 -0800] "GET /?C=S;O=A HTTP/1.1" 200 5981 "-" "Mozilla/5.0 (Twiceler-0.9 http://www.cuil.com/twiceler/robot.html)"
216.129.119.12 - - [04/Mar/2010:09:19:13 -0800] "GET /robots.txt HTTP/1.1" 302 360 "-" "Mozilla/5.0 (Twiceler-0.9 http://www.cuil.com/twiceler/robot.html)"
67.218.116.162 - - [04/Mar/2010:10:33:37 -0800] "GET /gorgeworld-error.log HTTP/1.1" 200 29893 "-" "Mozilla/5.0 (Twiceler-0.9 http://www.cuil.com/twiceler/robot.html)"
66.249.68.142 - - [04/Mar/2010:11:42:42 -0800] "GET /clownjuice-error.log HTTP/1.1" 200 53457 "-" "Mozilla/5.0 (compatible; Googlebot/2.1; +http://www.google.com/bot.html)"
69.170.34.242 - - [04/Mar/2010:11:52:31 -0800] "GET /ferality-access.log HTTP/1.1" 200 726056 "http://www.bing.com/search?q=Mozilla/5.0%20(iPhone%3b%20U%3b%20CPU%20iPhone%20OS%203_1_2%20like%20Mac%20OS%20X%3b%20da-dk)%20AppleWebKit/528.18%20(KHTML%2c%20like%20Gecko)%20Version/4.0%20Mobile/7D11%20Safari/528.16&first=71&FORM=PERE4" "Mozilla/4.0 (compatible; MSIE 7.0; Windows NT 6.0; WOW64; GTB6.4; SLCC1; .NET CLR 2.0.50727; Media Center PC 5.0; .NET CLR 3.5.21022; .NET CLR 3.5.30729; MDDC; .NET CLR 3.0.30729)"
67.218.116.162 - - [04/Mar/2010:12:00:07 -0800] "GET /evilfuckers-access.log HTTP/1.1" 200 146253 "-" "Mozilla/5.0 (Twiceler-0.9 http://www.cuil.com/twiceler/robot.html)"
66.249.68.142 - - [04/Mar/2010:12:31:24 -0800] "GET /ferality-error.log HTTP/1.1" 200 50792 "-" "Mozilla/5.0 (compatible; Googlebot/2.1; +http://www.google.com/bot.html)"
67.218.116.162 - - [04/Mar/2010:12:33:34 -0800] "GET /terhanian-access.log HTTP/1.1" 200 - "-" "Mozilla/5.0 (Twiceler-0.9 http://www.cuil.com/twiceler/robot.html)"
67.218.116.162 - - [04/Mar/2010:13:07:29 -0800] "GET /dustinharley-error.log HTTP/1.1" 200 47736 "-" "Mozilla/5.0 (Twiceler-0.9 http://www.cuil.com/twiceler/robot.html)"
174.129.189.220 - - [04/Mar/2010:13:34:45 -0800] "GET / HTTP/1.1" 200 5985 "-" "HTMLParser/2.0"
174.129.189.220 - - [04/Mar/2010:13:34:46 -0800] "GET / HTTP/1.1" 200 5985 "-" "HTMLParser/2.0"
174.129.189.220 - - [04/Mar/2010:13:34:46 -0800] "GET / HTTP/1.1" 200 5985 "-" "HTMLParser/2.0"
174.129.189.220 - - [04/Mar/2010:13:34:47 -0800] "GET / HTTP/1.1" 200 5985 "-" "HTMLParser/2.0"
174.129.189.220 - - [04/Mar/2010:13:34:48 -0800] "GET / HTTP/1.1" 200 5985 "-" "HTMLParser/2.0"
127.0.0.1 - - [04/Mar/2010:13:34:56 -0800] "OPTIONS * HTTP/1.0" 200 - "-" "Apache/2.2.11 (FreeBSD) mod_ssl/2.2.11 OpenSSL/0.9.8e DAV/2 PHP/5.2.9 with Suhosin-Patch (internal dummy connection)"
127.0.0.1 - - [04/Mar/2010:13:35:00 -0800] "OPTIONS * HTTP/1.0" 200 - "-" "Apache/2.2.11 (FreeBSD) mod_ssl/2.2.11 OpenSSL/0.9.8e DAV/2 PHP/5.2.9 with Suhosin-Patch (internal dummy connection)"
66.249.68.142 - - [04/Mar/2010:13:35:45 -0800] "GET /vaginacide-error.log HTTP/1.1" 200 5584 "-" "Mozilla/5.0 (compatible; Googlebot/2.1; +http://www.google.com/bot.html)"
72.4.236.8 - - [04/Mar/2010:14:28:12 -0800] "GET /index.php HTTP/1.1" 302 360 "-" "Mozilla/5.0"
72.4.236.8 - - [04/Mar/2010:14:28:15 -0800] "GET /log-access.log/index.php HTTP/1.1" 302 360 "-" "Mozilla/5.0"
66.249.68.142 - - [04/Mar/2010:14:39:47 -0800] "GET /robots.txt HTTP/1.1" 302 360 "-" "SAMSUNG-SGH-E250/1.0 Profile/MIDP-2.0 Configuration/CLDC-1.1 UP.Browser/6.2.3.3.c.1.101 (GUI) MMP/2.0 (compatible; Googlebot-Mobile/2.1; +http://www.google.com/bot.html)"
66.249.68.142 - - [04/Mar/2010:14:39:47 -0800] "GET / HTTP/1.1" 200 5981 "-" "SAMSUNG-SGH-E250/1.0 Profile/MIDP-2.0 Configuration/CLDC-1.1 UP.Browser/6.2.3.3.c.1.101 (GUI) MMP/2.0 (compatible; Googlebot-Mobile/2.1; +http://www.google.com/bot.html)"
72.4.236.8 - - [04/Mar/2010:14:39:59 -0800] "GET /index.php HTTP/1.1" 302 360 "-" "Mozilla/5.0"
72.4.236.8 - - [04/Mar/2010:14:39:59 -0800] "GET /log-access.log/index.php HTTP/1.1" 302 360 "-" "Mozilla/5.0"
72.4.236.8 - - [04/Mar/2010:14:53:35 -0800] "GET /log-access.log/index.php HTTP/1.1" 302 360 "-" "Mozilla/5.0"
72.4.236.8 - - [04/Mar/2010:14:53:35 -0800] "GET /index.php HTTP/1.1" 302 360 "-" "Mozilla/5.0"
67.218.116.162 - - [04/Mar/2010:14:57:57 -0800] "GET /jasoncmartin-access.log HTTP/1.1" 200 548375 "-" "Mozilla/5.0 (Twiceler-0.9 http://www.cuil.com/twiceler/robot.html)"
72.4.236.8 - - [04/Mar/2010:15:22:15 -0800] "GET /index.php HTTP/1.1" 302 360 "-" "Mozilla/5.0"
72.4.236.8 - - [04/Mar/2010:15:22:15 -0800] "GET /log-access.log/index.php HTTP/1.1" 302 360 "-" "Mozilla/5.0"
89.159.206.159 - - [04/Mar/2010:15:34:16 -0800] "GET /browserbomb-access.log HTTP/1.0" 200 - "-" "Mozilla/5.0 (compatible; Googlebot/2.1; +http://www.google.com/bot.html)"
72.4.236.8 - - [04/Mar/2010:15:39:41 -0800] "GET /log-access.log/index.php HTTP/1.1" 302 360 "-" "Mozilla/5.0"
72.4.236.8 - - [04/Mar/2010:15:39:41 -0800] "GET /index.php HTTP/1.1" 302 360 "-" "Mozilla/5.0"
72.4.236.8 - - [04/Mar/2010:16:05:38 -0800] "GET /log-access.log/index.php HTTP/1.1" 302 360 "-" "Mozilla/5.0"
72.4.236.8 - - [04/Mar/2010:16:05:38 -0800] "GET /index.php HTTP/1.1" 302 360 "-" "Mozilla/5.0"
67.218.116.162 - - [04/Mar/2010:16:23:57 -0800] "GET /gorgeworld-access.log HTTP/1.1" 200 102243 "-" "Mozilla/5.0 (Twiceler-0.9 http://www.cuil.com/twiceler/robot.html)"
67.218.116.162 - - [04/Mar/2010:16:43:24 -0800] "GET /dustinharley-access.log HTTP/1.1" 200 446222 "-" "Mozilla/5.0 (Twiceler-0.9 http://www.cuil.com/twiceler/robot.html)"
74.222.4.218 - - [04/Mar/2010:17:51:55 -0800] "GET /robots.txt HTTP/1.0" 302 360 "http://unusualdischarge.com/robots.txt" "Mozilla/4.0 (compatible; MSIE 6.0; Windows NT 5.1; SV1; .NET CLR 2.0.50727)"
74.222.4.218 - - [04/Mar/2010:17:51:55 -0800] "GET / HTTP/1.0" 200 5981 "http://unusualdischarge.com/" "Mozilla/4.0 (compatible; MSIE 6.0; Windows NT 5.1; SV1; .NET CLR 2.0.50727)"
123.125.66.113 - - [04/Mar/2010:18:01:00 -0800] "GET /robots.txt HTTP/1.1" 302 360 "-" "Baiduspider+(+http://www.baidu.com/search/spider.htm)"
189.19.102.222 - - [04/Mar/2010:18:31:10 -0800] "GET /components/com_extcalendar/admin_events.php?CONFIG_EXT[LANGUAGES_DIR]=http://www.starlimo.hu/sztarvendeg/50/r57.txt? HTTP/1.1" 302 359 "-" "Mozilla/3.0 (compatible; Indy Library)"
78.168.240.56 - - [04/Mar/2010:19:46:00 -0800] "GET /paxnihilo-access.log HTTP/1.1" 200 14419 "http://www.gayrimenkulara.org/label.asp?hl=tr&q=66.249.71.104&start=10&sa=N" "Mozilla/4.0 (compatible; MSIE 8.0; Windows NT 5.1; Trident/4.0; GTB6.4; .NET CLR 2.0.50727; OfficeLiveConnector.1.3; OfficeLivePatch.0.0; .NET CLR 3.0.4506.2152; .NET CLR 3.5.30729)"
78.168.240.56 - - [04/Mar/2010:19:46:01 -0800] "GET /paxnihilo-access.log HTTP/1.1" 206 14419 "http://unusualdischarge.com/" "Mozilla/4.0 (compatible; MSIE 6.0; Windows NT 5.1)"
66.249.68.142 - - [04/Mar/2010:20:18:10 -0800] "GET /gorgeworld-access.log HTTP/1.1" 200 105354 "-" "Mozilla/5.0 (compatible; Googlebot/2.1; +http://www.google.com/bot.html)"
66.249.67.199 - - [04/Mar/2010:21:44:08 -0800] "GET /robots.txt HTTP/1.1" 302 359 "-" "Mozilla/5.0 (compatible; Googlebot/2.1; +http://www.google.com/bot.html)"
66.249.67.199 - - [04/Mar/2010:21:44:08 -0800] "GET /paxnihilo-access.log HTTP/1.1" 200 14419 "-" "Mozilla/5.0 (compatible; Googlebot/2.1; +http://www.google.com/bot.html)"
204.236.226.210 - - [04/Mar/2010:21:51:39 -0800] "GET /robots.txt HTTP/1.0" 302 359 "-" "ia_archiver (+http://www.alexa.com/site/help/webmasters; crawler@alexa.com)"
204.236.226.210 - - [04/Mar/2010:21:51:40 -0800] "GET /clownjuice-access.log HTTP/1.0" 200 115783 "-" "ia_archiver (+http://www.alexa.com/site/help/webmasters; crawler@alexa.com)"
93.158.148.31 - - [04/Mar/2010:22:15:10 -0800] "GET /dustinharley-error.log HTTP/1.1" 200 47961 "-" "Yandex/1.01.001 (compatible; Win16; I)"
93.158.148.31 - - [04/Mar/2010:22:46:23 -0800] "GET /evilfuckers-access.log HTTP/1.1" 200 147707 "-" "Yandex/1.01.001 (compatible; Win16; I)"
93.158.148.31 - - [04/Mar/2010:23:17:36 -0800] "GET /gorgeworld-error.log HTTP/1.1" 200 30686 "-" "Yandex/1.01.001 (compatible; Win16; I)"
66.249.67.19 - - [04/Mar/2010:23:41:06 -0800] "GET /log.20080919/tib-error.log HTTP/1.1" 302 359 "-" "Mozilla/5.0 (compatible; Googlebot/2.1; +http://www.google.com/bot.html)"
93.158.148.31 - - [05/Mar/2010:00:29:45 -0800] "GET /?C=S;O=D HTTP/1.1" 200 5981 "-" "Yandex/1.01.001 (compatible; Win16; I)"
93.158.148.31 - - [05/Mar/2010:01:12:20 -0800] "GET /ferality-access.log HTTP/1.1" 200 731043 "-" "Yandex/1.01.001 (compatible; Win16; I)"
150.70.84.205 - - [05/Mar/2010:01:26:20 -0800] "GET /sharkbomb-error.log HTTP/1.0" 200 15828 "-" "Mozilla/4.0 (compatible; MSIE 6.0; Windows NT 5.1)"
93.158.148.31 - - [05/Mar/2010:01:34:45 -0800] "GET /?C=D;O=A HTTP/1.1" 200 5981 "-" "Yandex/1.01.001 (compatible; Win16; I)"
93.158.148.31 - - [05/Mar/2010:01:56:53 -0800] "GET /jasoncmartin-error.log HTTP/1.1" 200 208444 "-" "Yandex/1.01.001 (compatible; Win16; I)"
93.158.148.31 - - [05/Mar/2010:02:19:01 -0800] "GET /orbsucks-access.log HTTP/1.1" 200 490078 "-" "Yandex/1.01.001 (compatible; Win16; I)"
93.158.148.31 - - [05/Mar/2010:02:41:08 -0800] "GET /ferality-error.log HTTP/1.1" 200 51440 "-" "Yandex/1.01.001 (compatible; Win16; I)"
67.218.116.162 - - [05/Mar/2010:02:42:10 -0800] "GET /robots.txt HTTP/1.1" 302 360 "-" "Mozilla/5.0 (Twiceler-0.9 http://www.cuil.com/twiceler/robot.html)"
93.158.148.31 - - [05/Mar/2010:03:03:11 -0800] "GET /log-access.log HTTP/1.1" 200 447227 "-" "Yandex/1.01.001 (compatible; Win16; I)"
93.158.148.31 - - [05/Mar/2010:03:47:23 -0800] "GET /robots.txt HTTP/1.1" 302 360 "-" "Yandex/1.01.001 (compatible; Win16; I)"
93.158.148.31 - - [05/Mar/2010:04:07:09 -0800] "GET /orbsucks-error.log HTTP/1.1" 200 92632 "-" "Yandex/1.01.001 (compatible; Win16; I)"
66.249.68.177 - - [05/Mar/2010:04:13:42 -0800] "GET /robots.txt HTTP/1.1" 302 360 "-" "Mozilla/5.0 (compatible; Googlebot/2.1; +http://www.google.com/bot.html)"
66.249.68.177 - - [05/Mar/2010:04:13:42 -0800] "GET /clownjuice-access.log HTTP/1.1" 200 116251 "-" "Mozilla/5.0 (compatible; Googlebot/2.1; +http://www.google.com/bot.html)"
93.158.148.31 - - [05/Mar/2010:04:26:59 -0800] "GET /sharkbomb-error.log HTTP/1.1" 200 15828 "-" "Yandex/1.01.001 (compatible; Win16; I)"
210.154.76.52 - - [05/Mar/2010:06:16:40 -0800] "GET /index.php HTTP/1.1" 302 360 "-" "Mozilla/5.0"
210.154.76.52 - - [05/Mar/2010:06:16:40 -0800] "GET /log-access.log/index.php HTTP/1.1" 302 360 "-" "Mozilla/5.0"
67.96.163.10 - - [05/Mar/2010:07:05:09 -0800] "GET /favicon.ico HTTP/1.1" 302 360 "-" "Mozilla/5.0 (Windows; U; Windows NT 5.1; en-US; rv:1.9.0.18) Gecko/2010020220 Firefox/3.0.18 GTB6 (.NET CLR 3.5.30729)"
67.96.163.10 - - [05/Mar/2010:07:08:05 -0800] "GET /favicon.ico HTTP/1.1" 302 360 "-" "Mozilla/5.0 (Windows; U; Windows NT 5.1; en-US; rv:1.9.0.18) Gecko/2010020220 Firefox/3.0.18 GTB6 (.NET CLR 3.5.30729)"
89.149.244.240 - - [05/Mar/2010:07:26:13 -0800] "GET /log.20080919/terhanian-error.log HTTP/1.1" 302 359 "-" "Mozilla/4.0 (compatible; MSIE 6.0; Windows NT 5.1; SV1)"
207.46.204.234 - - [05/Mar/2010:07:41:21 -0800] "GET /robots.txt HTTP/1.1" 302 360 "-" "msnbot/2.0b (+http://search.msn.com/msnbot.htm)"
207.46.204.234 - - [05/Mar/2010:07:47:01 -0800] "GET /robots.txt HTTP/1.1" 302 360 "-" "msnbot/2.0b (+http://search.msn.com/msnbot.htm)"
207.46.204.234 - - [05/Mar/2010:07:55:32 -0800] "GET /robots.txt HTTP/1.1" 302 360 "-" "msnbot/2.0b (+http://search.msn.com/msnbot.htm)"
