76.22.68.12 - - [08/Feb/2010:18:09:52 -0800] "GET /clownjuice-error.log HTTP/1.1" 200 18899 "http://www.google.com/search?sourceid=navclient&ie=UTF-8&rlz=1T4GGLL_enUS304US304&q=67.202.16.163" "Mozilla/4.0 (compatible; MSIE 8.0; Windows NT 5.1; Trident/4.0; GTB6.4; .NET CLR 2.0.50727; .NET CLR 3.0.4506.2152; .NET CLR 3.5.30729)"
66.249.71.137 - - [08/Feb/2010:20:26:24 -0800] "GET /robots.txt HTTP/1.1" 302 360 "-" "Googlebot-Image/1.0"
66.249.71.137 - - [08/Feb/2010:20:26:24 -0800] "GET /icons/image2.gif HTTP/1.1" 304 - "-" "Googlebot-Image/1.0"
66.249.71.104 - - [08/Feb/2010:21:56:28 -0800] "GET /robots.txt HTTP/1.1" 302 359 "-" "Mozilla/5.0 (compatible; Googlebot/2.1; +http://www.google.com/bot.html)"
66.249.71.104 - - [08/Feb/2010:21:56:28 -0800] "GET /paxnihilo-access.log HTTP/1.1" 200 3312 "-" "Mozilla/5.0 (compatible; Googlebot/2.1; +http://www.google.com/bot.html)"
38.107.191.110 - - [08/Feb/2010:22:26:10 -0800] "GET /robots.txt HTTP/1.1" 302 360 "-" "CCBot/1.0 (+http://www.commoncrawl.org/bot.html)"
38.107.191.111 - - [08/Feb/2010:22:26:11 -0800] "GET / HTTP/1.1" 200 5981 "-" "CCBot/1.0 (+http://www.commoncrawl.org/bot.html)"
66.249.71.140 - - [09/Feb/2010:00:30:27 -0800] "GET /robots.txt HTTP/1.1" 302 360 "-" "Mozilla/5.0 (compatible; Googlebot/2.1; +http://www.google.com/bot.html)"
66.249.71.140 - - [09/Feb/2010:00:30:27 -0800] "GET /vaginacide-access.log HTTP/1.1" 200 5067 "-" "Mozilla/5.0 (compatible; Googlebot/2.1; +http://www.google.com/bot.html)"
85.25.146.46 - - [09/Feb/2010:01:42:30 -0800] "GET / HTTP/1.1" 200 5980 "-" "Mozilla/4.0 (compatible; MSIE 7.0; Windows NT 5.2; .NET CLR 1.1.4322)"
85.25.146.46 - - [09/Feb/2010:01:42:31 -0800] "GET /icons/blank.gif HTTP/1.1" 200 148 "http://mail.gorgeworld.com/" "Mozilla/4.0 (compatible; MSIE 7.0; Windows NT 5.2; .NET CLR 1.1.4322)"
85.25.146.46 - - [09/Feb/2010:01:42:31 -0800] "GET /icons/text.gif HTTP/1.1" 200 229 "http://mail.gorgeworld.com/" "Mozilla/4.0 (compatible; MSIE 7.0; Windows NT 5.2; .NET CLR 1.1.4322)"
66.249.71.140 - - [09/Feb/2010:01:49:42 -0800] "GET /paxnihilo-error.log HTTP/1.1" 200 656 "-" "Mozilla/5.0 (compatible; Googlebot/2.1; +http://www.google.com/bot.html)"
89.159.209.249 - - [09/Feb/2010:02:46:24 -0800] "GET /browserbomb-access.log HTTP/1.0" 200 - "-" "Mozilla/5.0 (compatible; Googlebot/2.1; +http://www.google.com/bot.html)"
66.249.71.140 - - [09/Feb/2010:03:08:24 -0800] "GET /evilfuckers-error.log HTTP/1.1" 200 14951 "-" "Mozilla/5.0 (compatible; Googlebot/2.1; +http://www.google.com/bot.html)"
67.218.116.162 - - [09/Feb/2010:03:12:14 -0800] "GET /robots.txt HTTP/1.0" 302 360 "-" "Mozilla/5.0 (Twiceler-0.9 http://www.cuil.com/twiceler/robot.html)"
66.249.71.104 - - [09/Feb/2010:05:46:21 -0800] "GET /robots.txt HTTP/1.1" 302 359 "-" "Mozilla/5.0 (compatible; Googlebot/2.1; +http://www.google.com/bot.html)"
66.249.71.104 - - [09/Feb/2010:05:46:21 -0800] "GET /paxnihilo-error.log HTTP/1.1" 200 656 "-" "Mozilla/5.0 (compatible; Googlebot/2.1; +http://www.google.com/bot.html)"
66.249.71.104 - - [09/Feb/2010:07:05:13 -0800] "GET / HTTP/1.1" 200 5980 "-" "Mozilla/5.0 (compatible; Googlebot/2.1; +http://www.google.com/bot.html)"
75.101.225.82 - - [09/Feb/2010:08:05:16 -0800] "HEAD /icons/apache_pb.gif HTTP/1.0" 200 - "-" "Mozilla/5.0 (compatible; NetcraftSurveyAgent/1.0; +info@netcraft.com)"
66.249.71.140 - - [09/Feb/2010:08:24:23 -0800] "GET /robots.txt HTTP/1.1" 302 360 "-" "Mozilla/5.0 (compatible; Googlebot/2.1; +http://www.google.com/bot.html)"
66.249.71.140 - - [09/Feb/2010:08:24:23 -0800] "GET /gorgeworld-error.log HTTP/1.1" 200 9360 "-" "Mozilla/5.0 (compatible; Googlebot/2.1; +http://www.google.com/bot.html)"
66.249.71.104 - - [09/Feb/2010:08:37:04 -0800] "GET /ferality-access.log HTTP/1.1" 200 244827 "-" "Mozilla/5.0 (compatible; Googlebot/2.1; +http://www.google.com/bot.html)"
66.249.71.140 - - [09/Feb/2010:09:43:19 -0800] "GET /ferality-error.log HTTP/1.1" 200 14623 "-" "Mozilla/5.0 (compatible; Googlebot/2.1; +http://www.google.com/bot.html)"
206.207.80.174 - - [09/Feb/2010:09:54:29 -0800] "GET / HTTP/1.1" 200 5976 "-" "Mozilla/4.0 (compatible; MSIE 6.0; Windows NT 5.0; DigExt)"
66.249.71.140 - - [09/Feb/2010:11:01:59 -0800] "GET /evilfuckers-access.log HTTP/1.1" 200 50807 "-" "Mozilla/5.0 (compatible; Googlebot/2.1; +http://www.google.com/bot.html)"
200.55.159.131 - - [09/Feb/2010:11:52:15 -0800] "GET /log.20081203/log-access.log HTTP/1.1" 302 359 "http://www.google.com.cu/search?hl=es&q=CONNECT+194.109.153.5%3A11111+&btnG=Buscar&meta=lr%3Dlang_es&aq=f&oq=" "Mozilla/4.0 (compatible; MSIE 6.0; Windows NT 5.1; SV1; FDM; .NET CLR 2.0.50727)"
66.249.71.140 - - [09/Feb/2010:12:21:04 -0800] "GET /clownjuice-error.log HTTP/1.1" 200 19009 "-" "Mozilla/5.0 (compatible; Googlebot/2.1; +http://www.google.com/bot.html)"
75.101.204.87 - - [09/Feb/2010:13:37:53 -0800] "GET /robots.txt HTTP/1.1" 302 360 "-" "Mozilla/5.0 (compatible; spbot/1.0; +http://www.seoprofiler.com/bot/ )"
75.101.204.87 - - [09/Feb/2010:13:37:53 -0800] "GET / HTTP/1.1" 200 5981 "-" "Mozilla/5.0 (compatible; spbot/1.0; +http://www.seoprofiler.com/bot/ )"
66.249.71.140 - - [09/Feb/2010:13:40:12 -0800] "GET /clownjuice-access.log HTTP/1.1" 200 38218 "-" "Mozilla/5.0 (compatible; Googlebot/2.1; +http://www.google.com/bot.html)"
75.101.241.159 - - [09/Feb/2010:13:40:45 -0800] "GET /robots.txt HTTP/1.1" 302 360 "-" "Mozilla/5.0 (compatible; spbot/1.0; +http://www.seoprofiler.com/bot/ )"
75.101.241.159 - - [09/Feb/2010:13:40:46 -0800] "GET / HTTP/1.1" 200 5981 "-" "Mozilla/5.0 (compatible; spbot/1.0; +http://www.seoprofiler.com/bot/ )"
66.249.71.140 - - [09/Feb/2010:14:59:29 -0800] "GET /robots.txt HTTP/1.1" 302 360 "-" "Mozilla/5.0 (compatible; Googlebot/2.1; +http://www.google.com/bot.html)"
66.249.71.140 - - [09/Feb/2010:14:59:29 -0800] "GET /log-error.log HTTP/1.1" 200 38082 "-" "Mozilla/5.0 (compatible; Googlebot/2.1; +http://www.google.com/bot.html)"
89.159.209.249 - - [09/Feb/2010:15:35:41 -0800] "GET /browserbomb-access.log HTTP/1.0" 200 - "-" "Mozilla/5.0 (compatible; Googlebot/2.1; +http://www.google.com/bot.html)"
61.14.185.140 - - [09/Feb/2010:16:18:50 -0800] "GET /log.20081203/log-access.log HTTP/1.1" 302 359 "http://www.google.co.jp/search?hl=ja&lr=&client=firefox-a&rls=org.mozilla:ja:official&hs=X9f&q=access.log+/domain_default_page/index.html&start=30&sa=N" "Mozilla/5.0 (Windows; U; Windows NT 5.1; ja; rv:1.9.2) Gecko/20100115 Firefox/3.6 (.NET CLR 3.5.30729)"
90.227.191.110 - - [09/Feb/2010:16:49:55 -0800] "HEAD / HTTP/1.0" 200 - "-" "-"
118.93.64.52 - - [09/Feb/2010:16:49:55 -0800] "GET /clownjuice-access.log HTTP/1.1" 200 38838 "http://www.google.co.nz/search?sourceid=navclient&ie=UTF-8&rlz=1T4GGLG_enNZ325NZ325&q=Mozilla%2f5.0+%28compatible%3b+spbot%2f1.0%3b+%2bhttp%3a%2f%2fwww.seoprofiler.com%2fbot%2f+%29" "Mozilla/4.0 (compatible; MSIE 7.0; Windows NT 5.1; GTB6.4)"
123.125.66.116 - - [09/Feb/2010:17:18:23 -0800] "GET /robots.txt HTTP/1.1" 302 360 "-" "Baiduspider+(+http://www.baidu.com/search/spider.htm)"
93.158.148.31 - - [09/Feb/2010:22:26:42 -0800] "GET /robots.txt HTTP/1.1" 302 360 "-" "Yandex/1.01.001 (compatible; Win16; I)"
76.168.210.73 - - [09/Feb/2010:22:53:21 -0800] "GET /clownjuice-access.log HTTP/1.1" 200 40730 "http://www.google.com/search?hl=en&q=Mozilla%2F5.0+%28compatible%3B+spbot%2F1.0%3B+%2Bhttp%3A%2F%2Fwww.seoprofiler.com%2Fbot%2F+%29&aq=f&aqi=&oq=" "Mozilla/4.0 (compatible; MSIE 8.0; Windows NT 6.0; Trident/4.0; SLCC1; .NET CLR 2.0.50727; Media Center PC 5.0; .NET CLR 1.1.4322; .NET CLR 3.5.30729; OfficeLiveConnector.1.4; OfficeLivePatch.1.3; .NET CLR 3.0.30729)"
64.124.203.71 - - [09/Feb/2010:22:58:39 -0800] "GET /clownjuice-access.log HTTP/1.1" 200 40730 "-" "Mozilla/4.0 (compatible; MSIE 7.0; Windows NT 5.1)"
208.80.193.28 - - [09/Feb/2010:23:01:10 -0800] "GET / HTTP/1.0" 200 5981 "-" "Mozilla/4.0 (compatible; MSIE 6.0; Windows NT 5.1; Arcor 5.005; .NET CLR 2.0.50727)"
216.145.8.135 - - [10/Feb/2010:01:42:49 -0800] "GET / HTTP/1.1" 200 5976 "-" "Mozilla/4.0 (compatible; MSIE 6.0; Windows NT 5.0; DigExt)"
67.218.116.162 - - [10/Feb/2010:02:26:19 -0800] "GET /robots.txt HTTP/1.0" 302 360 "-" "Mozilla/5.0 (Twiceler-0.9 http://www.cuil.com/twiceler/robot.html)"
66.249.71.242 - - [10/Feb/2010:04:06:39 -0800] "GET /robots.txt HTTP/1.1" 302 360 "-" "Mozilla/5.0 (compatible; Googlebot/2.1; +http://www.google.com/bot.html)"
66.249.71.242 - - [10/Feb/2010:04:06:39 -0800] "GET /log-error.log HTTP/1.1" 200 38763 "-" "Mozilla/5.0 (compatible; Googlebot/2.1; +http://www.google.com/bot.html)"
75.101.172.174 - - [10/Feb/2010:04:31:11 -0800] "GET /robots.txt HTTP/1.1" 302 360 "-" "Mozilla/5.0 (compatible; spbot/1.0; +http://www.seoprofiler.com/bot/ )"
75.101.172.174 - - [10/Feb/2010:04:31:11 -0800] "GET / HTTP/1.1" 200 5981 "-" "Mozilla/5.0 (compatible; spbot/1.0; +http://www.seoprofiler.com/bot/ )"
127.0.0.1 - - [10/Feb/2010:04:31:11 -0800] "OPTIONS * HTTP/1.0" 200 - "-" "Apache/2.2.11 (FreeBSD) mod_ssl/2.2.11 OpenSSL/0.9.8e DAV/2 PHP/5.2.9 with Suhosin-Patch (internal dummy connection)"
91.66.144.141 - - [10/Feb/2010:04:54:40 -0800] "GET /clownjuice-access.log HTTP/1.1" 200 42105 "-" "Mozilla/5.0 (Macintosh; U; Intel Mac OS X 10.5; de; rv:1.9.2) Gecko/20100115 Firefox/3.6"
91.66.144.141 - - [10/Feb/2010:04:54:43 -0800] "GET /favicon.ico HTTP/1.1" 302 360 "-" "Mozilla/5.0 (Macintosh; U; Intel Mac OS X 10.5; de; rv:1.9.2) Gecko/20100115 Firefox/3.6"
91.66.144.141 - - [10/Feb/2010:04:54:46 -0800] "GET /favicon.ico HTTP/1.1" 302 360 "-" "Mozilla/5.0 (Macintosh; U; Intel Mac OS X 10.5; de; rv:1.9.2) Gecko/20100115 Firefox/3.6"
24.128.136.82 - - [10/Feb/2010:04:55:14 -0800] "GET /clownjuice-access.log HTTP/1.1" 200 42105 "http://www.google.com/search?q=compatible%3B+spbot%2F1.0%3B+%2Bhttp%3A%2F%2Fwww.seoprofiler.com%2Fbot%2F&ie=utf-8&oe=utf-8&aq=t&rls=org.mozilla:en-US:official&client=firefox-a" "Mozilla/5.0 (Windows; U; Windows NT 6.0; en-US; rv:1.9.1.7) Gecko/20091221 Firefox/3.5.7"
216.129.119.12 - - [10/Feb/2010:06:33:49 -0800] "GET /robots.txt HTTP/1.0" 302 360 "-" "Mozilla/5.0 (Twiceler-0.9 http://www.cuil.com/twiceler/robot.html)"
83.101.83.61 - - [10/Feb/2010:08:07:28 -0800] "GET /clownjuice-error.log HTTP/1.1" 200 21517 "http://www.google.com/search?hl=en&safe=off&client=safari&rls=en&q=%22%5Berror%5D+%5Bclient+66.249.67.247%5D+File+does+not+exist%3A%22&aq=f&aqi=&oq=" "Mozilla/5.0 (Macintosh; U; Intel Mac OS X 10_5_8; en-us) AppleWebKit/531.21.8 (KHTML, like Gecko) Version/4.0.4 Safari/531.21.10"
83.101.83.61 - - [10/Feb/2010:08:07:30 -0800] "GET /favicon.ico HTTP/1.1" 302 359 "http://mail.clownjuice.com/clownjuice-error.log" "Mozilla/5.0 (Macintosh; U; Intel Mac OS X 10_5_8; en-us) AppleWebKit/531.21.8 (KHTML, like Gecko) Version/4.0.4 Safari/531.21.10"
93.182.158.49 - - [10/Feb/2010:08:19:41 -0800] "GET /clownjuice-access.log HTTP/1.1" 200 42354 "http://www.google.com/search?q=67.201.17.250&le=en&btnG=Google+Search&start=0" "Mozilla/5.0 (Windows; U; Windows NT 6.1; en-GB; rv:1.9.2) Gecko/20100115 Firefox/3.6"
93.182.158.49 - - [10/Feb/2010:08:19:44 -0800] "GET /favicon.ico HTTP/1.1" 302 360 "-" "Mozilla/5.0 (Windows; U; Windows NT 6.1; en-GB; rv:1.9.2) Gecko/20100115 Firefox/3.6"
93.182.158.49 - - [10/Feb/2010:08:19:48 -0800] "GET /favicon.ico HTTP/1.1" 302 360 "-" "Mozilla/5.0 (Windows; U; Windows NT 6.1; en-GB; rv:1.9.2) Gecko/20100115 Firefox/3.6"
93.182.158.49 - - [10/Feb/2010:08:19:52 -0800] "GET /favicon.ico HTTP/1.1" 302 360 "-" "Mozilla/5.0 (Windows; U; Windows NT 6.1; en-GB; rv:1.9.2) Gecko/20100115 Firefox/3.6"
93.182.158.49 - - [10/Feb/2010:08:20:03 -0800] "GET /clownjuice-error.log HTTP/1.1" 200 21517 "http://www.google.com/search?hl=en&q=67.201.17.250&start=10&sa=N" "Mozilla/5.0 (Windows; U; Windows NT 6.1; en-GB; rv:1.9.2) Gecko/20100115 Firefox/3.6"
93.182.158.49 - - [10/Feb/2010:08:20:05 -0800] "GET /favicon.ico HTTP/1.1" 302 359 "-" "Mozilla/5.0 (Windows; U; Windows NT 6.1; en-GB; rv:1.9.2) Gecko/20100115 Firefox/3.6"
93.182.158.49 - - [10/Feb/2010:08:20:06 -0800] "GET /favicon.ico HTTP/1.1" 302 359 "-" "Mozilla/5.0 (Windows; U; Windows NT 6.1; en-GB; rv:1.9.2) Gecko/20100115 Firefox/3.6"
93.182.158.49 - - [10/Feb/2010:08:20:09 -0800] "GET /favicon.ico HTTP/1.1" 302 359 "-" "Mozilla/5.0 (Windows; U; Windows NT 6.1; en-GB; rv:1.9.2) Gecko/20100115 Firefox/3.6"
204.15.39.12 - - [10/Feb/2010:08:28:29 -0800] "HEAD / HTTP/1.1" 200 - "-" "Botslist Botfinder (+http://www.botslist.ca)"
204.15.39.12 - - [10/Feb/2010:08:28:29 -0800] "GET / HTTP/1.1" 206 5981 "-" "Botslist Botfinder (+http://www.botslist.ca)"
204.15.39.12 - - [10/Feb/2010:08:28:43 -0800] "HEAD /browserbomb-access.log HTTP/1.1" 304 - "-" "Botslist Botfinder (+http://www.botslist.ca)"
204.15.39.12 - - [10/Feb/2010:08:28:44 -0800] "HEAD /browserbomb-error.log HTTP/1.1" 304 - "-" "Botslist Botfinder (+http://www.botslist.ca)"
204.15.39.12 - - [10/Feb/2010:08:28:44 -0800] "HEAD /clownjuice-access.log HTTP/1.1" 206 - "-" "Botslist Botfinder (+http://www.botslist.ca)"
204.15.39.12 - - [10/Feb/2010:08:28:45 -0800] "GET /clownjuice-access.log HTTP/1.1" 206 42354 "-" "Botslist Botfinder (+http://www.botslist.ca)"
204.15.39.12 - - [10/Feb/2010:08:28:57 -0800] "HEAD /clownjuice-error.log HTTP/1.1" 206 - "-" "Botslist Botfinder (+http://www.botslist.ca)"
204.15.39.12 - - [10/Feb/2010:08:28:58 -0800] "GET /clownjuice-error.log HTTP/1.1" 206 21517 "-" "Botslist Botfinder (+http://www.botslist.ca)"
204.15.39.12 - - [10/Feb/2010:08:28:59 -0800] "HEAD /dustinharley-access.log HTTP/1.1" 206 - "-" "Botslist Botfinder (+http://www.botslist.ca)"
204.15.39.12 - - [10/Feb/2010:08:29:00 -0800] "GET /dustinharley-access.log HTTP/1.1" 206 215416 "-" "Botslist Botfinder (+http://www.botslist.ca)"
204.15.39.12 - - [10/Feb/2010:08:29:05 -0800] "HEAD /dustinharley-error.log HTTP/1.1" 206 - "-" "Botslist Botfinder (+http://www.botslist.ca)"
204.15.39.12 - - [10/Feb/2010:08:29:05 -0800] "GET /dustinharley-error.log HTTP/1.1" 206 15988 "-" "Botslist Botfinder (+http://www.botslist.ca)"
204.15.39.12 - - [10/Feb/2010:08:29:07 -0800] "HEAD /evilfuckers-access.log HTTP/1.1" 206 - "-" "Botslist Botfinder (+http://www.botslist.ca)"
204.15.39.12 - - [10/Feb/2010:08:29:07 -0800] "GET /evilfuckers-access.log HTTP/1.1" 206 55718 "-" "Botslist Botfinder (+http://www.botslist.ca)"
204.15.39.12 - - [10/Feb/2010:08:29:10 -0800] "HEAD /evilfuckers-error.log HTTP/1.1" 206 - "-" "Botslist Botfinder (+http://www.botslist.ca)"
204.15.39.12 - - [10/Feb/2010:08:29:10 -0800] "GET /evilfuckers-error.log HTTP/1.1" 206 16767 "-" "Botslist Botfinder (+http://www.botslist.ca)"
204.15.39.12 - - [10/Feb/2010:08:29:12 -0800] "HEAD /ferality-access.log HTTP/1.1" 206 - "-" "Botslist Botfinder (+http://www.botslist.ca)"
204.15.39.12 - - [10/Feb/2010:08:29:12 -0800] "GET /ferality-access.log HTTP/1.1" 206 262462 "-" "Botslist Botfinder (+http://www.botslist.ca)"
204.15.39.12 - - [10/Feb/2010:08:29:18 -0800] "HEAD /ferality-error.log HTTP/1.1" 206 - "-" "Botslist Botfinder (+http://www.botslist.ca)"
204.15.39.12 - - [10/Feb/2010:08:29:18 -0800] "GET /ferality-error.log HTTP/1.1" 206 15740 "-" "Botslist Botfinder (+http://www.botslist.ca)"
204.15.39.12 - - [10/Feb/2010:08:29:19 -0800] "HEAD /gorgeworld-access.log HTTP/1.1" 206 - "-" "Botslist Botfinder (+http://www.botslist.ca)"
204.15.39.12 - - [10/Feb/2010:08:29:20 -0800] "GET /gorgeworld-access.log HTTP/1.1" 206 32615 "-" "Botslist Botfinder (+http://www.botslist.ca)"
204.15.39.12 - - [10/Feb/2010:08:29:22 -0800] "HEAD /gorgeworld-error.log HTTP/1.1" 206 - "-" "Botslist Botfinder (+http://www.botslist.ca)"
204.15.39.12 - - [10/Feb/2010:08:29:22 -0800] "GET /gorgeworld-error.log HTTP/1.1" 206 10309 "-" "Botslist Botfinder (+http://www.botslist.ca)"
204.15.39.12 - - [10/Feb/2010:08:29:23 -0800] "HEAD /jasoncmartin-access.log HTTP/1.1" 206 - "-" "Botslist Botfinder (+http://www.botslist.ca)"
204.15.39.12 - - [10/Feb/2010:08:29:24 -0800] "GET /jasoncmartin-access.log HTTP/1.1" 206 230168 "-" "Botslist Botfinder (+http://www.botslist.ca)"
204.15.39.12 - - [10/Feb/2010:08:29:29 -0800] "HEAD /jasoncmartin-error.log HTTP/1.1" 206 - "-" "Botslist Botfinder (+http://www.botslist.ca)"
204.15.39.12 - - [10/Feb/2010:08:29:29 -0800] "GET /jasoncmartin-error.log HTTP/1.1" 206 89045 "-" "Botslist Botfinder (+http://www.botslist.ca)"
204.15.39.12 - - [10/Feb/2010:08:29:32 -0800] "HEAD /log-access.log HTTP/1.1" 206 - "-" "Botslist Botfinder (+http://www.botslist.ca)"
204.15.39.12 - - [10/Feb/2010:08:29:33 -0800] "GET /log-access.log HTTP/1.1" 206 116139 "-" "Botslist Botfinder (+http://www.botslist.ca)"
204.15.39.12 - - [10/Feb/2010:08:29:37 -0800] "HEAD /log-error.log HTTP/1.1" 206 - "-" "Botslist Botfinder (+http://www.botslist.ca)"
204.15.39.12 - - [10/Feb/2010:08:29:37 -0800] "GET /log-error.log HTTP/1.1" 206 40098 "-" "Botslist Botfinder (+http://www.botslist.ca)"
204.15.39.12 - - [10/Feb/2010:08:29:39 -0800] "HEAD /orbsucks-access.log HTTP/1.1" 206 - "-" "Botslist Botfinder (+http://www.botslist.ca)"
204.15.39.12 - - [10/Feb/2010:08:29:40 -0800] "GET /orbsucks-access.log HTTP/1.1" 206 110310 "-" "Botslist Botfinder (+http://www.botslist.ca)"
204.15.39.12 - - [10/Feb/2010:08:29:43 -0800] "HEAD /orbsucks-error.log HTTP/1.1" 206 - "-" "Botslist Botfinder (+http://www.botslist.ca)"
204.15.39.12 - - [10/Feb/2010:08:29:44 -0800] "GET /orbsucks-error.log HTTP/1.1" 206 19848 "-" "Botslist Botfinder (+http://www.botslist.ca)"
204.15.39.12 - - [10/Feb/2010:08:29:45 -0800] "HEAD /paxnihilo-access.log HTTP/1.1" 206 - "-" "Botslist Botfinder (+http://www.botslist.ca)"
204.15.39.12 - - [10/Feb/2010:08:29:45 -0800] "GET /paxnihilo-access.log HTTP/1.1" 206 3464 "-" "Botslist Botfinder (+http://www.botslist.ca)"
204.15.39.12 - - [10/Feb/2010:08:29:46 -0800] "HEAD /paxnihilo-error.log HTTP/1.1" 304 - "-" "Botslist Botfinder (+http://www.botslist.ca)"
66.249.71.242 - - [10/Feb/2010:08:29:46 -0800] "GET / HTTP/1.1" 200 5981 "-" "Mozilla/5.0 (compatible; Googlebot/2.1; +http://www.google.com/bot.html)"
204.15.39.12 - - [10/Feb/2010:08:29:47 -0800] "HEAD /sharkbomb-access.log HTTP/1.1" 206 - "-" "Botslist Botfinder (+http://www.botslist.ca)"
204.15.39.12 - - [10/Feb/2010:08:29:47 -0800] "GET /sharkbomb-access.log HTTP/1.1" 206 176109 "-" "Botslist Botfinder (+http://www.botslist.ca)"
204.15.39.12 - - [10/Feb/2010:08:29:52 -0800] "HEAD /sharkbomb-error.log HTTP/1.1" 206 - "-" "Botslist Botfinder (+http://www.botslist.ca)"
204.15.39.12 - - [10/Feb/2010:08:29:52 -0800] "GET /sharkbomb-error.log HTTP/1.1" 206 11152 "-" "Botslist Botfinder (+http://www.botslist.ca)"
204.15.39.12 - - [10/Feb/2010:08:29:53 -0800] "HEAD /terhanian-access.log HTTP/1.1" 304 - "-" "Botslist Botfinder (+http://www.botslist.ca)"
204.15.39.12 - - [10/Feb/2010:08:29:54 -0800] "HEAD /terhanian-error.log HTTP/1.1" 304 - "-" "Botslist Botfinder (+http://www.botslist.ca)"
204.15.39.12 - - [10/Feb/2010:08:29:54 -0800] "HEAD /vaginacide-access.log HTTP/1.1" 206 - "-" "Botslist Botfinder (+http://www.botslist.ca)"
204.15.39.12 - - [10/Feb/2010:08:29:55 -0800] "GET /vaginacide-access.log HTTP/1.1" 206 5379 "-" "Botslist Botfinder (+http://www.botslist.ca)"
204.15.39.12 - - [10/Feb/2010:08:29:56 -0800] "HEAD /vaginacide-error.log HTTP/1.1" 206 - "-" "Botslist Botfinder (+http://www.botslist.ca)"
204.15.39.12 - - [10/Feb/2010:08:29:56 -0800] "GET /vaginacide-error.log HTTP/1.1" 206 1320 "-" "Botslist Botfinder (+http://www.botslist.ca)"
70.36.103.58 - - [10/Feb/2010:08:44:38 -0800] "GET /robots.txt HTTP/1.0" 302 360 "http://unusualdischarge.com/robots.txt" "Mozilla/4.0 (compatible; MSIE 6.0; Windows NT 5.1; SV1; .NET CLR 2.0.50727)"
70.36.103.58 - - [10/Feb/2010:08:44:38 -0800] "GET / HTTP/1.0" 200 5981 "http://unusualdischarge.com/" "Mozilla/4.0 (compatible; MSIE 6.0; Windows NT 5.1; SV1; .NET CLR 2.0.50727)"
207.181.199.149 - - [10/Feb/2010:11:05:54 -0800] "GET /favicon.ico HTTP/1.1" 302 359 "-" "Mozilla/5.0 (Windows; U; Windows NT 6.0; en-US; rv:1.9.2) Gecko/20100115 Firefox/3.6"
207.181.199.149 - - [10/Feb/2010:11:05:55 -0800] "GET /labels.rdf HTTP/1.1" 302 359 "-" "Mozilla/5.0 (Windows; U; Windows NT 6.0; en-US; rv:1.9.2) Gecko/20100115 Firefox/3.6"
207.181.199.149 - - [10/Feb/2010:11:07:01 -0800] "GET /favicon.ico HTTP/1.1" 302 359 "-" "Mozilla/5.0 (Windows; U; Windows NT 6.0; en-US; rv:1.9.2) Gecko/20100115 Firefox/3.6"
207.181.199.149 - - [10/Feb/2010:11:07:01 -0800] "GET /labels.rdf HTTP/1.1" 302 359 "-" "Mozilla/5.0 (Windows; U; Windows NT 6.0; en-US; rv:1.9.2) Gecko/20100115 Firefox/3.6"
207.181.199.149 - - [10/Feb/2010:11:07:47 -0800] "GET /favicon.ico HTTP/1.1" 302 359 "-" "Mozilla/5.0 (Windows; U; Windows NT 6.0; en-US; rv:1.9.2) Gecko/20100115 Firefox/3.6"
207.181.199.149 - - [10/Feb/2010:11:07:59 -0800] "GET /favicon.ico HTTP/1.1" 302 359 "-" "Mozilla/5.0 (Windows; U; Windows NT 6.0; en-US; rv:1.9.2) Gecko/20100115 Firefox/3.6"
174.129.103.67 - - [10/Feb/2010:11:55:05 -0800] "GET /robots.txt HTTP/1.1" 302 360 "-" "Mozilla/5.0 (compatible; spbot/1.1; +http://www.seoprofiler.com/bot/ )"
174.129.103.67 - - [10/Feb/2010:11:55:05 -0800] "GET / HTTP/1.1" 200 5981 "-" "Mozilla/5.0 (compatible; spbot/1.1; +http://www.seoprofiler.com/bot/ )"
75.101.234.148 - - [10/Feb/2010:14:09:56 -0800] "GET /robots.txt HTTP/1.1" 302 360 "-" "Mozilla/5.0 (compatible; spbot/1.1; +http://www.seoprofiler.com/bot/ )"
75.101.234.148 - - [10/Feb/2010:14:09:57 -0800] "GET / HTTP/1.1" 200 5981 "-" "Mozilla/5.0 (compatible; spbot/1.1; +http://www.seoprofiler.com/bot/ )"
209.151.164.28 - - [10/Feb/2010:14:36:27 -0800] "GET /w00tw00t.at.ISC.SANS.DFind:) HTTP/1.1" 400 375 "-" "-"
74.52.245.146 - - [10/Feb/2010:15:07:08 -0800] "GET / HTTP/1.0" 200 5985 "-" "Mozilla/5.0 (X11; U; Linux i686; en-US; rv:1.7.5) Gecko/20041107 Firefox/1.0"
64.237.42.52 - - [10/Feb/2010:15:16:36 -0800] "CONNECT 8.7.233.238:6667 HTTP/1.0" 405 370 "-" "-"
64.237.42.52 - - [10/Feb/2010:15:16:36 -0800] "POST http://8.7.233.238:6667/ HTTP/1.0" 302 353 "-" "-"
89.159.209.249 - - [10/Feb/2010:15:35:30 -0800] "GET /browserbomb-access.log HTTP/1.0" 200 - "-" "Mozilla/5.0 (compatible; Googlebot/2.1; +http://www.google.com/bot.html)"
66.249.71.248 - - [10/Feb/2010:17:26:31 -0800] "GET /robots.txt HTTP/1.1" 302 360 "-" "Mozilla/5.0 (compatible; Googlebot/2.1; +http://www.google.com/bot.html)"
66.249.71.248 - - [10/Feb/2010:17:26:31 -0800] "GET /vaginacide-error.log HTTP/1.1" 200 1320 "-" "Mozilla/5.0 (compatible; Googlebot/2.1; +http://www.google.com/bot.html)"
123.125.66.35 - - [10/Feb/2010:17:35:19 -0800] "GET /robots.txt HTTP/1.1" 302 360 "-" "Baiduspider+(+http://www.baidu.com/search/spider.htm)"
116.50.157.4 - - [10/Feb/2010:19:07:24 -0800] "GET /log.20081203/ferality-access.log HTTP/1.1" 302 359 "http://www.google.com.ph/search?hl=tl&client=firefox-a&rls=org.mozilla%3Aen-US%3Aofficial&hs=MD5&q=scripts%2Fmodule.php%3Fmodule%3DosTicket%26file%3D..%2F..%2F..%2F..%2F..%2F..%2F..%2F..%2F..%2F..%2F..%2Fetc%2Fpasswd%27&btnG=Maghanap&meta=&aq=f&oq=" "Mozilla/5.0 (Windows; U; Windows NT 5.1; en-US; rv:1.9.1.7) Gecko/20091221 Firefox/3.5.7"
72.44.48.77 - - [10/Feb/2010:20:34:56 -0800] "GET /robots.txt HTTP/1.1" 302 360 "-" "Mozilla/5.0 (compatible; spbot/1.1; +http://www.seoprofiler.com/bot/ )"
72.44.48.77 - - [10/Feb/2010:20:34:57 -0800] "GET / HTTP/1.1" 200 5981 "-" "Mozilla/5.0 (compatible; spbot/1.1; +http://www.seoprofiler.com/bot/ )"
174.129.136.47 - - [10/Feb/2010:20:56:58 -0800] "GET /robots.txt HTTP/1.1" 302 360 "-" "Mozilla/5.0 (compatible; spbot/1.1; +http://www.seoprofiler.com/bot/ )"
174.129.136.47 - - [10/Feb/2010:20:56:58 -0800] "GET / HTTP/1.1" 200 5981 "-" "Mozilla/5.0 (compatible; spbot/1.1; +http://www.seoprofiler.com/bot/ )"
204.15.39.12 - - [10/Feb/2010:21:24:35 -0800] "HEAD /unsanitary-access.log HTTP/1.1" 302 - "-" "Botslist Botfinder (+http://www.botslist.ca)"
66.249.71.248 - - [10/Feb/2010:21:55:10 -0800] "GET /terhanian-error.log HTTP/1.1" 200 - "-" "Mozilla/5.0 (compatible; Googlebot/2.1; +http://www.google.com/bot.html)"
78.140.138.39 - - [10/Feb/2010:22:50:13 -0800] "GET / HTTP/1.1" 200 5981 "-" "Mozilla/5.0 (Windows; U; Windows NT 5.1; en-US; rv:1.9.0.5) Gecko/2008120122 Firefox/3.0.5"
75.101.254.111 - - [11/Feb/2010:00:11:05 -0800] "GET /robots.txt HTTP/1.1" 302 360 "-" "Mozilla/5.0 (compatible; spbot/1.1; +http://www.seoprofiler.com/bot/ )"
75.101.254.111 - - [11/Feb/2010:00:11:05 -0800] "GET / HTTP/1.1" 200 5981 "-" "Mozilla/5.0 (compatible; spbot/1.1; +http://www.seoprofiler.com/bot/ )"
204.236.212.138 - - [11/Feb/2010:00:36:40 -0800] "GET /robots.txt HTTP/1.1" 302 360 "-" "Mozilla/5.0 (compatible; spbot/1.1; +http://www.seoprofiler.com/bot/ )"
204.236.212.138 - - [11/Feb/2010:00:36:40 -0800] "GET / HTTP/1.1" 200 5981 "-" "Mozilla/5.0 (compatible; spbot/1.1; +http://www.seoprofiler.com/bot/ )"
174.129.136.94 - - [11/Feb/2010:01:29:51 -0800] "GET /robots.txt HTTP/1.1" 302 360 "-" "Mozilla/5.0 (compatible; spbot/1.1; +http://www.seoprofiler.com/bot/ )"
174.129.136.94 - - [11/Feb/2010:01:29:52 -0800] "GET / HTTP/1.1" 200 5981 "-" "Mozilla/5.0 (compatible; spbot/1.1; +http://www.seoprofiler.com/bot/ )"
206.80.112.119 - - [11/Feb/2010:02:05:07 -0800] "GET / HTTP/1.1" 200 5976 "-" "Mozilla/4.0 (compatible; MSIE 6.0; Windows NT 5.0; DigExt)"
174.129.59.49 - - [11/Feb/2010:02:09:55 -0800] "GET /robots.txt HTTP/1.1" 302 360 "-" "Mozilla/5.0 (compatible; spbot/1.1; +http://www.seoprofiler.com/bot/ )"
174.129.59.49 - - [11/Feb/2010:02:09:55 -0800] "GET / HTTP/1.1" 200 5981 "-" "Mozilla/5.0 (compatible; spbot/1.1; +http://www.seoprofiler.com/bot/ )"
174.129.93.123 - - [11/Feb/2010:02:28:01 -0800] "GET /robots.txt HTTP/1.1" 302 360 "-" "Mozilla/5.0 (compatible; spbot/1.1; +http://www.seoprofiler.com/bot/ )"
174.129.93.123 - - [11/Feb/2010:02:28:02 -0800] "GET / HTTP/1.1" 200 5981 "-" "Mozilla/5.0 (compatible; spbot/1.1; +http://www.seoprofiler.com/bot/ )"
72.44.61.170 - - [11/Feb/2010:02:41:56 -0800] "GET /robots.txt HTTP/1.1" 302 360 "-" "Mozilla/5.0 (compatible; spbot/1.1; +http://www.seoprofiler.com/bot/ )"
72.44.61.170 - - [11/Feb/2010:02:42:00 -0800] "GET / HTTP/1.1" 200 5981 "-" "Mozilla/5.0 (compatible; spbot/1.1; +http://www.seoprofiler.com/bot/ )"
67.218.116.162 - - [11/Feb/2010:02:56:08 -0800] "GET /robots.txt HTTP/1.1" 302 360 "-" "Mozilla/5.0 (Twiceler-0.9 http://www.cuil.com/twiceler/robot.html)"
95.135.198.151 - - [11/Feb/2010:03:16:04 -0800] "GET /log-access.log HTTP/1.1" 200 125978 "http://www.google.com/search?hl=en&source=hp&q=OPTIONS+%2A+HTTP%2F1.0%22+200+-+%22-%22+%22Apache%2F2.2.11+%28FreeBSD%29+mod_ssl%2F2.2.11+OpenSSL%2F0.9.8e&btnG=Google+Search&aq=f&aqi=&oq=" "Opera/9.64 (Windows NT 5.1; U; en) Presto/2.1.1"
174.129.106.64 - - [11/Feb/2010:06:25:15 -0800] "GET /robots.txt HTTP/1.1" 302 360 "-" "Mozilla/5.0 (compatible; spbot/1.1; +http://www.seoprofiler.com/bot/ )"
174.129.106.64 - - [11/Feb/2010:06:25:16 -0800] "GET / HTTP/1.1" 200 5981 "-" "Mozilla/5.0 (compatible; spbot/1.1; +http://www.seoprofiler.com/bot/ )"
67.195.112.234 - - [11/Feb/2010:06:33:33 -0800] "GET /robots.txt HTTP/1.0" 302 360 "-" "Mozilla/5.0 (compatible; Yahoo! Slurp; http://help.yahoo.com/help/us/ysearch/slurp)"
67.195.112.234 - - [11/Feb/2010:06:33:34 -0800] "GET / HTTP/1.0" 200 5981 "-" "Mozilla/5.0 (compatible; Yahoo! Slurp/3.0; http://help.yahoo.com/help/us/ysearch/slurp)"
66.249.71.248 - - [11/Feb/2010:06:56:22 -0800] "GET /robots.txt HTTP/1.1" 302 360 "-" "Googlebot-Image/1.0"
66.249.71.248 - - [11/Feb/2010:06:56:22 -0800] "GET /icons/text.gif HTTP/1.1" 304 - "-" "Googlebot-Image/1.0"
174.129.84.116 - - [11/Feb/2010:07:57:26 -0800] "GET /robots.txt HTTP/1.1" 302 360 "-" "Mozilla/5.0 (compatible; spbot/1.1; +http://www.seoprofiler.com/bot/ )"
174.129.84.116 - - [11/Feb/2010:07:57:27 -0800] "GET / HTTP/1.1" 200 5981 "-" "Mozilla/5.0 (compatible; spbot/1.1; +http://www.seoprofiler.com/bot/ )"
72.44.56.37 - - [11/Feb/2010:10:11:09 -0800] "GET /robots.txt HTTP/1.1" 302 360 "-" "Mozilla/5.0 (compatible; spbot/1.2; +http://www.seoprofiler.com/bot/ )"
72.44.56.37 - - [11/Feb/2010:10:11:10 -0800] "GET / HTTP/1.1" 200 5981 "-" "Mozilla/5.0 (compatible; spbot/1.2; +http://www.seoprofiler.com/bot/ )"
208.80.193.42 - - [11/Feb/2010:12:25:24 -0800] "GET / HTTP/1.0" 200 5981 "-" "Mozilla/4.0 (compatible; MSIE 6.0; Windows 98; yie6_SBC; YPC 3.0.1; FunWebProducts)"
174.129.181.188 - - [11/Feb/2010:12:30:10 -0800] "GET /robots.txt HTTP/1.1" 302 360 "-" "Mozilla/5.0 (compatible; spbot/1.2; +http://www.seoprofiler.com/bot/ )"
174.129.181.188 - - [11/Feb/2010:12:30:11 -0800] "GET / HTTP/1.1" 200 5981 "-" "Mozilla/5.0 (compatible; spbot/1.2; +http://www.seoprofiler.com/bot/ )"
174.129.142.162 - - [11/Feb/2010:12:48:10 -0800] "GET /robots.txt HTTP/1.0" 302 360 "-" "taptubot *** please read http://www.taptu.com/corp/taptubot ***"
174.129.142.162 - - [11/Feb/2010:12:48:14 -0800] "GET /robots.txt HTTP/1.0" 302 360 "-" "taptubot *** please read http://www.taptu.com/corp/taptubot ***"
174.129.142.162 - - [11/Feb/2010:12:48:20 -0800] "GET / HTTP/1.0" 200 5981 "-" "Mozilla/5.0 (iPhone; U; CPU like Mac OS X; en) AppleWebKit/420+ (KHTML, like Gecko) Version/3.0 Mobile/1A543a Safari/419.3"
174.129.142.162 - - [11/Feb/2010:12:48:23 -0800] "GET /apple-touch-icon.png HTTP/1.0" 302 360 "-" "Mozilla/5.0 (iPhone; U; CPU like Mac OS X; en) AppleWebKit/420+ (KHTML, like Gecko) Version/3.0 Mobile/1A543a Safari/419.3"
174.129.142.162 - - [11/Feb/2010:12:48:29 -0800] "GET / HTTP/1.0" 200 5985 "-" "Mozilla/5.0 (iPhone; U; CPU like Mac OS X; en) AppleWebKit/420+ (KHTML, like Gecko) Version/3.0 Mobile/1A543a Safari/419.3"
174.129.142.162 - - [11/Feb/2010:12:48:39 -0800] "GET /iphone/ HTTP/1.0" 302 364 "-" "Mozilla/5.0 (iPhone; U; CPU like Mac OS X; en) AppleWebKit/420+ (KHTML, like Gecko) Version/3.0 Mobile/1A543a Safari/419.3"
174.129.142.162 - - [11/Feb/2010:12:48:47 -0800] "GET /mobile/ HTTP/1.0" 302 364 "-" "Mozilla/5.0 (iPhone; U; CPU like Mac OS X; en) AppleWebKit/420+ (KHTML, like Gecko) Version/3.0 Mobile/1A543a Safari/419.3"
174.129.142.162 - - [11/Feb/2010:12:48:51 -0800] "GET /m/ HTTP/1.0" 302 364 "-" "Mozilla/5.0 (iPhone; U; CPU like Mac OS X; en) AppleWebKit/420+ (KHTML, like Gecko) Version/3.0 Mobile/1A543a Safari/419.3"
174.129.142.162 - - [11/Feb/2010:12:48:54 -0800] "GET /mobi/ HTTP/1.0" 302 364 "-" "Mozilla/5.0 (iPhone; U; CPU like Mac OS X; en) AppleWebKit/420+ (KHTML, like Gecko) Version/3.0 Mobile/1A543a Safari/419.3"
174.129.142.162 - - [11/Feb/2010:12:48:56 -0800] "GET / HTTP/1.0" 200 5981 "-" "Mozilla/5.0 (Windows; U; Windows NT 5.1; en-GB; rv:1.8.1.6; taptu-downloader) Gecko/20070725 Firefox/2.0.0.6"
76.253.50.45 - - [11/Feb/2010:12:58:55 -0800] "GET /log-error.log HTTP/1.1" 200 45114 "http://www.google.com/search?q=76.253.50.45&ie=utf-8&oe=utf-8&aq=t&rls=org.mozilla:en-US:official&client=firefox-a" "Mozilla/5.0 (Windows; U; Windows NT 5.1; en-US; rv:1.9.2) Gecko/20100115 Firefox/3.6"
76.253.50.45 - - [11/Feb/2010:12:58:58 -0800] "GET /favicon.ico HTTP/1.1" 302 360 "-" "Mozilla/5.0 (Windows; U; Windows NT 5.1; en-US; rv:1.9.2) Gecko/20100115 Firefox/3.6"
203.174.48.100 - - [11/Feb/2010:14:36:19 -0800] "GET //phpmyadmin/config/config.inc.php?p=phpinfo(); HTTP/1.1" 302 355 "-" "Mozilla/4.0 (compatible; MSIE 6.0; Windows 98)"
203.174.48.100 - - [11/Feb/2010:14:36:20 -0800] "GET //pma/config/config.inc.php?p=phpinfo(); HTTP/1.1" 302 355 "-" "Mozilla/4.0 (compatible; MSIE 6.0; Windows 98)"
203.174.48.100 - - [11/Feb/2010:14:36:20 -0800] "GET //admin/config/config.inc.php?p=phpinfo(); HTTP/1.1" 302 355 "-" "Mozilla/4.0 (compatible; MSIE 6.0; Windows 98)"
203.174.48.100 - - [11/Feb/2010:14:36:21 -0800] "GET //dbadmin/config/config.inc.php?p=phpinfo(); HTTP/1.1" 302 355 "-" "Mozilla/4.0 (compatible; MSIE 6.0; Windows 98)"
203.174.48.100 - - [11/Feb/2010:14:36:21 -0800] "GET //mysql/config/config.inc.php?p=phpinfo(); HTTP/1.1" 302 355 "-" "Mozilla/4.0 (compatible; MSIE 6.0; Windows 98)"
203.174.48.100 - - [11/Feb/2010:14:36:22 -0800] "GET //php-my-admin/config/config.inc.php?p=phpinfo(); HTTP/1.1" 302 355 "-" "Mozilla/4.0 (compatible; MSIE 6.0; Windows 98)"
203.174.48.100 - - [11/Feb/2010:14:36:22 -0800] "GET //myadmin/config/config.inc.php?p=phpinfo(); HTTP/1.1" 302 355 "-" "Mozilla/4.0 (compatible; MSIE 6.0; Windows 98)"
203.174.48.100 - - [11/Feb/2010:14:36:23 -0800] "GET //PHPMYADMIN/config/config.inc.php?p=phpinfo(); HTTP/1.1" 302 355 "-" "Mozilla/4.0 (compatible; MSIE 6.0; Windows 98)"
203.174.48.100 - - [11/Feb/2010:14:36:23 -0800] "GET //phpMyAdmin/config/config.inc.php?p=phpinfo(); HTTP/1.1" 302 355 "-" "Mozilla/4.0 (compatible; MSIE 6.0; Windows 98)"
203.174.48.100 - - [11/Feb/2010:14:36:24 -0800] "GET //p/m/a/config/config.inc.php?p=phpinfo(); HTTP/1.1" 302 355 "-" "Mozilla/4.0 (compatible; MSIE 6.0; Windows 98)"
89.159.209.249 - - [11/Feb/2010:15:37:58 -0800] "GET /browserbomb-access.log HTTP/1.0" 200 - "-" "Mozilla/5.0 (compatible; Googlebot/2.1; +http://www.google.com/bot.html)"
72.44.48.77 - - [11/Feb/2010:16:44:44 -0800] "GET /robots.txt HTTP/1.1" 302 360 "-" "Mozilla/5.0 (compatible; spbot/1.2; +http://www.seoprofiler.com/bot/ )"
72.44.48.77 - - [11/Feb/2010:16:44:48 -0800] "GET / HTTP/1.1" 200 5981 "-" "Mozilla/5.0 (compatible; spbot/1.2; +http://www.seoprofiler.com/bot/ )"
174.129.131.200 - - [11/Feb/2010:17:21:19 -0800] "GET /robots.txt HTTP/1.1" 302 360 "-" "Mozilla/5.0 (compatible; spbot/1.2; +http://www.seoprofiler.com/bot/ )"
174.129.131.200 - - [11/Feb/2010:17:21:22 -0800] "GET / HTTP/1.1" 200 5981 "-" "Mozilla/5.0 (compatible; spbot/1.2; +http://www.seoprofiler.com/bot/ )"
123.125.66.24 - - [11/Feb/2010:17:39:31 -0800] "GET /robots.txt HTTP/1.1" 302 360 "-" "Baiduspider+(+http://www.baidu.com/search/spider.htm)"
174.129.96.51 - - [11/Feb/2010:17:41:04 -0800] "GET /robots.txt HTTP/1.1" 302 360 "-" "Mozilla/5.0 (compatible; spbot/1.2; +http://www.seoprofiler.com/bot/ )"
174.129.96.51 - - [11/Feb/2010:17:41:05 -0800] "GET / HTTP/1.1" 200 5981 "-" "Mozilla/5.0 (compatible; spbot/1.2; +http://www.seoprofiler.com/bot/ )"
204.236.211.119 - - [11/Feb/2010:18:07:03 -0800] "GET /robots.txt HTTP/1.1" 302 360 "-" "Mozilla/5.0 (compatible; spbot/1.2; +http://www.seoprofiler.com/bot/ )"
204.236.211.119 - - [11/Feb/2010:18:07:04 -0800] "GET / HTTP/1.1" 200 5981 "-" "Mozilla/5.0 (compatible; spbot/1.2; +http://www.seoprofiler.com/bot/ )"
174.129.72.244 - - [11/Feb/2010:18:09:00 -0800] "GET /robots.txt HTTP/1.1" 302 360 "-" "Mozilla/5.0 (compatible; spbot/1.2; +http://www.seoprofiler.com/bot/ )"
174.129.72.244 - - [11/Feb/2010:18:09:01 -0800] "GET / HTTP/1.1" 200 5981 "-" "Mozilla/5.0 (compatible; spbot/1.2; +http://www.seoprofiler.com/bot/ )"
204.236.244.231 - - [11/Feb/2010:18:27:25 -0800] "GET /robots.txt HTTP/1.1" 302 360 "-" "Mozilla/5.0 (compatible; spbot/1.2; +http://www.seoprofiler.com/bot/ )"
204.236.244.231 - - [11/Feb/2010:18:27:25 -0800] "GET / HTTP/1.1" 200 5981 "-" "Mozilla/5.0 (compatible; spbot/1.2; +http://www.seoprofiler.com/bot/ )"
127.0.0.1 - - [11/Feb/2010:19:21:25 -0800] "OPTIONS * HTTP/1.0" 200 - "-" "Apache/2.2.11 (FreeBSD) mod_ssl/2.2.11 OpenSSL/0.9.8e DAV/2 PHP/5.2.9 with Suhosin-Patch (internal dummy connection)"
127.0.0.1 - - [11/Feb/2010:19:21:36 -0800] "OPTIONS * HTTP/1.0" 200 - "-" "Apache/2.2.11 (FreeBSD) mod_ssl/2.2.11 OpenSSL/0.9.8e DAV/2 PHP/5.2.9 with Suhosin-Patch (internal dummy connection)"
65.55.106.232 - - [11/Feb/2010:20:41:51 -0800] "GET /robots.txt HTTP/1.1" 302 360 "-" "msnbot/2.0b (+http://search.msn.com/msnbot.htm)"
65.55.106.232 - - [11/Feb/2010:20:52:44 -0800] "GET /robots.txt HTTP/1.1" 302 360 "-" "msnbot/2.0b (+http://search.msn.com/msnbot.htm)"
75.101.241.159 - - [11/Feb/2010:20:58:16 -0800] "GET /robots.txt HTTP/1.1" 302 360 "-" "Mozilla/5.0 (compatible; spbot/1.2; +http://www.seoprofiler.com/bot/ )"
75.101.241.159 - - [11/Feb/2010:20:58:16 -0800] "GET / HTTP/1.1" 200 5981 "-" "Mozilla/5.0 (compatible; spbot/1.2; +http://www.seoprofiler.com/bot/ )"
127.0.0.1 - - [11/Feb/2010:20:58:17 -0800] "OPTIONS * HTTP/1.0" 200 - "-" "Apache/2.2.11 (FreeBSD) mod_ssl/2.2.11 OpenSSL/0.9.8e DAV/2 PHP/5.2.9 with Suhosin-Patch (internal dummy connection)"
65.55.106.232 - - [11/Feb/2010:21:10:00 -0800] "GET /robots.txt HTTP/1.1" 302 360 "-" "msnbot/2.0b (+http://search.msn.com/msnbot.htm)"
93.158.148.31 - - [11/Feb/2010:21:10:44 -0800] "GET /robots.txt HTTP/1.1" 302 360 "-" "Yandex/1.01.001 (compatible; Win16; I)"
65.55.106.232 - - [11/Feb/2010:21:29:04 -0800] "GET /robots.txt HTTP/1.1" 302 360 "-" "msnbot/2.0b (+http://search.msn.com/msnbot.htm)"
204.15.39.12 - - [11/Feb/2010:21:53:11 -0800] "HEAD / HTTP/1.1" 200 - "-" "Botslist Botfinder (+http://www.botslist.ca)"
204.15.39.12 - - [11/Feb/2010:21:53:12 -0800] "GET / HTTP/1.1" 206 5981 "-" "Botslist Botfinder (+http://www.botslist.ca)"
204.15.39.12 - - [11/Feb/2010:21:53:26 -0800] "HEAD /browserbomb-access.log HTTP/1.1" 304 - "-" "Botslist Botfinder (+http://www.botslist.ca)"
204.15.39.12 - - [11/Feb/2010:21:53:27 -0800] "HEAD /browserbomb-error.log HTTP/1.1" 304 - "-" "Botslist Botfinder (+http://www.botslist.ca)"
204.15.39.12 - - [11/Feb/2010:21:53:27 -0800] "HEAD /clownjuice-access.log HTTP/1.1" 206 - "-" "Botslist Botfinder (+http://www.botslist.ca)"
204.15.39.12 - - [11/Feb/2010:21:53:28 -0800] "GET /clownjuice-access.log HTTP/1.1" 206 56459 "-" "Botslist Botfinder (+http://www.botslist.ca)"
204.15.39.12 - - [11/Feb/2010:21:53:31 -0800] "HEAD /clownjuice-error.log HTTP/1.1" 206 - "-" "Botslist Botfinder (+http://www.botslist.ca)"
204.15.39.12 - - [11/Feb/2010:21:53:31 -0800] "GET /clownjuice-error.log HTTP/1.1" 206 27713 "-" "Botslist Botfinder (+http://www.botslist.ca)"
204.15.39.12 - - [11/Feb/2010:21:53:33 -0800] "HEAD /dustinharley-access.log HTTP/1.1" 206 - "-" "Botslist Botfinder (+http://www.botslist.ca)"
204.15.39.12 - - [11/Feb/2010:21:53:33 -0800] "GET /dustinharley-access.log HTTP/1.1" 206 247048 "-" "Botslist Botfinder (+http://www.botslist.ca)"
204.15.39.12 - - [11/Feb/2010:21:53:39 -0800] "HEAD /dustinharley-error.log HTTP/1.1" 206 - "-" "Botslist Botfinder (+http://www.botslist.ca)"
204.15.39.12 - - [11/Feb/2010:21:53:39 -0800] "GET /dustinharley-error.log HTTP/1.1" 206 22520 "-" "Botslist Botfinder (+http://www.botslist.ca)"
204.15.39.12 - - [11/Feb/2010:21:53:41 -0800] "HEAD /evilfuckers-access.log HTTP/1.1" 206 - "-" "Botslist Botfinder (+http://www.botslist.ca)"
204.15.39.12 - - [11/Feb/2010:21:53:41 -0800] "GET /evilfuckers-access.log HTTP/1.1" 206 65778 "-" "Botslist Botfinder (+http://www.botslist.ca)"
204.15.39.12 - - [11/Feb/2010:21:53:47 -0800] "HEAD /evilfuckers-error.log HTTP/1.1" 206 - "-" "Botslist Botfinder (+http://www.botslist.ca)"
204.15.39.12 - - [11/Feb/2010:21:53:51 -0800] "GET /evilfuckers-error.log HTTP/1.1" 206 19310 "-" "Botslist Botfinder (+http://www.botslist.ca)"
204.15.39.12 - - [11/Feb/2010:21:53:52 -0800] "HEAD /ferality-access.log HTTP/1.1" 206 - "-" "Botslist Botfinder (+http://www.botslist.ca)"
204.15.39.12 - - [11/Feb/2010:21:53:53 -0800] "GET /ferality-access.log HTTP/1.1" 206 313594 "-" "Botslist Botfinder (+http://www.botslist.ca)"
204.15.39.12 - - [11/Feb/2010:21:53:59 -0800] "HEAD /ferality-error.log HTTP/1.1" 206 - "-" "Botslist Botfinder (+http://www.botslist.ca)"
204.15.39.12 - - [11/Feb/2010:21:54:00 -0800] "GET /ferality-error.log HTTP/1.1" 206 21364 "-" "Botslist Botfinder (+http://www.botslist.ca)"
204.15.39.12 - - [11/Feb/2010:21:54:01 -0800] "HEAD /gorgeworld-access.log HTTP/1.1" 206 - "-" "Botslist Botfinder (+http://www.botslist.ca)"
204.15.39.12 - - [11/Feb/2010:21:54:02 -0800] "GET /gorgeworld-access.log HTTP/1.1" 206 47791 "-" "Botslist Botfinder (+http://www.botslist.ca)"
204.15.39.12 - - [11/Feb/2010:21:54:04 -0800] "HEAD /gorgeworld-error.log HTTP/1.1" 206 - "-" "Botslist Botfinder (+http://www.botslist.ca)"
204.15.39.12 - - [11/Feb/2010:21:54:05 -0800] "GET /gorgeworld-error.log HTTP/1.1" 206 13975 "-" "Botslist Botfinder (+http://www.botslist.ca)"
204.15.39.12 - - [11/Feb/2010:21:54:06 -0800] "HEAD /jasoncmartin-access.log HTTP/1.1" 206 - "-" "Botslist Botfinder (+http://www.botslist.ca)"
204.15.39.12 - - [11/Feb/2010:21:54:07 -0800] "GET /jasoncmartin-access.log HTTP/1.1" 206 257077 "-" "Botslist Botfinder (+http://www.botslist.ca)"
204.15.39.12 - - [11/Feb/2010:21:54:20 -0800] "HEAD /jasoncmartin-error.log HTTP/1.1" 206 - "-" "Botslist Botfinder (+http://www.botslist.ca)"
204.15.39.12 - - [11/Feb/2010:21:54:21 -0800] "GET /jasoncmartin-error.log HTTP/1.1" 206 98577 "-" "Botslist Botfinder (+http://www.botslist.ca)"
204.15.39.12 - - [11/Feb/2010:21:54:24 -0800] "HEAD /log-access.log HTTP/1.1" 206 - "-" "Botslist Botfinder (+http://www.botslist.ca)"
204.15.39.12 - - [11/Feb/2010:21:54:27 -0800] "GET /log-access.log HTTP/1.1" 206 140238 "-" "Botslist Botfinder (+http://www.botslist.ca)"
204.15.39.12 - - [11/Feb/2010:21:54:31 -0800] "HEAD /log-error.log HTTP/1.1" 206 - "-" "Botslist Botfinder (+http://www.botslist.ca)"
204.15.39.12 - - [11/Feb/2010:21:54:32 -0800] "GET /log-error.log HTTP/1.1" 206 47839 "-" "Botslist Botfinder (+http://www.botslist.ca)"
204.15.39.12 - - [11/Feb/2010:21:54:34 -0800] "HEAD /orbsucks-access.log HTTP/1.1" 206 - "-" "Botslist Botfinder (+http://www.botslist.ca)"
204.15.39.12 - - [11/Feb/2010:21:54:35 -0800] "GET /orbsucks-access.log HTTP/1.1" 206 150890 "-" "Botslist Botfinder (+http://www.botslist.ca)"
204.15.39.12 - - [11/Feb/2010:21:54:39 -0800] "HEAD /orbsucks-error.log HTTP/1.1" 206 - "-" "Botslist Botfinder (+http://www.botslist.ca)"
204.15.39.12 - - [11/Feb/2010:21:54:39 -0800] "GET /orbsucks-error.log HTTP/1.1" 206 26247 "-" "Botslist Botfinder (+http://www.botslist.ca)"
204.15.39.12 - - [11/Feb/2010:21:54:42 -0800] "HEAD /paxnihilo-access.log HTTP/1.1" 206 - "-" "Botslist Botfinder (+http://www.botslist.ca)"
204.15.39.12 - - [11/Feb/2010:21:54:42 -0800] "GET /paxnihilo-access.log HTTP/1.1" 206 5575 "-" "Botslist Botfinder (+http://www.botslist.ca)"
204.15.39.12 - - [11/Feb/2010:21:54:43 -0800] "HEAD /paxnihilo-error.log HTTP/1.1" 206 - "-" "Botslist Botfinder (+http://www.botslist.ca)"
204.15.39.12 - - [11/Feb/2010:21:54:43 -0800] "GET /paxnihilo-error.log HTTP/1.1" 206 1279 "-" "Botslist Botfinder (+http://www.botslist.ca)"
204.15.39.12 - - [11/Feb/2010:21:54:44 -0800] "HEAD /sharkbomb-access.log HTTP/1.1" 206 - "-" "Botslist Botfinder (+http://www.botslist.ca)"
204.15.39.12 - - [11/Feb/2010:21:54:45 -0800] "GET /sharkbomb-access.log HTTP/1.1" 206 203665 "-" "Botslist Botfinder (+http://www.botslist.ca)"
204.15.39.12 - - [11/Feb/2010:21:54:52 -0800] "HEAD /sharkbomb-error.log HTTP/1.1" 206 - "-" "Botslist Botfinder (+http://www.botslist.ca)"
204.15.39.12 - - [11/Feb/2010:21:54:53 -0800] "GET /sharkbomb-error.log HTTP/1.1" 206 11895 "-" "Botslist Botfinder (+http://www.botslist.ca)"
204.15.39.12 - - [11/Feb/2010:21:54:54 -0800] "HEAD /terhanian-access.log HTTP/1.1" 304 - "-" "Botslist Botfinder (+http://www.botslist.ca)"
204.15.39.12 - - [11/Feb/2010:21:54:55 -0800] "HEAD /terhanian-error.log HTTP/1.1" 304 - "-" "Botslist Botfinder (+http://www.botslist.ca)"
204.15.39.12 - - [11/Feb/2010:21:54:55 -0800] "HEAD /vaginacide-access.log HTTP/1.1" 206 - "-" "Botslist Botfinder (+http://www.botslist.ca)"
204.15.39.12 - - [11/Feb/2010:21:54:56 -0800] "GET /vaginacide-access.log HTTP/1.1" 206 7712 "-" "Botslist Botfinder (+http://www.botslist.ca)"
204.15.39.12 - - [11/Feb/2010:21:54:57 -0800] "HEAD /vaginacide-error.log HTTP/1.1" 206 - "-" "Botslist Botfinder (+http://www.botslist.ca)"
204.15.39.12 - - [11/Feb/2010:21:54:57 -0800] "GET /vaginacide-error.log HTTP/1.1" 206 2193 "-" "Botslist Botfinder (+http://www.botslist.ca)"
65.55.106.232 - - [11/Feb/2010:21:55:42 -0800] "GET /robots.txt HTTP/1.1" 302 360 "-" "msnbot/2.0b (+http://search.msn.com/msnbot.htm)"
85.25.124.132 - - [11/Feb/2010:22:06:04 -0800] "GET /robots.txt HTTP/1.1" 302 360 "-" "Linguee Bot (http://www.linguee.com/bot; bot@linguee.com)"
65.55.106.232 - - [11/Feb/2010:22:25:13 -0800] "GET /robots.txt HTTP/1.1" 302 360 "-" "msnbot/2.0b (+http://search.msn.com/msnbot.htm)"
174.129.127.87 - - [11/Feb/2010:22:33:49 -0800] "GET /robots.txt HTTP/1.1" 302 360 "-" "Mozilla/5.0 (compatible; spbot/1.2; +http://www.seoprofiler.com/bot/ )"
174.129.127.87 - - [11/Feb/2010:22:33:50 -0800] "GET / HTTP/1.1" 200 5981 "-" "Mozilla/5.0 (compatible; spbot/1.2; +http://www.seoprofiler.com/bot/ )"
87.79.108.92 - - [11/Feb/2010:22:53:23 -0800] "GET /log-error.log HTTP/1.1" 200 48252 "-" "Mozilla/5.0 (Windows; U; Windows NT 5.1; de; rv:1.8.1.11) Gecko/20071127 Firefox/2.0.0.11"
66.249.71.248 - - [11/Feb/2010:23:04:39 -0800] "GET /robots.txt HTTP/1.1" 302 360 "-" "Mozilla/5.0 (compatible; Googlebot/2.1; +http://www.google.com/bot.html)"
66.249.71.248 - - [11/Feb/2010:23:04:39 -0800] "GET /jasoncmartin-error.log HTTP/1.1" 200 98795 "-" "Mozilla/5.0 (compatible; Googlebot/2.1; +http://www.google.com/bot.html)"
65.55.106.232 - - [11/Feb/2010:23:05:09 -0800] "GET /robots.txt HTTP/1.1" 302 360 "-" "msnbot/2.0b (+http://search.msn.com/msnbot.htm)"
67.202.42.161 - - [11/Feb/2010:23:21:01 -0800] "GET /robots.txt HTTP/1.1" 302 360 "-" "Mozilla/5.0 (compatible; spbot/1.2; +http://www.seoprofiler.com/bot/ )"
67.202.42.161 - - [11/Feb/2010:23:21:02 -0800] "GET / HTTP/1.1" 200 5981 "-" "Mozilla/5.0 (compatible; spbot/1.2; +http://www.seoprofiler.com/bot/ )"
65.55.106.232 - - [11/Feb/2010:23:45:02 -0800] "GET /robots.txt HTTP/1.1" 302 360 "-" "msnbot/2.0b (+http://search.msn.com/msnbot.htm)"
65.55.106.232 - - [12/Feb/2010:00:43:38 -0800] "GET /robots.txt HTTP/1.1" 302 360 "-" "msnbot/2.0b (+http://search.msn.com/msnbot.htm)"
65.55.106.232 - - [12/Feb/2010:00:56:07 -0800] "GET /robots.txt HTTP/1.1" 302 360 "-" "msnbot/2.0b (+http://search.msn.com/msnbot.htm)"
65.55.106.232 - - [12/Feb/2010:01:14:16 -0800] "GET /robots.txt HTTP/1.1" 302 360 "-" "msnbot/2.0b (+http://search.msn.com/msnbot.htm)"
67.195.112.234 - - [12/Feb/2010:01:14:30 -0800] "GET /robots.txt HTTP/1.0" 302 360 "-" "Mozilla/5.0 (compatible; Yahoo! Slurp; http://help.yahoo.com/help/us/ysearch/slurp)"
67.195.112.234 - - [12/Feb/2010:01:14:30 -0800] "GET /index.php/photos/album/1/photo/2.html HTTP/1.0" 302 360 "-" "Mozilla/5.0 (compatible; Yahoo! Slurp/3.0; http://help.yahoo.com/help/us/ysearch/slurp)"
70.16.157.21 - - [12/Feb/2010:01:14:42 -0800] "HEAD /phpMyAdmin/scripts/setup.php HTTP/1.1" 302 - "-" "Mozilla/5.0 (Windows; U; Windows NT 5.1; en; rv:1.8.1.8) Gecko/20071008 Firefox/2.0.0.8"
65.55.106.232 - - [12/Feb/2010:01:32:19 -0800] "GET /robots.txt HTTP/1.1" 302 360 "-" "msnbot/2.0b (+http://search.msn.com/msnbot.htm)"
72.44.53.29 - - [12/Feb/2010:01:51:48 -0800] "GET /robots.txt HTTP/1.1" 302 360 "-" "Mozilla/5.0 (compatible; spbot/1.2; +http://www.seoprofiler.com/bot/ )"
72.44.53.29 - - [12/Feb/2010:01:51:49 -0800] "GET / HTTP/1.1" 200 5981 "-" "Mozilla/5.0 (compatible; spbot/1.2; +http://www.seoprofiler.com/bot/ )"
65.55.106.232 - - [12/Feb/2010:01:53:09 -0800] "GET /robots.txt HTTP/1.1" 302 360 "-" "msnbot/2.0b (+http://search.msn.com/msnbot.htm)"
65.55.106.232 - - [12/Feb/2010:02:19:35 -0800] "GET /robots.txt HTTP/1.1" 302 360 "-" "msnbot/2.0b (+http://search.msn.com/msnbot.htm)"
65.55.106.232 - - [12/Feb/2010:02:49:36 -0800] "GET /robots.txt HTTP/1.1" 302 360 "-" "msnbot/2.0b (+http://search.msn.com/msnbot.htm)"
75.101.179.141 - - [12/Feb/2010:03:20:43 -0800] "GET /robots.txt HTTP/1.1" 302 360 "-" "Mozilla/5.0 (compatible; spbot/1.2; +http://www.seoprofiler.com/bot/ )"
75.101.179.141 - - [12/Feb/2010:03:20:44 -0800] "GET / HTTP/1.1" 200 5981 "-" "Mozilla/5.0 (compatible; spbot/1.2; +http://www.seoprofiler.com/bot/ )"
65.55.106.232 - - [12/Feb/2010:03:21:44 -0800] "GET /robots.txt HTTP/1.1" 302 360 "-" "msnbot/2.0b (+http://search.msn.com/msnbot.htm)"
67.218.116.162 - - [12/Feb/2010:03:24:12 -0800] "GET /robots.txt HTTP/1.1" 302 360 "-" "Mozilla/5.0 (Twiceler-0.9 http://www.cuil.com/twiceler/robot.html)"
65.55.106.232 - - [12/Feb/2010:04:00:51 -0800] "GET /robots.txt HTTP/1.1" 302 360 "-" "msnbot/2.0b (+http://search.msn.com/msnbot.htm)"
174.129.159.143 - - [12/Feb/2010:04:18:49 -0800] "GET /robots.txt HTTP/1.1" 302 360 "-" "Mozilla/5.0 (compatible; spbot/1.2; +http://www.seoprofiler.com/bot/ )"
174.129.159.143 - - [12/Feb/2010:04:18:49 -0800] "GET / HTTP/1.1" 200 5981 "-" "Mozilla/5.0 (compatible; spbot/1.2; +http://www.seoprofiler.com/bot/ )"
65.55.106.232 - - [12/Feb/2010:04:43:50 -0800] "GET /robots.txt HTTP/1.1" 302 360 "-" "msnbot/2.0b (+http://search.msn.com/msnbot.htm)"
75.101.204.87 - - [12/Feb/2010:05:15:18 -0800] "GET /robots.txt HTTP/1.1" 302 360 "-" "Mozilla/5.0 (compatible; spbot/1.2; +http://www.seoprofiler.com/bot/ )"
75.101.204.87 - - [12/Feb/2010:05:15:19 -0800] "GET / HTTP/1.1" 200 5981 "-" "Mozilla/5.0 (compatible; spbot/1.2; +http://www.seoprofiler.com/bot/ )"
65.55.106.232 - - [12/Feb/2010:05:32:39 -0800] "GET /robots.txt HTTP/1.1" 302 360 "-" "msnbot/2.0b (+http://search.msn.com/msnbot.htm)"
93.158.148.31 - - [12/Feb/2010:05:42:29 -0800] "GET / HTTP/1.1" 200 5981 "-" "Yandex/1.01.001 (compatible; Win16; I)"
174.129.64.213 - - [12/Feb/2010:05:59:10 -0800] "GET /robots.txt HTTP/1.1" 302 360 "-" "Mozilla/5.0 (compatible; spbot/1.2; +http://www.seoprofiler.com/bot/ )"
174.129.64.213 - - [12/Feb/2010:05:59:10 -0800] "GET / HTTP/1.1" 200 5981 "-" "Mozilla/5.0 (compatible; spbot/1.2; +http://www.seoprofiler.com/bot/ )"
174.129.83.241 - - [12/Feb/2010:06:13:36 -0800] "GET /robots.txt HTTP/1.1" 302 360 "-" "Mozilla/5.0 (compatible; spbot/1.2; +http://www.seoprofiler.com/bot/ )"
174.129.83.241 - - [12/Feb/2010:06:13:37 -0800] "GET / HTTP/1.1" 200 5981 "-" "Mozilla/5.0 (compatible; spbot/1.2; +http://www.seoprofiler.com/bot/ )"
62.2.48.186 - - [12/Feb/2010:06:18:09 -0800] "GET /favicon.ico HTTP/1.1" 302 360 "-" "Mozilla/5.0 (X11; U; Linux i686; en; rv:1.9.1.7) Gecko/20080528 Epiphany/2.22 Firefox/3.5"
208.115.138.254 - - [12/Feb/2010:06:18:09 -0800] "GET /log-error.log HTTP/1.1" 200 51082 "-" "Mozilla/4.0 (compatible; MSIE 7.0; Windows NT 5.1; InfoPath.1; .NET CLR 2.0.50727; .NET CLR 1.1.4322; MS-RTC LM 8; .NET CLR 3.0.4506.2152; .NET CLR 3.5.30729)"
