207.46.204.234 - - [05/Mar/2010:08:08:19 -0800] "GET /robots.txt HTTP/1.1" 302 360 "-" "msnbot/2.0b (+http://search.msn.com/msnbot.htm)"
66.249.68.177 - - [05/Mar/2010:08:23:14 -0800] "GET / HTTP/1.1" 200 5981 "-" "Mozilla/5.0 (compatible; Googlebot/2.1; +http://www.google.com/bot.html)"
207.46.204.244 - - [05/Mar/2010:08:24:54 -0800] "GET /robots.txt HTTP/1.1" 302 360 "-" "msnbot/2.0b (+http://search.msn.com/msnbot.htm)"
207.46.204.234 - - [05/Mar/2010:08:45:49 -0800] "GET /robots.txt HTTP/1.1" 302 360 "-" "msnbot/2.0b (+http://search.msn.com/msnbot.htm)"
216.129.119.12 - - [05/Mar/2010:08:57:45 -0800] "GET /robots.txt HTTP/1.1" 302 360 "-" "Mozilla/5.0 (Twiceler-0.9 http://www.cuil.com/twiceler/robot.html)"
207.46.204.244 - - [05/Mar/2010:09:10:06 -0800] "GET /robots.txt HTTP/1.1" 302 360 "-" "msnbot/2.0b (+http://search.msn.com/msnbot.htm)"
69.64.73.108 - - [05/Mar/2010:09:37:14 -0800] "GET /log.20081203/sharkbomb-access.log HTTP/1.1" 302 359 "-" "Opera/10.02"
69.64.73.108 - - [05/Mar/2010:09:37:14 -0800] "GET /log.20081203/sharkbomb-error.log HTTP/1.1" 302 359 "-" "Mozilla/5.0 (X11; U; Linux i686; en-US; rv:1.8.1)"
69.64.73.108 - - [05/Mar/2010:09:37:22 -0800] "GET /sharkbomb-access.log HTTP/1.1" 200 354393 "-" "Mozilla/5.0 (X11; U; Linux i686; en-US; rv:1.8.1)"
69.64.73.108 - - [05/Mar/2010:09:37:27 -0800] "GET /sharkbomb-error.log HTTP/1.1" 200 15828 "-" "Mozilla/5.0 (X11; U; Linux i686; en-US; rv:1.8.1)"
207.46.204.244 - - [05/Mar/2010:09:39:05 -0800] "GET /robots.txt HTTP/1.1" 302 360 "-" "msnbot/2.0b (+http://search.msn.com/msnbot.htm)"
207.46.204.244 - - [05/Mar/2010:10:11:40 -0800] "GET /robots.txt HTTP/1.1" 302 360 "-" "msnbot/2.0b (+http://search.msn.com/msnbot.htm)"
173.45.105.138 - - [05/Mar/2010:10:36:07 -0800] "GET /ferality-access.log HTTP/1.1" 200 734297 "-" "Mozilla/5.0 (Windows; U; Windows NT 5.2; en-US; rv:1.8.0.6) Gecko/20060728 Firefox/1.5.0.6"
207.46.204.234 - - [05/Mar/2010:10:48:48 -0800] "GET /robots.txt HTTP/1.1" 302 360 "-" "msnbot/2.0b (+http://search.msn.com/msnbot.htm)"
207.46.204.244 - - [05/Mar/2010:11:29:49 -0800] "GET /robots.txt HTTP/1.1" 302 360 "-" "msnbot/2.0b (+http://search.msn.com/msnbot.htm)"
207.46.204.244 - - [05/Mar/2010:12:13:52 -0800] "GET /robots.txt HTTP/1.1" 302 360 "-" "msnbot/2.0b (+http://search.msn.com/msnbot.htm)"
207.46.204.244 - - [05/Mar/2010:12:14:37 -0800] "GET /gorgeworld-access.log HTTP/1.1" 200 106247 "-" "msnbot/2.0b (+http://search.msn.com/msnbot.htm)"
207.46.204.234 - - [05/Mar/2010:12:16:09 -0800] "GET /browserbomb-access.log HTTP/1.1" 200 - "-" "msnbot/2.0b (+http://search.msn.com/msnbot.htm)"
94.102.63.60 - - [05/Mar/2010:12:45:24 -0800] "GET /terhanian-error.log HTTP/1.0" 200 - "http://aimtrust.com/aim/r/60008" "Mozilla/4.0 (compatible; MSIE 6.0; Update a; AOL 6.0; Windows 98)"
207.46.204.194 - - [05/Mar/2010:13:25:17 -0800] "GET /robots.txt HTTP/1.1" 302 360 "-" "msnbot/2.0b (+http://search.msn.com/msnbot.htm)"
207.46.204.194 - - [05/Mar/2010:13:30:20 -0800] "GET /robots.txt HTTP/1.1" 302 360 "-" "msnbot/2.0b (+http://search.msn.com/msnbot.htm)"
207.46.204.194 - - [05/Mar/2010:13:39:12 -0800] "GET /robots.txt HTTP/1.1" 302 360 "-" "msnbot/2.0b (+http://search.msn.com/msnbot.htm)"
66.249.68.177 - - [05/Mar/2010:13:48:49 -0800] "GET /robots.txt HTTP/1.1" 302 360 "-" "Mozilla/5.0 (compatible; Googlebot/2.1; +http://www.google.com/bot.html)"
66.249.68.177 - - [05/Mar/2010:13:48:49 -0800] "GET /paxnihilo-access.log HTTP/1.1" 200 14548 "-" "Mozilla/5.0 (compatible; Googlebot/2.1; +http://www.google.com/bot.html)"
207.46.204.194 - - [05/Mar/2010:13:52:08 -0800] "GET /robots.txt HTTP/1.1" 302 360 "-" "msnbot/2.0b (+http://search.msn.com/msnbot.htm)"
207.46.204.194 - - [05/Mar/2010:14:09:31 -0800] "GET /robots.txt HTTP/1.1" 302 360 "-" "msnbot/2.0b (+http://search.msn.com/msnbot.htm)"
207.46.204.194 - - [05/Mar/2010:14:30:45 -0800] "GET /robots.txt HTTP/1.1" 302 360 "-" "msnbot/2.0b (+http://search.msn.com/msnbot.htm)"
207.46.204.194 - - [05/Mar/2010:14:55:00 -0800] "GET /robots.txt HTTP/1.1" 302 360 "-" "msnbot/2.0b (+http://search.msn.com/msnbot.htm)"
207.46.204.194 - - [05/Mar/2010:15:23:55 -0800] "GET /robots.txt HTTP/1.1" 302 360 "-" "msnbot/2.0b (+http://search.msn.com/msnbot.htm)"
89.159.206.159 - - [05/Mar/2010:15:31:27 -0800] "GET /browserbomb-access.log HTTP/1.0" 200 - "-" "Mozilla/5.0 (compatible; Googlebot/2.1; +http://www.google.com/bot.html)"
64.202.161.41 - - [05/Mar/2010:15:51:35 -0800] "GET / HTTP/1.1" 200 5981 "-" "-"
208.80.193.33 - - [05/Mar/2010:15:52:54 -0800] "GET / HTTP/1.0" 200 5981 "-" "Mozilla/4.0 (compatible; MSIE 6.0; Windows NT 5.1; SV1; FunWebProducts; (R1 1.5); Windows-Media-Player/10.00.00.3990)"
207.46.204.194 - - [05/Mar/2010:15:57:31 -0800] "GET /robots.txt HTTP/1.1" 302 360 "-" "msnbot/2.0b (+http://search.msn.com/msnbot.htm)"
207.46.204.234 - - [05/Mar/2010:16:34:19 -0800] "GET /robots.txt HTTP/1.1" 302 360 "-" "msnbot/2.0b (+http://search.msn.com/msnbot.htm)"
207.46.204.244 - - [05/Mar/2010:17:15:28 -0800] "GET /robots.txt HTTP/1.1" 302 360 "-" "msnbot/2.0b (+http://search.msn.com/msnbot.htm)"
66.249.68.177 - - [05/Mar/2010:17:40:42 -0800] "GET /ferality-error.log HTTP/1.1" 200 51656 "-" "Mozilla/5.0 (compatible; Googlebot/2.1; +http://www.google.com/bot.html)"
58.87.180.140 - - [05/Mar/2010:17:41:17 -0800] "GET /favicon.ico HTTP/1.1" 302 360 "http://e-jpic.co.jp/" "Mozilla/5.0 (Windows; U; Windows NT 6.0; ja; rv:1.9.2) Gecko/20100206 Firefox/3.6.0.5 GTB6"
123.125.66.33 - - [05/Mar/2010:17:54:52 -0800] "GET /robots.txt HTTP/1.1" 302 360 "-" "Baiduspider+(+http://www.baidu.com/search/spider.htm)"
212.138.113.10 - - [05/Mar/2010:17:58:47 -0800] "GET /clownjuice-access.log HTTP/1.1" 200 116848 "http://e-jpic.co.jp/" "Mozilla/5.0 (Windows; U; Windows NT 6.0; ja; rv:1.9.2) Gecko/20100206 Firefox/3.6.0.5 GTB6"
212.138.69.24 - - [05/Mar/2010:17:59:01 -0800] "GET /favicon.ico HTTP/1.1" 302 360 "http://e-jpic.co.jp/" "Mozilla/5.0 (Windows; U; Windows NT 6.0; ja; rv:1.9.2) Gecko/20100206 Firefox/3.6.0.5 GTB6"
207.46.204.244 - - [05/Mar/2010:17:59:36 -0800] "GET /robots.txt HTTP/1.1" 302 360 "-" "msnbot/2.0b (+http://search.msn.com/msnbot.htm)"
207.46.204.244 - - [05/Mar/2010:18:00:36 -0800] "GET /gorgeworld-access.log HTTP/1.1" 200 106247 "-" "msnbot/2.0b (+http://search.msn.com/msnbot.htm)"
207.46.204.194 - - [05/Mar/2010:18:01:06 -0800] "GET / HTTP/1.1" 200 5981 "-" "msnbot/2.0b (+http://search.msn.com/msnbot.htm)"
207.46.204.234 - - [05/Mar/2010:18:01:32 -0800] "GET /browserbomb-access.log HTTP/1.1" 200 - "-" "msnbot/2.0b (+http://search.msn.com/msnbot.htm)"
221.214.27.253 - - [05/Mar/2010:18:01:40 -0800] "GET / HTTP/1.0" 200 5981 "http://e-jpic.co.jp/" "Mozilla/5.0 (Windows; U; Windows NT 6.0; ja; rv:1.9.2) Gecko/20100206 Firefox/3.6.0.5 GTB6"
221.214.27.253 - - [05/Mar/2010:18:01:48 -0800] "GET /favicon.ico HTTP/1.0" 302 360 "http://e-jpic.co.jp/" "Mozilla/5.0 (Windows; U; Windows NT 6.0; ja; rv:1.9.2) Gecko/20100206 Firefox/3.6.0.5 GTB6"
221.214.27.253 - - [05/Mar/2010:18:01:49 -0800] "GET /icons/blank.gif HTTP/1.0" 200 148 "http://e-jpic.co.jp/" "Mozilla/5.0 (Windows; U; Windows NT 6.0; ja; rv:1.9.2) Gecko/20100206 Firefox/3.6.0.5 GTB6"
221.214.27.253 - - [05/Mar/2010:18:01:49 -0800] "GET /icons/text.gif HTTP/1.0" 200 229 "http://e-jpic.co.jp/" "Mozilla/5.0 (Windows; U; Windows NT 6.0; ja; rv:1.9.2) Gecko/20100206 Firefox/3.6.0.5 GTB6"
212.138.113.16 - - [05/Mar/2010:18:02:00 -0800] "GET /?C=M;O=A HTTP/1.1" 200 5981 "http://e-jpic.co.jp/" "Mozilla/5.0 (Windows; U; Windows NT 6.0; ja; rv:1.9.2) Gecko/20100206 Firefox/3.6.0.5 GTB6"
212.138.113.16 - - [05/Mar/2010:18:02:01 -0800] "GET /icons/blank.gif HTTP/1.1" 200 148 "-" "Mozilla/4.0 (compatible;)"
212.138.113.16 - - [05/Mar/2010:18:02:01 -0800] "GET /icons/text.gif HTTP/1.1" 200 229 "-" "Mozilla/4.0 (compatible;)"
212.138.69.18 - - [05/Mar/2010:18:02:06 -0800] "GET /browserbomb-access.log HTTP/1.1" 200 - "http://e-jpic.co.jp/" "Mozilla/5.0 (Windows; U; Windows NT 6.0; ja; rv:1.9.2) Gecko/20100206 Firefox/3.6.0.5 GTB6"
212.138.69.17 - - [05/Mar/2010:18:02:18 -0800] "GET /log-access.log HTTP/1.1" 200 457324 "http://e-jpic.co.jp/" "Mozilla/5.0 (Windows; U; Windows NT 6.0; ja; rv:1.9.2) Gecko/20100206 Firefox/3.6.0.5 GTB6"
221.214.27.253 - - [05/Mar/2010:18:24:49 -0800] "GET /vaginacide-access.log HTTP/1.0" 200 18889 "http://e-jpic.co.jp/" "Mozilla/5.0 (Windows; U; Windows NT 6.0; ja; rv:1.9.2) Gecko/20100206 Firefox/3.6.0.5"
222.76.210.8 - - [05/Mar/2010:18:24:52 -0800] "GET /favicon.ico HTTP/1.1" 302 360 "http://e-jpic.co.jp/" "Mozilla/5.0 (Windows; U; Windows NT 6.0; ja; rv:1.9.2) Gecko/20100206 Firefox/3.6.0.5"
222.76.210.8 - - [05/Mar/2010:18:24:53 -0800] "GET /favicon.ico HTTP/1.1" 302 360 "http://e-jpic.co.jp/" "Mozilla/5.0 (Windows; U; Windows NT 6.0; ja; rv:1.9.2) Gecko/20100206 Firefox/3.6.0.5"
222.76.210.8 - - [05/Mar/2010:18:25:56 -0800] "GET / HTTP/1.1" 200 5981 "http://e-jpic.co.jp/" "Mozilla/5.0 (Windows; U; Windows NT 6.0; ja; rv:1.9.2) Gecko/20100206 Firefox/3.6.0.5"
222.76.210.8 - - [05/Mar/2010:18:25:57 -0800] "GET /icons/text.gif HTTP/1.1" 200 229 "http://e-jpic.co.jp/" "Mozilla/5.0 (Windows; U; Windows NT 6.0; ja; rv:1.9.2) Gecko/20100206 Firefox/3.6.0.5"
222.76.210.8 - - [05/Mar/2010:18:25:57 -0800] "GET /icons/blank.gif HTTP/1.1" 200 148 "http://e-jpic.co.jp/" "Mozilla/5.0 (Windows; U; Windows NT 6.0; ja; rv:1.9.2) Gecko/20100206 Firefox/3.6.0.5"
93.158.148.31 - - [05/Mar/2010:20:31:36 -0800] "GET / HTTP/1.1" 200 5981 "-" "Yandex/1.01.001 (compatible; Win16; I)"
66.249.68.171 - - [05/Mar/2010:21:37:30 -0800] "GET /robots.txt HTTP/1.1" 302 360 "-" "Mozilla/5.0 (compatible; Googlebot/2.1; +http://www.google.com/bot.html)"
66.249.68.171 - - [05/Mar/2010:21:37:30 -0800] "GET /gorgeworld-error.log HTTP/1.1" 200 31017 "-" "Mozilla/5.0 (compatible; Googlebot/2.1; +http://www.google.com/bot.html)"
93.158.148.31 - - [05/Mar/2010:22:02:06 -0800] "GET /clownjuice-error.log HTTP/1.1" 200 54663 "-" "Yandex/1.01.001 (compatible; Win16; I)"
93.158.148.31 - - [05/Mar/2010:23:32:37 -0800] "GET /paxnihilo-access.log HTTP/1.1" 200 14548 "-" "Yandex/1.01.001 (compatible; Win16; I)"
207.46.204.234 - - [06/Mar/2010:00:59:28 -0800] "GET /robots.txt HTTP/1.1" 302 360 "-" "msnbot/2.0b (+http://search.msn.com/msnbot.htm)"
66.249.68.171 - - [06/Mar/2010:01:01:11 -0800] "GET /vaginacide-access.log HTTP/1.1" 200 18889 "-" "Mozilla/5.0 (compatible; Googlebot/2.1; +http://www.google.com/bot.html)"
93.158.148.31 - - [06/Mar/2010:01:03:13 -0800] "GET /gorgeworld-access.log HTTP/1.1" 200 106522 "-" "Yandex/1.01.001 (compatible; Win16; I)"
207.46.204.234 - - [06/Mar/2010:01:04:54 -0800] "GET /robots.txt HTTP/1.1" 302 360 "-" "msnbot/2.0b (+http://search.msn.com/msnbot.htm)"
207.46.204.234 - - [06/Mar/2010:01:13:25 -0800] "GET /robots.txt HTTP/1.1" 302 360 "-" "msnbot/2.0b (+http://search.msn.com/msnbot.htm)"
207.46.204.234 - - [06/Mar/2010:01:27:57 -0800] "GET /robots.txt HTTP/1.1" 302 360 "-" "msnbot/2.0b (+http://search.msn.com/msnbot.htm)"
66.249.68.171 - - [06/Mar/2010:01:39:06 -0800] "GET /gorgeworld-access.log HTTP/1.1" 200 106522 "-" "Mozilla/5.0 (compatible; Googlebot/2.1; +http://www.google.com/bot.html)"
207.46.204.234 - - [06/Mar/2010:01:46:04 -0800] "GET /robots.txt HTTP/1.1" 302 360 "-" "msnbot/2.0b (+http://search.msn.com/msnbot.htm)"
207.46.204.234 - - [06/Mar/2010:02:07:45 -0800] "GET /robots.txt HTTP/1.1" 302 360 "-" "msnbot/2.0b (+http://search.msn.com/msnbot.htm)"
207.46.204.234 - - [06/Mar/2010:02:32:26 -0800] "GET /robots.txt HTTP/1.1" 302 360 "-" "msnbot/2.0b (+http://search.msn.com/msnbot.htm)"
93.158.148.31 - - [06/Mar/2010:02:33:42 -0800] "GET /evilfuckers-error.log HTTP/1.1" 200 44842 "-" "Yandex/1.01.001 (compatible; Win16; I)"
207.46.204.234 - - [06/Mar/2010:03:00:54 -0800] "GET /robots.txt HTTP/1.1" 302 360 "-" "msnbot/2.0b (+http://search.msn.com/msnbot.htm)"
207.46.204.234 - - [06/Mar/2010:03:33:33 -0800] "GET /robots.txt HTTP/1.1" 302 360 "-" "msnbot/2.0b (+http://search.msn.com/msnbot.htm)"
93.158.148.31 - - [06/Mar/2010:04:04:10 -0800] "GET /robots.txt HTTP/1.1" 302 360 "-" "Yandex/1.01.001 (compatible; Win16; I)"
207.46.204.234 - - [06/Mar/2010:04:10:50 -0800] "GET /robots.txt HTTP/1.1" 302 360 "-" "msnbot/2.0b (+http://search.msn.com/msnbot.htm)"
67.218.116.162 - - [06/Mar/2010:04:47:23 -0800] "GET /robots.txt HTTP/1.1" 302 360 "-" "Mozilla/5.0 (Twiceler-0.9 http://www.cuil.com/twiceler/robot.html)"
93.158.148.31 - - [06/Mar/2010:04:48:54 -0800] "GET /clownjuice-access.log HTTP/1.1" 200 117352 "-" "Yandex/1.01.001 (compatible; Win16; I)"
207.46.204.234 - - [06/Mar/2010:04:52:19 -0800] "GET /robots.txt HTTP/1.1" 302 360 "-" "msnbot/2.0b (+http://search.msn.com/msnbot.htm)"
207.46.204.234 - - [06/Mar/2010:05:38:04 -0800] "GET /robots.txt HTTP/1.1" 302 360 "-" "msnbot/2.0b (+http://search.msn.com/msnbot.htm)"
207.46.204.234 - - [06/Mar/2010:05:39:06 -0800] "GET /browserbomb-access.log HTTP/1.1" 200 - "-" "msnbot/2.0b (+http://search.msn.com/msnbot.htm)"
66.249.68.171 - - [06/Mar/2010:07:30:24 -0800] "GET /robots.txt HTTP/1.1" 302 360 "-" "Mozilla/5.0 (compatible; Googlebot/2.1; +http://www.google.com/bot.html)"
66.249.68.171 - - [06/Mar/2010:07:30:24 -0800] "GET /clownjuice-access.log HTTP/1.1" 200 117352 "-" "Mozilla/5.0 (compatible; Googlebot/2.1; +http://www.google.com/bot.html)"
66.249.68.133 - - [06/Mar/2010:09:56:51 -0800] "GET /robots.txt HTTP/1.1" 302 359 "-" "Googlebot-Image/1.0"
66.249.68.133 - - [06/Mar/2010:09:56:51 -0800] "GET /icons/image2.gif HTTP/1.1" 304 - "-" "Googlebot-Image/1.0"
216.129.119.12 - - [06/Mar/2010:10:59:13 -0800] "GET /robots.txt HTTP/1.1" 302 360 "-" "Mozilla/5.0 (Twiceler-0.9 http://www.cuil.com/twiceler/robot.html)"
74.222.4.82 - - [06/Mar/2010:11:02:50 -0800] "GET /robots.txt HTTP/1.0" 302 360 "http://unusualdischarge.com/robots.txt" "Mozilla/4.0 (compatible; MSIE 6.0; Windows NT 5.1; SV1; .NET CLR 2.0.50727)"
74.222.4.82 - - [06/Mar/2010:11:02:50 -0800] "GET / HTTP/1.0" 200 5981 "http://unusualdischarge.com/" "Mozilla/4.0 (compatible; MSIE 6.0; Windows NT 5.1; SV1; .NET CLR 2.0.50727)"
92.11.97.45 - - [06/Mar/2010:11:57:36 -0800] "GET /gorgeworld-error.log HTTP/1.1" 200 31390 "http://www.google.co.uk/search?hl=en&source=hp&q=204.236.212.231&btnG=Google+Search&meta=&aq=null&oq=" "Mozilla/4.0 (compatible; MSIE 6.0; Windows NT 5.1; SV1; BT Business Broadband; GTB6.4; .NET CLR 1.1.4322)"
92.11.97.45 - - [06/Mar/2010:11:57:45 -0800] "GET /gorgeworld-error.log HTTP/1.1" 200 31390 "http://www.google.co.uk/search?hl=en&source=hp&q=204.236.212.231&btnG=Google+Search&meta=&aq=null&oq=" "Mozilla/4.0 (compatible; MSIE 6.0; Windows NT 5.1; SV1; BT Business Broadband; GTB6.4; .NET CLR 1.1.4322)"
92.11.97.45 - - [06/Mar/2010:11:57:59 -0800] "GET /gorgeworld-access.log HTTP/1.1" 200 107046 "http://www.google.co.uk/search?hl=en&source=hp&q=204.236.212.231&btnG=Google+Search&meta=&aq=null&oq=" "Mozilla/4.0 (compatible; MSIE 6.0; Windows NT 5.1; SV1; BT Business Broadband; GTB6.4; .NET CLR 1.1.4322)"
82.60.188.193 - - [06/Mar/2010:12:27:18 -0800] "GET /favicon.ico HTTP/1.1" 302 360 "-" "Mozilla/5.0 (X11; U; Linux x86_64; it; rv:1.9.1.6) Gecko/20091216 Iceweasel/3.5.6 (like Firefox/3.5.6; Debian-3.5.6-1)"
173.45.105.138 - - [06/Mar/2010:12:53:53 -0800] "GET /ferality-access.log HTTP/1.1" 200 744693 "-" "Mozilla/5.0 (Windows; U; Windows NT 5.2; en-US; rv:1.8.0.6) Gecko/20060728 Firefox/1.5.0.6"
204.15.39.12 - - [06/Mar/2010:13:01:37 -0800] "HEAD /unsanitary-access.log HTTP/1.1" 302 - "-" "Botslist Botfinder (+http://www.botslist.ca)"
66.249.68.171 - - [06/Mar/2010:13:34:12 -0800] "GET /robots.txt HTTP/1.1" 302 360 "-" "Mozilla/5.0 (compatible; Googlebot/2.1; +http://www.google.com/bot.html)"
66.249.68.171 - - [06/Mar/2010:14:09:15 -0800] "GET /paxnihilo-access.log HTTP/1.1" 200 14548 "-" "Mozilla/5.0 (compatible; Googlebot/2.1; +http://www.google.com/bot.html)"
210.143.98.215 - - [06/Mar/2010:14:11:46 -0800] "GET /user/soapCaller.bs?x=x HTTP/1.0" 302 355 "-" "DataCha0s/2.0"
66.249.68.171 - - [06/Mar/2010:14:34:55 -0800] "GET /plnfeullksbxf.html HTTP/1.1" 302 360 "-" "Mozilla/5.0 (compatible; Googlebot/2.1; +http://www.google.com/bot.html)"
66.249.68.171 - - [06/Mar/2010:15:03:59 -0800] "GET /rytfduajhreyj.html HTTP/1.1" 302 360 "-" "Mozilla/5.0 (compatible; Googlebot/2.1; +http://www.google.com/bot.html)"
89.159.206.159 - - [06/Mar/2010:15:30:22 -0800] "GET /browserbomb-access.log HTTP/1.0" 200 - "-" "Mozilla/5.0 (compatible; Googlebot/2.1; +http://www.google.com/bot.html)"
66.249.68.133 - - [06/Mar/2010:15:37:29 -0800] "GET / HTTP/1.1" 200 5980 "-" "Mozilla/5.0 (compatible; Googlebot/2.1; +http://www.google.com/bot.html)"
66.249.68.171 - - [06/Mar/2010:16:05:51 -0800] "GET / HTTP/1.1" 200 5981 "-" "Mozilla/5.0 (compatible; Googlebot/2.1; +http://www.google.com/bot.html)"
123.125.66.17 - - [06/Mar/2010:17:54:49 -0800] "GET /robots.txt HTTP/1.1" 302 360 "-" "Baiduspider+(+http://www.baidu.com/search/spider.htm)"
66.249.68.171 - - [06/Mar/2010:18:02:40 -0800] "GET /gorgeworld-error.log HTTP/1.1" 200 31390 "-" "Mozilla/5.0 (compatible; Googlebot/2.1; +http://www.google.com/bot.html)"
93.158.148.31 - - [06/Mar/2010:18:24:27 -0800] "GET /?C=N;O=A HTTP/1.1" 200 5981 "-" "Yandex/1.01.001 (compatible; Win16; I)"
77.21.78.34 - - [06/Mar/2010:18:31:59 -0800] "GET /ferality-access.log HTTP/1.0" 200 747050 "-" "Mozilla/4.0 (compatible; MSIE 6.0; Windows NT 5.1)"
66.249.68.171 - - [06/Mar/2010:19:58:37 -0800] "GET /robots.txt HTTP/1.1" 302 360 "-" "Mozilla/5.0 (compatible; Googlebot/2.1; +http://www.google.com/bot.html)"
93.158.148.31 - - [06/Mar/2010:21:54:36 -0800] "GET /dustinharley-access.log HTTP/1.1" 200 462830 "-" "Yandex/1.01.001 (compatible; Win16; I)"
66.249.68.171 - - [06/Mar/2010:21:59:15 -0800] "GET /ferality-error.log HTTP/1.1" 200 52660 "-" "Mozilla/5.0 (compatible; Googlebot/2.1; +http://www.google.com/bot.html)"
93.158.148.31 - - [06/Mar/2010:22:23:41 -0800] "GET /?C=S;O=A HTTP/1.1" 200 5981 "-" "Yandex/1.01.001 (compatible; Win16; I)"
65.55.110.241 - - [06/Mar/2010:23:59:02 -0800] "GET /sharkbomb-error.log HTTP/1.1" 200 16345 "-" "Mozilla/4.0 (compatible; MSIE 6.0; Windows NT 5.2; SLCC1; .NET CLR 1.1.4325; .NET CLR 2.0.40607; .NET CLR 3.0.04506.648)"
66.249.68.171 - - [07/Mar/2010:00:57:34 -0800] "GET /gorgeworld-access.log HTTP/1.1" 200 107783 "-" "Mozilla/5.0 (compatible; Googlebot/2.1; +http://www.google.com/bot.html)"
24.137.88.193 - - [07/Mar/2010:02:16:27 -0800] "GET / HTTP/1.1" 200 5981 "http://buying-lobster-nova-scotia.wholesalelobster.ca" "Mozilla/4.0 (compatible; MSIE 5.5; Windows NT 5.0)"
127.0.0.1 - - [07/Mar/2010:02:16:35 -0800] "OPTIONS * HTTP/1.0" 200 - "-" "Apache/2.2.11 (FreeBSD) mod_ssl/2.2.11 OpenSSL/0.9.8e DAV/2 PHP/5.2.9 with Suhosin-Patch (internal dummy connection)"
127.0.0.1 - - [07/Mar/2010:02:16:36 -0800] "OPTIONS * HTTP/1.0" 200 - "-" "Apache/2.2.11 (FreeBSD) mod_ssl/2.2.11 OpenSSL/0.9.8e DAV/2 PHP/5.2.9 with Suhosin-Patch (internal dummy connection)"
127.0.0.1 - - [07/Mar/2010:02:16:37 -0800] "OPTIONS * HTTP/1.0" 200 - "-" "Apache/2.2.11 (FreeBSD) mod_ssl/2.2.11 OpenSSL/0.9.8e DAV/2 PHP/5.2.9 with Suhosin-Patch (internal dummy connection)"
66.249.68.171 - - [07/Mar/2010:02:30:11 -0800] "GET /robots.txt HTTP/1.1" 302 360 "-" "Mozilla/5.0 (compatible; Googlebot/2.1; +http://www.google.com/bot.html)"
93.158.148.31 - - [07/Mar/2010:03:24:22 -0800] "GET /?C=D;O=D HTTP/1.1" 200 5981 "-" "Yandex/1.01.001 (compatible; Win16; I)"
66.249.68.171 - - [07/Mar/2010:03:30:06 -0800] "GET /vaginacide-access.log HTTP/1.1" 304 - "-" "Mozilla/5.0 (compatible; Googlebot/2.1; +http://www.google.com/bot.html)"
212.195.129.105 - - [07/Mar/2010:03:44:39 -0800] "GET /gorgeworld-error.log HTTP/1.1" 200 31610 "http://www.google.fr/search?rlz=1C1_____enFR353FR354&sourceid=chrome&ie=UTF-8&q=75.101.216.126" "Mozilla/5.0 (Windows; U; Windows NT 6.1; en-US) AppleWebKit/532.0 (KHTML, like Gecko) Chrome/3.0.195.32 Safari/532.0"
212.195.129.105 - - [07/Mar/2010:03:44:41 -0800] "GET /favicon.ico HTTP/1.1" 302 360 "-" "Mozilla/5.0 (Windows; U; Windows NT 6.1; en-US) AppleWebKit/532.0 (KHTML, like Gecko) Chrome/3.0.195.32 Safari/532.0"
212.195.129.105 - - [07/Mar/2010:03:44:46 -0800] "GET /ferality-error.log HTTP/1.1" 200 52984 "http://www.google.fr/search?rlz=1C1_____enFR353FR354&sourceid=chrome&ie=UTF-8&q=75.101.216.126" "Mozilla/5.0 (Windows; U; Windows NT 6.1; en-US) AppleWebKit/532.0 (KHTML, like Gecko) Chrome/3.0.195.32 Safari/532.0"
212.195.129.105 - - [07/Mar/2010:03:44:49 -0800] "GET /favicon.ico HTTP/1.1" 302 360 "-" "Mozilla/5.0 (Windows; U; Windows NT 6.1; en-US) AppleWebKit/532.0 (KHTML, like Gecko) Chrome/3.0.195.32 Safari/532.0"
213.160.62.36 - - [07/Mar/2010:04:21:00 -0800] "GET /favicon.ico HTTP/1.0" 302 360 "http://www.google.ch/search?source=ig&hl=de&rlz=1G1GGLQ_DECH366&=&q=174.133.203.90&btnG=Google-Suche&meta=lr%3D&aq=&oq=" "Mozilla/5.0 (Windows; U; Windows NT 5.1; de; rv:1.9.1.8) Gecko/20100202 Firefox/3.5.8 (.NET CLR 3.5.30729)"
213.160.62.36 - - [07/Mar/2010:04:22:27 -0800] "GET /favicon.ico HTTP/1.0" 302 360 "http://www.google.ch/search?source=ig&hl=de&rlz=1G1GGLQ_DECH366&=&q=174.133.203.90&btnG=Google-Suche&meta=lr%3D&aq=&oq=" "Mozilla/5.0 (Windows; U; Windows NT 5.1; de; rv:1.9.1.8) Gecko/20100202 Firefox/3.5.8 (.NET CLR 3.5.30729)"
67.218.116.162 - - [07/Mar/2010:04:31:54 -0800] "GET /robots.txt HTTP/1.1" 302 360 "-" "Mozilla/5.0 (Twiceler-0.9 http://www.cuil.com/twiceler/robot.html)"
208.80.193.37 - - [07/Mar/2010:04:52:56 -0800] "GET / HTTP/1.0" 200 5981 "-" "Mozilla/4.0 (compatible; MSIE 7.0; Windows NT 6.0; SLCC1; .NET CLR 2.0.50727; Media Center PC 5.0; .NET CLR 3.0.04506; MEGAUPLOAD 1.0)"
207.241.227.86 - - [07/Mar/2010:05:12:47 -0800] "GET /robots.txt HTTP/1.1" 302 360 "-" "ia_archiver-web.archive.org"
120.50.56.229 - - [07/Mar/2010:05:26:25 -0800] "GET /gorgeworld-access.log HTTP/1.0" 200 107972 "http://e-jpic.co.jp/" "Mozilla/5.0 (Windows; U; Windows NT 6.0; ja; rv:1.9.2) Gecko/20100206 Firefox/3.6.0.5"
120.50.56.229 - - [07/Mar/2010:05:26:28 -0800] "GET /favicon.ico HTTP/1.0" 302 360 "http://e-jpic.co.jp/" "Mozilla/5.0 (Windows; U; Windows NT 6.0; ja; rv:1.9.2) Gecko/20100206 Firefox/3.6.0.5"
120.50.56.229 - - [07/Mar/2010:05:26:31 -0800] "GET /favicon.ico HTTP/1.0" 302 360 "http://e-jpic.co.jp/" "Mozilla/5.0 (Windows; U; Windows NT 6.0; ja; rv:1.9.2) Gecko/20100206 Firefox/3.6.0.5"
120.50.56.229 - - [07/Mar/2010:05:30:16 -0800] "GET /gorgeworld-access.log HTTP/1.0" 304 - "http://e-jpic.co.jp/" "Mozilla/5.0 (Windows; U; Windows NT 6.0; ja; rv:1.9.2) Gecko/20100206 Firefox/3.6.0.5"
120.50.56.229 - - [07/Mar/2010:05:30:20 -0800] "GET / HTTP/1.0" 200 5981 "http://e-jpic.co.jp/" "Mozilla/5.0 (Windows; U; Windows NT 6.0; ja; rv:1.9.2) Gecko/20100206 Firefox/3.6.0.5"
120.50.56.229 - - [07/Mar/2010:05:30:21 -0800] "GET /icons/blank.gif HTTP/1.0" 200 148 "http://e-jpic.co.jp/" "Mozilla/5.0 (Windows; U; Windows NT 6.0; ja; rv:1.9.2) Gecko/20100206 Firefox/3.6.0.5"
120.50.56.229 - - [07/Mar/2010:05:30:21 -0800] "GET /icons/text.gif HTTP/1.0" 200 229 "http://e-jpic.co.jp/" "Mozilla/5.0 (Windows; U; Windows NT 6.0; ja; rv:1.9.2) Gecko/20100206 Firefox/3.6.0.5"
66.249.68.171 - - [07/Mar/2010:06:33:17 -0800] "GET /clownjuice-access.log HTTP/1.1" 200 118662 "-" "Mozilla/5.0 (compatible; Googlebot/2.1; +http://www.google.com/bot.html)"
66.249.68.133 - - [07/Mar/2010:06:51:24 -0800] "GET /robots.txt HTTP/1.1" 302 359 "-" "Mozilla/5.0 (compatible; Googlebot/2.1; +http://www.google.com/bot.html)"
66.249.68.133 - - [07/Mar/2010:06:51:24 -0800] "GET /vaginacide-error.log HTTP/1.1" 200 5694 "-" "Mozilla/5.0 (compatible; Googlebot/2.1; +http://www.google.com/bot.html)"
93.158.148.31 - - [07/Mar/2010:07:09:51 -0800] "GET /robots.txt HTTP/1.1" 302 360 "-" "Yandex/1.01.001 (compatible; Win16; I)"
87.79.218.255 - - [07/Mar/2010:07:30:27 -0800] "GET /ferality-error.log HTTP/1.1" 200 52984 "-" "Mozilla/5.0 (Windows; U; Windows NT 5.1; de; rv:1.8.1.11) Gecko/20071127 Firefox/2.0.0.11"
93.158.148.31 - - [07/Mar/2010:07:47:26 -0800] "GET /?C=M;O=A HTTP/1.1" 200 5981 "-" "Yandex/1.01.001 (compatible; Win16; I)"
66.249.67.178 - - [07/Mar/2010:09:01:05 -0800] "GET /robots.txt HTTP/1.1" 302 360 "-" "Mozilla/5.0 (compatible; Googlebot/2.1; +http://www.google.com/bot.html)"
66.249.67.178 - - [07/Mar/2010:09:01:05 -0800] "GET / HTTP/1.1" 200 5981 "-" "Mozilla/5.0 (compatible; Googlebot/2.1; +http://www.google.com/bot.html)"
41.190.235.236 - - [07/Mar/2010:10:39:01 -0800] "GET //phpmyadmin/config/config.inc.php?p=phpinfo(); HTTP/1.1" 302 355 "-" "Mozilla/4.0 (compatible; MSIE 6.0; Windows 98)"
41.190.235.236 - - [07/Mar/2010:10:39:02 -0800] "GET //pma/config/config.inc.php?p=phpinfo(); HTTP/1.1" 302 355 "-" "Mozilla/4.0 (compatible; MSIE 6.0; Windows 98)"
41.190.235.236 - - [07/Mar/2010:10:39:03 -0800] "GET //admin/config/config.inc.php?p=phpinfo(); HTTP/1.1" 302 355 "-" "Mozilla/4.0 (compatible; MSIE 6.0; Windows 98)"
41.190.235.236 - - [07/Mar/2010:10:39:03 -0800] "GET //dbadmin/config/config.inc.php?p=phpinfo(); HTTP/1.1" 302 355 "-" "Mozilla/4.0 (compatible; MSIE 6.0; Windows 98)"
41.190.235.236 - - [07/Mar/2010:10:39:04 -0800] "GET //mysql/config/config.inc.php?p=phpinfo(); HTTP/1.1" 302 355 "-" "Mozilla/4.0 (compatible; MSIE 6.0; Windows 98)"
41.190.235.236 - - [07/Mar/2010:10:39:05 -0800] "GET //php-my-admin/config/config.inc.php?p=phpinfo(); HTTP/1.1" 302 355 "-" "Mozilla/4.0 (compatible; MSIE 6.0; Windows 98)"
41.190.235.236 - - [07/Mar/2010:10:39:06 -0800] "GET //myadmin/config/config.inc.php?p=phpinfo(); HTTP/1.1" 302 355 "-" "Mozilla/4.0 (compatible; MSIE 6.0; Windows 98)"
41.190.235.236 - - [07/Mar/2010:10:39:07 -0800] "GET //PHPMYADMIN/config/config.inc.php?p=phpinfo(); HTTP/1.1" 302 355 "-" "Mozilla/4.0 (compatible; MSIE 6.0; Windows 98)"
41.190.235.236 - - [07/Mar/2010:10:39:08 -0800] "GET //phpMyAdmin/config/config.inc.php?p=phpinfo(); HTTP/1.1" 302 355 "-" "Mozilla/4.0 (compatible; MSIE 6.0; Windows 98)"
41.190.235.236 - - [07/Mar/2010:10:39:08 -0800] "GET //config/config.inc.php?p=phpinfo(); HTTP/1.1" 302 355 "-" "Mozilla/4.0 (compatible; MSIE 6.0; Windows 98)"
41.190.235.236 - - [07/Mar/2010:10:39:12 -0800] "GET //phpmyadmin2/config.inc.php?p=phpinfo(); HTTP/1.1" 302 355 "-" "Mozilla/4.0 (compatible; MSIE 6.0; Windows 98)"
41.190.235.236 - - [07/Mar/2010:10:39:13 -0800] "GET //phpMyAdmin2/config.inc.php?p=phpinfo(); HTTP/1.1" 302 355 "-" "Mozilla/4.0 (compatible; MSIE 6.0; Windows 98)"
41.190.235.236 - - [07/Mar/2010:10:39:14 -0800] "GET //mail/config.inc.php?p=phpinfo(); HTTP/1.1" 302 355 "-" "Mozilla/4.0 (compatible; MSIE 6.0; Windows 98)"
41.190.235.236 - - [07/Mar/2010:10:39:15 -0800] "GET //webmail/config.inc.php?p=phpinfo(); HTTP/1.1" 302 355 "-" "Mozilla/4.0 (compatible; MSIE 6.0; Windows 98)"
41.190.235.236 - - [07/Mar/2010:10:39:16 -0800] "GET / HTTP/1.1" 200 5976 "-" "Mozilla/4.0 (compatible; MSIE 6.0; Windows 98)"
213.180.207.227 - - [07/Mar/2010:11:03:16 -0800] "GET / HTTP/1.1" 200 5981 "-" "Yandex/1.02.000 (compatible; Win16; F)"
213.180.207.227 - - [07/Mar/2010:11:03:17 -0800] "GET /favicon.ico HTTP/1.1" 302 360 "-" "Yandex/1.02.000 (compatible; Win16; F)"
216.129.119.12 - - [07/Mar/2010:11:09:15 -0800] "GET /robots.txt HTTP/1.1" 302 360 "-" "Mozilla/5.0 (Twiceler-0.9 http://www.cuil.com/twiceler/robot.html)"
66.249.68.171 - - [07/Mar/2010:11:11:37 -0800] "GET /robots.txt HTTP/1.1" 302 360 "-" "Mozilla/5.0 (compatible; Googlebot/2.1; +http://www.google.com/bot.html)"
66.249.68.171 - - [07/Mar/2010:11:11:37 -0800] "GET /evilfuckers-access.log HTTP/1.1" 200 155433 "-" "Mozilla/5.0 (compatible; Googlebot/2.1; +http://www.google.com/bot.html)"
84.27.122.47 - - [07/Mar/2010:13:18:26 -0800] "GET /clownjuice-access.log HTTP/1.1" 200 119588 "http://www.google.nl/search?hl=nl&client=firefox-a&rls=org.mozilla%3Anl%3Aofficial&channel=s&q=204.236.242.141&btnG=Zoeken&meta=&aq=&oq=67.195.37.154" "Mozilla/5.0 (Windows; U; Windows NT 5.1; nl; rv:1.9.1.8) Gecko/20100202 Firefox/3.5.8"
84.27.122.47 - - [07/Mar/2010:13:18:34 -0800] "GET /favicon.ico HTTP/1.1" 302 360 "-" "Mozilla/5.0 (Windows; U; Windows NT 5.1; nl; rv:1.9.1.8) Gecko/20100202 Firefox/3.5.8"
218.8.251.187 - - [07/Mar/2010:14:26:00 -0800] "GET //phpmyadmin/config/config.inc.php?p=phpinfo(); HTTP/1.1" 302 355 "-" "Mozilla/4.0 (compatible; MSIE 6.0; Windows 98)"
218.8.251.187 - - [07/Mar/2010:14:26:01 -0800] "GET //pma/config/config.inc.php?p=phpinfo(); HTTP/1.1" 302 355 "-" "Mozilla/4.0 (compatible; MSIE 6.0; Windows 98)"
218.8.251.187 - - [07/Mar/2010:14:26:05 -0800] "GET //dbadmin/config/config.inc.php?p=phpinfo(); HTTP/1.1" 302 355 "-" "Mozilla/4.0 (compatible; MSIE 6.0; Windows 98)"
218.8.251.187 - - [07/Mar/2010:14:26:05 -0800] "GET //mysql/config/config.inc.php?p=phpinfo(); HTTP/1.1" 302 355 "-" "Mozilla/4.0 (compatible; MSIE 6.0; Windows 98)"
218.8.251.187 - - [07/Mar/2010:14:26:06 -0800] "GET //php-my-admin/config/config.inc.php?p=phpinfo(); HTTP/1.1" 302 355 "-" "Mozilla/4.0 (compatible; MSIE 6.0; Windows 98)"
218.8.251.187 - - [07/Mar/2010:14:26:07 -0800] "GET //myadmin/config/config.inc.php?p=phpinfo(); HTTP/1.1" 302 355 "-" "Mozilla/4.0 (compatible; MSIE 6.0; Windows 98)"
218.8.251.187 - - [07/Mar/2010:14:26:07 -0800] "GET //PHPMYADMIN/config/config.inc.php?p=phpinfo(); HTTP/1.1" 302 355 "-" "Mozilla/4.0 (compatible; MSIE 6.0; Windows 98)"
218.8.251.187 - - [07/Mar/2010:14:26:08 -0800] "GET //phpMyAdmin/config/config.inc.php?p=phpinfo(); HTTP/1.1" 302 355 "-" "Mozilla/4.0 (compatible; MSIE 6.0; Windows 98)"
218.8.251.187 - - [07/Mar/2010:14:26:09 -0800] "GET //p/m/a/config/config.inc.php?p=phpinfo(); HTTP/1.1" 302 355 "-" "Mozilla/4.0 (compatible; MSIE 6.0; Windows 98)"
173.45.105.138 - - [07/Mar/2010:14:58:38 -0800] "GET /ferality-access.log HTTP/1.1" 200 753338 "-" "Mozilla/5.0 (Windows; U; Windows NT 5.2; en-US; rv:1.8.0.6) Gecko/20060728 Firefox/1.5.0.6"
66.249.68.171 - - [07/Mar/2010:15:04:03 -0800] "GET /ferality-error.log HTTP/1.1" 200 52984 "-" "Mozilla/5.0 (compatible; Googlebot/2.1; +http://www.google.com/bot.html)"
207.46.199.40 - - [07/Mar/2010:15:09:13 -0800] "GET /robots.txt HTTP/1.1" 302 360 "-" "msnbot/2.0b (+http://search.msn.com/msnbot.htm)"
207.46.199.40 - - [07/Mar/2010:15:14:29 -0800] "GET /robots.txt HTTP/1.1" 302 360 "-" "msnbot/2.0b (+http://search.msn.com/msnbot.htm)"
207.46.199.40 - - [07/Mar/2010:15:23:40 -0800] "GET /robots.txt HTTP/1.1" 302 360 "-" "msnbot/2.0b (+http://search.msn.com/msnbot.htm)"
94.102.63.60 - - [07/Mar/2010:15:26:35 -0800] "GET / HTTP/1.0" 200 5980 "http://aimtrust.com/aim/r/60008" "Mozilla/4.0 (compatible; MSIE 6.0; Windows NT 5.2; Win64; AMD64)"
89.159.206.159 - - [07/Mar/2010:15:31:15 -0800] "GET /browserbomb-access.log HTTP/1.0" 200 - "-" "Mozilla/5.0 (compatible; Googlebot/2.1; +http://www.google.com/bot.html)"
89.159.206.159 - - [07/Mar/2010:15:33:53 -0800] "GET /browserbomb-access.log HTTP/1.1" 200 - "-" "libwww-perl/5.826"
66.249.67.19 - - [07/Mar/2010:15:34:31 -0800] "GET /robots.txt HTTP/1.1" 302 359 "-" "Mozilla/5.0 (compatible; Googlebot/2.1; +http://www.google.com/bot.html)"
66.249.67.19 - - [07/Mar/2010:15:34:31 -0800] "GET /vaginacide-error.log HTTP/1.1" 200 5804 "-" "Mozilla/5.0 (compatible; Googlebot/2.1; +http://www.google.com/bot.html)"
207.46.199.40 - - [07/Mar/2010:15:36:43 -0800] "GET /robots.txt HTTP/1.1" 302 360 "-" "msnbot/2.0b (+http://search.msn.com/msnbot.htm)"
207.46.199.40 - - [07/Mar/2010:15:54:10 -0800] "GET /robots.txt HTTP/1.1" 302 360 "-" "msnbot/2.0b (+http://search.msn.com/msnbot.htm)"
188.194.63.107 - - [07/Mar/2010:16:11:32 -0800] "GET /ferality-access.log HTTP/1.0" 200 753338 "-" "Mozilla/4.0 (compatible; MSIE 6.0; Windows NT 5.1)"
207.46.199.40 - - [07/Mar/2010:16:15:39 -0800] "GET /robots.txt HTTP/1.1" 302 360 "-" "msnbot/2.0b (+http://search.msn.com/msnbot.htm)"
207.46.199.40 - - [07/Mar/2010:16:40:18 -0800] "GET /robots.txt HTTP/1.1" 302 360 "-" "msnbot/2.0b (+http://search.msn.com/msnbot.htm)"
207.46.199.40 - - [07/Mar/2010:17:08:38 -0800] "GET /robots.txt HTTP/1.1" 302 360 "-" "msnbot/2.0b (+http://search.msn.com/msnbot.htm)"
207.46.199.40 - - [07/Mar/2010:17:41:18 -0800] "GET /robots.txt HTTP/1.1" 302 360 "-" "msnbot/2.0b (+http://search.msn.com/msnbot.htm)"
207.46.199.40 - - [07/Mar/2010:18:18:39 -0800] "GET /robots.txt HTTP/1.1" 302 360 "-" "msnbot/2.0b (+http://search.msn.com/msnbot.htm)"
174.133.83.226 - - [07/Mar/2010:18:25:06 -0800] "GET / HTTP/1.1" 200 5981 "-" "Mozilla/4.0 (compatible; MSIE 6.0; Windows NT 5.0; .NET CLR 1.0.3705)"
66.249.68.171 - - [07/Mar/2010:18:54:48 -0800] "GET /robots.txt HTTP/1.1" 302 360 "-" "Mozilla/5.0 (compatible; Googlebot/2.1; +http://www.google.com/bot.html)"
66.249.68.171 - - [07/Mar/2010:18:54:48 -0800] "GET /gorgeworld-error.log HTTP/1.1" 200 31610 "-" "Mozilla/5.0 (compatible; Googlebot/2.1; +http://www.google.com/bot.html)"
207.46.199.40 - - [07/Mar/2010:18:59:02 -0800] "GET /robots.txt HTTP/1.1" 302 360 "-" "msnbot/2.0b (+http://search.msn.com/msnbot.htm)"
207.46.199.40 - - [07/Mar/2010:19:43:49 -0800] "GET /robots.txt HTTP/1.1" 302 360 "-" "msnbot/2.0b (+http://search.msn.com/msnbot.htm)"
207.46.199.40 - - [07/Mar/2010:19:44:36 -0800] "GET /jasoncmartin-error.log HTTP/1.1" 200 216402 "-" "msnbot/2.0b (+http://search.msn.com/msnbot.htm)"
66.249.68.171 - - [07/Mar/2010:22:51:43 -0800] "GET /paxnihilo-access.log HTTP/1.1" 200 14858 "-" "Mozilla/5.0 (compatible; Googlebot/2.1; +http://www.google.com/bot.html)"
93.158.148.31 - - [07/Mar/2010:22:58:32 -0800] "GET / HTTP/1.1" 200 5981 "-" "Yandex/1.01.001 (compatible; Win16; I)"
93.158.148.31 - - [07/Mar/2010:23:47:11 -0800] "GET /vaginacide-access.log HTTP/1.1" 200 19199 "-" "Yandex/1.01.001 (compatible; Win16; I)"
204.15.39.12 - - [08/Mar/2010:00:10:45 -0800] "HEAD / HTTP/1.1" 200 - "-" "Botslist Botfinder (+http://www.botslist.ca)"
204.15.39.12 - - [08/Mar/2010:00:10:46 -0800] "GET / HTTP/1.1" 206 5981 "-" "Botslist Botfinder (+http://www.botslist.ca)"
204.15.39.12 - - [08/Mar/2010:00:11:00 -0800] "HEAD /browserbomb-access.log HTTP/1.1" 304 - "-" "Botslist Botfinder (+http://www.botslist.ca)"
204.15.39.12 - - [08/Mar/2010:00:11:00 -0800] "HEAD /browserbomb-error.log HTTP/1.1" 304 - "-" "Botslist Botfinder (+http://www.botslist.ca)"
204.15.39.12 - - [08/Mar/2010:00:11:01 -0800] "HEAD /clownjuice-access.log HTTP/1.1" 206 - "-" "Botslist Botfinder (+http://www.botslist.ca)"
204.15.39.12 - - [08/Mar/2010:00:11:01 -0800] "GET /clownjuice-access.log HTTP/1.1" 206 119791 "-" "Botslist Botfinder (+http://www.botslist.ca)"
204.15.39.12 - - [08/Mar/2010:00:11:03 -0800] "HEAD /clownjuice-error.log HTTP/1.1" 206 - "-" "Botslist Botfinder (+http://www.botslist.ca)"
204.15.39.12 - - [08/Mar/2010:00:11:04 -0800] "GET /clownjuice-error.log HTTP/1.1" 206 55710 "-" "Botslist Botfinder (+http://www.botslist.ca)"
204.15.39.12 - - [08/Mar/2010:00:11:05 -0800] "HEAD /dustinharley-access.log HTTP/1.1" 206 - "-" "Botslist Botfinder (+http://www.botslist.ca)"
204.15.39.12 - - [08/Mar/2010:00:11:05 -0800] "GET /dustinharley-access.log HTTP/1.1" 206 468746 "-" "Botslist Botfinder (+http://www.botslist.ca)"
204.15.39.12 - - [08/Mar/2010:00:11:11 -0800] "HEAD /dustinharley-error.log HTTP/1.1" 206 - "-" "Botslist Botfinder (+http://www.botslist.ca)"
204.15.39.12 - - [08/Mar/2010:00:11:11 -0800] "GET /dustinharley-error.log HTTP/1.1" 206 49030 "-" "Botslist Botfinder (+http://www.botslist.ca)"
204.15.39.12 - - [08/Mar/2010:00:11:13 -0800] "HEAD /evilfuckers-access.log HTTP/1.1" 206 - "-" "Botslist Botfinder (+http://www.botslist.ca)"
204.15.39.12 - - [08/Mar/2010:00:11:13 -0800] "GET /evilfuckers-access.log HTTP/1.1" 206 158145 "-" "Botslist Botfinder (+http://www.botslist.ca)"
204.15.39.12 - - [08/Mar/2010:00:11:15 -0800] "HEAD /evilfuckers-error.log HTTP/1.1" 206 - "-" "Botslist Botfinder (+http://www.botslist.ca)"
204.15.39.12 - - [08/Mar/2010:00:11:16 -0800] "GET /evilfuckers-error.log HTTP/1.1" 206 46558 "-" "Botslist Botfinder (+http://www.botslist.ca)"
204.15.39.12 - - [08/Mar/2010:00:11:17 -0800] "HEAD /ferality-access.log HTTP/1.1" 206 - "-" "Botslist Botfinder (+http://www.botslist.ca)"
204.15.39.12 - - [08/Mar/2010:00:11:18 -0800] "GET /ferality-access.log HTTP/1.1" 206 757621 "-" "Botslist Botfinder (+http://www.botslist.ca)"
204.15.39.12 - - [08/Mar/2010:00:11:26 -0800] "HEAD /ferality-error.log HTTP/1.1" 206 - "-" "Botslist Botfinder (+http://www.botslist.ca)"
204.15.39.12 - - [08/Mar/2010:00:11:27 -0800] "GET /ferality-error.log HTTP/1.1" 206 53092 "-" "Botslist Botfinder (+http://www.botslist.ca)"
204.15.39.12 - - [08/Mar/2010:00:11:28 -0800] "HEAD /gorgeworld-access.log HTTP/1.1" 206 - "-" "Botslist Botfinder (+http://www.botslist.ca)"
204.15.39.12 - - [08/Mar/2010:00:11:29 -0800] "GET /gorgeworld-access.log HTTP/1.1" 206 108373 "-" "Botslist Botfinder (+http://www.botslist.ca)"
204.15.39.12 - - [08/Mar/2010:00:11:31 -0800] "HEAD /gorgeworld-error.log HTTP/1.1" 206 - "-" "Botslist Botfinder (+http://www.botslist.ca)"
204.15.39.12 - - [08/Mar/2010:00:11:32 -0800] "GET /gorgeworld-error.log HTTP/1.1" 206 31830 "-" "Botslist Botfinder (+http://www.botslist.ca)"
204.15.39.12 - - [08/Mar/2010:00:11:33 -0800] "HEAD /jasoncmartin-access.log HTTP/1.1" 206 - "-" "Botslist Botfinder (+http://www.botslist.ca)"
204.15.39.12 - - [08/Mar/2010:00:11:34 -0800] "GET /jasoncmartin-access.log HTTP/1.1" 206 585073 "-" "Botslist Botfinder (+http://www.botslist.ca)"
204.15.39.12 - - [08/Mar/2010:00:11:40 -0800] "HEAD /jasoncmartin-error.log HTTP/1.1" 206 - "-" "Botslist Botfinder (+http://www.botslist.ca)"
204.15.39.12 - - [08/Mar/2010:00:11:41 -0800] "GET /jasoncmartin-error.log HTTP/1.1" 206 217863 "-" "Botslist Botfinder (+http://www.botslist.ca)"
204.15.39.12 - - [08/Mar/2010:00:11:44 -0800] "HEAD /log-access.log HTTP/1.1" 206 - "-" "Botslist Botfinder (+http://www.botslist.ca)"
204.15.39.12 - - [08/Mar/2010:00:11:44 -0800] "GET /log-access.log HTTP/1.1" 206 487041 "-" "Botslist Botfinder (+http://www.botslist.ca)"
204.15.39.12 - - [08/Mar/2010:00:11:50 -0800] "HEAD /log-error.log HTTP/1.1" 206 - "-" "Botslist Botfinder (+http://www.botslist.ca)"
204.15.39.12 - - [08/Mar/2010:00:11:50 -0800] "GET /log-error.log HTTP/1.1" 206 181085 "-" "Botslist Botfinder (+http://www.botslist.ca)"
204.15.39.12 - - [08/Mar/2010:00:11:53 -0800] "HEAD /orbsucks-access.log HTTP/1.1" 206 - "-" "Botslist Botfinder (+http://www.botslist.ca)"
204.15.39.12 - - [08/Mar/2010:00:11:53 -0800] "GET /orbsucks-access.log HTTP/1.1" 206 530494 "-" "Botslist Botfinder (+http://www.botslist.ca)"
204.15.39.12 - - [08/Mar/2010:00:11:59 -0800] "HEAD /orbsucks-error.log HTTP/1.1" 206 - "-" "Botslist Botfinder (+http://www.botslist.ca)"
204.15.39.12 - - [08/Mar/2010:00:12:00 -0800] "GET /orbsucks-error.log HTTP/1.1" 206 96021 "-" "Botslist Botfinder (+http://www.botslist.ca)"
204.15.39.12 - - [08/Mar/2010:00:12:02 -0800] "HEAD /paxnihilo-access.log HTTP/1.1" 206 - "-" "Botslist Botfinder (+http://www.botslist.ca)"
204.15.39.12 - - [08/Mar/2010:00:12:02 -0800] "GET /paxnihilo-access.log HTTP/1.1" 206 14858 "-" "Botslist Botfinder (+http://www.botslist.ca)"
204.15.39.12 - - [08/Mar/2010:00:12:03 -0800] "HEAD /paxnihilo-error.log HTTP/1.1" 206 - "-" "Botslist Botfinder (+http://www.botslist.ca)"
204.15.39.12 - - [08/Mar/2010:00:12:12 -0800] "GET /paxnihilo-error.log HTTP/1.1" 206 3988 "-" "Botslist Botfinder (+http://www.botslist.ca)"
204.15.39.12 - - [08/Mar/2010:00:12:13 -0800] "HEAD /sharkbomb-access.log HTTP/1.1" 206 - "-" "Botslist Botfinder (+http://www.botslist.ca)"
204.15.39.12 - - [08/Mar/2010:00:12:13 -0800] "GET /sharkbomb-access.log HTTP/1.1" 206 361963 "-" "Botslist Botfinder (+http://www.botslist.ca)"
204.15.39.12 - - [08/Mar/2010:00:12:17 -0800] "HEAD /sharkbomb-error.log HTTP/1.1" 206 - "-" "Botslist Botfinder (+http://www.botslist.ca)"
204.15.39.12 - - [08/Mar/2010:00:12:18 -0800] "GET /sharkbomb-error.log HTTP/1.1" 206 16551 "-" "Botslist Botfinder (+http://www.botslist.ca)"
204.15.39.12 - - [08/Mar/2010:00:12:19 -0800] "HEAD /terhanian-access.log HTTP/1.1" 304 - "-" "Botslist Botfinder (+http://www.botslist.ca)"
204.15.39.12 - - [08/Mar/2010:00:12:19 -0800] "HEAD /terhanian-error.log HTTP/1.1" 304 - "-" "Botslist Botfinder (+http://www.botslist.ca)"
204.15.39.12 - - [08/Mar/2010:00:12:20 -0800] "HEAD /vaginacide-access.log HTTP/1.1" 206 - "-" "Botslist Botfinder (+http://www.botslist.ca)"
204.15.39.12 - - [08/Mar/2010:00:12:20 -0800] "GET /vaginacide-access.log HTTP/1.1" 206 19199 "-" "Botslist Botfinder (+http://www.botslist.ca)"
204.15.39.12 - - [08/Mar/2010:00:12:21 -0800] "HEAD /vaginacide-error.log HTTP/1.1" 206 - "-" "Botslist Botfinder (+http://www.botslist.ca)"
204.15.39.12 - - [08/Mar/2010:00:12:21 -0800] "GET /vaginacide-error.log HTTP/1.1" 206 5804 "-" "Botslist Botfinder (+http://www.botslist.ca)"
93.158.148.31 - - [08/Mar/2010:00:35:51 -0800] "GET /?C=M;O=D HTTP/1.1" 200 5981 "-" "Yandex/1.01.001 (compatible; Win16; I)"
93.158.148.31 - - [08/Mar/2010:01:24:31 -0800] "GET /paxnihilo-error.log HTTP/1.1" 200 3988 "-" "Yandex/1.01.001 (compatible; Win16; I)"
93.158.148.31 - - [08/Mar/2010:02:13:10 -0800] "GET /ferality-access.log HTTP/1.1" 200 758464 "-" "Yandex/1.01.001 (compatible; Win16; I)"
60.32.101.3 - - [08/Mar/2010:02:22:52 -0800] "GET /log-access.log/index.php HTTP/1.1" 302 360 "-" "Mozilla/5.0"
60.32.101.3 - - [08/Mar/2010:02:22:52 -0800] "GET /index.php HTTP/1.1" 302 360 "-" "Mozilla/5.0"
60.32.101.3 - - [08/Mar/2010:02:31:28 -0800] "GET /index.php HTTP/1.1" 302 360 "-" "Mozilla/5.0"
60.32.101.3 - - [08/Mar/2010:02:31:28 -0800] "GET /log-access.log/index.php HTTP/1.1" 302 360 "-" "Mozilla/5.0"
60.32.101.3 - - [08/Mar/2010:02:38:55 -0800] "GET /index.php HTTP/1.1" 302 360 "-" "Mozilla/5.0"
60.32.101.3 - - [08/Mar/2010:02:38:55 -0800] "GET /log-access.log/index.php HTTP/1.1" 302 360 "-" "Mozilla/5.0"
60.32.101.3 - - [08/Mar/2010:02:38:59 -0800] "GET /index.php HTTP/1.1" 302 360 "-" "Mozilla/5.0"
60.32.101.3 - - [08/Mar/2010:02:38:59 -0800] "GET /log-access.log/index.php HTTP/1.1" 302 360 "-" "Mozilla/5.0"
66.249.68.171 - - [08/Mar/2010:02:49:04 -0800] "GET /robots.txt HTTP/1.1" 302 360 "-" "Mozilla/5.0 (compatible; Googlebot/2.1; +http://www.google.com/bot.html)"
66.249.68.171 - - [08/Mar/2010:02:49:04 -0800] "GET /gorgeworld-access.log HTTP/1.1" 200 108373 "-" "Mozilla/5.0 (compatible; Googlebot/2.1; +http://www.google.com/bot.html)"
60.32.101.3 - - [08/Mar/2010:02:58:44 -0800] "GET /index.php HTTP/1.1" 302 360 "-" "Mozilla/5.0"
60.32.101.3 - - [08/Mar/2010:02:58:44 -0800] "GET /log-access.log/index.php HTTP/1.1" 302 360 "-" "Mozilla/5.0"
93.158.148.31 - - [08/Mar/2010:03:01:56 -0800] "GET /vaginacide-error.log HTTP/1.1" 200 5804 "-" "Yandex/1.01.001 (compatible; Win16; I)"
60.32.101.3 - - [08/Mar/2010:03:08:51 -0800] "GET /index.php HTTP/1.1" 302 360 "-" "Mozilla/5.0"
60.32.101.3 - - [08/Mar/2010:03:08:52 -0800] "GET /log-access.log/index.php HTTP/1.1" 302 360 "-" "Mozilla/5.0"
115.117.10.24 - - [08/Mar/2010:03:29:58 -0800] "GET /log.20081203/log-access.log HTTP/1.1" 302 360 "http://www.google.co.in/search?hl=en&q=%22GET+soapCaller.bs+HTTP%2F1.1%22+400+304+%22-%22+%22Morfeus+Fucking+Scanner%22+&btnG=Search&meta=&aq=f&oq=" "Mozilla/5.0 (Windows; U; Windows NT 5.1; en-US) AppleWebKit/532.5 (KHTML, like Gecko) Chrome/4.0.249.89 Safari/532.5"
115.117.10.24 - - [08/Mar/2010:03:30:50 -0800] "GET /log.20081203/log-access.log HTTP/1.1" 302 359 "http://www.google.co.in/search?hl=en&q=%22GET+soapCaller.bs+HTTP%2F1.1%22+400+304&btnG=Search&meta=&aq=f&oq=" "Mozilla/5.0 (Windows; U; Windows NT 5.1; en-US) AppleWebKit/532.5 (KHTML, like Gecko) Chrome/4.0.249.89 Safari/532.5"
66.249.68.171 - - [08/Mar/2010:03:35:56 -0800] "GET / HTTP/1.1" 200 5981 "-" "SAMSUNG-SGH-E250/1.0 Profile/MIDP-2.0 Configuration/CLDC-1.1 UP.Browser/6.2.3.3.c.1.101 (GUI) MMP/2.0 (compatible; Googlebot-Mobile/2.1; +http://www.google.com/bot.html)"
93.158.148.31 - - [08/Mar/2010:03:50:33 -0800] "GET /?C=N;O=D HTTP/1.1" 200 5981 "-" "Yandex/1.01.001 (compatible; Win16; I)"
67.218.116.162 - - [08/Mar/2010:04:22:34 -0800] "GET /robots.txt HTTP/1.1" 302 360 "-" "Mozilla/5.0 (Twiceler-0.9 http://www.cuil.com/twiceler/robot.html)"
120.50.56.229 - - [08/Mar/2010:05:19:46 -0800] "GET / HTTP/1.0" 200 5980 "http://e-jpic.co.jp/" "Mozilla/5.0 (Windows; U; Windows NT 6.0; ja; rv:1.9.2) Gecko/20100206 Firefox/3.6.0.5"
120.50.56.229 - - [08/Mar/2010:05:19:46 -0800] "GET /icons/text.gif HTTP/1.0" 200 229 "http://e-jpic.co.jp/" "Mozilla/5.0 (Windows; U; Windows NT 6.0; ja; rv:1.9.2) Gecko/20100206 Firefox/3.6.0.5"
120.50.56.229 - - [08/Mar/2010:05:19:46 -0800] "GET /icons/blank.gif HTTP/1.0" 200 148 "http://e-jpic.co.jp/" "Mozilla/5.0 (Windows; U; Windows NT 6.0; ja; rv:1.9.2) Gecko/20100206 Firefox/3.6.0.5"
120.50.56.229 - - [08/Mar/2010:05:19:47 -0800] "GET /favicon.ico HTTP/1.0" 302 359 "http://e-jpic.co.jp/" "Mozilla/5.0 (Windows; U; Windows NT 6.0; ja; rv:1.9.2) Gecko/20100206 Firefox/3.6.0.5"
120.50.56.229 - - [08/Mar/2010:05:19:51 -0800] "GET /favicon.ico HTTP/1.0" 302 359 "http://e-jpic.co.jp/" "Mozilla/5.0 (Windows; U; Windows NT 6.0; ja; rv:1.9.2) Gecko/20100206 Firefox/3.6.0.5"
120.50.56.229 - - [08/Mar/2010:05:20:09 -0800] "GET / HTTP/1.0" 200 5980 "http://e-jpic.co.jp/" "Mozilla/5.0 (Windows; U; Windows NT 6.0; ja; rv:1.9.2) Gecko/20100206 Firefox/3.6.0.5"
120.50.56.229 - - [08/Mar/2010:05:20:13 -0800] "GET /icons/blank.gif HTTP/1.0" 200 148 "http://e-jpic.co.jp/" "Mozilla/5.0 (Windows; U; Windows NT 6.0; ja; rv:1.9.2) Gecko/20100206 Firefox/3.6.0.5"
120.50.56.229 - - [08/Mar/2010:05:20:13 -0800] "GET /icons/text.gif HTTP/1.0" 200 229 "http://e-jpic.co.jp/" "Mozilla/5.0 (Windows; U; Windows NT 6.0; ja; rv:1.9.2) Gecko/20100206 Firefox/3.6.0.5"
120.50.56.229 - - [08/Mar/2010:05:20:14 -0800] "GET /favicon.ico HTTP/1.0" 302 359 "http://e-jpic.co.jp/" "Mozilla/5.0 (Windows; U; Windows NT 6.0; ja; rv:1.9.2) Gecko/20100206 Firefox/3.6.0.5"
120.50.56.229 - - [08/Mar/2010:05:20:16 -0800] "GET /favicon.ico HTTP/1.0" 302 359 "http://e-jpic.co.jp/" "Mozilla/5.0 (Windows; U; Windows NT 6.0; ja; rv:1.9.2) Gecko/20100206 Firefox/3.6.0.5"
207.46.195.237 - - [08/Mar/2010:05:54:21 -0800] "GET /robots.txt HTTP/1.1" 302 360 "-" "msnbot/2.0b (+http://search.msn.com/msnbot.htm)"
207.46.195.237 - - [08/Mar/2010:05:59:02 -0800] "GET /robots.txt HTTP/1.1" 302 360 "-" "msnbot/2.0b (+http://search.msn.com/msnbot.htm)"
207.46.195.237 - - [08/Mar/2010:06:08:09 -0800] "GET /robots.txt HTTP/1.1" 302 360 "-" "msnbot/2.0b (+http://search.msn.com/msnbot.htm)"
207.46.195.237 - - [08/Mar/2010:06:20:41 -0800] "GET /robots.txt HTTP/1.1" 302 360 "-" "msnbot/2.0b (+http://search.msn.com/msnbot.htm)"
207.46.195.237 - - [08/Mar/2010:06:37:43 -0800] "GET /robots.txt HTTP/1.1" 302 360 "-" "msnbot/2.0b (+http://search.msn.com/msnbot.htm)"
66.249.68.171 - - [08/Mar/2010:06:46:17 -0800] "GET /vaginacide-access.log HTTP/1.1" 200 19199 "-" "Mozilla/5.0 (compatible; Googlebot/2.1; +http://www.google.com/bot.html)"
207.46.195.237 - - [08/Mar/2010:06:58:22 -0800] "GET /robots.txt HTTP/1.1" 302 360 "-" "msnbot/2.0b (+http://search.msn.com/msnbot.htm)"
66.249.68.171 - - [08/Mar/2010:07:06:39 -0800] "GET /paxnihilo-error.log HTTP/1.1" 200 3988 "-" "Mozilla/5.0 (compatible; Googlebot/2.1; +http://www.google.com/bot.html)"
207.46.195.237 - - [08/Mar/2010:07:22:55 -0800] "GET /robots.txt HTTP/1.1" 302 360 "-" "msnbot/2.0b (+http://search.msn.com/msnbot.htm)"
62.252.24.130 - - [08/Mar/2010:07:32:01 -0800] "GET /clownjuice-access.log HTTP/1.1" 200 120821 "http://www.google.co.uk/search?hl=en&q=74.222.4.82&btnG=Search&meta=&aq=f&oq=" "Mozilla/5.0 (Macintosh; U; Intel Mac OS X 10_6_2; en-us) AppleWebKit/531.21.8 (KHTML, like Gecko) Version/4.0.4 Safari/531.21.10"
62.252.24.130 - - [08/Mar/2010:07:32:05 -0800] "GET /favicon.ico HTTP/1.1" 302 360 "http://unusualdischarge.com/clownjuice-access.log" "Mozilla/5.0 (Macintosh; U; Intel Mac OS X 10_6_2; en-us) AppleWebKit/531.21.8 (KHTML, like Gecko) Version/4.0.4 Safari/531.21.10"
207.46.195.237 - - [08/Mar/2010:07:52:40 -0800] "GET /robots.txt HTTP/1.1" 302 360 "-" "msnbot/2.0b (+http://search.msn.com/msnbot.htm)"
92.240.68.153 - - [08/Mar/2010:07:54:56 -0800] "GET http://img1.mypets.ws/img-298003.jpg HTTP/1.1" 302 354 "-" "webcollage/1.135a"
66.249.68.171 - - [08/Mar/2010:08:07:14 -0800] "GET /exvysmgauhthix.html HTTP/1.1" 302 360 "-" "Mozilla/5.0 (compatible; Googlebot/2.1; +http://www.google.com/bot.html)"
207.46.195.237 - - [08/Mar/2010:08:25:05 -0800] "GET /robots.txt HTTP/1.1" 302 360 "-" "msnbot/2.0b (+http://search.msn.com/msnbot.htm)"
207.46.195.237 - - [08/Mar/2010:09:02:07 -0800] "GET /robots.txt HTTP/1.1" 302 360 "-" "msnbot/2.0b (+http://search.msn.com/msnbot.htm)"
66.219.58.39 - - [08/Mar/2010:09:37:30 -0800] "GET /robots.txt HTTP/1.1" 302 360 "-" "MLBot (www.metadatalabs.com/mlbot)"
66.219.58.39 - - [08/Mar/2010:09:37:30 -0800] "GET / HTTP/1.1" 200 5981 "-" "MLBot (www.metadatalabs.com/mlbot)"
66.219.58.39 - - [08/Mar/2010:09:39:45 -0800] "GET /browserbomb-access.log HTTP/1.1" 200 - "-" "MLBot (www.metadatalabs.com/mlbot)"
66.219.58.39 - - [08/Mar/2010:09:41:29 -0800] "GET /browserbomb-error.log HTTP/1.1" 200 - "-" "MLBot (www.metadatalabs.com/mlbot)"
66.219.58.39 - - [08/Mar/2010:09:43:13 -0800] "GET /log-access.log HTTP/1.1" 200 498384 "-" "MLBot (www.metadatalabs.com/mlbot)"
207.46.195.237 - - [08/Mar/2010:09:43:14 -0800] "GET /robots.txt HTTP/1.1" 302 360 "-" "msnbot/2.0b (+http://search.msn.com/msnbot.htm)"
66.219.58.39 - - [08/Mar/2010:09:44:28 -0800] "GET /log-error.log HTTP/1.1" 200 185467 "-" "MLBot (www.metadatalabs.com/mlbot)"
66.219.58.39 - - [08/Mar/2010:09:45:44 -0800] "GET /orbsucks-access.log HTTP/1.1" 200 533985 "-" "MLBot (www.metadatalabs.com/mlbot)"
66.219.58.39 - - [08/Mar/2010:09:46:35 -0800] "GET /orbsucks-error.log HTTP/1.1" 200 96237 "-" "MLBot (www.metadatalabs.com/mlbot)"
66.219.58.39 - - [08/Mar/2010:09:47:27 -0800] "GET /paxnihilo-access.log HTTP/1.1" 200 14858 "-" "MLBot (www.metadatalabs.com/mlbot)"
