62.2.48.186 - - [12/Feb/2010:06:18:09 -0800] "GET /log-error.log HTTP/1.1" 200 51082 "-" "Mozilla/5.0 (X11; U; Linux i686; en; rv:1.9.1.7) Gecko/20080528 Epiphany/2.22 Firefox/3.5"
65.55.106.232 - - [12/Feb/2010:06:28:21 -0800] "GET /robots.txt HTTP/1.1" 302 360 "-" "msnbot/2.0b (+http://search.msn.com/msnbot.htm)"
65.55.106.232 - - [12/Feb/2010:06:42:49 -0800] "GET /robots.txt HTTP/1.1" 302 360 "-" "msnbot/2.0b (+http://search.msn.com/msnbot.htm)"
67.202.29.142 - - [12/Feb/2010:06:45:05 -0800] "GET /robots.txt HTTP/1.1" 302 360 "-" "Mozilla/5.0 (compatible; spbot/1.2; +http://www.seoprofiler.com/bot/ )"
67.202.29.142 - - [12/Feb/2010:06:45:06 -0800] "GET / HTTP/1.1" 200 5981 "-" "Mozilla/5.0 (compatible; spbot/1.2; +http://www.seoprofiler.com/bot/ )"
65.55.106.232 - - [12/Feb/2010:07:02:25 -0800] "GET /robots.txt HTTP/1.1" 302 360 "-" "msnbot/2.0b (+http://search.msn.com/msnbot.htm)"
216.129.119.12 - - [12/Feb/2010:07:19:42 -0800] "GET /robots.txt HTTP/1.1" 302 360 "-" "Mozilla/5.0 (Twiceler-0.9 http://www.cuil.com/twiceler/robot.html)"
65.55.106.232 - - [12/Feb/2010:07:26:09 -0800] "GET /robots.txt HTTP/1.1" 302 360 "-" "msnbot/2.0b (+http://search.msn.com/msnbot.htm)"
204.236.212.231 - - [12/Feb/2010:07:40:52 -0800] "GET /robots.txt HTTP/1.1" 302 360 "-" "Mozilla/5.0 (compatible; spbot/1.2; +http://www.seoprofiler.com/bot/ )"
204.236.212.231 - - [12/Feb/2010:07:40:53 -0800] "GET / HTTP/1.1" 200 5981 "-" "Mozilla/5.0 (compatible; spbot/1.2; +http://www.seoprofiler.com/bot/ )"
65.55.106.232 - - [12/Feb/2010:07:52:45 -0800] "GET /robots.txt HTTP/1.1" 302 360 "-" "msnbot/2.0b (+http://search.msn.com/msnbot.htm)"
174.129.136.94 - - [12/Feb/2010:07:58:12 -0800] "GET /robots.txt HTTP/1.1" 302 360 "-" "Mozilla/5.0 (compatible; spbot/1.2; +http://www.seoprofiler.com/bot/ )"
174.129.136.94 - - [12/Feb/2010:07:58:13 -0800] "GET / HTTP/1.1" 200 5981 "-" "Mozilla/5.0 (compatible; spbot/1.2; +http://www.seoprofiler.com/bot/ )"
74.222.4.218 - - [12/Feb/2010:08:15:22 -0800] "GET /robots.txt HTTP/1.0" 302 360 "http://unusualdischarge.com/robots.txt" "Mozilla/4.0 (compatible; MSIE 6.0; Windows NT 5.1; SV1; .NET CLR 2.0.50727)"
74.222.4.218 - - [12/Feb/2010:08:15:22 -0800] "GET / HTTP/1.0" 200 5981 "http://unusualdischarge.com/" "Mozilla/4.0 (compatible; MSIE 6.0; Windows NT 5.1; SV1; .NET CLR 2.0.50727)"
65.55.106.232 - - [12/Feb/2010:08:24:27 -0800] "GET /robots.txt HTTP/1.1" 302 360 "-" "msnbot/2.0b (+http://search.msn.com/msnbot.htm)"
204.236.241.141 - - [12/Feb/2010:08:43:06 -0800] "GET /robots.txt HTTP/1.1" 302 360 "-" "Mozilla/5.0 (compatible; spbot/1.2; +http://www.seoprofiler.com/bot/ )"
204.236.241.141 - - [12/Feb/2010:08:43:07 -0800] "GET / HTTP/1.1" 200 5981 "-" "Mozilla/5.0 (compatible; spbot/1.2; +http://www.seoprofiler.com/bot/ )"
65.55.106.232 - - [12/Feb/2010:08:59:38 -0800] "GET /robots.txt HTTP/1.1" 302 360 "-" "msnbot/2.0b (+http://search.msn.com/msnbot.htm)"
174.129.82.216 - - [12/Feb/2010:08:59:59 -0800] "GET /robots.txt HTTP/1.1" 302 360 "-" "Mozilla/5.0 (compatible; spbot/1.2; +http://www.seoprofiler.com/bot/ )"
174.129.82.216 - - [12/Feb/2010:09:00:00 -0800] "GET / HTTP/1.1" 200 5981 "-" "Mozilla/5.0 (compatible; spbot/1.2; +http://www.seoprofiler.com/bot/ )"
67.202.11.26 - - [12/Feb/2010:09:13:33 -0800] "GET /robots.txt HTTP/1.1" 302 360 "-" "Mozilla/5.0 (compatible; spbot/1.2; +http://www.seoprofiler.com/bot/ )"
67.202.11.26 - - [12/Feb/2010:09:13:33 -0800] "GET / HTTP/1.1" 200 5981 "-" "Mozilla/5.0 (compatible; spbot/1.2; +http://www.seoprofiler.com/bot/ )"
66.249.71.248 - - [12/Feb/2010:09:36:40 -0800] "GET /robots.txt HTTP/1.1" 302 360 "-" "Mozilla/5.0 (compatible; Googlebot/2.1; +http://www.google.com/bot.html)"
66.249.71.248 - - [12/Feb/2010:09:36:41 -0800] "GET /paxnihilo-access.log HTTP/1.1" 200 6341 "-" "Mozilla/5.0 (compatible; Googlebot/2.1; +http://www.google.com/bot.html)"
65.55.106.232 - - [12/Feb/2010:09:39:54 -0800] "GET /robots.txt HTTP/1.1" 302 360 "-" "msnbot/2.0b (+http://search.msn.com/msnbot.htm)"
70.131.118.232 - - [12/Feb/2010:09:43:57 -0800] "GET /clownjuice-access.log HTTP/1.1" 200 62348 "http://www.google.com/search?hl=en&q=seoprofiler+bot&aq=f&aqi=&oq=" "Mozilla/5.0 (Macintosh; U; PPC Mac OS X 10_4_11; en) AppleWebKit/531.21.8 (KHTML, like Gecko) Version/4.0.4 Safari/531.21.10"
70.131.118.232 - - [12/Feb/2010:09:43:58 -0800] "GET /favicon.ico HTTP/1.1" 302 360 "http://unusualdischarge.com/clownjuice-access.log" "Mozilla/5.0 (Macintosh; U; PPC Mac OS X 10_4_11; en) AppleWebKit/531.21.8 (KHTML, like Gecko) Version/4.0.4 Safari/531.21.10"
87.79.217.106 - - [12/Feb/2010:09:57:28 -0800] "GET /clownjuice-error.log HTTP/1.1" 200 29968 "-" "Mozilla/5.0 (Windows; U; Windows NT 5.1; de; rv:1.8.1.11) Gecko/20071127 Firefox/2.0.0.11"
174.129.107.185 - - [12/Feb/2010:10:07:14 -0800] "GET /robots.txt HTTP/1.1" 302 360 "-" "Mozilla/5.0 (compatible; spbot/1.2; +http://www.seoprofiler.com/bot/ )"
174.129.107.185 - - [12/Feb/2010:10:07:15 -0800] "GET / HTTP/1.1" 200 5981 "-" "Mozilla/5.0 (compatible; spbot/1.2; +http://www.seoprofiler.com/bot/ )"
204.236.211.119 - - [12/Feb/2010:10:18:40 -0800] "GET /robots.txt HTTP/1.1" 302 360 "-" "Mozilla/5.0 (compatible; spbot/1.2; +http://www.seoprofiler.com/bot/ )"
204.236.211.119 - - [12/Feb/2010:10:18:40 -0800] "GET / HTTP/1.1" 200 5981 "-" "Mozilla/5.0 (compatible; spbot/1.2; +http://www.seoprofiler.com/bot/ )"
72.44.53.29 - - [12/Feb/2010:10:23:36 -0800] "GET /robots.txt HTTP/1.1" 302 360 "-" "Mozilla/5.0 (compatible; spbot/1.2; +http://www.seoprofiler.com/bot/ )"
72.44.53.29 - - [12/Feb/2010:10:23:37 -0800] "GET / HTTP/1.1" 200 5981 "-" "Mozilla/5.0 (compatible; spbot/1.2; +http://www.seoprofiler.com/bot/ )"
65.55.106.232 - - [12/Feb/2010:10:41:29 -0800] "GET /robots.txt HTTP/1.1" 302 360 "-" "msnbot/2.0b (+http://search.msn.com/msnbot.htm)"
65.55.106.232 - - [12/Feb/2010:10:55:59 -0800] "GET /robots.txt HTTP/1.1" 302 360 "-" "msnbot/2.0b (+http://search.msn.com/msnbot.htm)"
65.55.106.232 - - [12/Feb/2010:11:14:13 -0800] "GET /robots.txt HTTP/1.1" 302 360 "-" "msnbot/2.0b (+http://search.msn.com/msnbot.htm)"
64.255.180.50 - - [12/Feb/2010:11:30:09 -0800] "GET /log-error.log HTTP/1.1" 200 53805 "http://www.google.com/search?hl=id&q=inurl%3Aerror.log+filetype%3Alog+site%3Acom&btnG=Telusuri&lr=&aq=f&oq=" "Opera/9.80 (Windows NT 5.1; U; en) Presto/2.2.15 Version/10.10"
65.55.106.232 - - [12/Feb/2010:11:35:45 -0800] "GET /robots.txt HTTP/1.1" 302 360 "-" "msnbot/2.0b (+http://search.msn.com/msnbot.htm)"
65.55.106.232 - - [12/Feb/2010:12:02:15 -0800] "GET /robots.txt HTTP/1.1" 302 360 "-" "msnbot/2.0b (+http://search.msn.com/msnbot.htm)"
75.101.179.141 - - [12/Feb/2010:12:15:35 -0800] "GET /robots.txt HTTP/1.1" 302 360 "-" "Mozilla/5.0 (compatible; spbot/1.2; +http://www.seoprofiler.com/bot/ )"
75.101.179.141 - - [12/Feb/2010:12:15:35 -0800] "GET / HTTP/1.1" 200 5981 "-" "Mozilla/5.0 (compatible; spbot/1.2; +http://www.seoprofiler.com/bot/ )"
65.55.106.232 - - [12/Feb/2010:12:32:41 -0800] "GET /robots.txt HTTP/1.1" 302 360 "-" "msnbot/2.0b (+http://search.msn.com/msnbot.htm)"
67.195.112.234 - - [12/Feb/2010:12:53:57 -0800] "GET /robots.txt HTTP/1.0" 302 360 "-" "Mozilla/5.0 (compatible; Yahoo! Slurp; http://help.yahoo.com/help/us/ysearch/slurp)"
67.195.112.234 - - [12/Feb/2010:12:53:58 -0800] "GET /index.php/photos/album/1/photo/2.html HTTP/1.0" 302 360 "-" "Mozilla/5.0 (compatible; Yahoo! Slurp/3.0; http://help.yahoo.com/help/us/ysearch/slurp)"
65.55.106.232 - - [12/Feb/2010:13:07:16 -0800] "GET /robots.txt HTTP/1.1" 302 360 "-" "msnbot/2.0b (+http://search.msn.com/msnbot.htm)"
66.225.225.224 - - [12/Feb/2010:13:26:14 -0800] "CONNECT 66.225.225.225:6667 HTTP/1.0" 405 373 "-" "-"
66.225.225.224 - - [12/Feb/2010:13:26:14 -0800] "POST http://66.225.225.225:6667/ HTTP/1.0" 302 356 "-" "-"
65.55.106.232 - - [12/Feb/2010:13:45:41 -0800] "GET /robots.txt HTTP/1.1" 302 360 "-" "msnbot/2.0b (+http://search.msn.com/msnbot.htm)"
174.129.72.66 - - [12/Feb/2010:13:49:16 -0800] "GET /robots.txt HTTP/1.1" 302 360 "-" "Mozilla/5.0 (compatible; spbot/1.2; +http://www.seoprofiler.com/bot/ )"
174.129.72.66 - - [12/Feb/2010:13:49:17 -0800] "GET / HTTP/1.1" 200 5981 "-" "Mozilla/5.0 (compatible; spbot/1.2; +http://www.seoprofiler.com/bot/ )"
62.75.218.97 - - [12/Feb/2010:14:05:26 -0800] "GET /robots.txt HTTP/1.0" 302 360 "-" "OpenAcoon v4.1.0 (www.openacoon.de)"
62.75.218.97 - - [12/Feb/2010:14:05:28 -0800] "GET / HTTP/1.0" 200 5981 "-" "OpenAcoon v4.1.0 (www.openacoon.de)"
66.249.71.17 - - [12/Feb/2010:14:54:05 -0800] "GET /robots.txt HTTP/1.1" 302 359 "-" "Mozilla/5.0 (compatible; Googlebot/2.1; +http://www.google.com/bot.html)"
66.249.71.17 - - [12/Feb/2010:14:54:06 -0800] "GET /paxnihilo-access.log HTTP/1.1" 200 6341 "-" "Mozilla/5.0 (compatible; Googlebot/2.1; +http://www.google.com/bot.html)"
67.202.42.161 - - [12/Feb/2010:15:02:11 -0800] "GET /robots.txt HTTP/1.1" 302 360 "-" "Mozilla/5.0 (compatible; spbot/1.2; +http://www.seoprofiler.com/bot/ )"
67.202.42.161 - - [12/Feb/2010:15:02:12 -0800] "GET / HTTP/1.1" 200 5981 "-" "Mozilla/5.0 (compatible; spbot/1.2; +http://www.seoprofiler.com/bot/ )"
65.55.106.232 - - [12/Feb/2010:15:12:20 -0800] "GET /robots.txt HTTP/1.1" 302 360 "-" "msnbot/2.0b (+http://search.msn.com/msnbot.htm)"
65.55.106.232 - - [12/Feb/2010:15:33:41 -0800] "GET /robots.txt HTTP/1.1" 302 360 "-" "msnbot/2.0b (+http://search.msn.com/msnbot.htm)"
89.159.209.249 - - [12/Feb/2010:15:36:13 -0800] "GET /browserbomb-access.log HTTP/1.0" 200 - "-" "Mozilla/5.0 (compatible; Googlebot/2.1; +http://www.google.com/bot.html)"
65.55.106.232 - - [12/Feb/2010:15:56:51 -0800] "GET /robots.txt HTTP/1.1" 302 360 "-" "msnbot/2.0b (+http://search.msn.com/msnbot.htm)"
65.55.106.232 - - [12/Feb/2010:16:23:25 -0800] "GET /robots.txt HTTP/1.1" 302 360 "-" "msnbot/2.0b (+http://search.msn.com/msnbot.htm)"
65.55.106.232 - - [12/Feb/2010:16:56:35 -0800] "GET /robots.txt HTTP/1.1" 302 360 "-" "msnbot/2.0b (+http://search.msn.com/msnbot.htm)"
65.55.106.232 - - [12/Feb/2010:17:32:02 -0800] "GET /robots.txt HTTP/1.1" 302 360 "-" "msnbot/2.0b (+http://search.msn.com/msnbot.htm)"
123.125.66.17 - - [12/Feb/2010:17:38:21 -0800] "GET /robots.txt HTTP/1.1" 302 360 "-" "Baiduspider+(+http://www.baidu.com/search/spider.htm)"
65.55.106.232 - - [12/Feb/2010:18:11:09 -0800] "GET /robots.txt HTTP/1.1" 302 360 "-" "msnbot/2.0b (+http://search.msn.com/msnbot.htm)"
65.55.106.232 - - [12/Feb/2010:18:53:32 -0800] "GET /robots.txt HTTP/1.1" 302 360 "-" "msnbot/2.0b (+http://search.msn.com/msnbot.htm)"
62.75.218.97 - - [12/Feb/2010:19:14:56 -0800] "GET /robots.txt HTTP/1.0" 302 360 "-" "OpenAcoon v4.1.0 (www.openacoon.de)"
62.75.218.97 - - [12/Feb/2010:19:14:56 -0800] "GET /log-access.log HTTP/1.0" 200 160296 "-" "OpenAcoon v4.1.0 (www.openacoon.de)"
62.75.218.97 - - [12/Feb/2010:20:09:43 -0800] "GET /sharkbomb-error.log HTTP/1.0" 200 11895 "-" "OpenAcoon v4.1.0 (www.openacoon.de)"
174.129.126.38 - - [12/Feb/2010:21:23:33 -0800] "GET /robots.txt HTTP/1.1" 302 360 "-" "Mozilla/5.0 (compatible; spbot/1.2; +http://www.seoprofiler.com/bot/ )"
174.129.126.38 - - [12/Feb/2010:21:23:34 -0800] "GET / HTTP/1.1" 200 5981 "-" "Mozilla/5.0 (compatible; spbot/1.2; +http://www.seoprofiler.com/bot/ )"
66.249.71.131 - - [12/Feb/2010:21:33:50 -0800] "GET /robots.txt HTTP/1.1" 302 359 "-" "Googlebot-Image/1.0"
66.249.71.131 - - [12/Feb/2010:21:33:50 -0800] "GET /icons/blank.gif HTTP/1.1" 304 - "-" "Googlebot-Image/1.0"
62.75.218.97 - - [12/Feb/2010:22:02:06 -0800] "GET /paxnihilo-error.log HTTP/1.0" 200 1495 "-" "OpenAcoon v4.1.0 (www.openacoon.de)"
204.236.245.5 - - [12/Feb/2010:22:47:30 -0800] "GET /robots.txt HTTP/1.1" 302 360 "-" "Mozilla/5.0 (compatible; spbot/1.2; +http://www.seoprofiler.com/bot/ )"
204.236.245.5 - - [12/Feb/2010:22:47:30 -0800] "GET / HTTP/1.1" 200 5981 "-" "Mozilla/5.0 (compatible; spbot/1.2; +http://www.seoprofiler.com/bot/ )"
127.0.0.1 - - [12/Feb/2010:22:47:32 -0800] "OPTIONS * HTTP/1.0" 200 - "-" "Apache/2.2.11 (FreeBSD) mod_ssl/2.2.11 OpenSSL/0.9.8e DAV/2 PHP/5.2.9 with Suhosin-Patch (internal dummy connection)"
75.101.230.83 - - [12/Feb/2010:22:58:47 -0800] "GET /robots.txt HTTP/1.1" 302 360 "-" "Mozilla/5.0 (compatible; spbot/1.2; +http://www.seoprofiler.com/bot/ )"
75.101.230.83 - - [12/Feb/2010:22:58:47 -0800] "GET / HTTP/1.1" 200 5981 "-" "Mozilla/5.0 (compatible; spbot/1.2; +http://www.seoprofiler.com/bot/ )"
127.0.0.1 - - [12/Feb/2010:22:58:49 -0800] "OPTIONS * HTTP/1.0" 200 - "-" "Apache/2.2.11 (FreeBSD) mod_ssl/2.2.11 OpenSSL/0.9.8e DAV/2 PHP/5.2.9 with Suhosin-Patch (internal dummy connection)"
62.75.218.97 - - [12/Feb/2010:23:03:49 -0800] "GET /jasoncmartin-access.log HTTP/1.0" 200 275137 "-" "OpenAcoon v4.1.0 (www.openacoon.de)"
204.236.244.231 - - [12/Feb/2010:23:25:21 -0800] "GET /robots.txt HTTP/1.1" 302 360 "-" "Mozilla/5.0 (compatible; spbot/1.2; +http://www.seoprofiler.com/bot/ )"
204.236.244.231 - - [12/Feb/2010:23:25:21 -0800] "GET / HTTP/1.1" 200 5981 "-" "Mozilla/5.0 (compatible; spbot/1.2; +http://www.seoprofiler.com/bot/ )"
62.75.218.97 - - [12/Feb/2010:23:49:35 -0800] "GET /ferality-error.log HTTP/1.0" 200 26175 "-" "OpenAcoon v4.1.0 (www.openacoon.de)"
75.101.172.174 - - [13/Feb/2010:00:01:23 -0800] "GET /robots.txt HTTP/1.1" 302 360 "-" "Mozilla/5.0 (compatible; spbot/1.2; +http://www.seoprofiler.com/bot/ )"
75.101.172.174 - - [13/Feb/2010:00:01:27 -0800] "GET / HTTP/1.1" 200 5981 "-" "Mozilla/5.0 (compatible; spbot/1.2; +http://www.seoprofiler.com/bot/ )"
62.75.218.97 - - [13/Feb/2010:00:05:41 -0800] "GET /dustinharley-error.log HTTP/1.0" 200 28212 "-" "OpenAcoon v4.1.0 (www.openacoon.de)"
95.108.142.138 - - [13/Feb/2010:00:44:31 -0800] "GET /robots.txt HTTP/1.1" 302 360 "-" "Yandex/1.01.001 (compatible; Win16; H)"
95.108.142.138 - - [13/Feb/2010:00:44:32 -0800] "GET / HTTP/1.1" 200 5981 "-" "Yandex/1.01.001 (compatible; Win16; H)"
95.108.142.138 - - [13/Feb/2010:00:44:35 -0800] "GET / HTTP/1.1" 200 5981 "-" "Yandex/1.01.001 (compatible; Win16; H)"
174.129.155.12 - - [13/Feb/2010:00:46:45 -0800] "GET /robots.txt HTTP/1.1" 302 360 "-" "Mozilla/5.0 (compatible; spbot/1.2; +http://www.seoprofiler.com/bot/ )"
174.129.155.12 - - [13/Feb/2010:00:46:46 -0800] "GET / HTTP/1.1" 200 5981 "-" "Mozilla/5.0 (compatible; spbot/1.2; +http://www.seoprofiler.com/bot/ )"
204.236.212.231 - - [13/Feb/2010:00:58:21 -0800] "GET /robots.txt HTTP/1.1" 302 360 "-" "Mozilla/5.0 (compatible; spbot/1.2; +http://www.seoprofiler.com/bot/ )"
204.236.212.231 - - [13/Feb/2010:00:58:21 -0800] "GET / HTTP/1.1" 200 5981 "-" "Mozilla/5.0 (compatible; spbot/1.2; +http://www.seoprofiler.com/bot/ )"
75.101.197.161 - - [13/Feb/2010:01:19:59 -0800] "GET /robots.txt HTTP/1.1" 302 360 "-" "Mozilla/5.0 (compatible; spbot/1.2; +http://www.seoprofiler.com/bot/ )"
75.101.197.161 - - [13/Feb/2010:01:19:59 -0800] "GET / HTTP/1.1" 200 5981 "-" "Mozilla/5.0 (compatible; spbot/1.2; +http://www.seoprofiler.com/bot/ )"
62.75.218.97 - - [13/Feb/2010:01:46:43 -0800] "GET /sharkbomb-access.log HTTP/1.0" 200 225707 "-" "OpenAcoon v4.1.0 (www.openacoon.de)"
62.75.218.97 - - [13/Feb/2010:01:54:40 -0800] "GET /orbsucks-error.log HTTP/1.0" 200 32376 "-" "OpenAcoon v4.1.0 (www.openacoon.de)"
208.80.193.31 - - [13/Feb/2010:01:58:06 -0800] "GET / HTTP/1.0" 200 5981 "-" "Mozilla/4.0 (compatible; MSIE 7.0; Windows NT 5.1; .NET CLR 1.1.4322; yplus 5.1.03b)"
174.129.64.213 - - [13/Feb/2010:02:26:43 -0800] "GET /robots.txt HTTP/1.1" 302 360 "-" "Mozilla/5.0 (compatible; spbot/1.2; +http://www.seoprofiler.com/bot/ )"
174.129.64.213 - - [13/Feb/2010:02:26:44 -0800] "GET / HTTP/1.1" 200 5981 "-" "Mozilla/5.0 (compatible; spbot/1.2; +http://www.seoprofiler.com/bot/ )"
75.101.216.126 - - [13/Feb/2010:03:55:58 -0800] "GET /robots.txt HTTP/1.1" 302 360 "-" "Mozilla/5.0 (compatible; spbot/1.2; +http://www.seoprofiler.com/bot/ )"
75.101.216.126 - - [13/Feb/2010:03:55:59 -0800] "GET / HTTP/1.1" 200 5981 "-" "Mozilla/5.0 (compatible; spbot/1.2; +http://www.seoprofiler.com/bot/ )"
127.0.0.1 - - [13/Feb/2010:03:56:00 -0800] "OPTIONS * HTTP/1.0" 200 - "-" "Apache/2.2.11 (FreeBSD) mod_ssl/2.2.11 OpenSSL/0.9.8e DAV/2 PHP/5.2.9 with Suhosin-Patch (internal dummy connection)"
75.101.214.102 - - [13/Feb/2010:04:19:36 -0800] "GET /robots.txt HTTP/1.1" 302 360 "-" "Mozilla/5.0 (compatible; spbot/1.2; +http://www.seoprofiler.com/bot/ )"
75.101.214.102 - - [13/Feb/2010:04:19:37 -0800] "GET / HTTP/1.1" 200 5981 "-" "Mozilla/5.0 (compatible; spbot/1.2; +http://www.seoprofiler.com/bot/ )"
75.101.168.14 - - [13/Feb/2010:04:39:46 -0800] "GET /robots.txt HTTP/1.1" 302 360 "-" "Mozilla/5.0 (compatible; spbot/1.2; +http://www.seoprofiler.com/bot/ )"
75.101.168.14 - - [13/Feb/2010:04:39:47 -0800] "GET / HTTP/1.1" 200 5981 "-" "Mozilla/5.0 (compatible; spbot/1.2; +http://www.seoprofiler.com/bot/ )"
67.202.0.31 - - [13/Feb/2010:04:42:42 -0800] "GET /robots.txt HTTP/1.1" 302 360 "-" "Mozilla/5.0 (compatible; spbot/1.2; +http://www.seoprofiler.com/bot/ )"
67.202.0.31 - - [13/Feb/2010:04:42:42 -0800] "GET / HTTP/1.1" 200 5981 "-" "Mozilla/5.0 (compatible; spbot/1.2; +http://www.seoprofiler.com/bot/ )"
174.129.159.143 - - [13/Feb/2010:05:14:11 -0800] "GET /robots.txt HTTP/1.1" 302 360 "-" "Mozilla/5.0 (compatible; spbot/1.2; +http://www.seoprofiler.com/bot/ )"
174.129.159.143 - - [13/Feb/2010:05:14:12 -0800] "GET / HTTP/1.1" 200 5981 "-" "Mozilla/5.0 (compatible; spbot/1.2; +http://www.seoprofiler.com/bot/ )"
204.236.221.147 - - [13/Feb/2010:05:20:18 -0800] "GET /robots.txt HTTP/1.1" 302 360 "-" "Mozilla/5.0 (compatible; spbot/1.2; +http://www.seoprofiler.com/bot/ )"
204.236.221.147 - - [13/Feb/2010:05:20:19 -0800] "GET / HTTP/1.1" 200 5981 "-" "Mozilla/5.0 (compatible; spbot/1.2; +http://www.seoprofiler.com/bot/ )"
62.75.218.97 - - [13/Feb/2010:05:54:49 -0800] "GET /vaginacide-access.log HTTP/1.0" 200 8022 "-" "OpenAcoon v4.1.0 (www.openacoon.de)"
174.129.61.74 - - [13/Feb/2010:06:05:53 -0800] "GET /robots.txt HTTP/1.1" 302 360 "-" "Mozilla/5.0 (compatible; spbot/1.2; +http://www.seoprofiler.com/bot/ )"
174.129.61.74 - - [13/Feb/2010:06:05:54 -0800] "GET / HTTP/1.1" 200 5981 "-" "Mozilla/5.0 (compatible; spbot/1.2; +http://www.seoprofiler.com/bot/ )"
75.101.179.97 - - [13/Feb/2010:06:48:40 -0800] "GET /robots.txt HTTP/1.1" 302 360 "-" "Mozilla/5.0 (compatible; spbot/1.2; +http://www.seoprofiler.com/bot/ )"
75.101.179.97 - - [13/Feb/2010:06:48:41 -0800] "GET / HTTP/1.1" 200 5981 "-" "Mozilla/5.0 (compatible; spbot/1.2; +http://www.seoprofiler.com/bot/ )"
62.75.218.97 - - [13/Feb/2010:06:52:36 -0800] "GET /gorgeworld-error.log HTTP/1.0" 200 18685 "-" "OpenAcoon v4.1.0 (www.openacoon.de)"
67.218.116.162 - - [13/Feb/2010:07:14:05 -0800] "GET /robots.txt HTTP/1.1" 302 360 "-" "Mozilla/5.0 (Twiceler-0.9 http://www.cuil.com/twiceler/robot.html)"
67.195.112.234 - - [13/Feb/2010:08:11:15 -0800] "GET /robots.txt HTTP/1.0" 302 360 "-" "Mozilla/5.0 (compatible; Yahoo! Slurp; http://help.yahoo.com/help/us/ysearch/slurp)"
67.195.112.234 - - [13/Feb/2010:08:11:17 -0800] "GET /index.php/photos/album/1/photo/2.html HTTP/1.0" 302 360 "-" "Mozilla/5.0 (compatible; Yahoo! Slurp/3.0; http://help.yahoo.com/help/us/ysearch/slurp)"
174.129.80.215 - - [13/Feb/2010:08:29:48 -0800] "GET /robots.txt HTTP/1.1" 302 360 "-" "Mozilla/5.0 (compatible; spbot/1.2; +http://www.seoprofiler.com/bot/ )"
174.129.80.215 - - [13/Feb/2010:08:29:48 -0800] "GET / HTTP/1.1" 200 5981 "-" "Mozilla/5.0 (compatible; spbot/1.2; +http://www.seoprofiler.com/bot/ )"
174.129.140.41 - - [13/Feb/2010:08:36:07 -0800] "GET /robots.txt HTTP/1.1" 302 360 "-" "Mozilla/5.0 (compatible; spbot/1.2; +http://www.seoprofiler.com/bot/ )"
174.129.140.41 - - [13/Feb/2010:08:36:08 -0800] "GET / HTTP/1.1" 200 5981 "-" "Mozilla/5.0 (compatible; spbot/1.2; +http://www.seoprofiler.com/bot/ )"
67.202.34.132 - - [13/Feb/2010:09:12:57 -0800] "GET /robots.txt HTTP/1.1" 302 360 "-" "Mozilla/5.0 (compatible; spbot/1.2; +http://www.seoprofiler.com/bot/ )"
67.202.34.132 - - [13/Feb/2010:09:12:57 -0800] "GET / HTTP/1.1" 200 5981 "-" "Mozilla/5.0 (compatible; spbot/1.2; +http://www.seoprofiler.com/bot/ )"
75.101.215.253 - - [13/Feb/2010:09:36:13 -0800] "GET /robots.txt HTTP/1.1" 302 360 "-" "Mozilla/5.0 (compatible; spbot/1.2; +http://www.seoprofiler.com/bot/ )"
75.101.215.253 - - [13/Feb/2010:09:36:14 -0800] "GET / HTTP/1.1" 200 5981 "-" "Mozilla/5.0 (compatible; spbot/1.2; +http://www.seoprofiler.com/bot/ )"
207.70.34.138 - - [13/Feb/2010:10:05:06 -0800] "GET / HTTP/1.1" 200 5976 "-" "Mozilla/4.0 (compatible; MSIE 6.0; Windows NT 5.0; DigExt)"
94.102.63.60 - - [13/Feb/2010:10:15:43 -0800] "GET / HTTP/1.0" 200 5980 "http://aimtrust.com/aim/r/60008" "Mozilla/4.0 (compatible; MSIE 6.0; Windows NT 5.0; KTXN)"
216.129.119.12 - - [13/Feb/2010:10:17:31 -0800] "GET /robots.txt HTTP/1.1" 302 360 "-" "Mozilla/5.0 (Twiceler-0.9 http://www.cuil.com/twiceler/robot.html)"
204.236.226.210 - - [13/Feb/2010:11:25:22 -0800] "GET /robots.txt HTTP/1.0" 302 360 "-" "ia_archiver (+http://www.alexa.com/site/help/webmasters; crawler@alexa.com)"
204.236.226.210 - - [13/Feb/2010:11:25:22 -0800] "GET /clownjuice-access.log HTTP/1.0" 200 74306 "-" "ia_archiver (+http://www.alexa.com/site/help/webmasters; crawler@alexa.com)"
92.142.52.225 - - [13/Feb/2010:12:11:51 -0800] "GET /ferality-error.log HTTP/1.1" 200 29537 "http://www.google.cn/search?client=aff-cs-worldbrowser&forid=1&ie=utf-8&oe=UTF-8&hl=zh-CN&q=93%2E158%2E148%2E31" "Mozilla/4.0 (compatible; MSIE 6.0; Windows NT 5.1; SV1; .NET CLR 2.0.50727; .NET CLR 3.0.4506.2152; .NET CLR 3.5.30729; TheWorld)"
92.142.52.225 - - [13/Feb/2010:12:11:56 -0800] "GET /favicon.ico HTTP/1.1" 302 360 "-" "Mozilla/4.0 (compatible; MSIE 6.0; Windows NT 5.1; SV1; .NET CLR 2.0.50727; .NET CLR 3.0.4506.2152; .NET CLR 3.5.30729; TheWorld)"
75.101.254.111 - - [13/Feb/2010:12:54:16 -0800] "GET /robots.txt HTTP/1.1" 302 360 "-" "Mozilla/5.0 (compatible; spbot/1.2; +http://www.seoprofiler.com/bot/ )"
75.101.254.111 - - [13/Feb/2010:12:54:17 -0800] "GET / HTTP/1.1" 200 5981 "-" "Mozilla/5.0 (compatible; spbot/1.2; +http://www.seoprofiler.com/bot/ )"
67.202.56.158 - - [13/Feb/2010:13:38:01 -0800] "GET /robots.txt HTTP/1.1" 302 360 "-" "Mozilla/5.0 (compatible; spbot/1.2; +http://www.seoprofiler.com/bot/ )"
67.202.56.158 - - [13/Feb/2010:13:38:01 -0800] "GET / HTTP/1.1" 200 5981 "-" "Mozilla/5.0 (compatible; spbot/1.2; +http://www.seoprofiler.com/bot/ )"
66.49.222.154 - - [13/Feb/2010:13:52:31 -0800] "GET HTTP/1.1 HTTP/1.1" 400 373 "-" "Toata dragostea mea pentru diavola"
66.49.222.154 - - [13/Feb/2010:13:52:31 -0800] "GET /domain_default_page/index.html HTTP/1.1" 302 355 "-" "Toata dragostea mea pentru diavola"
66.49.222.154 - - [13/Feb/2010:13:52:31 -0800] "GET /vhcs2/domain_default_page/index.html HTTP/1.1" 302 355 "-" "Toata dragostea mea pentru diavola"
174.129.144.34 - - [13/Feb/2010:13:57:03 -0800] "GET /robots.txt HTTP/1.1" 302 360 "-" "Mozilla/5.0 (compatible; spbot/1.2; +http://www.seoprofiler.com/bot/ )"
174.129.144.34 - - [13/Feb/2010:13:57:04 -0800] "GET / HTTP/1.1" 200 5981 "-" "Mozilla/5.0 (compatible; spbot/1.2; +http://www.seoprofiler.com/bot/ )"
207.241.227.83 - - [13/Feb/2010:14:30:40 -0800] "GET /robots.txt HTTP/1.1" 302 360 "-" "ia_archiver-web.archive.org"
66.249.71.152 - - [13/Feb/2010:15:33:54 -0800] "GET /robots.txt HTTP/1.1" 302 360 "-" "Mozilla/5.0 (compatible; Googlebot/2.1; +http://www.google.com/bot.html)"
66.249.71.152 - - [13/Feb/2010:15:33:54 -0800] "GET /vaginacide-access.log HTTP/1.1" 200 8022 "-" "Mozilla/5.0 (compatible; Googlebot/2.1; +http://www.google.com/bot.html)"
89.159.209.249 - - [13/Feb/2010:15:36:51 -0800] "GET /browserbomb-access.log HTTP/1.0" 200 - "-" "Mozilla/5.0 (compatible; Googlebot/2.1; +http://www.google.com/bot.html)"
123.125.66.51 - - [13/Feb/2010:17:37:15 -0800] "GET /robots.txt HTTP/1.1" 302 360 "-" "Baiduspider+(+http://www.baidu.com/search/spider.htm)"
60.241.124.141 - - [13/Feb/2010:18:52:13 -0800] "GET /paxnihilo-access.log HTTP/1.1" 200 6341 "http://www.google.com.au/url?sa=t&source=web&ct=res&cd=7&ved=0CBQQFjAG&url=http%3A%2F%2Funusualdischarge.com%2Fpaxnihilo-access.log&rct=j&q=198.186.192.44&ei=QGV3S9vUHoqA7QOG5aGoAw&usg=AFQjCNGhWebSCeiYbB-GbpNIrCdRsxd2Tg" "Mozilla/5.0 (Windows; U; Windows NT 6.1; en-GB; rv:1.9.1.7) Gecko/20091221 Firefox/3.5.7"
60.241.124.141 - - [13/Feb/2010:18:52:14 -0800] "GET /favicon.ico HTTP/1.1" 302 360 "-" "Mozilla/5.0 (Windows; U; Windows NT 6.1; en-GB; rv:1.9.1.7) Gecko/20091221 Firefox/3.5.7"
60.241.124.141 - - [13/Feb/2010:18:52:16 -0800] "GET /favicon.ico HTTP/1.1" 302 360 "-" "Mozilla/5.0 (Windows; U; Windows NT 6.1; en-GB; rv:1.9.1.7) Gecko/20091221 Firefox/3.5.7"
66.249.71.17 - - [13/Feb/2010:20:50:15 -0800] "GET /robots.txt HTTP/1.1" 302 359 "-" "Mozilla/5.0 (compatible; Googlebot/2.1; +http://www.google.com/bot.html)"
66.249.71.17 - - [13/Feb/2010:20:50:15 -0800] "GET /paxnihilo-error.log HTTP/1.1" 200 1495 "-" "Mozilla/5.0 (compatible; Googlebot/2.1; +http://www.google.com/bot.html)"
75.101.204.87 - - [13/Feb/2010:22:21:41 -0800] "GET /robots.txt HTTP/1.1" 302 360 "-" "Mozilla/5.0 (compatible; spbot/1.2; +http://www.seoprofiler.com/bot/ )"
75.101.204.87 - - [13/Feb/2010:22:21:42 -0800] "GET / HTTP/1.1" 200 5981 "-" "Mozilla/5.0 (compatible; spbot/1.2; +http://www.seoprofiler.com/bot/ )"
66.249.71.152 - - [13/Feb/2010:22:37:12 -0800] "GET /robots.txt HTTP/1.1" 302 360 "-" "Mozilla/5.0 (compatible; Googlebot/2.1; +http://www.google.com/bot.html)"
66.249.71.152 - - [13/Feb/2010:22:37:13 -0800] "GET /ferality-error.log HTTP/1.1" 200 30828 "-" "Mozilla/5.0 (compatible; Googlebot/2.1; +http://www.google.com/bot.html)"
75.101.218.170 - - [13/Feb/2010:23:01:17 -0800] "GET /robots.txt HTTP/1.1" 302 360 "-" "Mozilla/5.0 (compatible; spbot/1.2; +http://www.seoprofiler.com/bot/ )"
75.101.218.170 - - [13/Feb/2010:23:01:17 -0800] "GET / HTTP/1.1" 200 5981 "-" "Mozilla/5.0 (compatible; spbot/1.2; +http://www.seoprofiler.com/bot/ )"
66.249.71.152 - - [14/Feb/2010:00:24:10 -0800] "GET /gorgeworld-error.log HTTP/1.1" 200 20013 "-" "Mozilla/5.0 (compatible; Googlebot/2.1; +http://www.google.com/bot.html)"
66.249.71.152 - - [14/Feb/2010:02:10:51 -0800] "GET /evilfuckers-access.log HTTP/1.1" 200 82625 "-" "Mozilla/5.0 (compatible; Googlebot/2.1; +http://www.google.com/bot.html)"
67.218.116.162 - - [14/Feb/2010:03:18:34 -0800] "GET /robots.txt HTTP/1.1" 302 360 "-" "Mozilla/5.0 (Twiceler-0.9 http://www.cuil.com/twiceler/robot.html)"
75.101.204.87 - - [14/Feb/2010:04:01:11 -0800] "GET /robots.txt HTTP/1.1" 302 360 "-" "Mozilla/5.0 (compatible; spbot/1.2; +http://www.seoprofiler.com/bot/ )"
75.101.204.87 - - [14/Feb/2010:04:01:12 -0800] "GET / HTTP/1.1" 200 5981 "-" "Mozilla/5.0 (compatible; spbot/1.2; +http://www.seoprofiler.com/bot/ )"
94.224.188.98 - - [14/Feb/2010:05:42:36 -0800] "GET /sitemap.xml HTTP/1.1" 302 360 "-" "Mozilla/5.0 (Windows; U; Windows NT 5.1; nl; rv:1.9.1.7) Gecko/20091221 Firefox/3.5.7 (.NET CLR 3.5.30729)"
207.241.227.82 - - [14/Feb/2010:05:42:39 -0800] "GET /robots.txt HTTP/1.1" 302 360 "-" "ia_archiver-web.archive.org"
207.241.227.82 - - [14/Feb/2010:05:42:40 -0800] "GET /robots.txt HTTP/1.1" 302 360 "-" "ia_archiver-web.archive.org"
66.249.71.152 - - [14/Feb/2010:05:45:05 -0800] "GET /robots.txt HTTP/1.1" 302 360 "-" "Mozilla/5.0 (compatible; Googlebot/2.1; +http://www.google.com/bot.html)"
66.249.71.152 - - [14/Feb/2010:05:45:05 -0800] "GET /clownjuice-error.log HTTP/1.1" 200 36653 "-" "Mozilla/5.0 (compatible; Googlebot/2.1; +http://www.google.com/bot.html)"
89.143.227.11 - - [14/Feb/2010:06:53:03 -0800] "GET HTTP/1.1 HTTP/1.1" 400 373 "-" "Toata dragostea mea pentru diavola"
89.143.227.11 - - [14/Feb/2010:06:53:04 -0800] "GET /webmail/program/js/list.js HTTP/1.1" 302 355 "-" "Toata dragostea mea pentru diavola"
89.143.227.11 - - [14/Feb/2010:06:53:05 -0800] "GET /roundcube/program/js/list.js HTTP/1.1" 302 355 "-" "Toata dragostea mea pentru diavola"
89.143.227.11 - - [14/Feb/2010:06:53:05 -0800] "GET /rc/program/js/list.js HTTP/1.1" 302 355 "-" "Toata dragostea mea pentru diavola"
89.143.227.11 - - [14/Feb/2010:06:53:06 -0800] "GET /roundcubemail/program/js/list.js HTTP/1.1" 302 355 "-" "Toata dragostea mea pentru diavola"
89.143.227.11 - - [14/Feb/2010:06:53:06 -0800] "GET /mail/program/js/list.js HTTP/1.1" 302 355 "-" "Toata dragostea mea pentru diavola"
89.143.227.11 - - [14/Feb/2010:06:53:07 -0800] "GET /bin/program/js/list.js HTTP/1.1" 302 355 "-" "Toata dragostea mea pentru diavola"
89.143.227.11 - - [14/Feb/2010:06:53:07 -0800] "GET /roundcubemail-0.1/program/js/list.js HTTP/1.1" 302 355 "-" "Toata dragostea mea pentru diavola"
89.143.227.11 - - [14/Feb/2010:06:53:08 -0800] "GET /email/program/js/list.js HTTP/1.1" 302 355 "-" "Toata dragostea mea pentru diavola"
89.143.227.11 - - [14/Feb/2010:06:53:08 -0800] "GET /js/list.js HTTP/1.1" 302 355 "-" "Toata dragostea mea pentru diavola"
89.143.227.11 - - [14/Feb/2010:06:53:09 -0800] "GET /program/js/list.js HTTP/1.1" 302 355 "-" "Toata dragostea mea pentru diavola"
216.129.119.12 - - [14/Feb/2010:07:12:22 -0800] "GET /robots.txt HTTP/1.1" 302 360 "-" "Mozilla/5.0 (Twiceler-0.9 http://www.cuil.com/twiceler/robot.html)"
75.101.214.102 - - [14/Feb/2010:07:35:44 -0800] "GET /robots.txt HTTP/1.1" 302 360 "-" "Mozilla/5.0 (compatible; spbot/1.2; +http://www.seoprofiler.com/bot/ )"
75.101.214.102 - - [14/Feb/2010:07:35:45 -0800] "GET / HTTP/1.1" 200 5981 "-" "Mozilla/5.0 (compatible; spbot/1.2; +http://www.seoprofiler.com/bot/ )"
62.75.218.97 - - [14/Feb/2010:08:06:07 -0800] "GET /robots.txt HTTP/1.0" 302 360 "-" "OpenAcoon v4.1.0 (www.openacoon.de)"
62.75.218.97 - - [14/Feb/2010:08:06:07 -0800] "GET /clownjuice-error.log HTTP/1.0" 200 36986 "-" "OpenAcoon v4.1.0 (www.openacoon.de)"
174.129.126.38 - - [14/Feb/2010:08:09:45 -0800] "GET /robots.txt HTTP/1.1" 302 360 "-" "Mozilla/5.0 (compatible; spbot/1.2; +http://www.seoprofiler.com/bot/ )"
174.129.126.38 - - [14/Feb/2010:08:09:45 -0800] "GET / HTTP/1.1" 200 5981 "-" "Mozilla/5.0 (compatible; spbot/1.2; +http://www.seoprofiler.com/bot/ )"
64.56.66.210 - - [14/Feb/2010:08:12:14 -0800] "GET /robots.txt HTTP/1.0" 302 360 "http://unusualdischarge.com/robots.txt" "Mozilla/4.0 (compatible; MSIE 6.0; Windows NT 5.1; SV1; .NET CLR 2.0.50727)"
64.56.66.210 - - [14/Feb/2010:08:12:14 -0800] "GET / HTTP/1.0" 200 5981 "http://unusualdischarge.com/" "Mozilla/4.0 (compatible; MSIE 6.0; Windows NT 5.1; SV1; .NET CLR 2.0.50727)"
194.109.21.230 - - [14/Feb/2010:08:21:52 -0800] "CONNECT 194.109.153.5:11111 HTTP/1.0" 405 373 "-" "-"
194.109.21.230 - - [14/Feb/2010:08:21:52 -0800] "GET http://194.109.153.3/proxycheck.txt HTTP/1.0" 302 353 "-" "BOPM/3.1.3"
194.109.21.230 - - [14/Feb/2010:08:22:01 -0800] "POST http://194.109.153.5:11111/ HTTP/1.0" 302 356 "-" "-"
62.75.218.97 - - [14/Feb/2010:08:27:09 -0800] "GET /terhanian-access.log HTTP/1.0" 200 - "-" "OpenAcoon v4.1.0 (www.openacoon.de)"
62.75.218.97 - - [14/Feb/2010:08:35:24 -0800] "GET /browserbomb-error.log HTTP/1.0" 200 - "-" "OpenAcoon v4.1.0 (www.openacoon.de)"
94.41.188.25 - - [14/Feb/2010:09:14:37 -0800] "GET /evilfuckers-access.log HTTP/1.1" 200 85165 "http://www.google.ru/url?sa=t&source=web&ct=res&cd=9&ved=0CCMQFjAI&url=http%3A%2F%2Funusualdischarge.com%2Fevilfuckers-access.log&rct=j&q=%2Falbum1%2Fphoto.html&ei=1S54S6v1M5_qnAPpiZTFCQ&usg=AFQjCNHYK4iAtfZb-1VTrOdt5nds1m3cZg" "Mozilla/5.0 (Windows; U; Windows NT 5.1; ru; rv:1.9.2) Gecko/20100115 MRA 5.6 (build 03278) Firefox/3.6"
94.41.188.25 - - [14/Feb/2010:09:14:40 -0800] "GET /favicon.ico HTTP/1.1" 302 360 "-" "Mozilla/5.0 (Windows; U; Windows NT 5.1; ru; rv:1.9.2) Gecko/20100115 MRA 5.6 (build 03278) Firefox/3.6"
94.41.188.25 - - [14/Feb/2010:09:14:43 -0800] "GET /favicon.ico HTTP/1.1" 302 360 "-" "Mozilla/5.0 (Windows; U; Windows NT 5.1; ru; rv:1.9.2) Gecko/20100115 MRA 5.6 (build 03278) Firefox/3.6"
204.236.226.210 - - [14/Feb/2010:09:17:15 -0800] "GET /robots.txt HTTP/1.0" 302 359 "-" "ia_archiver (+http://www.alexa.com/site/help/webmasters; crawler@alexa.com)"
204.236.226.210 - - [14/Feb/2010:09:17:15 -0800] "GET /log.20081203/terhanian-error.log HTTP/1.0" 302 359 "-" "ia_archiver (+http://www.alexa.com/site/help/webmasters; crawler@alexa.com)"
66.249.71.152 - - [14/Feb/2010:09:19:06 -0800] "GET /robots.txt HTTP/1.1" 302 360 "-" "Mozilla/5.0 (compatible; Googlebot/2.1; +http://www.google.com/bot.html)"
66.249.71.152 - - [14/Feb/2010:09:19:06 -0800] "GET /clownjuice-access.log HTTP/1.1" 200 80028 "-" "Mozilla/5.0 (compatible; Googlebot/2.1; +http://www.google.com/bot.html)"
216.145.24.235 - - [14/Feb/2010:10:00:19 -0800] "GET / HTTP/1.1" 200 5976 "-" "Mozilla/4.0 (compatible; MSIE 6.0; Windows NT 5.0; DigExt)"
66.249.71.175 - - [14/Feb/2010:11:06:08 -0800] "GET /robots.txt HTTP/1.1" 302 360 "-" "Mozilla/5.0 (compatible; Googlebot/2.1; +http://www.google.com/bot.html)"
66.249.71.175 - - [14/Feb/2010:11:06:08 -0800] "GET /clownjuice-error.log HTTP/1.1" 200 37097 "-" "Mozilla/5.0 (compatible; Googlebot/2.1; +http://www.google.com/bot.html)"
174.129.106.91 - - [14/Feb/2010:13:02:06 -0800] "GET /robots.txt HTTP/1.1" 302 360 "-" "Mozilla/5.0 (compatible; spbot/1.2; +http://www.seoprofiler.com/bot/ )"
174.129.106.91 - - [14/Feb/2010:13:02:07 -0800] "GET / HTTP/1.1" 200 5981 "-" "Mozilla/5.0 (compatible; spbot/1.2; +http://www.seoprofiler.com/bot/ )"
174.129.103.67 - - [14/Feb/2010:13:14:21 -0800] "GET /robots.txt HTTP/1.1" 302 360 "-" "Mozilla/5.0 (compatible; spbot/1.2; +http://www.seoprofiler.com/bot/ )"
174.129.103.67 - - [14/Feb/2010:13:14:22 -0800] "GET / HTTP/1.1" 200 5981 "-" "Mozilla/5.0 (compatible; spbot/1.2; +http://www.seoprofiler.com/bot/ )"
67.202.0.31 - - [14/Feb/2010:13:43:01 -0800] "GET /robots.txt HTTP/1.1" 302 360 "-" "Mozilla/5.0 (compatible; spbot/1.2; +http://www.seoprofiler.com/bot/ )"
67.202.0.31 - - [14/Feb/2010:13:43:01 -0800] "GET / HTTP/1.1" 200 5981 "-" "Mozilla/5.0 (compatible; spbot/1.2; +http://www.seoprofiler.com/bot/ )"
67.195.112.234 - - [14/Feb/2010:13:58:03 -0800] "GET /robots.txt HTTP/1.0" 302 360 "-" "Mozilla/5.0 (compatible; Yahoo! Slurp; http://help.yahoo.com/help/us/ysearch/slurp)"
67.195.112.234 - - [14/Feb/2010:13:58:05 -0800] "GET /index.php/photos/album/1/photo/2.html HTTP/1.0" 302 360 "-" "Mozilla/5.0 (compatible; Yahoo! Slurp/3.0; http://help.yahoo.com/help/us/ysearch/slurp)"
75.101.234.148 - - [14/Feb/2010:14:28:40 -0800] "GET /robots.txt HTTP/1.1" 302 360 "-" "Mozilla/5.0 (compatible; spbot/1.2; +http://www.seoprofiler.com/bot/ )"
75.101.234.148 - - [14/Feb/2010:14:28:41 -0800] "GET / HTTP/1.1" 200 5981 "-" "Mozilla/5.0 (compatible; spbot/1.2; +http://www.seoprofiler.com/bot/ )"
66.249.71.175 - - [14/Feb/2010:14:39:27 -0800] "GET /ferality-error.log HTTP/1.1" 200 32711 "-" "Mozilla/5.0 (compatible; Googlebot/2.1; +http://www.google.com/bot.html)"
93.158.148.31 - - [14/Feb/2010:15:15:31 -0800] "GET /robots.txt HTTP/1.1" 302 360 "-" "Yandex/1.01.001 (compatible; Win16; I)"
89.159.209.249 - - [14/Feb/2010:15:34:59 -0800] "GET /browserbomb-access.log HTTP/1.1" 200 - "-" "libwww-perl/5.826"
89.159.209.249 - - [14/Feb/2010:15:37:10 -0800] "GET /browserbomb-access.log HTTP/1.0" 200 - "-" "Mozilla/5.0 (compatible; Googlebot/2.1; +http://www.google.com/bot.html)"
93.158.148.31 - - [14/Feb/2010:17:06:46 -0800] "GET /gorgeworld-error.log HTTP/1.1" 200 21049 "-" "Yandex/1.01.001 (compatible; Win16; I)"
93.158.148.31 - - [14/Feb/2010:17:06:49 -0800] "GET /vaginacide-error.log HTTP/1.1" 200 2413 "-" "Yandex/1.01.001 (compatible; Win16; I)"
221.143.46.206 - - [14/Feb/2010:17:09:39 -0800] "GET //phpmyadmin/config/config.inc.php?p=phpinfo(); HTTP/1.1" 302 355 "-" "Mozilla/4.0 (compatible; MSIE 6.0; Windows 98)"
221.143.46.206 - - [14/Feb/2010:17:09:40 -0800] "GET //pma/config/config.inc.php?p=phpinfo(); HTTP/1.1" 302 355 "-" "Mozilla/4.0 (compatible; MSIE 6.0; Windows 98)"
221.143.46.206 - - [14/Feb/2010:17:09:41 -0800] "GET //admin/config/config.inc.php?p=phpinfo(); HTTP/1.1" 302 355 "-" "Mozilla/4.0 (compatible; MSIE 6.0; Windows 98)"
221.143.46.206 - - [14/Feb/2010:17:09:41 -0800] "GET //dbadmin/config/config.inc.php?p=phpinfo(); HTTP/1.1" 302 355 "-" "Mozilla/4.0 (compatible; MSIE 6.0; Windows 98)"
221.143.46.206 - - [14/Feb/2010:17:09:42 -0800] "GET //mysql/config/config.inc.php?p=phpinfo(); HTTP/1.1" 302 355 "-" "Mozilla/4.0 (compatible; MSIE 6.0; Windows 98)"
221.143.46.206 - - [14/Feb/2010:17:09:43 -0800] "GET //php-my-admin/config/config.inc.php?p=phpinfo(); HTTP/1.1" 302 355 "-" "Mozilla/4.0 (compatible; MSIE 6.0; Windows 98)"
221.143.46.206 - - [14/Feb/2010:17:09:43 -0800] "GET //myadmin/config/config.inc.php?p=phpinfo(); HTTP/1.1" 302 355 "-" "Mozilla/4.0 (compatible; MSIE 6.0; Windows 98)"
221.143.46.206 - - [14/Feb/2010:17:09:44 -0800] "GET //PHPMYADMIN/config/config.inc.php?p=phpinfo(); HTTP/1.1" 302 355 "-" "Mozilla/4.0 (compatible; MSIE 6.0; Windows 98)"
221.143.46.206 - - [14/Feb/2010:17:09:45 -0800] "GET //phpMyAdmin/config/config.inc.php?p=phpinfo(); HTTP/1.1" 302 355 "-" "Mozilla/4.0 (compatible; MSIE 6.0; Windows 98)"
221.143.46.206 - - [14/Feb/2010:17:09:45 -0800] "GET //p/m/a/config/config.inc.php?p=phpinfo(); HTTP/1.1" 302 355 "-" "Mozilla/4.0 (compatible; MSIE 6.0; Windows 98)"
208.80.193.43 - - [14/Feb/2010:17:14:18 -0800] "GET / HTTP/1.0" 200 5981 "-" "Mozilla/4.0 (compatible; MSIE 6.0; Windows NT 5.1; SV1; NN5.1.2.0; FunWebProducts)"
123.125.66.30 - - [14/Feb/2010:17:25:34 -0800] "GET /robots.txt HTTP/1.1" 302 360 "-" "Baiduspider+(+http://www.baidu.com/search/spider.htm)"
72.44.53.29 - - [14/Feb/2010:17:51:08 -0800] "GET /robots.txt HTTP/1.1" 302 360 "-" "Mozilla/5.0 (compatible; spbot/1.2; +http://www.seoprofiler.com/bot/ )"
72.44.53.29 - - [14/Feb/2010:17:51:09 -0800] "GET / HTTP/1.1" 200 5981 "-" "Mozilla/5.0 (compatible; spbot/1.2; +http://www.seoprofiler.com/bot/ )"
66.249.71.175 - - [14/Feb/2010:18:13:14 -0800] "GET /robots.txt HTTP/1.1" 302 360 "-" "Mozilla/5.0 (compatible; Googlebot/2.1; +http://www.google.com/bot.html)"
66.249.71.175 - - [14/Feb/2010:18:13:15 -0800] "GET / HTTP/1.1" 200 5981 "-" "Mozilla/5.0 (compatible; Googlebot/2.1; +http://www.google.com/bot.html)"
93.158.148.31 - - [14/Feb/2010:18:37:05 -0800] "GET /log-access.log HTTP/1.1" 200 187691 "-" "Yandex/1.01.001 (compatible; Win16; I)"
67.202.34.132 - - [14/Feb/2010:18:50:36 -0800] "GET /robots.txt HTTP/1.1" 302 360 "-" "Mozilla/5.0 (compatible; spbot/1.2; +http://www.seoprofiler.com/bot/ )"
67.202.34.132 - - [14/Feb/2010:18:50:37 -0800] "GET / HTTP/1.1" 200 5981 "-" "Mozilla/5.0 (compatible; spbot/1.2; +http://www.seoprofiler.com/bot/ )"
66.249.71.175 - - [14/Feb/2010:19:18:15 -0800] "GET /favicon.ico HTTP/1.1" 302 360 "-" "Mozilla/5.0 (compatible; Googlebot/2.1; +http://www.google.com/bot.html)"
93.158.148.31 - - [14/Feb/2010:20:00:14 -0800] "GET /vaginacide-access.log HTTP/1.1" 200 8332 "-" "Yandex/1.01.001 (compatible; Win16; I)"
75.101.219.131 - - [14/Feb/2010:21:16:44 -0800] "GET /robots.txt HTTP/1.1" 302 360 "-" "Mozilla/5.0 (compatible; spbot/1.2; +http://www.seoprofiler.com/bot/ )"
75.101.219.131 - - [14/Feb/2010:21:16:45 -0800] "GET / HTTP/1.1" 200 5981 "-" "Mozilla/5.0 (compatible; spbot/1.2; +http://www.seoprofiler.com/bot/ )"
93.158.148.31 - - [14/Feb/2010:21:23:21 -0800] "GET /terhanian-access.log HTTP/1.1" 200 - "-" "Yandex/1.01.001 (compatible; Win16; I)"
66.249.71.175 - - [14/Feb/2010:22:05:35 -0800] "GET /flappygash-access.log HTTP/1.1" 302 360 "-" "Mozilla/5.0 (compatible; Googlebot/2.1; +http://www.google.com/bot.html)"
93.158.148.31 - - [14/Feb/2010:22:46:27 -0800] "GET /gorgeworld-access.log HTTP/1.1" 200 75486 "-" "Yandex/1.01.001 (compatible; Win16; I)"
204.236.212.138 - - [14/Feb/2010:23:26:24 -0800] "GET /robots.txt HTTP/1.1" 302 360 "-" "Mozilla/5.0 (compatible; spbot/1.2; +http://www.seoprofiler.com/bot/ )"
204.236.212.138 - - [14/Feb/2010:23:26:24 -0800] "GET / HTTP/1.1" 200 5981 "-" "Mozilla/5.0 (compatible; spbot/1.2; +http://www.seoprofiler.com/bot/ )"
75.101.216.126 - - [15/Feb/2010:00:08:31 -0800] "GET /robots.txt HTTP/1.1" 302 360 "-" "Mozilla/5.0 (compatible; spbot/1.2; +http://www.seoprofiler.com/bot/ )"
75.101.216.126 - - [15/Feb/2010:00:08:31 -0800] "GET / HTTP/1.1" 200 5981 "-" "Mozilla/5.0 (compatible; spbot/1.2; +http://www.seoprofiler.com/bot/ )"
93.158.148.31 - - [15/Feb/2010:00:09:35 -0800] "GET /sharkbomb-access.log HTTP/1.1" 200 243897 "-" "Yandex/1.01.001 (compatible; Win16; I)"
66.249.71.131 - - [15/Feb/2010:00:53:24 -0800] "GET /robots.txt HTTP/1.1" 302 359 "-" "Mozilla/5.0 (compatible; Googlebot/2.1; +http://www.google.com/bot.html)"
66.249.71.131 - - [15/Feb/2010:00:53:24 -0800] "GET /favicon.ico HTTP/1.1" 302 359 "-" "Mozilla/5.0 (compatible; Googlebot/2.1; +http://www.google.com/bot.html)"
93.158.148.31 - - [15/Feb/2010:01:32:47 -0800] "GET /jasoncmartin-error.log HTTP/1.1" 200 119409 "-" "Yandex/1.01.001 (compatible; Win16; I)"
207.70.3.141 - - [15/Feb/2010:01:43:45 -0800] "GET / HTTP/1.1" 200 5976 "-" "Mozilla/4.0 (compatible; MSIE 6.0; Windows NT 5.0; DigExt)"
87.188.188.117 - - [15/Feb/2010:02:24:27 -0800] "GET /log-error.log HTTP/1.1" 200 67855 "-" "Mozilla/4.0 (compatible; MSIE 7.0; Windows NT 5.1; .NET CLR 1.1.4322; FDM; .NET CLR 2.0.50727)"
67.218.116.162 - - [15/Feb/2010:02:54:42 -0800] "GET /robots.txt HTTP/1.1" 302 360 "-" "Mozilla/5.0 (Twiceler-0.9 http://www.cuil.com/twiceler/robot.html)"
93.158.148.31 - - [15/Feb/2010:02:55:53 -0800] "GET /ferality-access.log HTTP/1.1" 200 419859 "-" "Yandex/1.01.001 (compatible; Win16; I)"
94.248.195.52 - - [15/Feb/2010:03:16:34 -0800] "GET /ferality-error.log HTTP/1.1" 200 34530 "http://www.google.com/search?hl=hu&q=+heap+overflow+detected+%28attacker+%2766.249.67.3%27%2C+file+%27%27%29&btnG=Keres%C3%A9s&lr=&aq=f&oq=" "Mozilla/5.0 (X11; U; Linux i686; hu-HU; rv:1.9.0.16) Gecko/2009121610 Iceweasel/3.0.6 (Debian-3.0.6-3)"
94.248.195.52 - - [15/Feb/2010:03:16:36 -0800] "GET /favicon.ico HTTP/1.1" 302 359 "-" "Mozilla/5.0 (X11; U; Linux i686; hu-HU; rv:1.9.0.16) Gecko/2009121610 Iceweasel/3.0.6 (Debian-3.0.6-3)"
94.248.195.52 - - [15/Feb/2010:03:16:39 -0800] "GET /favicon.ico HTTP/1.1" 302 359 "-" "Mozilla/5.0 (X11; U; Linux i686; hu-HU; rv:1.9.0.16) Gecko/2009121610 Iceweasel/3.0.6 (Debian-3.0.6-3)"
66.249.71.131 - - [15/Feb/2010:03:40:35 -0800] "GET /flappygash-error.log HTTP/1.1" 302 359 "-" "Mozilla/5.0 (compatible; Googlebot/2.1; +http://www.google.com/bot.html)"
66.249.71.152 - - [15/Feb/2010:04:03:03 -0800] "GET /robots.txt HTTP/1.1" 302 360 "-" "Mozilla/5.0 (compatible; Googlebot/2.1; +http://www.google.com/bot.html)"
66.249.71.152 - - [15/Feb/2010:04:03:03 -0800] "GET /gorgeworld-access.log HTTP/1.1" 200 76409 "-" "Mozilla/5.0 (compatible; Googlebot/2.1; +http://www.google.com/bot.html)"
93.158.148.31 - - [15/Feb/2010:04:18:59 -0800] "GET /jasoncmartin-access.log HTTP/1.1" 200 312533 "-" "Yandex/1.01.001 (compatible; Win16; I)"
174.129.163.50 - - [15/Feb/2010:04:57:18 -0800] "GET /robots.txt HTTP/1.1" 302 360 "-" "Mozilla/5.0 (compatible; spbot/1.2; +http://www.seoprofiler.com/bot/ )"
174.129.163.50 - - [15/Feb/2010:04:57:19 -0800] "GET / HTTP/1.1" 200 5981 "-" "Mozilla/5.0 (compatible; spbot/1.2; +http://www.seoprofiler.com/bot/ )"
87.148.217.110 - - [15/Feb/2010:05:03:06 -0800] "GET /log-error.log HTTP/1.1" 200 68622 "-" "Mozilla/5.0 (Windows; U; Windows NT 5.1; de; rv:1.8.1.11) Gecko/20071127 Firefox/2.0.0.11"
93.158.148.31 - - [15/Feb/2010:05:42:02 -0800] "GET /dustinharley-access.log HTTP/1.1" 200 304520 "-" "Yandex/1.01.001 (compatible; Win16; I)"
205.203.134.197 - - [15/Feb/2010:05:57:05 -0800] "GET / HTTP/1.0" 200 5985 "-" "Mozilla/5.0 (compatible; Dow Jones Searchbot)"
205.203.134.197 - - [15/Feb/2010:05:57:06 -0800] "GET / HTTP/1.0" 200 5981 "-" "Mozilla/5.0 (compatible; Dow Jones Searchbot)"
93.158.148.31 - - [15/Feb/2010:06:23:38 -0800] "GET /ferality-error.log HTTP/1.1" 200 34639 "-" "Yandex/1.01.001 (compatible; Win16; I)"
66.249.71.17 - - [15/Feb/2010:06:27:26 -0800] "GET /robots.txt HTTP/1.1" 302 359 "-" "Mozilla/5.0 (compatible; Googlebot/2.1; +http://www.google.com/bot.html)"
66.249.71.17 - - [15/Feb/2010:06:27:26 -0800] "GET /favicon.ico HTTP/1.1" 302 359 "-" "Mozilla/5.0 (compatible; Googlebot/2.1; +http://www.google.com/bot.html)"
216.129.119.12 - - [15/Feb/2010:06:40:19 -0800] "GET /robots.txt HTTP/1.1" 302 360 "-" "Mozilla/5.0 (Twiceler-0.9 http://www.cuil.com/twiceler/robot.html)"
127.0.0.1 - - [15/Feb/2010:07:14:19 -0800] "OPTIONS * HTTP/1.0" 200 - "-" "Apache/2.2.11 (FreeBSD) mod_ssl/2.2.11 OpenSSL/0.9.8e DAV/2 PHP/5.2.9 with Suhosin-Patch (internal dummy connection)"
174.129.72.244 - - [15/Feb/2010:07:21:00 -0800] "GET /robots.txt HTTP/1.1" 302 360 "-" "Mozilla/5.0 (compatible; spbot/1.2; +http://www.seoprofiler.com/bot/ )"
174.129.72.244 - - [15/Feb/2010:07:21:00 -0800] "GET / HTTP/1.1" 200 5981 "-" "Mozilla/5.0 (compatible; spbot/1.2; +http://www.seoprofiler.com/bot/ )"
67.202.0.47 - - [15/Feb/2010:08:50:32 -0800] "GET /robots.txt HTTP/1.1" 302 360 "-" "Mozilla/5.0 (compatible; spbot/1.2; +http://www.seoprofiler.com/bot/ )"
67.202.0.47 - - [15/Feb/2010:08:50:32 -0800] "GET / HTTP/1.1" 200 5981 "-" "Mozilla/5.0 (compatible; spbot/1.2; +http://www.seoprofiler.com/bot/ )"
127.0.0.1 - - [15/Feb/2010:08:50:33 -0800] "OPTIONS * HTTP/1.0" 200 - "-" "Apache/2.2.11 (FreeBSD) mod_ssl/2.2.11 OpenSSL/0.9.8e DAV/2 PHP/5.2.9 with Suhosin-Patch (internal dummy connection)"
66.249.71.131 - - [15/Feb/2010:09:15:33 -0800] "GET /robots.txt HTTP/1.1" 302 359 "-" "Mozilla/5.0 (compatible; Googlebot/2.1; +http://www.google.com/bot.html)"
66.249.71.131 - - [15/Feb/2010:09:15:33 -0800] "GET /flappygash-access.log HTTP/1.1" 302 359 "-" "Mozilla/5.0 (compatible; Googlebot/2.1; +http://www.google.com/bot.html)"
195.128.18.19 - - [15/Feb/2010:10:06:40 -0800] "GET /robots.txt HTTP/1.0" 302 364 "-" "Mozilla/5.0 (compatible; aiHitBot/1.0; +http://www.aihit.com/)"
195.128.18.19 - - [15/Feb/2010:10:07:08 -0800] "GET / HTTP/1.0" 200 5985 "-" "Mozilla/5.0 (compatible; aiHitBot/1.0; +http://www.aihit.com/)"
195.128.18.19 - - [15/Feb/2010:10:07:20 -0800] "GET /?C=N;O=D HTTP/1.0" 200 5985 "-" "Mozilla/5.0 (compatible; aiHitBot/1.0; +http://www.aihit.com/)"
195.128.18.19 - - [15/Feb/2010:10:07:21 -0800] "GET /?C=M;O=A HTTP/1.0" 200 5985 "-" "Mozilla/5.0 (compatible; aiHitBot/1.0; +http://www.aihit.com/)"
195.128.18.19 - - [15/Feb/2010:10:07:27 -0800] "GET /?C=S;O=A HTTP/1.0" 200 5985 "-" "Mozilla/5.0 (compatible; aiHitBot/1.0; +http://www.aihit.com/)"
195.128.18.19 - - [15/Feb/2010:10:07:30 -0800] "GET /?C=D;O=A HTTP/1.0" 200 5985 "-" "Mozilla/5.0 (compatible; aiHitBot/1.0; +http://www.aihit.com/)"
195.128.18.19 - - [15/Feb/2010:10:07:33 -0800] "GET /?C=N;O=A HTTP/1.0" 200 5985 "-" "Mozilla/5.0 (compatible; aiHitBot/1.0; +http://www.aihit.com/)"
195.128.18.19 - - [15/Feb/2010:10:07:38 -0800] "GET /?C=M;O=D HTTP/1.0" 200 5985 "-" "Mozilla/5.0 (compatible; aiHitBot/1.0; +http://www.aihit.com/)"
195.128.18.19 - - [15/Feb/2010:10:07:42 -0800] "GET /?C=S;O=D HTTP/1.0" 200 5985 "-" "Mozilla/5.0 (compatible; aiHitBot/1.0; +http://www.aihit.com/)"
195.128.18.19 - - [15/Feb/2010:10:07:51 -0800] "GET /?C=D;O=D HTTP/1.0" 200 5985 "-" "Mozilla/5.0 (compatible; aiHitBot/1.0; +http://www.aihit.com/)"
195.128.18.19 - - [15/Feb/2010:10:07:53 -0800] "GET /log-error.log HTTP/1.0" 200 69456 "-" "Mozilla/5.0 (compatible; aiHitBot/1.0; +http://www.aihit.com/)"
195.128.18.19 - - [15/Feb/2010:10:08:04 -0800] "GET /log-access.log HTTP/1.0" 200 196905 "-" "Mozilla/5.0 (compatible; aiHitBot/1.0; +http://www.aihit.com/)"
195.128.18.19 - - [15/Feb/2010:10:08:05 -0800] "GET /ferality-error.log HTTP/1.0" 200 35178 "-" "Mozilla/5.0 (compatible; aiHitBot/1.0; +http://www.aihit.com/)"
195.128.18.19 - - [15/Feb/2010:10:08:42 -0800] "GET /orbsucks-error.log HTTP/1.0" 200 40762 "-" "Mozilla/5.0 (compatible; aiHitBot/1.0; +http://www.aihit.com/)"
195.128.18.19 - - [15/Feb/2010:10:08:48 -0800] "GET /ferality-access.log HTTP/1.0" 200 427395 "-" "Mozilla/5.0 (compatible; aiHitBot/1.0; +http://www.aihit.com/)"
195.128.18.19 - - [15/Feb/2010:10:08:49 -0800] "GET /orbsucks-access.log HTTP/1.0" 200 247701 "-" "Mozilla/5.0 (compatible; aiHitBot/1.0; +http://www.aihit.com/)"
195.128.18.19 - - [15/Feb/2010:10:08:52 -0800] "GET /paxnihilo-error.log HTTP/1.0" 200 1928 "-" "Mozilla/5.0 (compatible; aiHitBot/1.0; +http://www.aihit.com/)"
195.128.18.19 - - [15/Feb/2010:10:09:15 -0800] "GET /sharkbomb-error.log HTTP/1.0" 200 12417 "-" "Mozilla/5.0 (compatible; aiHitBot/1.0; +http://www.aihit.com/)"
195.128.18.19 - - [15/Feb/2010:10:09:22 -0800] "GET /terhanian-error.log HTTP/1.0" 200 - "-" "Mozilla/5.0 (compatible; aiHitBot/1.0; +http://www.aihit.com/)"
195.128.18.19 - - [15/Feb/2010:10:09:39 -0800] "GET /clownjuice-error.log HTTP/1.0" 200 39194 "-" "Mozilla/5.0 (compatible; aiHitBot/1.0; +http://www.aihit.com/)"
195.128.18.19 - - [15/Feb/2010:10:09:46 -0800] "GET /gorgeworld-error.log HTTP/1.0" 200 21934 "-" "Mozilla/5.0 (compatible; aiHitBot/1.0; +http://www.aihit.com/)"
195.128.18.19 - - [15/Feb/2010:10:09:55 -0800] "GET /paxnihilo-access.log HTTP/1.0" 200 7877 "-" "Mozilla/5.0 (compatible; aiHitBot/1.0; +http://www.aihit.com/)"
195.128.18.19 - - [15/Feb/2010:10:10:00 -0800] "GET /sharkbomb-access.log HTTP/1.0" 200 246525 "-" "Mozilla/5.0 (compatible; aiHitBot/1.0; +http://www.aihit.com/)"
174.129.127.87 - - [15/Feb/2010:10:10:05 -0800] "GET /robots.txt HTTP/1.1" 302 360 "-" "Mozilla/5.0 (compatible; spbot/1.2; +http://www.seoprofiler.com/bot/ )"
174.129.127.87 - - [15/Feb/2010:10:10:05 -0800] "GET / HTTP/1.1" 200 5981 "-" "Mozilla/5.0 (compatible; spbot/1.2; +http://www.seoprofiler.com/bot/ )"
195.128.18.19 - - [15/Feb/2010:10:10:06 -0800] "GET /terhanian-access.log HTTP/1.0" 200 - "-" "Mozilla/5.0 (compatible; aiHitBot/1.0; +http://www.aihit.com/)"
195.128.18.19 - - [15/Feb/2010:10:10:59 -0800] "GET /vaginacide-error.log HTTP/1.0" 200 2523 "-" "Mozilla/5.0 (compatible; aiHitBot/1.0; +http://www.aihit.com/)"
195.128.18.19 - - [15/Feb/2010:10:11:15 -0800] "GET /browserbomb-error.log HTTP/1.0" 200 - "-" "Mozilla/5.0 (compatible; aiHitBot/1.0; +http://www.aihit.com/)"
