195.128.18.19 - - [15/Feb/2010:10:11:41 -0800] "GET /clownjuice-access.log HTTP/1.0" 200 86128 "-" "Mozilla/5.0 (compatible; aiHitBot/1.0; +http://www.aihit.com/)"
195.128.18.19 - - [15/Feb/2010:10:11:43 -0800] "GET /evilfuckers-error.log HTTP/1.0" 200 25745 "-" "Mozilla/5.0 (compatible; aiHitBot/1.0; +http://www.aihit.com/)"
195.128.18.19 - - [15/Feb/2010:10:11:55 -0800] "GET /gorgeworld-access.log HTTP/1.0" 200 78396 "-" "Mozilla/5.0 (compatible; aiHitBot/1.0; +http://www.aihit.com/)"
195.128.18.19 - - [15/Feb/2010:10:11:59 -0800] "GET /vaginacide-access.log HTTP/1.0" 200 8670 "-" "Mozilla/5.0 (compatible; aiHitBot/1.0; +http://www.aihit.com/)"
195.128.18.19 - - [15/Feb/2010:10:12:05 -0800] "GET /browserbomb-access.log HTTP/1.0" 200 - "-" "Mozilla/5.0 (compatible; aiHitBot/1.0; +http://www.aihit.com/)"
195.128.18.19 - - [15/Feb/2010:10:12:08 -0800] "GET /dustinharley-error.log HTTP/1.0" 200 37704 "-" "Mozilla/5.0 (compatible; aiHitBot/1.0; +http://www.aihit.com/)"
195.128.18.19 - - [15/Feb/2010:10:12:14 -0800] "GET /evilfuckers-access.log HTTP/1.0" 200 88110 "-" "Mozilla/5.0 (compatible; aiHitBot/1.0; +http://www.aihit.com/)"
195.128.18.19 - - [15/Feb/2010:10:12:17 -0800] "GET /jasoncmartin-error.log HTTP/1.0" 200 121843 "-" "Mozilla/5.0 (compatible; aiHitBot/1.0; +http://www.aihit.com/)"
195.128.18.19 - - [15/Feb/2010:10:12:29 -0800] "GET /dustinharley-access.log HTTP/1.0" 200 316544 "-" "Mozilla/5.0 (compatible; aiHitBot/1.0; +http://www.aihit.com/)"
195.128.18.19 - - [15/Feb/2010:10:12:33 -0800] "GET /jasoncmartin-access.log HTTP/1.0" 200 317911 "-" "Mozilla/5.0 (compatible; aiHitBot/1.0; +http://www.aihit.com/)"
195.128.18.19 - - [15/Feb/2010:10:12:56 -0800] "GET /sitemap/ HTTP/1.0" 302 364 "-" "Mozilla/5.0 (compatible; aiHitBot/1.0; +http://www.aihit.com/)"
195.128.18.19 - - [15/Feb/2010:10:13:02 -0800] "GET /sitemap.xml HTTP/1.0" 302 364 "-" "Mozilla/5.0 (compatible; aiHitBot/1.0; +http://www.aihit.com/)"
195.128.18.19 - - [15/Feb/2010:10:13:14 -0800] "GET /sitemap.xml.gz HTTP/1.0" 302 364 "-" "Mozilla/5.0 (compatible; aiHitBot/1.0; +http://www.aihit.com/)"
195.128.18.19 - - [15/Feb/2010:10:13:25 -0800] "GET /google_sitemap.xml HTTP/1.0" 302 364 "-" "Mozilla/5.0 (compatible; aiHitBot/1.0; +http://www.aihit.com/)"
195.128.18.19 - - [15/Feb/2010:10:13:34 -0800] "GET /google_sitemap.xml.gz HTTP/1.0" 302 364 "-" "Mozilla/5.0 (compatible; aiHitBot/1.0; +http://www.aihit.com/)"
72.44.61.170 - - [15/Feb/2010:10:31:18 -0800] "GET /robots.txt HTTP/1.1" 302 360 "-" "Mozilla/5.0 (compatible; spbot/1.2; +http://www.seoprofiler.com/bot/ )"
72.44.61.170 - - [15/Feb/2010:10:31:18 -0800] "GET / HTTP/1.1" 200 5981 "-" "Mozilla/5.0 (compatible; spbot/1.2; +http://www.seoprofiler.com/bot/ )"
174.129.80.172 - - [15/Feb/2010:10:43:32 -0800] "GET /robots.txt HTTP/1.1" 302 360 "-" "Mozilla/5.0 (compatible; spbot/1.2; +http://www.seoprofiler.com/bot/ )"
174.129.80.172 - - [15/Feb/2010:10:43:33 -0800] "GET / HTTP/1.1" 200 5981 "-" "Mozilla/5.0 (compatible; spbot/1.2; +http://www.seoprofiler.com/bot/ )"
67.19.79.218 - - [15/Feb/2010:11:28:20 -0800] "GET /robots.txt HTTP/1.0" 302 357 "-" "Mozilla/4.0 (compatible; MSIE 5.01; Windows NT)"
66.249.71.17 - - [15/Feb/2010:12:03:16 -0800] "GET /flappygash-access.log HTTP/1.1" 302 359 "-" "Mozilla/5.0 (compatible; Googlebot/2.1; +http://www.google.com/bot.html)"
204.236.221.147 - - [15/Feb/2010:12:25:34 -0800] "GET /robots.txt HTTP/1.1" 302 360 "-" "Mozilla/5.0 (compatible; spbot/1.2; +http://www.seoprofiler.com/bot/ )"
204.236.221.147 - - [15/Feb/2010:12:25:38 -0800] "GET / HTTP/1.1" 200 5981 "-" "Mozilla/5.0 (compatible; spbot/1.2; +http://www.seoprofiler.com/bot/ )"
66.249.71.152 - - [15/Feb/2010:13:35:32 -0800] "GET /robots.txt HTTP/1.1" 302 360 "-" "Mozilla/5.0 (compatible; Googlebot/2.1; +http://www.google.com/bot.html)"
66.249.71.152 - - [15/Feb/2010:13:35:32 -0800] "GET /orbsucks-error.log HTTP/1.1" 200 41197 "-" "Mozilla/5.0 (compatible; Googlebot/2.1; +http://www.google.com/bot.html)"
89.159.209.249 - - [15/Feb/2010:15:37:38 -0800] "GET /browserbomb-access.log HTTP/1.0" 200 - "-" "Mozilla/5.0 (compatible; Googlebot/2.1; +http://www.google.com/bot.html)"
66.249.71.175 - - [15/Feb/2010:16:06:34 -0800] "GET /robots.txt HTTP/1.1" 302 360 "-" "Mozilla/5.0 (compatible; Googlebot/2.1; +http://www.google.com/bot.html)"
66.249.71.175 - - [15/Feb/2010:16:06:35 -0800] "GET /log.20080919/sharkbomb-error.log HTTP/1.1" 302 360 "-" "Mozilla/5.0 (compatible; Googlebot/2.1; +http://www.google.com/bot.html)"
174.129.34.45 - - [15/Feb/2010:16:11:46 -0800] "GET //phpmyadmin/config/config.inc.php?p=phpinfo(); HTTP/1.1" 302 355 "-" "Mozilla/4.0 (compatible; MSIE 6.0; Windows 98)"
174.129.34.45 - - [15/Feb/2010:16:11:46 -0800] "GET //pma/config/config.inc.php?p=phpinfo(); HTTP/1.1" 302 355 "-" "Mozilla/4.0 (compatible; MSIE 6.0; Windows 98)"
174.129.34.45 - - [15/Feb/2010:16:11:46 -0800] "GET //admin/config/config.inc.php?p=phpinfo(); HTTP/1.1" 302 355 "-" "Mozilla/4.0 (compatible; MSIE 6.0; Windows 98)"
174.129.34.45 - - [15/Feb/2010:16:11:47 -0800] "GET //dbadmin/config/config.inc.php?p=phpinfo(); HTTP/1.1" 302 355 "-" "Mozilla/4.0 (compatible; MSIE 6.0; Windows 98)"
174.129.34.45 - - [15/Feb/2010:16:11:47 -0800] "GET //mysql/config/config.inc.php?p=phpinfo(); HTTP/1.1" 302 355 "-" "Mozilla/4.0 (compatible; MSIE 6.0; Windows 98)"
174.129.34.45 - - [15/Feb/2010:16:11:47 -0800] "GET //php-my-admin/config/config.inc.php?p=phpinfo(); HTTP/1.1" 302 355 "-" "Mozilla/4.0 (compatible; MSIE 6.0; Windows 98)"
174.129.34.45 - - [15/Feb/2010:16:11:47 -0800] "GET //myadmin/config/config.inc.php?p=phpinfo(); HTTP/1.1" 302 355 "-" "Mozilla/4.0 (compatible; MSIE 6.0; Windows 98)"
174.129.34.45 - - [15/Feb/2010:16:11:48 -0800] "GET //PHPMYADMIN/config/config.inc.php?p=phpinfo(); HTTP/1.1" 302 355 "-" "Mozilla/4.0 (compatible; MSIE 6.0; Windows 98)"
174.129.34.45 - - [15/Feb/2010:16:11:48 -0800] "GET //phpMyAdmin/config/config.inc.php?p=phpinfo(); HTTP/1.1" 302 355 "-" "Mozilla/4.0 (compatible; MSIE 6.0; Windows 98)"
174.129.34.45 - - [15/Feb/2010:16:11:48 -0800] "GET //p/m/a/config/config.inc.php?p=phpinfo(); HTTP/1.1" 302 355 "-" "Mozilla/4.0 (compatible; MSIE 6.0; Windows 98)"
127.0.0.1 - - [15/Feb/2010:16:11:49 -0800] "OPTIONS * HTTP/1.0" 200 - "-" "Apache/2.2.11 (FreeBSD) mod_ssl/2.2.11 OpenSSL/0.9.8e DAV/2 PHP/5.2.9 with Suhosin-Patch (internal dummy connection)"
66.249.71.152 - - [15/Feb/2010:17:24:55 -0800] "GET /robots.txt HTTP/1.1" 302 360 "-" "Mozilla/5.0 (compatible; Googlebot/2.1; +http://www.google.com/bot.html)"
66.249.71.152 - - [15/Feb/2010:17:24:55 -0800] "GET /dustinharley-error.log HTTP/1.1" 200 38155 "-" "Mozilla/5.0 (compatible; Googlebot/2.1; +http://www.google.com/bot.html)"
123.125.66.19 - - [15/Feb/2010:17:30:44 -0800] "GET /robots.txt HTTP/1.1" 302 360 "-" "Baiduspider+(+http://www.baidu.com/search/spider.htm)"
66.249.71.131 - - [15/Feb/2010:19:15:23 -0800] "GET /robots.txt HTTP/1.1" 302 359 "-" "Mozilla/5.0 (compatible; Googlebot/2.1; +http://www.google.com/bot.html)"
66.249.71.131 - - [15/Feb/2010:19:15:23 -0800] "GET /log.20080919/evilfuckers-access.log HTTP/1.1" 302 359 "-" "Mozilla/5.0 (compatible; Googlebot/2.1; +http://www.google.com/bot.html)"
66.249.71.152 - - [15/Feb/2010:19:19:32 -0800] "GET /vaginacide-error.log HTTP/1.1" 200 2523 "-" "Mozilla/5.0 (compatible; Googlebot/2.1; +http://www.google.com/bot.html)"
93.158.148.31 - - [15/Feb/2010:20:10:47 -0800] "GET /robots.txt HTTP/1.1" 302 360 "-" "Yandex/1.01.001 (compatible; Win16; I)"
66.249.71.152 - - [15/Feb/2010:21:13:38 -0800] "GET /evilfuckers-error.log HTTP/1.1" 200 26078 "-" "Mozilla/5.0 (compatible; Googlebot/2.1; +http://www.google.com/bot.html)"
66.249.71.17 - - [15/Feb/2010:22:27:27 -0800] "GET /robots.txt HTTP/1.1" 302 359 "-" "Mozilla/5.0 (compatible; Googlebot/2.1; +http://www.google.com/bot.html)"
66.249.71.17 - - [15/Feb/2010:22:27:27 -0800] "GET /log.20080919/httpd-access.log HTTP/1.1" 302 359 "-" "Mozilla/5.0 (compatible; Googlebot/2.1; +http://www.google.com/bot.html)"
66.249.71.175 - - [15/Feb/2010:23:08:52 -0800] "GET /robots.txt HTTP/1.1" 302 360 "-" "Mozilla/5.0 (compatible; Googlebot/2.1; +http://www.google.com/bot.html)"
66.249.71.175 - - [15/Feb/2010:23:08:52 -0800] "GET /ferality-error.log HTTP/1.1" 200 35936 "-" "Mozilla/5.0 (compatible; Googlebot/2.1; +http://www.google.com/bot.html)"
66.249.71.17 - - [16/Feb/2010:01:03:37 -0800] "GET / HTTP/1.1" 200 5980 "-" "Mozilla/5.0 (compatible; Googlebot/2.1; +http://www.google.com/bot.html)"
93.158.148.31 - - [16/Feb/2010:01:32:43 -0800] "GET / HTTP/1.1" 200 5981 "-" "Yandex/1.01.001 (compatible; Win16; I)"
66.249.71.17 - - [16/Feb/2010:01:39:15 -0800] "GET /flappygash-error.log HTTP/1.1" 302 359 "-" "Mozilla/5.0 (compatible; Googlebot/2.1; +http://www.google.com/bot.html)"
67.218.116.162 - - [16/Feb/2010:02:45:29 -0800] "GET /robots.txt HTTP/1.1" 302 360 "-" "Mozilla/5.0 (Twiceler-0.9 http://www.cuil.com/twiceler/robot.html)"
66.249.71.131 - - [16/Feb/2010:02:58:07 -0800] "GET /robots.txt HTTP/1.1" 302 359 "-" "Mozilla/5.0 (compatible; Googlebot/2.1; +http://www.google.com/bot.html)"
66.249.71.131 - - [16/Feb/2010:02:58:07 -0800] "GET /log.20080919/ HTTP/1.1" 302 359 "-" "Mozilla/5.0 (compatible; Googlebot/2.1; +http://www.google.com/bot.html)"
70.176.49.10 - - [16/Feb/2010:03:12:15 -0800] "GET /clownjuice-access.log HTTP/1.1" 200 88063 "http://www.google.com/search?q=209.205.65.171&ie=utf-8&oe=utf-8&aq=t&rls=org.mozilla:en-US:official&client=firefox-a" "Mozilla/5.0 (Macintosh; U; Intel Mac OS X 10.5; en-US; rv:1.9.1.7) Gecko/20091221 Firefox/3.5.7"
70.176.49.10 - - [16/Feb/2010:03:12:17 -0800] "GET /favicon.ico HTTP/1.1" 302 360 "-" "Mozilla/5.0 (Macintosh; U; Intel Mac OS X 10.5; en-US; rv:1.9.1.7) Gecko/20091221 Firefox/3.5.7"
93.158.148.31 - - [16/Feb/2010:03:55:47 -0800] "GET /orbsucks-access.log HTTP/1.1" 200 252513 "-" "Yandex/1.01.001 (compatible; Win16; I)"
66.249.71.175 - - [16/Feb/2010:04:51:23 -0800] "GET /log.20080919/log-access.log HTTP/1.1" 302 360 "-" "Mozilla/5.0 (compatible; Googlebot/2.1; +http://www.google.com/bot.html)"
66.249.71.17 - - [16/Feb/2010:06:47:17 -0800] "GET /robots.txt HTTP/1.1" 302 359 "-" "Mozilla/5.0 (compatible; Googlebot/2.1; +http://www.google.com/bot.html)"
66.249.71.17 - - [16/Feb/2010:06:47:17 -0800] "GET /log.20081203/gorgeworld-error.log HTTP/1.1" 302 359 "-" "Mozilla/5.0 (compatible; Googlebot/2.1; +http://www.google.com/bot.html)"
216.129.119.12 - - [16/Feb/2010:07:35:06 -0800] "GET /robots.txt HTTP/1.1" 302 360 "-" "Mozilla/5.0 (Twiceler-0.9 http://www.cuil.com/twiceler/robot.html)"
64.56.66.210 - - [16/Feb/2010:07:36:43 -0800] "GET /robots.txt HTTP/1.0" 302 360 "http://unusualdischarge.com/robots.txt" "Mozilla/4.0 (compatible; MSIE 6.0; Windows NT 5.1; SV1; .NET CLR 2.0.50727)"
64.56.66.210 - - [16/Feb/2010:07:36:43 -0800] "GET / HTTP/1.0" 200 5981 "http://unusualdischarge.com/" "Mozilla/4.0 (compatible; MSIE 6.0; Windows NT 5.1; SV1; .NET CLR 2.0.50727)"
62.75.218.97 - - [16/Feb/2010:07:47:53 -0800] "GET /robots.txt HTTP/1.0" 302 360 "-" "OpenAcoon v4.1.0 (www.openacoon.de)"
62.75.218.97 - - [16/Feb/2010:07:47:53 -0800] "GET /vaginacide-error.log HTTP/1.0" 200 2743 "-" "OpenAcoon v4.1.0 (www.openacoon.de)"
66.249.71.175 - - [16/Feb/2010:08:03:33 -0800] "GET /robots.txt HTTP/1.1" 302 360 "-" "Mozilla/5.0 (compatible; Googlebot/2.1; +http://www.google.com/bot.html)"
66.249.71.175 - - [16/Feb/2010:08:03:33 -0800] "GET /log.20080919/sharkbomb-access.log HTTP/1.1" 302 360 "-" "Mozilla/5.0 (compatible; Googlebot/2.1; +http://www.google.com/bot.html)"
208.80.193.37 - - [16/Feb/2010:08:17:52 -0800] "GET / HTTP/1.0" 200 5981 "-" "Mozilla/4.0 (compatible; MSIE 7.0; Windows NT 5.1; FunWebProducts; Embedded Web Browser from: http://bsalsa.com/; .NET CLR 1.0.3705; .NET CLR 1.1.4322; Media Center PC 4.0)"
87.139.14.172 - - [16/Feb/2010:10:10:22 -0800] "GET /gorgeworld-access.log HTTP/1.1" 200 80572 "http://www.google.de/search?q=Mozilla%2F5.0+(compatible%3B+spbot%2F1.0%3B+%2Bhttp%3A%2F%2Fwww.seoprofiler.com%2Fbot%2F+)&ie=utf-8&oe=utf-8&aq=t&rls=org.mozilla:de:official&client=firefox-a" "Mozilla/5.0 (Windows; U; Windows NT 5.1; de; rv:1.9.1.7) Gecko/20091221 Firefox/3.5.7"
87.139.14.172 - - [16/Feb/2010:10:10:24 -0800] "GET /favicon.ico HTTP/1.1" 302 360 "-" "Mozilla/5.0 (Windows; U; Windows NT 5.1; de; rv:1.9.1.7) Gecko/20091221 Firefox/3.5.7"
87.139.14.172 - - [16/Feb/2010:10:10:27 -0800] "GET /favicon.ico HTTP/1.1" 302 360 "-" "Mozilla/5.0 (Windows; U; Windows NT 5.1; de; rv:1.9.1.7) Gecko/20091221 Firefox/3.5.7"
66.249.71.131 - - [16/Feb/2010:11:15:10 -0800] "GET /robots.txt HTTP/1.1" 302 359 "-" "Mozilla/5.0 (compatible; Googlebot/2.1; +http://www.google.com/bot.html)"
66.249.71.131 - - [16/Feb/2010:11:15:11 -0800] "GET /log.20080919/httpd-access.log HTTP/1.1" 302 359 "-" "Mozilla/5.0 (compatible; Googlebot/2.1; +http://www.google.com/bot.html)"
87.123.100.30 - - [16/Feb/2010:13:21:06 -0800] "GET /evilfuckers-access.log HTTP/1.1" 200 93133 "http://www.google.de/search?hl=de&client=firefox-a&rls=org.mozilla:de:official&hs=ij&q=Mozilla/4.0+(compatible%3B+MSIE+6.0%3B+Windows+NT+5.1%3B+SV1%3B+QQDownload+1.7%3B+TencentTraveler+4.0%3B+CIBA%3B+InfoPath.2%3B+.NET+CLR+2.0.50727&start=10&sa=N" "Mozilla/5.0 (Windows; U; Windows NT 5.1; de; rv:1.9.1.7) Gecko/20091221 Firefox/3.5.7 (.NET CLR 3.5.30729)"
87.123.100.30 - - [16/Feb/2010:13:21:11 -0800] "GET /favicon.ico HTTP/1.1" 302 360 "-" "Mozilla/5.0 (Windows; U; Windows NT 5.1; de; rv:1.9.1.7) Gecko/20091221 Firefox/3.5.7 (.NET CLR 3.5.30729)"
87.123.100.30 - - [16/Feb/2010:13:21:14 -0800] "GET /favicon.ico HTTP/1.1" 302 360 "-" "Mozilla/5.0 (Windows; U; Windows NT 5.1; de; rv:1.9.1.7) Gecko/20091221 Firefox/3.5.7 (.NET CLR 3.5.30729)"
87.123.100.30 - - [16/Feb/2010:13:21:44 -0800] "GET / HTTP/1.1" 200 5981 "-" "Mozilla/5.0 (Windows; U; Windows NT 5.1; de; rv:1.9.1.7) Gecko/20091221 Firefox/3.5.7 (.NET CLR 3.5.30729)"
87.123.100.30 - - [16/Feb/2010:13:21:44 -0800] "GET /icons/blank.gif HTTP/1.1" 200 148 "http://unusualdischarge.com/" "Mozilla/5.0 (Windows; U; Windows NT 5.1; de; rv:1.9.1.7) Gecko/20091221 Firefox/3.5.7 (.NET CLR 3.5.30729)"
87.123.100.30 - - [16/Feb/2010:13:21:44 -0800] "GET /icons/text.gif HTTP/1.1" 200 229 "http://unusualdischarge.com/" "Mozilla/5.0 (Windows; U; Windows NT 5.1; de; rv:1.9.1.7) Gecko/20091221 Firefox/3.5.7 (.NET CLR 3.5.30729)"
87.123.100.30 - - [16/Feb/2010:13:21:51 -0800] "GET /browserbomb-access.log HTTP/1.1" 200 - "http://unusualdischarge.com/" "Mozilla/5.0 (Windows; U; Windows NT 5.1; de; rv:1.9.1.7) Gecko/20091221 Firefox/3.5.7 (.NET CLR 3.5.30729)"
87.123.100.30 - - [16/Feb/2010:13:21:56 -0800] "GET /browserbomb-error.log HTTP/1.1" 200 - "http://unusualdischarge.com/" "Mozilla/5.0 (Windows; U; Windows NT 5.1; de; rv:1.9.1.7) Gecko/20091221 Firefox/3.5.7 (.NET CLR 3.5.30729)"
87.123.100.30 - - [16/Feb/2010:13:21:59 -0800] "GET /clownjuice-access.log HTTP/1.1" 200 89001 "http://unusualdischarge.com/" "Mozilla/5.0 (Windows; U; Windows NT 5.1; de; rv:1.9.1.7) Gecko/20091221 Firefox/3.5.7 (.NET CLR 3.5.30729)"
82.82.85.135 - - [16/Feb/2010:13:25:33 -0800] "GET /evilfuckers-error.log HTTP/1.1" 200 27236 "-" "Mozilla/5.0 (Windows; U; Windows NT 5.1; de; rv:1.8.1.11) Gecko/20071127 Firefox/2.0.0.11"
66.249.71.242 - - [16/Feb/2010:15:33:16 -0800] "GET /robots.txt HTTP/1.1" 302 360 "-" "Mozilla/5.0 (compatible; Googlebot/2.1; +http://www.google.com/bot.html)"
66.249.71.242 - - [16/Feb/2010:15:33:16 -0800] "GET /ud-error.log HTTP/1.1" 302 360 "-" "Mozilla/5.0 (compatible; Googlebot/2.1; +http://www.google.com/bot.html)"
89.159.209.249 - - [16/Feb/2010:15:38:48 -0800] "GET /browserbomb-access.log HTTP/1.0" 200 - "-" "Mozilla/5.0 (compatible; Googlebot/2.1; +http://www.google.com/bot.html)"
93.158.148.31 - - [16/Feb/2010:17:25:05 -0800] "GET /robots.txt HTTP/1.1" 302 360 "-" "Yandex/1.01.001 (compatible; Win16; I)"
96.231.30.110 - - [16/Feb/2010:17:30:32 -0800] "GET /log.20081203/terhanian-error.log HTTP/1.1" 302 359 "http://www.google.com/search?client=safari&rls=en&q=whois+65.55.108.245&ie=UTF-8&oe=UTF-8" "Mozilla/5.0 (Macintosh; U; PPC Mac OS X 10_5_8; en-us) AppleWebKit/531.21.8 (KHTML, like Gecko) Version/4.0.4 Safari/531.21.10"
123.125.66.25 - - [16/Feb/2010:17:35:55 -0800] "GET /robots.txt HTTP/1.1" 302 360 "-" "Baiduspider+(+http://www.baidu.com/search/spider.htm)"
212.168.169.198 - - [16/Feb/2010:18:15:21 -0800] "GET /evilfuckers-error.log HTTP/1.0" 200 27347 "-" "Mozilla/4.0 (compatible; MSIE 7.0; Windows NT 5.1; .NET CLR 1.1.4322; FDM; .NET CLR 2.0.50727)"
204.15.39.12 - - [16/Feb/2010:19:26:44 -0800] "HEAD /unsanitary-access.log HTTP/1.1" 302 - "-" "Botslist Botfinder (+http://www.botslist.ca)"
82.242.49.199 - - [16/Feb/2010:22:23:41 -0800] "GET /log.20081203/ferality-access.log HTTP/1.1" 302 359 "http://www.google.fr/url?sa=t&source=web&ct=res&cd=6&ved=0CB4QFjAF&url=http%3A%2F%2Fmail.clownjuice.com%2Flog.20081203%2Fferality-access.log&rct=j&q=import%3Ahttp%2F1.1.302&ei=Vot7S6zUCZT20wSojuHXBQ&usg=AFQjCNHBkJ0Dewlz4mfZmzBhrx2rYd2OcA" "Mozilla/5.0 (Windows; U; Windows NT 5.1; fr; rv:1.9.1.7) Gecko/20091221 Firefox/3.5.7"
82.242.49.199 - - [16/Feb/2010:22:23:41 -0800] "GET /log.20081203/ferality-access.log HTTP/1.1" 302 359 "http://www.google.fr/url?sa=t&source=web&ct=res&cd=6&ved=0CB4QFjAF&url=http%3A%2F%2Fmail.clownjuice.com%2Flog.20081203%2Fferality-access.log&rct=j&q=import%3Ahttp%2F1.1.302&ei=Vot7S6zUCZT20wSojuHXBQ&usg=AFQjCNHBkJ0Dewlz4mfZmzBhrx2rYd2OcA" "Mozilla/5.0 (Windows; U; Windows NT 5.1; fr; rv:1.9.1.7) Gecko/20091221 Firefox/3.5.7"
66.249.71.236 - - [17/Feb/2010:02:04:57 -0800] "GET /robots.txt HTTP/1.1" 302 360 "-" "Mozilla/5.0 (compatible; Googlebot/2.1; +http://www.google.com/bot.html)"
66.249.71.236 - - [17/Feb/2010:02:04:57 -0800] "GET /myqzutcg.html HTTP/1.1" 302 360 "-" "Mozilla/5.0 (compatible; Googlebot/2.1; +http://www.google.com/bot.html)"
66.249.71.236 - - [17/Feb/2010:02:35:03 -0800] "GET /nrwnoxzsh.html HTTP/1.1" 302 360 "-" "Mozilla/5.0 (compatible; Googlebot/2.1; +http://www.google.com/bot.html)"
67.218.116.162 - - [17/Feb/2010:03:03:09 -0800] "GET /robots.txt HTTP/1.1" 302 360 "-" "Mozilla/5.0 (Twiceler-0.9 http://www.cuil.com/twiceler/robot.html)"
87.211.196.104 - - [17/Feb/2010:04:22:15 -0800] "GET /gorgeworld-access.log HTTP/1.1" 200 81015 "http://www.google.com/url?sa=t&source=web&ct=res&cd=6&ved=0CBYQFjAF&url=http%3A%2F%2Funusualdischarge.com%2Fgorgeworld-access.log&rct=j&q=74.222.4.218&ei=bd97S4WsPM6A-QaQwdDYBQ&usg=AFQjCNGjWupZuHasNlTeVt7nYk0Wj8nxaw" "Mozilla/5.0 (Windows; U; Windows NT 5.1; nl; rv:1.9.1.7) Gecko/20091221 Firefox/3.5.7 (.NET CLR 3.5.30729)"
87.211.196.104 - - [17/Feb/2010:04:22:18 -0800] "GET /favicon.ico HTTP/1.1" 302 360 "-" "Mozilla/5.0 (Windows; U; Windows NT 5.1; nl; rv:1.9.1.7) Gecko/20091221 Firefox/3.5.7 (.NET CLR 3.5.30729)"
87.211.196.104 - - [17/Feb/2010:04:22:22 -0800] "GET /favicon.ico HTTP/1.1" 302 360 "-" "Mozilla/5.0 (Windows; U; Windows NT 5.1; nl; rv:1.9.1.7) Gecko/20091221 Firefox/3.5.7 (.NET CLR 3.5.30729)"
66.249.71.236 - - [17/Feb/2010:05:32:17 -0800] "GET /paxnihilo-access.log HTTP/1.1" 200 8791 "-" "Mozilla/5.0 (compatible; Googlebot/2.1; +http://www.google.com/bot.html)"
195.229.241.171 - - [17/Feb/2010:06:59:07 -0800] "GET /evilfuckers-access.log HTTP/1.1" 200 95104 "-" "Mozilla/4.0 (compatible; MSIE 8.0; Windows NT 5.1; Trident/4.0; InfoPath.2)"
216.129.119.12 - - [17/Feb/2010:07:08:35 -0800] "GET /robots.txt HTTP/1.1" 302 360 "-" "Mozilla/5.0 (Twiceler-0.9 http://www.cuil.com/twiceler/robot.html)"
65.126.191.168 - - [17/Feb/2010:09:32:23 -0800] "GET /gorgeworld-access.log HTTP/1.1" 200 81015 "http://www.google.com/url?sa=t&source=web&ct=res&cd=1&ved=0CAcQFjAA&url=http%3A%2F%2Funusualdischarge.com%2Fgorgeworld-access.log&rct=j&q=74.222.4.218+bot&ei=-Sd8S_TtKYrCsQOX_4DMCA&usg=AFQjCNGjWupZuHasNlTeVt7nYk0Wj8nxaw" "Mozilla/4.0 (compatible; MSIE 7.0; Windows NT 6.1; WOW64; Trident/4.0; SLCC2; .NET CLR 2.0.50727; .NET CLR 3.5.30729; .NET CLR 3.0.30729; Media Center PC 6.0; InfoPath.2)"
65.126.191.168 - - [17/Feb/2010:09:34:14 -0800] "GET /gorgeworld-access.log HTTP/1.1" 206 77929 "http://www.google.com/url?sa=t&source=web&ct=res&cd=1&ved=0CAcQFjAA&url=http%3A%2F%2Funusualdischarge.com%2Fgorgeworld-access.log&rct=j&q=74.222.4.218+bot&ei=kih8S6voPJGcsgPe-_W8Cw&usg=AFQjCNGjWupZuHasNlTeVt7nYk0Wj8nxaw" "Mozilla/4.0 (compatible; MSIE 7.0; Windows NT 6.1; WOW64; Trident/4.0; SLCC2; .NET CLR 2.0.50727; .NET CLR 3.5.30729; .NET CLR 3.0.30729; Media Center PC 6.0; InfoPath.2)"
66.249.71.236 - - [17/Feb/2010:09:35:56 -0800] "GET /robots.txt HTTP/1.1" 302 360 "-" "Mozilla/5.0 (compatible; Googlebot/2.1; +http://www.google.com/bot.html)"
66.249.71.236 - - [17/Feb/2010:09:35:56 -0800] "GET /dustinharley-error.log HTTP/1.1" 200 39098 "-" "Mozilla/5.0 (compatible; Googlebot/2.1; +http://www.google.com/bot.html)"
204.11.25.80 - - [17/Feb/2010:09:44:48 -0800] "GET HTTP/1.1 HTTP/1.1" 400 373 "-" "Toata dragostea mea pentru diavola"
204.11.25.80 - - [17/Feb/2010:09:44:48 -0800] "GET /install.txt HTTP/1.1" 302 355 "-" "Toata dragostea mea pentru diavola"
204.11.25.80 - - [17/Feb/2010:09:44:48 -0800] "GET / HTTP/1.1" 200 5976 "-" "Toata dragostea mea pentru diavola"
204.11.25.80 - - [17/Feb/2010:09:44:49 -0800] "GET /cart/ HTTP/1.1" 302 355 "-" "Toata dragostea mea pentru diavola"
204.11.25.80 - - [17/Feb/2010:09:44:49 -0800] "GET /zencart/ HTTP/1.1" 302 355 "-" "Toata dragostea mea pentru diavola"
204.11.25.80 - - [17/Feb/2010:09:44:52 -0800] "GET /zen/ HTTP/1.1" 302 355 "-" "Toata dragostea mea pentru diavola"
204.11.25.80 - - [17/Feb/2010:09:44:52 -0800] "GET /shop/ HTTP/1.1" 302 355 "-" "Toata dragostea mea pentru diavola"
201.224.76.206 - - [17/Feb/2010:11:09:53 -0800] "GET /log.20081203/log-access.log HTTP/1.1" 302 359 "http://www.google.com/search?hl=es&lr=&q=%22auth%3D45V456b09m%26strPassword%3D%22&start=60&sa=N" "Mozilla/4.0 (compatible; MSIE 7.0; Windows NT 5.1; .NET CLR 1.1.4322; InfoPath.2; .NET CLR 2.0.50727)"
69.36.233.15 - - [17/Feb/2010:12:10:56 -0800] "GET / HTTP/1.1" 200 5981 "-" "Mozilla/5.0 (X11; U; Linux x86_64; en-US; rv:1.9.0.17) Gecko/2010010604 Ubuntu/8.04 (hardy) Firefox/3.0.17"
69.36.233.15 - - [17/Feb/2010:12:10:56 -0800] "GET /icons/blank.gif HTTP/1.1" 200 148 "http://unusualdischarge.com/" "Mozilla/5.0 (X11; U; Linux x86_64; en-US; rv:1.9.0.17) Gecko/2010010604 Ubuntu/8.04 (hardy) Firefox/3.0.17"
69.36.233.15 - - [17/Feb/2010:12:10:56 -0800] "GET /icons/text.gif HTTP/1.1" 200 229 "http://unusualdischarge.com/" "Mozilla/5.0 (X11; U; Linux x86_64; en-US; rv:1.9.0.17) Gecko/2010010604 Ubuntu/8.04 (hardy) Firefox/3.0.17"
99.8.189.179 - - [17/Feb/2010:12:45:01 -0800] "GET /robots.txt HTTP/1.1" 302 360 "-" "Mozilla/5.0 (compatible; 008/0.83; http://www.80legs.com/spider.html;) Gecko/2008032620"
24.8.191.145 - - [17/Feb/2010:13:14:39 -0800] "GET /clownjuice-error.log HTTP/1.1" 200 40947 "http://www.google.com/search?hl=en&q=error+client+File+does+not+exist%3A+%2Fusr%2Fwww%2F&aq=f&aqi=&oq=" "Mozilla/5.0 (Windows; U; Windows NT 6.1; en-US) AppleWebKit/532.5 (KHTML, like Gecko) Chrome/4.0.249.89 Safari/532.5"
24.8.191.145 - - [17/Feb/2010:13:14:40 -0800] "GET /favicon.ico HTTP/1.1" 302 360 "-" "Mozilla/5.0 (Windows; U; Windows NT 6.1; en-US) AppleWebKit/532.5 (KHTML, like Gecko) Chrome/4.0.249.89 Safari/532.5"
24.8.191.145 - - [17/Feb/2010:13:15:48 -0800] "GET /log.20080919/jeremykm-error.log HTTP/1.1" 302 359 "http://www.google.com/search?hl=en&q=error+client+File+does+not+exist%3A+%2Fusr%2Fwww%2F&aq=f&aqi=&oq=" "Mozilla/5.0 (Windows; U; Windows NT 6.1; en-US) AppleWebKit/532.5 (KHTML, like Gecko) Chrome/4.0.249.89 Safari/532.5"
89.159.209.249 - - [17/Feb/2010:15:39:00 -0800] "GET /browserbomb-access.log HTTP/1.0" 200 - "-" "Mozilla/5.0 (compatible; Googlebot/2.1; +http://www.google.com/bot.html)"
123.125.66.23 - - [17/Feb/2010:15:42:01 -0800] "GET /robots.txt HTTP/1.1" 302 360 "-" "Baiduspider+(+http://www.baidu.com/search/spider.htm)"
66.249.71.98 - - [17/Feb/2010:17:26:46 -0800] "GET /robots.txt HTTP/1.1" 302 359 "-" "Googlebot-Image/1.0"
66.249.71.98 - - [17/Feb/2010:17:26:46 -0800] "GET /icons/text.gif HTTP/1.1" 304 - "-" "Googlebot-Image/1.0"
123.125.66.108 - - [17/Feb/2010:17:33:18 -0800] "GET /robots.txt HTTP/1.1" 302 360 "-" "Baiduspider+(+http://www.baidu.com/search/spider.htm)"
66.249.71.236 - - [17/Feb/2010:17:44:25 -0800] "GET /robots.txt HTTP/1.1" 302 360 "-" "Mozilla/5.0 (compatible; Googlebot/2.1; +http://www.google.com/bot.html)"
66.249.71.236 - - [17/Feb/2010:17:44:26 -0800] "GET / HTTP/1.1" 200 5981 "-" "Mozilla/5.0 (compatible; Googlebot/2.1; +http://www.google.com/bot.html)"
93.158.148.31 - - [17/Feb/2010:18:35:06 -0800] "GET /robots.txt HTTP/1.1" 302 360 "-" "Yandex/1.01.001 (compatible; Win16; I)"
93.158.148.31 - - [17/Feb/2010:18:38:08 -0800] "GET /vaginacide-error.log HTTP/1.1" 200 2743 "-" "Yandex/1.01.001 (compatible; Win16; I)"
93.158.148.31 - - [17/Feb/2010:18:46:45 -0800] "GET /terhanian-access.log HTTP/1.1" 200 - "-" "Yandex/1.01.001 (compatible; Win16; I)"
93.158.148.31 - - [17/Feb/2010:18:46:48 -0800] "GET /evilfuckers-access.log HTTP/1.1" 200 97442 "-" "Yandex/1.01.001 (compatible; Win16; I)"
93.158.148.31 - - [17/Feb/2010:19:29:14 -0800] "GET /evilfuckers-error.log HTTP/1.1" 200 28572 "-" "Yandex/1.01.001 (compatible; Win16; I)"
93.158.148.31 - - [17/Feb/2010:20:06:20 -0800] "GET /log-access.log HTTP/1.1" 200 224931 "-" "Yandex/1.01.001 (compatible; Win16; I)"
93.158.148.31 - - [17/Feb/2010:20:43:32 -0800] "GET /browserbomb-access.log HTTP/1.1" 200 - "-" "Yandex/1.01.001 (compatible; Win16; I)"
208.80.193.28 - - [17/Feb/2010:20:53:13 -0800] "GET / HTTP/1.0" 400 8466 "-" "-"
208.80.193.32 - - [17/Feb/2010:21:15:03 -0800] "GET / HTTP/1.0" 200 5981 "-" "Mozilla/4.0 (compatible; MSIE 7.0; Windows NT 5.1; acc=ventura5)"
93.158.148.31 - - [17/Feb/2010:21:20:37 -0800] "GET /jasoncmartin-error.log HTTP/1.1" 200 137183 "-" "Yandex/1.01.001 (compatible; Win16; I)"
66.249.71.195 - - [17/Feb/2010:21:48:14 -0800] "GET /robots.txt HTTP/1.1" 302 360 "-" "Mozilla/5.0 (compatible; Googlebot/2.1; +http://www.google.com/bot.html)"
66.249.71.195 - - [17/Feb/2010:21:48:15 -0800] "GET /terhanian-error.log HTTP/1.1" 200 - "-" "Mozilla/5.0 (compatible; Googlebot/2.1; +http://www.google.com/bot.html)"
93.158.148.31 - - [17/Feb/2010:21:57:46 -0800] "GET /vaginacide-access.log HTTP/1.1" 200 9550 "-" "Yandex/1.01.001 (compatible; Win16; I)"
127.0.0.1 - - [17/Feb/2010:22:11:08 -0800] "OPTIONS * HTTP/1.0" 200 - "-" "Apache/2.2.11 (FreeBSD) mod_ssl/2.2.11 OpenSSL/0.9.8e DAV/2 PHP/5.2.9 with Suhosin-Patch (internal dummy connection)"
79.21.71.169 - - [17/Feb/2010:22:11:12 -0800] "GET /robots.txt HTTP/1.1" 302 364 "-" "DotComHintsBot/1.0 (Domain test crawler; http://www.dotcomhints.com/bot.html)"
79.21.71.169 - - [17/Feb/2010:22:11:13 -0800] "GET / HTTP/1.1" 200 5985 "-" "DotComHintsBot/1.0 (Domain test crawler; http://www.dotcomhints.com/bot.html)"
93.158.148.31 - - [17/Feb/2010:22:34:51 -0800] "GET /terhanian-error.log HTTP/1.1" 200 - "-" "Yandex/1.01.001 (compatible; Win16; I)"
93.158.148.31 - - [17/Feb/2010:23:11:56 -0800] "GET /paxnihilo-access.log HTTP/1.1" 200 9559 "-" "Yandex/1.01.001 (compatible; Win16; I)"
93.158.148.31 - - [17/Feb/2010:23:49:01 -0800] "GET /clownjuice-access.log HTTP/1.1" 200 90968 "-" "Yandex/1.01.001 (compatible; Win16; I)"
93.158.148.31 - - [18/Feb/2010:00:26:08 -0800] "GET /gorgeworld-error.log HTTP/1.1" 200 23300 "-" "Yandex/1.01.001 (compatible; Win16; I)"
93.158.148.31 - - [18/Feb/2010:01:03:14 -0800] "GET /dustinharley-error.log HTTP/1.1" 200 40161 "-" "Yandex/1.01.001 (compatible; Win16; I)"
93.158.148.31 - - [18/Feb/2010:01:40:19 -0800] "GET /sharkbomb-access.log HTTP/1.1" 200 263344 "-" "Yandex/1.01.001 (compatible; Win16; I)"
66.249.71.98 - - [18/Feb/2010:01:52:08 -0800] "GET /robots.txt HTTP/1.1" 302 359 "-" "Mozilla/5.0 (compatible; Googlebot/2.1; +http://www.google.com/bot.html)"
66.249.65.234 - - [18/Feb/2010:01:52:08 -0800] "GET /terhanian-error.log HTTP/1.1" 200 - "-" "Mozilla/5.0 (compatible; Googlebot/2.1; +http://www.google.com/bot.html)"
93.158.148.31 - - [18/Feb/2010:02:17:28 -0800] "GET /browserbomb-error.log HTTP/1.1" 200 - "-" "Yandex/1.01.001 (compatible; Win16; I)"
67.218.116.162 - - [18/Feb/2010:02:52:23 -0800] "GET /robots.txt HTTP/1.1" 302 360 "-" "Mozilla/5.0 (Twiceler-0.9 http://www.cuil.com/twiceler/robot.html)"
93.158.148.31 - - [18/Feb/2010:02:54:32 -0800] "GET /clownjuice-error.log HTTP/1.1" 200 41650 "-" "Yandex/1.01.001 (compatible; Win16; I)"
93.158.148.31 - - [18/Feb/2010:03:31:37 -0800] "GET /orbsucks-error.log HTTP/1.1" 200 45118 "-" "Yandex/1.01.001 (compatible; Win16; I)"
67.222.12.123 - - [18/Feb/2010:03:35:15 -0800] "GET /ferality-access.log HTTP/1.1" 206 481874 "-" "Mozilla/5.0 (compatible; MSIE 6.1; Windows SP1;)"
93.158.148.31 - - [18/Feb/2010:04:08:41 -0800] "GET /sharkbomb-error.log HTTP/1.1" 200 12829 "-" "Yandex/1.01.001 (compatible; Win16; I)"
93.158.148.31 - - [18/Feb/2010:04:45:46 -0800] "GET /paxnihilo-error.log HTTP/1.1" 200 2360 "-" "Yandex/1.01.001 (compatible; Win16; I)"
93.158.148.31 - - [18/Feb/2010:05:22:48 -0800] "GET /log-error.log HTTP/1.1" 200 81873 "-" "Yandex/1.01.001 (compatible; Win16; I)"
218.160.211.170 - - [18/Feb/2010:05:50:55 -0800] "GET /favicon.ico HTTP/1.1" 302 360 "-" "Mozilla/5.0 (Windows; U; Windows NT 5.1; en-GB; rv:1.9.2) Gecko/20100115 Firefox/3.6 (.NET CLR 3.5.30729)"
218.160.211.170 - - [18/Feb/2010:05:50:56 -0800] "GET /favicon.ico HTTP/1.1" 302 360 "http://www.google.com/search?q=getFavicon+firefox+3.6&ie=UTF-8" "Mozilla/5.0 (Windows; U; Windows NT 5.1; en-GB; rv:1.9.2) Gecko/20100115 Firefox/3.6 (.NET CLR 3.5.30729)"
218.160.211.170 - - [18/Feb/2010:05:53:08 -0800] "GET /favicon.ico HTTP/1.1" 302 360 "-" "Mozilla/5.0 (Windows; U; Windows NT 5.1; en-GB; rv:1.9.2) Gecko/20100115 Firefox/3.6 (.NET CLR 3.5.30729)"
218.160.211.170 - - [18/Feb/2010:05:53:09 -0800] "GET /favicon.ico HTTP/1.1" 302 360 "http://www.google.com/search?q=getFavicon+firefox+3.6&ie=UTF-8" "Mozilla/5.0 (Windows; U; Windows NT 5.1; en-GB; rv:1.9.2) Gecko/20100115 Firefox/3.6 (.NET CLR 3.5.30729)"
218.160.211.170 - - [18/Feb/2010:05:53:26 -0800] "GET /favicon.ico HTTP/1.1" 302 360 "-" "Mozilla/5.0 (Windows; U; Windows NT 5.1; en-GB; rv:1.9.2) Gecko/20100115 Firefox/3.6 (.NET CLR 3.5.30729)"
218.160.211.170 - - [18/Feb/2010:05:53:53 -0800] "GET /favicon.ico HTTP/1.1" 302 360 "-" "Mozilla/5.0 (Windows; U; Windows NT 5.1; en-GB; rv:1.9.2) Gecko/20100115 Firefox/3.6 (.NET CLR 3.5.30729)"
218.160.211.170 - - [18/Feb/2010:05:53:53 -0800] "GET /favicon.ico HTTP/1.1" 302 360 "http://www.google.com/search?q=getFavicon+firefox+3.6&ie=UTF-8" "Mozilla/5.0 (Windows; U; Windows NT 5.1; en-GB; rv:1.9.2) Gecko/20100115 Firefox/3.6 (.NET CLR 3.5.30729)"
218.160.211.170 - - [18/Feb/2010:05:54:38 -0800] "GET /favicon.ico HTTP/1.1" 302 360 "-" "Mozilla/5.0 (Windows; U; Windows NT 5.1; en-GB; rv:1.9.2) Gecko/20100115 Firefox/3.6 (.NET CLR 3.5.30729)"
93.158.148.31 - - [18/Feb/2010:05:59:53 -0800] "GET /gorgeworld-access.log HTTP/1.1" 200 83016 "-" "Yandex/1.01.001 (compatible; Win16; I)"
218.160.211.170 - - [18/Feb/2010:06:00:17 -0800] "GET /favicon.ico HTTP/1.1" 302 360 "-" "Mozilla/5.0 (Windows; U; Windows NT 5.1; en-GB; rv:1.9.2) Gecko/20100115 Firefox/3.6 (.NET CLR 3.5.30729)"
218.160.211.170 - - [18/Feb/2010:06:00:18 -0800] "GET /favicon.ico HTTP/1.1" 302 360 "-" "Mozilla/5.0 (Windows; U; Windows NT 5.1; en-GB; rv:1.9.2) Gecko/20100115 Firefox/3.6 (.NET CLR 3.5.30729)"
123.125.66.100 - - [18/Feb/2010:06:24:35 -0800] "GET /log.20080919/evilfuckers-access.log HTTP/1.1" 302 360 "-" "Baiduspider+(+http://www.baidu.com/search/spider.htm)"
216.129.119.12 - - [18/Feb/2010:07:07:20 -0800] "GET /robots.txt HTTP/1.1" 302 360 "-" "Mozilla/5.0 (Twiceler-0.9 http://www.cuil.com/twiceler/robot.html)"
94.214.112.30 - - [18/Feb/2010:07:18:13 -0800] "GET /evilfuckers-access.log HTTP/1.1" 200 99413 "-" "Mozilla/5.0 (X11; U; Linux i686; en-US; rv:1.9.2.2pre) Gecko/20100211 Ubuntu/9.10 (karmic) Namoroka/3.6.2pre"
94.214.112.30 - - [18/Feb/2010:07:18:15 -0800] "GET /favicon.ico HTTP/1.1" 302 360 "-" "Mozilla/5.0 (X11; U; Linux i686; en-US; rv:1.9.2.2pre) Gecko/20100211 Ubuntu/9.10 (karmic) Namoroka/3.6.2pre"
94.214.112.30 - - [18/Feb/2010:07:18:18 -0800] "GET /favicon.ico HTTP/1.1" 302 360 "-" "Mozilla/5.0 (X11; U; Linux i686; en-US; rv:1.9.2.2pre) Gecko/20100211 Ubuntu/9.10 (karmic) Namoroka/3.6.2pre"
94.214.112.30 - - [18/Feb/2010:07:18:21 -0800] "GET /evilfuckers-access.log HTTP/1.1" 304 - "-" "Mozilla/5.0 (X11; U; Linux i686; en-US; rv:1.9.2.2pre) Gecko/20100211 Ubuntu/9.10 (karmic) Namoroka/3.6.2pre"
94.214.112.30 - - [18/Feb/2010:07:18:22 -0800] "GET /evilfuckers-access.log HTTP/1.1" 304 - "-" "Mozilla/5.0 (X11; U; Linux i686; en-US; rv:1.9.2.2pre) Gecko/20100211 Ubuntu/9.10 (karmic) Namoroka/3.6.2pre"
74.222.4.218 - - [18/Feb/2010:07:50:27 -0800] "GET /robots.txt HTTP/1.0" 302 360 "http://unusualdischarge.com/robots.txt" "Mozilla/4.0 (compatible; MSIE 6.0; Windows NT 5.1; SV1; .NET CLR 2.0.50727)"
74.222.4.218 - - [18/Feb/2010:07:50:27 -0800] "GET / HTTP/1.0" 200 5981 "http://unusualdischarge.com/" "Mozilla/4.0 (compatible; MSIE 6.0; Windows NT 5.1; SV1; .NET CLR 2.0.50727)"
209.19.152.65 - - [18/Feb/2010:08:29:41 -0800] "GET / HTTP/1.1" 200 5976 "-" "Mozilla/4.0 (compatible; MSIE 6.0; Windows NT 5.0; DigExt)"
94.219.13.1 - - [18/Feb/2010:12:34:59 -0800] "GET /favicon.ico HTTP/1.1" 302 360 "-" "Mozilla/5.0 (Windows; U; Windows NT 6.1; de; rv:1.9.2) Gecko/20100115 Firefox/3.6"
66.249.71.195 - - [18/Feb/2010:15:02:48 -0800] "GET /robots.txt HTTP/1.1" 302 360 "-" "Mozilla/5.0 (compatible; Googlebot/2.1; +http://www.google.com/bot.html)"
66.249.71.195 - - [18/Feb/2010:15:02:48 -0800] "GET /log.20080919/hrmarijuana-access.log HTTP/1.1" 302 360 "-" "Mozilla/5.0 (compatible; Googlebot/2.1; +http://www.google.com/bot.html)"
89.159.209.249 - - [18/Feb/2010:15:41:05 -0800] "GET /browserbomb-access.log HTTP/1.0" 200 - "-" "Mozilla/5.0 (compatible; Googlebot/2.1; +http://www.google.com/bot.html)"
123.125.66.42 - - [18/Feb/2010:17:38:53 -0800] "GET /robots.txt HTTP/1.1" 302 360 "-" "Baiduspider+(+http://www.baidu.com/search/spider.htm)"
93.158.148.31 - - [18/Feb/2010:17:54:08 -0800] "GET /jasoncmartin-access.log HTTP/1.1" 200 368151 "-" "Yandex/1.01.001 (compatible; Win16; I)"
204.15.39.12 - - [18/Feb/2010:20:25:42 -0800] "HEAD / HTTP/1.1" 200 - "-" "Botslist Botfinder (+http://www.botslist.ca)"
204.15.39.12 - - [18/Feb/2010:20:25:42 -0800] "GET / HTTP/1.1" 206 5981 "-" "Botslist Botfinder (+http://www.botslist.ca)"
204.15.39.12 - - [18/Feb/2010:20:25:56 -0800] "HEAD /browserbomb-access.log HTTP/1.1" 304 - "-" "Botslist Botfinder (+http://www.botslist.ca)"
204.15.39.12 - - [18/Feb/2010:20:25:57 -0800] "HEAD /browserbomb-error.log HTTP/1.1" 304 - "-" "Botslist Botfinder (+http://www.botslist.ca)"
204.15.39.12 - - [18/Feb/2010:20:25:58 -0800] "HEAD /clownjuice-access.log HTTP/1.1" 206 - "-" "Botslist Botfinder (+http://www.botslist.ca)"
204.15.39.12 - - [18/Feb/2010:20:25:58 -0800] "GET /clownjuice-access.log HTTP/1.1" 206 91994 "-" "Botslist Botfinder (+http://www.botslist.ca)"
204.15.39.12 - - [18/Feb/2010:20:26:04 -0800] "HEAD /clownjuice-error.log HTTP/1.1" 206 - "-" "Botslist Botfinder (+http://www.botslist.ca)"
204.15.39.12 - - [18/Feb/2010:20:26:04 -0800] "GET /clownjuice-error.log HTTP/1.1" 206 41980 "-" "Botslist Botfinder (+http://www.botslist.ca)"
204.15.39.12 - - [18/Feb/2010:20:26:06 -0800] "HEAD /dustinharley-access.log HTTP/1.1" 206 - "-" "Botslist Botfinder (+http://www.botslist.ca)"
204.15.39.12 - - [18/Feb/2010:20:26:07 -0800] "GET /dustinharley-access.log HTTP/1.1" 206 340771 "-" "Botslist Botfinder (+http://www.botslist.ca)"
204.15.39.12 - - [18/Feb/2010:20:26:16 -0800] "HEAD /dustinharley-error.log HTTP/1.1" 206 - "-" "Botslist Botfinder (+http://www.botslist.ca)"
204.15.39.12 - - [18/Feb/2010:20:26:16 -0800] "GET /dustinharley-error.log HTTP/1.1" 206 40622 "-" "Botslist Botfinder (+http://www.botslist.ca)"
204.15.39.12 - - [18/Feb/2010:20:26:18 -0800] "HEAD /evilfuckers-access.log HTTP/1.1" 206 - "-" "Botslist Botfinder (+http://www.botslist.ca)"
204.15.39.12 - - [18/Feb/2010:20:26:19 -0800] "GET /evilfuckers-access.log HTTP/1.1" 206 101096 "-" "Botslist Botfinder (+http://www.botslist.ca)"
204.15.39.12 - - [18/Feb/2010:20:26:24 -0800] "HEAD /evilfuckers-error.log HTTP/1.1" 206 - "-" "Botslist Botfinder (+http://www.botslist.ca)"
204.15.39.12 - - [18/Feb/2010:20:26:25 -0800] "GET /evilfuckers-error.log HTTP/1.1" 206 29617 "-" "Botslist Botfinder (+http://www.botslist.ca)"
204.15.39.12 - - [18/Feb/2010:20:26:27 -0800] "HEAD /ferality-access.log HTTP/1.1" 206 - "-" "Botslist Botfinder (+http://www.botslist.ca)"
204.15.39.12 - - [18/Feb/2010:20:26:28 -0800] "GET /ferality-access.log HTTP/1.1" 206 495542 "-" "Botslist Botfinder (+http://www.botslist.ca)"
204.15.39.12 - - [18/Feb/2010:20:26:39 -0800] "HEAD /ferality-error.log HTTP/1.1" 206 - "-" "Botslist Botfinder (+http://www.botslist.ca)"
204.15.39.12 - - [18/Feb/2010:20:26:39 -0800] "GET /ferality-error.log HTTP/1.1" 206 38809 "-" "Botslist Botfinder (+http://www.botslist.ca)"
204.15.39.12 - - [18/Feb/2010:20:26:41 -0800] "HEAD /gorgeworld-access.log HTTP/1.1" 206 - "-" "Botslist Botfinder (+http://www.botslist.ca)"
204.15.39.12 - - [18/Feb/2010:20:26:42 -0800] "GET /gorgeworld-access.log HTTP/1.1" 206 83510 "-" "Botslist Botfinder (+http://www.botslist.ca)"
204.15.39.12 - - [18/Feb/2010:20:26:45 -0800] "HEAD /gorgeworld-error.log HTTP/1.1" 206 - "-" "Botslist Botfinder (+http://www.botslist.ca)"
204.15.39.12 - - [18/Feb/2010:20:26:46 -0800] "GET /gorgeworld-error.log HTTP/1.1" 206 23673 "-" "Botslist Botfinder (+http://www.botslist.ca)"
204.15.39.12 - - [18/Feb/2010:20:26:47 -0800] "HEAD /jasoncmartin-access.log HTTP/1.1" 206 - "-" "Botslist Botfinder (+http://www.botslist.ca)"
204.15.39.12 - - [18/Feb/2010:20:26:48 -0800] "GET /jasoncmartin-access.log HTTP/1.1" 206 369677 "-" "Botslist Botfinder (+http://www.botslist.ca)"
204.15.39.12 - - [18/Feb/2010:20:26:56 -0800] "HEAD /jasoncmartin-error.log HTTP/1.1" 206 - "-" "Botslist Botfinder (+http://www.botslist.ca)"
204.15.39.12 - - [18/Feb/2010:20:26:57 -0800] "GET /jasoncmartin-error.log HTTP/1.1" 206 141743 "-" "Botslist Botfinder (+http://www.botslist.ca)"
204.15.39.12 - - [18/Feb/2010:20:27:01 -0800] "HEAD /log-access.log HTTP/1.1" 206 - "-" "Botslist Botfinder (+http://www.botslist.ca)"
204.15.39.12 - - [18/Feb/2010:20:27:01 -0800] "GET /log-access.log HTTP/1.1" 206 238078 "-" "Botslist Botfinder (+http://www.botslist.ca)"
204.15.39.12 - - [18/Feb/2010:20:27:07 -0800] "HEAD /log-error.log HTTP/1.1" 206 - "-" "Botslist Botfinder (+http://www.botslist.ca)"
204.15.39.12 - - [18/Feb/2010:20:27:07 -0800] "GET /log-error.log HTTP/1.1" 206 84269 "-" "Botslist Botfinder (+http://www.botslist.ca)"
204.15.39.12 - - [18/Feb/2010:20:27:10 -0800] "HEAD /orbsucks-access.log HTTP/1.1" 206 - "-" "Botslist Botfinder (+http://www.botslist.ca)"
204.15.39.12 - - [18/Feb/2010:20:27:11 -0800] "GET /orbsucks-access.log HTTP/1.1" 206 268692 "-" "Botslist Botfinder (+http://www.botslist.ca)"
204.15.39.12 - - [18/Feb/2010:20:27:20 -0800] "HEAD /orbsucks-error.log HTTP/1.1" 206 - "-" "Botslist Botfinder (+http://www.botslist.ca)"
204.15.39.12 - - [18/Feb/2010:20:27:20 -0800] "GET /orbsucks-error.log HTTP/1.1" 206 46232 "-" "Botslist Botfinder (+http://www.botslist.ca)"
204.15.39.12 - - [18/Feb/2010:20:27:23 -0800] "HEAD /paxnihilo-access.log HTTP/1.1" 206 - "-" "Botslist Botfinder (+http://www.botslist.ca)"
204.15.39.12 - - [18/Feb/2010:20:27:23 -0800] "GET /paxnihilo-access.log HTTP/1.1" 206 9559 "-" "Botslist Botfinder (+http://www.botslist.ca)"
204.15.39.12 - - [18/Feb/2010:20:27:25 -0800] "HEAD /paxnihilo-error.log HTTP/1.1" 206 - "-" "Botslist Botfinder (+http://www.botslist.ca)"
204.15.39.12 - - [18/Feb/2010:20:27:25 -0800] "GET /paxnihilo-error.log HTTP/1.1" 206 2360 "-" "Botslist Botfinder (+http://www.botslist.ca)"
204.15.39.12 - - [18/Feb/2010:20:27:26 -0800] "HEAD /sharkbomb-access.log HTTP/1.1" 206 - "-" "Botslist Botfinder (+http://www.botslist.ca)"
204.15.39.12 - - [18/Feb/2010:20:27:27 -0800] "GET /sharkbomb-access.log HTTP/1.1" 206 266662 "-" "Botslist Botfinder (+http://www.botslist.ca)"
204.15.39.12 - - [18/Feb/2010:20:27:32 -0800] "HEAD /sharkbomb-error.log HTTP/1.1" 206 - "-" "Botslist Botfinder (+http://www.botslist.ca)"
204.15.39.12 - - [18/Feb/2010:20:27:33 -0800] "GET /sharkbomb-error.log HTTP/1.1" 206 12829 "-" "Botslist Botfinder (+http://www.botslist.ca)"
204.15.39.12 - - [18/Feb/2010:20:27:34 -0800] "HEAD /terhanian-access.log HTTP/1.1" 304 - "-" "Botslist Botfinder (+http://www.botslist.ca)"
204.15.39.12 - - [18/Feb/2010:20:27:35 -0800] "HEAD /terhanian-error.log HTTP/1.1" 304 - "-" "Botslist Botfinder (+http://www.botslist.ca)"
204.15.39.12 - - [18/Feb/2010:20:27:35 -0800] "HEAD /vaginacide-access.log HTTP/1.1" 206 - "-" "Botslist Botfinder (+http://www.botslist.ca)"
204.15.39.12 - - [18/Feb/2010:20:27:36 -0800] "GET /vaginacide-access.log HTTP/1.1" 206 10170 "-" "Botslist Botfinder (+http://www.botslist.ca)"
204.15.39.12 - - [18/Feb/2010:20:27:37 -0800] "HEAD /vaginacide-error.log HTTP/1.1" 206 - "-" "Botslist Botfinder (+http://www.botslist.ca)"
204.15.39.12 - - [18/Feb/2010:20:27:47 -0800] "GET /vaginacide-error.log HTTP/1.1" 206 2963 "-" "Botslist Botfinder (+http://www.botslist.ca)"
123.125.66.51 - - [18/Feb/2010:20:58:38 -0800] "GET /robots.txt HTTP/1.1" 302 360 "-" "Baiduspider+(+http://www.baidu.com/search/spider.htm)"
66.240.231.154 - - [18/Feb/2010:22:07:15 -0800] "GET /user/soapCaller.bs HTTP/1.1" 302 355 "-" "Morfeus Fucking Scanner"
204.236.226.210 - - [18/Feb/2010:23:55:21 -0800] "GET /robots.txt HTTP/1.0" 302 360 "-" "ia_archiver (+http://www.alexa.com/site/help/webmasters; crawler@alexa.com)"
204.236.226.210 - - [18/Feb/2010:23:55:21 -0800] "GET / HTTP/1.0" 200 5981 "-" "ia_archiver (+http://www.alexa.com/site/help/webmasters; crawler@alexa.com)"
93.158.148.31 - - [19/Feb/2010:00:29:39 -0800] "GET /robots.txt HTTP/1.1" 302 360 "-" "Yandex/1.01.001 (compatible; Win16; I)"
204.236.226.210 - - [19/Feb/2010:00:58:53 -0800] "GET /robots.txt HTTP/1.0" 302 360 "-" "ia_archiver (+http://www.alexa.com/site/help/webmasters; crawler@alexa.com)"
204.236.226.210 - - [19/Feb/2010:00:58:54 -0800] "GET /browserbomb-access.log HTTP/1.0" 200 - "-" "ia_archiver (+http://www.alexa.com/site/help/webmasters; crawler@alexa.com)"
204.236.226.210 - - [19/Feb/2010:00:59:12 -0800] "GET /browserbomb-error.log HTTP/1.0" 200 - "-" "ia_archiver (+http://www.alexa.com/site/help/webmasters; crawler@alexa.com)"
204.236.226.210 - - [19/Feb/2010:00:59:17 -0800] "GET /evilfuckers-access.log HTTP/1.0" 200 101724 "-" "ia_archiver (+http://www.alexa.com/site/help/webmasters; crawler@alexa.com)"
66.249.71.195 - - [19/Feb/2010:02:07:01 -0800] "GET /robots.txt HTTP/1.1" 302 360 "-" "Mozilla/5.0 (compatible; Googlebot/2.1; +http://www.google.com/bot.html)"
66.249.71.195 - - [19/Feb/2010:02:07:02 -0800] "GET /log.20080919/hrmarijuana-error.log HTTP/1.1" 302 360 "-" "Mozilla/5.0 (compatible; Googlebot/2.1; +http://www.google.com/bot.html)"
93.158.148.31 - - [19/Feb/2010:02:41:26 -0800] "GET /ferality-error.log HTTP/1.1" 200 39024 "-" "Yandex/1.01.001 (compatible; Win16; I)"
67.218.116.162 - - [19/Feb/2010:02:44:24 -0800] "GET /robots.txt HTTP/1.1" 302 360 "-" "Mozilla/5.0 (Twiceler-0.9 http://www.cuil.com/twiceler/robot.html)"
93.158.148.31 - - [19/Feb/2010:04:53:14 -0800] "GET /ferality-access.log HTTP/1.1" 200 501656 "-" "Yandex/1.01.001 (compatible; Win16; I)"
92.240.68.152 - - [19/Feb/2010:04:57:56 -0800] "GET http://www.linorulli.com/LinoBoerGoatProfile1.jpg HTTP/1.1" 302 357 "-" "webcollage/1.135a"
93.158.148.31 - - [19/Feb/2010:05:59:12 -0800] "GET /dustinharley-access.log HTTP/1.1" 200 344315 "-" "Yandex/1.01.001 (compatible; Win16; I)"
216.145.18.147 - - [19/Feb/2010:06:39:18 -0800] "GET / HTTP/1.1" 200 5976 "-" "Mozilla/4.0 (compatible; MSIE 6.0; Windows NT 5.0; DigExt)"
66.249.71.236 - - [19/Feb/2010:07:05:27 -0800] "GET /robots.txt HTTP/1.1" 302 360 "-" "Mozilla/5.0 (compatible; Googlebot/2.1; +http://www.google.com/bot.html)"
66.249.71.236 - - [19/Feb/2010:07:05:27 -0800] "GET /wdwfhujzyiwe.html HTTP/1.1" 302 360 "-" "Mozilla/5.0 (compatible; Googlebot/2.1; +http://www.google.com/bot.html)"
216.129.119.12 - - [19/Feb/2010:07:25:48 -0800] "GET /robots.txt HTTP/1.1" 302 360 "-" "Mozilla/5.0 (Twiceler-0.9 http://www.cuil.com/twiceler/robot.html)"
66.249.71.236 - - [19/Feb/2010:07:35:16 -0800] "GET /kfcuegfeyr.html HTTP/1.1" 302 360 "-" "Mozilla/5.0 (compatible; Googlebot/2.1; +http://www.google.com/bot.html)"
66.249.71.236 - - [19/Feb/2010:07:50:06 -0800] "GET /xtemalkwaxerzg.html HTTP/1.1" 302 360 "-" "Mozilla/5.0 (compatible; Googlebot/2.1; +http://www.google.com/bot.html)"
65.55.207.123 - - [19/Feb/2010:09:05:35 -0800] "GET /robots.txt HTTP/1.1" 302 360 "-" "msnbot/2.0b (+http://search.msn.com/msnbot.htm)"
65.55.207.123 - - [19/Feb/2010:09:13:13 -0800] "GET /robots.txt HTTP/1.1" 302 360 "-" "msnbot/2.0b (+http://search.msn.com/msnbot.htm)"
65.55.207.123 - - [19/Feb/2010:09:24:21 -0800] "GET /robots.txt HTTP/1.1" 302 360 "-" "msnbot/2.0b (+http://search.msn.com/msnbot.htm)"
65.55.207.123 - - [19/Feb/2010:09:39:00 -0800] "GET /robots.txt HTTP/1.1" 302 360 "-" "msnbot/2.0b (+http://search.msn.com/msnbot.htm)"
65.55.207.123 - - [19/Feb/2010:09:59:13 -0800] "GET /robots.txt HTTP/1.1" 302 360 "-" "msnbot/2.0b (+http://search.msn.com/msnbot.htm)"
65.55.207.123 - - [19/Feb/2010:10:24:57 -0800] "GET /robots.txt HTTP/1.1" 302 360 "-" "msnbot/2.0b (+http://search.msn.com/msnbot.htm)"
208.80.193.27 - - [19/Feb/2010:10:35:57 -0800] "GET / HTTP/1.0" 200 5981 "-" "Mozilla/4.0 (compatible; MSIE 6.0; Windows NT 5.1; {0AC28DFE-C6D7-EF15-F472-298FA72FF9D3}; FunWebProducts; .NET CLR 2.0.50727; SpamBlockerUtility 4.7.7; yplus 5.1.02b)"
66.249.71.236 - - [19/Feb/2010:10:37:31 -0800] "GET /gorgeworld-access.log HTTP/1.1" 200 83940 "-" "Mozilla/5.0 (compatible; Googlebot/2.1; +http://www.google.com/bot.html)"
65.55.207.123 - - [19/Feb/2010:10:55:43 -0800] "GET /robots.txt HTTP/1.1" 302 360 "-" "msnbot/2.0b (+http://search.msn.com/msnbot.htm)"
65.55.207.123 - - [19/Feb/2010:11:28:55 -0800] "GET /robots.txt HTTP/1.1" 302 360 "-" "msnbot/2.0b (+http://search.msn.com/msnbot.htm)"
65.55.207.123 - - [19/Feb/2010:12:07:52 -0800] "GET /robots.txt HTTP/1.1" 302 360 "-" "msnbot/2.0b (+http://search.msn.com/msnbot.htm)"
66.235.124.57 - - [19/Feb/2010:12:12:47 -0800] "GET /robots.txt HTTP/1.1" 302 360 "-" "Mozilla/5.0 (compatible; Ask Jeeves/Teoma; +http://about.ask.com/en/docs/about/webmasters.shtml)"
66.235.124.57 - - [19/Feb/2010:12:12:48 -0800] "GET /gorgeworld-access.log HTTP/1.1" 200 83940 "-" "Mozilla/5.0 (compatible; Ask Jeeves/Teoma; +http://about.ask.com/en/docs/about/webmasters.shtml)"
85.68.195.23 - - [19/Feb/2010:12:28:31 -0800] "GET /favicon.ico HTTP/1.1" 302 360 "http://www.google.fr/search?hl=fr&source=hp&q=+aiHitBot&btnG=Recherche+Google&meta=&aq=f&oq=" "Mozilla/5.0 (Windows; U; Windows NT 6.0; fr; rv:1.9.0.18) Gecko/2010020220 Firefox/3.0.18 (.NET CLR 3.5.30729)"
85.68.195.23 - - [19/Feb/2010:12:28:32 -0800] "GET /favicon.ico HTTP/1.1" 302 360 "http://www.google.fr/search?hl=fr&source=hp&q=+aiHitBot&btnG=Recherche+Google&meta=&aq=f&oq=&emsg=NCSR&ei=bvR-S4auDZS7jAeuz9CqDQ" "Mozilla/5.0 (Windows; U; Windows NT 6.0; fr; rv:1.9.0.18) Gecko/2010020220 Firefox/3.0.18 (.NET CLR 3.5.30729)"
65.55.207.123 - - [19/Feb/2010:12:49:37 -0800] "GET /robots.txt HTTP/1.1" 302 360 "-" "msnbot/2.0b (+http://search.msn.com/msnbot.htm)"
67.195.112.234 - - [19/Feb/2010:13:32:24 -0800] "GET /robots.txt HTTP/1.0" 302 360 "-" "Mozilla/5.0 (compatible; Yahoo! Slurp; http://help.yahoo.com/help/us/ysearch/slurp)"
67.195.112.234 - - [19/Feb/2010:13:32:24 -0800] "GET / HTTP/1.0" 200 5981 "-" "Mozilla/5.0 (compatible; Yahoo! Slurp/3.0; http://help.yahoo.com/help/us/ysearch/slurp)"
65.55.207.123 - - [19/Feb/2010:13:35:02 -0800] "GET /robots.txt HTTP/1.1" 302 360 "-" "msnbot/2.0b (+http://search.msn.com/msnbot.htm)"
65.55.207.123 - - [19/Feb/2010:14:30:28 -0800] "GET /robots.txt HTTP/1.1" 302 360 "-" "msnbot/2.0b (+http://search.msn.com/msnbot.htm)"
66.249.71.236 - - [19/Feb/2010:14:35:25 -0800] "GET /robots.txt HTTP/1.1" 302 360 "-" "Mozilla/5.0 (compatible; Googlebot/2.1; +http://www.google.com/bot.html)"
66.249.71.236 - - [19/Feb/2010:14:35:25 -0800] "GET /log.20080919/httpd-access.log HTTP/1.1" 302 360 "-" "Mozilla/5.0 (compatible; Googlebot/2.1; +http://www.google.com/bot.html)"
65.55.216.53 - - [19/Feb/2010:14:37:02 -0800] "GET /robots.txt HTTP/1.1" 302 360 "-" "msnbot/2.0b (+http://search.msn.com/msnbot.htm)"
60.21.206.10 - - [19/Feb/2010:14:43:52 -0800] "GET //phpMyAdmin/ HTTP/1.1" 302 355 "-" "Mozilla/4.0 (compatible; MSIE 6.0; Windows 98)"
60.21.206.10 - - [19/Feb/2010:14:43:53 -0800] "GET //phpmyadmin/ HTTP/1.1" 302 355 "-" "Mozilla/4.0 (compatible; MSIE 6.0; Windows 98)"
60.21.206.10 - - [19/Feb/2010:14:43:54 -0800] "GET //mysql/ HTTP/1.1" 302 355 "-" "Mozilla/4.0 (compatible; MSIE 6.0; Windows 98)"
60.21.206.10 - - [19/Feb/2010:14:43:54 -0800] "GET // HTTP/1.1" 200 5976 "-" "Mozilla/4.0 (compatible; MSIE 6.0; Windows 98)"
65.55.216.53 - - [19/Feb/2010:14:47:07 -0800] "GET /robots.txt HTTP/1.1" 302 360 "-" "msnbot/2.0b (+http://search.msn.com/msnbot.htm)"
65.55.207.123 - - [19/Feb/2010:15:01:48 -0800] "GET /robots.txt HTTP/1.1" 302 360 "-" "msnbot/2.0b (+http://search.msn.com/msnbot.htm)"
65.55.207.123 - - [19/Feb/2010:15:19:40 -0800] "GET /robots.txt HTTP/1.1" 302 360 "-" "msnbot/2.0b (+http://search.msn.com/msnbot.htm)"
207.70.37.236 - - [19/Feb/2010:15:35:57 -0800] "GET / HTTP/1.1" 200 5976 "-" "Mozilla/4.0 (compatible; MSIE 6.0; Windows NT 5.0; DigExt)"
65.55.216.53 - - [19/Feb/2010:15:41:12 -0800] "GET /robots.txt HTTP/1.1" 302 360 "-" "msnbot/2.0b (+http://search.msn.com/msnbot.htm)"
