89.207.208.9 - - [22/Feb/2010:18:51:43 -0800] "GET /log.20081203/gorgeworld-error.log HTTP/1.0" 302 359 "-" "Mozilla/3.0 (compatible; MSIE 6.0; Windows NT 5.1; SV1)"
65.55.207.97 - - [22/Feb/2010:19:02:16 -0800] "GET /robots.txt HTTP/1.1" 302 360 "-" "msnbot/2.0b (+http://search.msn.com/msnbot.htm)"
93.158.148.31 - - [22/Feb/2010:19:21:44 -0800] "GET /robots.txt HTTP/1.1" 302 360 "-" "Yandex/1.01.001 (compatible; Win16; I)"
65.55.207.97 - - [22/Feb/2010:19:44:05 -0800] "GET /robots.txt HTTP/1.1" 302 360 "-" "msnbot/2.0b (+http://search.msn.com/msnbot.htm)"
208.96.10.201 - - [22/Feb/2010:20:18:14 -0800] "GET /robots.txt HTTP/1.1" 302 360 "-" "robotgenius (http://robotgenius.net)"
122.102.253.195 - - [22/Feb/2010:20:27:23 -0800] "GET /pma//scripts/setup.php HTTP/1.1" 302 355 "-" "Mozilla/4.0 (compatible; MSIE 6.0; MSIE 5.5; Windows NT 5.1) Opera 7.01 [en]"
122.102.253.195 - - [22/Feb/2010:20:27:24 -0800] "GET /pma//setup/config.php?type=post HTTP/1.1" 302 355 "-" "Mozilla/4.0 (compatible; MSIE 6.0; MSIE 5.5; Windows NT 5.1) Opera 7.01 [en]"
65.55.207.97 - - [22/Feb/2010:20:30:46 -0800] "GET /robots.txt HTTP/1.1" 302 360 "-" "msnbot/2.0b (+http://search.msn.com/msnbot.htm)"
65.55.207.97 - - [22/Feb/2010:20:31:22 -0800] "GET /terhanian-error.log HTTP/1.1" 200 - "-" "msnbot/2.0b (+http://search.msn.com/msnbot.htm)"
123.125.66.24 - - [22/Feb/2010:20:47:09 -0800] "GET /robots.txt HTTP/1.1" 302 360 "-" "Baiduspider+(+http://www.baidu.com/search/spider.htm)"
208.96.10.201 - - [22/Feb/2010:21:18:12 -0800] "GET / HTTP/1.1" 200 5981 "-" "robotgenius (http://robotgenius.net)"
93.158.148.31 - - [22/Feb/2010:21:28:57 -0800] "GET /?C=D;O=A HTTP/1.1" 200 5981 "-" "Yandex/1.01.001 (compatible; Win16; I)"
66.249.68.250 - - [22/Feb/2010:22:48:26 -0800] "GET /robots.txt HTTP/1.1" 302 360 "-" "Mozilla/5.0 (compatible; Googlebot/2.1; +http://www.google.com/bot.html)"
66.249.68.250 - - [22/Feb/2010:22:48:26 -0800] "GET /vaginacide-access.log HTTP/1.1" 200 12313 "-" "Mozilla/5.0 (compatible; Googlebot/2.1; +http://www.google.com/bot.html)"
61.239.248.139 - - [22/Feb/2010:23:12:43 -0800] "CONNECT 205.188.251.16:443 HTTP/1.0" 405 372 "-" "-"
93.158.148.31 - - [22/Feb/2010:23:36:10 -0800] "GET /?C=N;O=D HTTP/1.1" 200 5981 "-" "Yandex/1.01.001 (compatible; Win16; I)"
66.249.68.250 - - [23/Feb/2010:01:15:38 -0800] "GET /evilfuckers-error.log HTTP/1.1" 200 33942 "-" "Mozilla/5.0 (compatible; Googlebot/2.1; +http://www.google.com/bot.html)"
93.158.148.31 - - [23/Feb/2010:01:43:23 -0800] "GET /?C=M;O=A HTTP/1.1" 200 5981 "-" "Yandex/1.01.001 (compatible; Win16; I)"
94.222.182.54 - - [23/Feb/2010:02:02:48 -0800] "GET /ferality-error.log HTTP/1.1" 200 42149 "-" "Mozilla/5.0 (Windows; U; Windows NT 5.1; de; rv:1.8.1.11) Gecko/20071127 Firefox/2.0.0.11"
67.218.116.162 - - [23/Feb/2010:02:54:55 -0800] "GET /robots.txt HTTP/1.1" 302 360 "-" "Mozilla/5.0 (Twiceler-0.9 http://www.cuil.com/twiceler/robot.html)"
66.249.68.209 - - [23/Feb/2010:03:42:46 -0800] "GET /robots.txt HTTP/1.1" 302 359 "-" "Mozilla/5.0 (compatible; Googlebot/2.1; +http://www.google.com/bot.html)"
66.249.68.209 - - [23/Feb/2010:03:42:46 -0800] "GET /log.20081203/gorgeworld-error.log HTTP/1.1" 302 359 "-" "Mozilla/5.0 (compatible; Googlebot/2.1; +http://www.google.com/bot.html)"
93.158.148.31 - - [23/Feb/2010:03:50:36 -0800] "GET /?C=S;O=A HTTP/1.1" 200 5981 "-" "Yandex/1.01.001 (compatible; Win16; I)"
88.90.168.45 - - [23/Feb/2010:04:05:04 -0800] "GET /ferality-error.log HTTP/1.1" 200 42470 "-" "Mozilla/5.0 (Windows; U; Windows NT 5.1; de; rv:1.8.1.11) Gecko/20071127 Firefox/2.0.0.11"
65.55.106.115 - - [23/Feb/2010:04:23:04 -0800] "GET /robots.txt HTTP/1.1" 302 360 "-" "msnbot/2.0b (+http://search.msn.com/msnbot.htm)"
66.235.124.59 - - [23/Feb/2010:04:33:11 -0800] "GET /robots.txt HTTP/1.1" 302 360 "-" "Mozilla/5.0 (compatible; Ask Jeeves/Teoma; +http://about.ask.com/en/docs/about/webmasters.shtml)"
66.235.124.59 - - [23/Feb/2010:04:33:12 -0800] "GET /paxnihilo-access.log HTTP/1.1" 200 10496 "-" "Mozilla/5.0 (compatible; Ask Jeeves/Teoma; +http://about.ask.com/en/docs/about/webmasters.shtml)"
65.55.106.115 - - [23/Feb/2010:04:35:10 -0800] "GET /robots.txt HTTP/1.1" 302 360 "-" "msnbot/2.0b (+http://search.msn.com/msnbot.htm)"
65.55.106.115 - - [23/Feb/2010:04:52:01 -0800] "GET /robots.txt HTTP/1.1" 302 360 "-" "msnbot/2.0b (+http://search.msn.com/msnbot.htm)"
65.55.106.115 - - [23/Feb/2010:05:13:11 -0800] "GET /robots.txt HTTP/1.1" 302 360 "-" "msnbot/2.0b (+http://search.msn.com/msnbot.htm)"
190.144.99.11 - - [23/Feb/2010:05:38:33 -0800] "GET //user/templates/footer.tpl HTTP/1.1" 302 355 "-" "Mozilla/4.0 (compatible; MSIE 6.0; Windows 98)"
65.55.106.115 - - [23/Feb/2010:05:40:24 -0800] "GET /robots.txt HTTP/1.1" 302 360 "-" "msnbot/2.0b (+http://search.msn.com/msnbot.htm)"
84.130.122.179 - - [23/Feb/2010:06:03:58 -0800] "GET /orbsucks-error.log HTTP/1.1" 200 51926 "-" "Mozilla/5.0 (Windows; U; Windows NT 5.1; de; rv:1.8.1.11) Gecko/20071127 Firefox/2.0.0.11"
65.55.106.115 - - [23/Feb/2010:06:11:37 -0800] "GET /robots.txt HTTP/1.1" 302 360 "-" "msnbot/2.0b (+http://search.msn.com/msnbot.htm)"
65.55.106.115 - - [23/Feb/2010:06:42:03 -0800] "GET /robots.txt HTTP/1.1" 302 360 "-" "msnbot/2.0b (+http://search.msn.com/msnbot.htm)"
216.129.119.12 - - [23/Feb/2010:06:58:32 -0800] "GET /robots.txt HTTP/1.1" 302 360 "-" "Mozilla/5.0 (Twiceler-0.9 http://www.cuil.com/twiceler/robot.html)"
65.55.106.115 - - [23/Feb/2010:07:28:05 -0800] "GET /robots.txt HTTP/1.1" 302 360 "-" "msnbot/2.0b (+http://search.msn.com/msnbot.htm)"
65.55.106.115 - - [23/Feb/2010:07:35:55 -0800] "GET /robots.txt HTTP/1.1" 302 360 "-" "msnbot/2.0b (+http://search.msn.com/msnbot.htm)"
65.55.106.115 - - [23/Feb/2010:07:47:04 -0800] "GET /robots.txt HTTP/1.1" 302 360 "-" "msnbot/2.0b (+http://search.msn.com/msnbot.htm)"
65.55.106.115 - - [23/Feb/2010:08:03:20 -0800] "GET /robots.txt HTTP/1.1" 302 360 "-" "msnbot/2.0b (+http://search.msn.com/msnbot.htm)"
65.55.106.115 - - [23/Feb/2010:08:23:54 -0800] "GET /robots.txt HTTP/1.1" 302 360 "-" "msnbot/2.0b (+http://search.msn.com/msnbot.htm)"
65.55.106.115 - - [23/Feb/2010:08:45:23 -0800] "GET /robots.txt HTTP/1.1" 302 360 "-" "msnbot/2.0b (+http://search.msn.com/msnbot.htm)"
65.55.106.115 - - [23/Feb/2010:09:14:21 -0800] "GET /robots.txt HTTP/1.1" 302 360 "-" "msnbot/2.0b (+http://search.msn.com/msnbot.htm)"
65.55.106.115 - - [23/Feb/2010:09:44:40 -0800] "GET /robots.txt HTTP/1.1" 302 360 "-" "msnbot/2.0b (+http://search.msn.com/msnbot.htm)"
83.223.6.14 - - [23/Feb/2010:10:00:38 -0800] "GET /favicon.ico HTTP/1.1" 302 360 "http://www.google.se/search?hl=en&source=hp&q=seoprofiler.com+bot&btnG=Google+Search" "Mozilla/5.0 (X11; U; Linux i686; en-GB; rv:1.9.1.6) Gecko/20100203 Iceweasel/3.5.6 (like Firefox/3.5.6; Debian-3.5.6-1~bpo50+1)"
65.55.106.115 - - [23/Feb/2010:10:21:44 -0800] "GET /robots.txt HTTP/1.1" 302 360 "-" "msnbot/2.0b (+http://search.msn.com/msnbot.htm)"
74.222.4.82 - - [23/Feb/2010:10:33:56 -0800] "GET /robots.txt HTTP/1.0" 302 360 "http://unusualdischarge.com/robots.txt" "Mozilla/4.0 (compatible; MSIE 6.0; Windows NT 5.1; SV1; .NET CLR 2.0.50727)"
74.222.4.82 - - [23/Feb/2010:10:33:56 -0800] "GET / HTTP/1.0" 200 5981 "http://unusualdischarge.com/" "Mozilla/4.0 (compatible; MSIE 6.0; Windows NT 5.1; SV1; .NET CLR 2.0.50727)"
65.55.207.94 - - [23/Feb/2010:11:03:33 -0800] "GET /robots.txt HTTP/1.1" 302 360 "-" "msnbot/2.0b (+http://search.msn.com/msnbot.htm)"
165.145.103.146 - - [23/Feb/2010:11:37:57 -0800] "GET /ferality-error.log HTTP/1.1" 200 43000 "http://www.google.co.za/url?sa=t&source=web&ct=res&cd=1&ved=0CAYQFjAA&url=http%3A%2F%2Funusualdischarge.com%2Fferality-error.log&rct=j&q=174.129.59.49&ei=iC6ES8vFKcumnQfx9Oz_AQ&usg=AFQjCNHPkrPVkGvmDXGleSPtJlFYt-Z3Rw&sig2=tIGSxs6NKmOaAh52w5pBow" "Mozilla/5.0 (Windows; U; Windows NT 5.1; en-US; rv:1.9.1.8) Gecko/20100202 Firefox/3.5.8"
165.145.103.146 - - [23/Feb/2010:11:38:02 -0800] "GET /favicon.ico HTTP/1.1" 302 360 "-" "Mozilla/5.0 (Windows; U; Windows NT 5.1; en-US; rv:1.9.1.8) Gecko/20100202 Firefox/3.5.8"
165.145.103.146 - - [23/Feb/2010:11:38:05 -0800] "GET /favicon.ico HTTP/1.1" 302 360 "-" "Mozilla/5.0 (Windows; U; Windows NT 5.1; en-US; rv:1.9.1.8) Gecko/20100202 Firefox/3.5.8"
65.55.106.115 - - [23/Feb/2010:12:02:06 -0800] "GET /robots.txt HTTP/1.1" 302 360 "-" "msnbot/2.0b (+http://search.msn.com/msnbot.htm)"
65.55.106.115 - - [23/Feb/2010:12:14:17 -0800] "GET /robots.txt HTTP/1.1" 302 360 "-" "msnbot/2.0b (+http://search.msn.com/msnbot.htm)"
66.249.67.149 - - [23/Feb/2010:12:17:59 -0800] "GET /robots.txt HTTP/1.1" 302 360 "-" "Mozilla/5.0 (compatible; Googlebot/2.1; +http://www.google.com/bot.html)"
66.249.67.149 - - [23/Feb/2010:12:17:59 -0800] "GET /jasoncmartin-error.log HTTP/1.1" 200 164000 "-" "Mozilla/5.0 (compatible; Googlebot/2.1; +http://www.google.com/bot.html)"
65.55.207.94 - - [23/Feb/2010:12:28:20 -0800] "GET /robots.txt HTTP/1.1" 302 360 "-" "msnbot/2.0b (+http://search.msn.com/msnbot.htm)"
65.55.207.94 - - [23/Feb/2010:12:46:02 -0800] "GET /robots.txt HTTP/1.1" 302 360 "-" "msnbot/2.0b (+http://search.msn.com/msnbot.htm)"
65.55.207.94 - - [23/Feb/2010:13:07:51 -0800] "GET /robots.txt HTTP/1.1" 302 360 "-" "msnbot/2.0b (+http://search.msn.com/msnbot.htm)"
66.249.67.22 - - [23/Feb/2010:13:33:08 -0800] "GET /robots.txt HTTP/1.1" 302 359 "-" "Mozilla/5.0 (compatible; Googlebot/2.1; +http://www.google.com/bot.html)"
66.249.67.22 - - [23/Feb/2010:13:33:08 -0800] "GET /log.20081203/gorgeworld-error.log HTTP/1.1" 302 359 "-" "Mozilla/5.0 (compatible; Googlebot/2.1; +http://www.google.com/bot.html)"
65.55.106.115 - - [23/Feb/2010:13:34:38 -0800] "GET /robots.txt HTTP/1.1" 302 360 "-" "msnbot/2.0b (+http://search.msn.com/msnbot.htm)"
65.55.106.115 - - [23/Feb/2010:14:04:40 -0800] "GET /robots.txt HTTP/1.1" 302 360 "-" "msnbot/2.0b (+http://search.msn.com/msnbot.htm)"
66.249.67.149 - - [23/Feb/2010:14:21:00 -0800] "GET /paxnihilo-error.log HTTP/1.1" 200 2684 "-" "Mozilla/5.0 (compatible; Googlebot/2.1; +http://www.google.com/bot.html)"
80.5.27.191 - - [23/Feb/2010:14:21:20 -0800] "GET /ferality-error.log HTTP/1.1" 200 43000 "http://www.google.com/search?client=safari&rls=en&q=174.129.59.49&ie=UTF-8&oe=UTF-8" "Mozilla/5.0 (Macintosh; U; Intel Mac OS X 10_6_2; en-us) AppleWebKit/531.21.8 (KHTML, like Gecko) Version/4.0.4 Safari/531.21.10"
80.5.27.191 - - [23/Feb/2010:14:21:21 -0800] "GET /favicon.ico HTTP/1.1" 302 360 "http://unusualdischarge.com/ferality-error.log" "Mozilla/5.0 (Macintosh; U; Intel Mac OS X 10_6_2; en-us) AppleWebKit/531.21.8 (KHTML, like Gecko) Version/4.0.4 Safari/531.21.10"
66.249.68.250 - - [23/Feb/2010:14:21:56 -0800] "GET /robots.txt HTTP/1.1" 302 360 "-" "Mozilla/5.0 (compatible; Googlebot/2.1; +http://www.google.com/bot.html)"
66.249.68.250 - - [23/Feb/2010:14:21:56 -0800] "GET /clownjuice-access.log HTTP/1.1" 200 98791 "-" "Mozilla/5.0 (compatible; Googlebot/2.1; +http://www.google.com/bot.html)"
65.55.207.94 - - [23/Feb/2010:14:36:49 -0800] "GET /robots.txt HTTP/1.1" 302 360 "-" "msnbot/2.0b (+http://search.msn.com/msnbot.htm)"
94.102.63.60 - - [23/Feb/2010:15:14:59 -0800] "GET /terhanian-error.log HTTP/1.0" 200 - "http://theinvestblog.com/" "Mozilla/4.0 (compatible; MSIE 6.0; Windows NT 5.1; SV1; YPC 3.0.2; .NET CLR 1.1.4322; yplus 4.4.02b)"
65.55.207.94 - - [23/Feb/2010:15:17:38 -0800] "GET /robots.txt HTTP/1.1" 302 360 "-" "msnbot/2.0b (+http://search.msn.com/msnbot.htm)"
89.159.206.159 - - [23/Feb/2010:15:42:17 -0800] "GET /browserbomb-access.log HTTP/1.0" 200 - "-" "Mozilla/5.0 (compatible; Googlebot/2.1; +http://www.google.com/bot.html)"
65.55.207.94 - - [23/Feb/2010:16:03:00 -0800] "GET /robots.txt HTTP/1.1" 302 360 "-" "msnbot/2.0b (+http://search.msn.com/msnbot.htm)"
65.55.207.94 - - [23/Feb/2010:16:47:34 -0800] "GET /robots.txt HTTP/1.1" 302 360 "-" "msnbot/2.0b (+http://search.msn.com/msnbot.htm)"
123.125.66.22 - - [23/Feb/2010:17:24:51 -0800] "GET /robots.txt HTTP/1.1" 302 360 "-" "Baiduspider+(+http://www.baidu.com/search/spider.htm)"
65.55.207.94 - - [23/Feb/2010:17:35:44 -0800] "GET /robots.txt HTTP/1.1" 302 360 "-" "msnbot/2.0b (+http://search.msn.com/msnbot.htm)"
65.55.207.94 - - [23/Feb/2010:17:44:46 -0800] "GET /robots.txt HTTP/1.1" 302 360 "-" "msnbot/2.0b (+http://search.msn.com/msnbot.htm)"
65.55.207.94 - - [23/Feb/2010:17:55:44 -0800] "GET /robots.txt HTTP/1.1" 302 360 "-" "msnbot/2.0b (+http://search.msn.com/msnbot.htm)"
65.55.207.94 - - [23/Feb/2010:18:12:36 -0800] "GET /robots.txt HTTP/1.1" 302 360 "-" "msnbot/2.0b (+http://search.msn.com/msnbot.htm)"
212.184.138.252 - - [23/Feb/2010:18:30:57 -0800] "GET /log.20080919/log-access.log HTTP/1.1" 302 359 "http://www.google.de/url?sa=t&source=web&ct=res&cd=14&ved=0CD8QFjAN&url=http%3A%2F%2Fmail.gorgeworld.com%2Flog.20080919%2Flog-access.log&rct=j&q=66.198.80.67%3A6667&ei=bI6ES5vvFpnc_QaUqeXHAg&usg=AFQjCNFmSVQ_Kmx51uYm1hIkCHCOixuJMQ" "Mozilla/5.0 (Windows; U; Windows NT 6.1; de; rv:1.9.2) Gecko/20100115 Firefox/3.6"
65.55.207.94 - - [23/Feb/2010:18:34:21 -0800] "GET /robots.txt HTTP/1.1" 302 360 "-" "msnbot/2.0b (+http://search.msn.com/msnbot.htm)"
65.55.207.94 - - [23/Feb/2010:18:57:51 -0800] "GET /robots.txt HTTP/1.1" 302 360 "-" "msnbot/2.0b (+http://search.msn.com/msnbot.htm)"
65.55.207.94 - - [23/Feb/2010:19:26:01 -0800] "GET /robots.txt HTTP/1.1" 302 360 "-" "msnbot/2.0b (+http://search.msn.com/msnbot.htm)"
204.15.39.12 - - [23/Feb/2010:19:27:18 -0800] "HEAD /unsanitary-access.log HTTP/1.1" 302 - "-" "Botslist Botfinder (+http://www.botslist.ca)"
65.55.207.94 - - [23/Feb/2010:19:55:43 -0800] "GET /robots.txt HTTP/1.1" 302 360 "-" "msnbot/2.0b (+http://search.msn.com/msnbot.htm)"
65.55.207.94 - - [23/Feb/2010:20:27:49 -0800] "GET /robots.txt HTTP/1.1" 302 360 "-" "msnbot/2.0b (+http://search.msn.com/msnbot.htm)"
123.125.66.100 - - [23/Feb/2010:20:41:46 -0800] "GET /robots.txt HTTP/1.1" 302 360 "-" "Baiduspider+(+http://www.baidu.com/search/spider.htm)"
65.55.207.94 - - [23/Feb/2010:21:04:27 -0800] "GET /robots.txt HTTP/1.1" 302 360 "-" "msnbot/2.0b (+http://search.msn.com/msnbot.htm)"
195.140.202.142 - - [23/Feb/2010:21:27:50 -0800] "CONNECT 195.140.202.142:6667 HTTP/1.0" 405 374 "-" "-"
195.140.202.142 - - [23/Feb/2010:21:27:50 -0800] "POST http://195.140.202.142:6667/ HTTP/1.0" 302 357 "-" "-"
65.55.207.94 - - [23/Feb/2010:21:45:06 -0800] "GET /robots.txt HTTP/1.1" 302 360 "-" "msnbot/2.0b (+http://search.msn.com/msnbot.htm)"
65.55.207.94 - - [23/Feb/2010:22:32:55 -0800] "GET /robots.txt HTTP/1.1" 302 360 "-" "msnbot/2.0b (+http://search.msn.com/msnbot.htm)"
65.55.207.94 - - [23/Feb/2010:22:33:51 -0800] "GET /log-access.log HTTP/1.1" 200 314079 "-" "msnbot/2.0b (+http://search.msn.com/msnbot.htm)"
66.249.68.174 - - [23/Feb/2010:22:38:49 -0800] "GET /robots.txt HTTP/1.1" 302 360 "-" "Mozilla/5.0 (compatible; Googlebot/2.1; +http://www.google.com/bot.html)"
66.249.68.174 - - [23/Feb/2010:22:38:50 -0800] "GET /clownjuice-access.log HTTP/1.1" 200 98791 "-" "Mozilla/5.0 (compatible; Googlebot/2.1; +http://www.google.com/bot.html)"
194.109.21.230 - - [24/Feb/2010:01:09:58 -0800] "CONNECT 194.109.153.5:11111 HTTP/1.0" 405 373 "-" "-"
194.109.21.230 - - [24/Feb/2010:01:09:58 -0800] "GET http://194.109.153.3/proxycheck.txt HTTP/1.0" 302 353 "-" "BOPM/3.1.3"
194.109.21.230 - - [24/Feb/2010:01:09:58 -0800] "POST http://194.109.153.5:11111/ HTTP/1.0" 302 356 "-" "-"
194.160.41.10 - - [24/Feb/2010:01:29:24 -0800] "GET /orbsucks-error.log HTTP/1.1" 200 53046 "http://www.google.sk/url?sa=t&source=web&ct=res&cd=1&ved=0CAYQFjAA&url=http%3A%2F%2Funusualdischarge.com%2Forbsucks-error.log&rct=j&q=filetype%3Alog+exist&ei=cvGES6jFBZGangOi2ZmxAg&usg=AFQjCNEkL4F694VnKoLMSw0YuQxFoRx_5Q&sig2=pCgyupMZogXY1RKdoHnXpQ" "Mozilla/4.0 (compatible; MSIE 8.0; Windows NT 6.1; Trident/4.0; SLCC2; .NET CLR 2.0.50727; .NET CLR 3.5.30729; .NET CLR 3.0.30729; Media Center PC 6.0; InfoPath.2)"
85.107.159.171 - - [24/Feb/2010:01:35:37 -0800] "GET /clownjuice-access.log HTTP/1.1" 200 98933 "http://www.google.com.tr/search?client=opera&rls=tr&q=174.129.171.75&sourceid=opera&ie=utf-8&oe=utf-8" "Opera/9.80 (Windows NT 5.1; U; tr) Presto/2.2.15 Version/10.10"
66.249.68.174 - - [24/Feb/2010:02:15:28 -0800] "GET / HTTP/1.1" 200 5981 "-" "Mozilla/5.0 (compatible; Googlebot/2.1; +http://www.google.com/bot.html)"
208.80.193.39 - - [24/Feb/2010:03:10:59 -0800] "GET / HTTP/1.0" 200 5981 "-" "Mozilla/4.0 (compatible; MSIE 7.0; Windows NT 5.1; iebar; InfoPath.1)"
66.249.68.174 - - [24/Feb/2010:04:27:06 -0800] "GET /evilfuckers-access.log HTTP/1.1" 200 118711 "-" "Mozilla/5.0 (compatible; Googlebot/2.1; +http://www.google.com/bot.html)"
195.113.185.142 - - [24/Feb/2010:05:36:54 -0800] "GET /log.20080919/log-error.log HTTP/1.1" 302 360 "http://www.google.cz/search?hl=cs&client=firefox-a&hs=6vH&rls=org.mozilla%3Acs%3Aofficial&q=%22%282%29No+such+file+or+directory%3A+could+not+open+transfer+log+file%22+%22mysql%3A%22&btnG=Hledat&lr=&aq=f&oq=" "Mozilla/5.0 (Windows; U; Windows NT 5.1; cs; rv:1.9.2) Gecko/20100115 Firefox/3.6 (.NET CLR 3.5.30729) FirePHP/0.4"
67.152.73.181 - - [24/Feb/2010:06:04:31 -0800] "GET //user/templates/footer.tpl HTTP/1.1" 302 355 "-" "Mozilla/4.0 (compatible; MSIE 6.0; Windows 98)"
66.249.68.174 - - [24/Feb/2010:06:38:32 -0800] "GET /robots.txt HTTP/1.1" 302 360 "-" "Mozilla/5.0 (compatible; Googlebot/2.1; +http://www.google.com/bot.html)"
66.249.68.174 - - [24/Feb/2010:06:38:32 -0800] "GET /clownjuice-access.log HTTP/1.1" 200 99462 "-" "Mozilla/5.0 (compatible; Googlebot/2.1; +http://www.google.com/bot.html)"
216.129.119.12 - - [24/Feb/2010:07:28:26 -0800] "GET /robots.txt HTTP/1.1" 302 360 "-" "Mozilla/5.0 (Twiceler-0.9 http://www.cuil.com/twiceler/robot.html)"
66.249.68.244 - - [24/Feb/2010:08:50:15 -0800] "GET /robots.txt HTTP/1.1" 302 359 "-" "Mozilla/5.0 (compatible; Googlebot/2.1; +http://www.google.com/bot.html)"
66.249.68.244 - - [24/Feb/2010:08:50:15 -0800] "GET /log.20081203/flappygash-error.log HTTP/1.1" 302 359 "-" "Mozilla/5.0 (compatible; Googlebot/2.1; +http://www.google.com/bot.html)"
65.55.109.239 - - [24/Feb/2010:09:08:52 -0800] "GET /orbsucks-access.log HTTP/1.1" 200 326087 "-" "Mozilla/4.0 (compatible; MSIE 6.0; Windows NT 5.1; SV1; .NET CLR 1.1.4325; .NET CLR 2.0.50727; .NET CLR 3.0.30729; .NET CLR 3.5.30729; InfoPath.2)"
66.249.68.244 - - [24/Feb/2010:10:31:02 -0800] "GET / HTTP/1.1" 200 5980 "-" "Mozilla/5.0 (compatible; Googlebot/2.1; +http://www.google.com/bot.html)"
58.230.162.220 - - [24/Feb/2010:11:13:33 -0800] "GET /gorgeworld-access.log///delete_all.php?board_skin_path=http://www.noin9191.com/ams/ammember/fx29id1.txt?? HTTP/1.1" 302 360 "-" "Mozilla/5.0"
58.230.162.220 - - [24/Feb/2010:11:13:33 -0800] "GET /gorgeworld-access.log///delete_all.php?board_skin_path=http://smkn-13bdg.sch.id/id1.txt? HTTP/1.1" 302 360 "-" "Mozilla/5.0"
58.230.162.220 - - [24/Feb/2010:11:13:33 -0800] "GET ///delete_all.php?board_skin_path=http://www.noin9191.com/ams/ammember/fx29id1.txt?? HTTP/1.1" 302 360 "-" "Mozilla/5.0"
58.230.162.220 - - [24/Feb/2010:11:13:33 -0800] "GET ///delete_all.php?board_skin_path=http://smkn-13bdg.sch.id/id1.txt? HTTP/1.1" 302 360 "-" "Mozilla/5.0"
58.230.162.220 - - [24/Feb/2010:11:13:33 -0800] "GET ///delete_all.php?board_skin_path=http://smkn-13bdg.sch.id/id1.txt? HTTP/1.1" 302 360 "-" "Mozilla/5.0"
58.230.162.220 - - [24/Feb/2010:11:13:33 -0800] "GET /gorgeworld-access.log///delete_all.php?board_skin_path=http://smkn-13bdg.sch.id/id1.txt? HTTP/1.1" 302 360 "-" "Mozilla/5.0"
58.230.162.220 - - [24/Feb/2010:11:13:33 -0800] "GET ///delete_all.php?board_skin_path=http://smkn-13bdg.sch.id/id1.txt? HTTP/1.1" 302 360 "-" "Mozilla/5.0"
58.230.162.220 - - [24/Feb/2010:11:13:37 -0800] "GET /gorgeworld-access.log///delete_all.php?board_skin_path=http://smkn-13bdg.sch.id/id1.txt? HTTP/1.1" 302 360 "-" "Mozilla/5.0"
58.230.162.220 - - [24/Feb/2010:11:14:29 -0800] "GET /clownjuice-access.log///delete_all.php?board_skin_path=http://smkn-13bdg.sch.id/id1.txt? HTTP/1.1" 302 360 "-" "Mozilla/5.0"
58.230.162.220 - - [24/Feb/2010:11:14:31 -0800] "GET /clownjuice-access.log///delete_all.php?board_skin_path=http://smkn-13bdg.sch.id/id1.txt? HTTP/1.1" 302 360 "-" "Mozilla/5.0"
58.230.162.220 - - [24/Feb/2010:11:14:35 -0800] "GET /clownjuice-access.log///delete_all.php?board_skin_path=http://smkn-13bdg.sch.id/id1.txt? HTTP/1.1" 302 360 "-" "Mozilla/5.0"
66.249.68.203 - - [24/Feb/2010:12:05:36 -0800] "GET /paxnihilo-error.log HTTP/1.1" 200 2792 "-" "Mozilla/5.0 (compatible; Googlebot/2.1; +http://www.google.com/bot.html)"
66.249.68.203 - - [24/Feb/2010:12:05:36 -0800] "GET /paxnihilo-access.log HTTP/1.1" 200 11053 "-" "Mozilla/5.0 (compatible; Googlebot/2.1; +http://www.google.com/bot.html)"
66.249.68.203 - - [24/Feb/2010:12:05:38 -0800] "GET /jasoncmartin-error.log HTTP/1.1" 200 173548 "-" "Mozilla/5.0 (compatible; Googlebot/2.1; +http://www.google.com/bot.html)"
66.249.68.203 - - [24/Feb/2010:12:05:41 -0800] "GET /jasoncmartin-access.log HTTP/1.1" 200 461155 "-" "Mozilla/5.0 (compatible; Googlebot/2.1; +http://www.google.com/bot.html)"
66.249.67.198 - - [24/Feb/2010:12:42:34 -0800] "GET /robots.txt HTTP/1.1" 302 360 "-" "Mozilla/5.0 (compatible; Googlebot/2.1; +http://www.google.com/bot.html)"
66.249.67.198 - - [24/Feb/2010:12:42:34 -0800] "GET /vaginacide-error.log HTTP/1.1" 200 3951 "-" "Mozilla/5.0 (compatible; Googlebot/2.1; +http://www.google.com/bot.html)"
66.249.68.183 - - [24/Feb/2010:14:13:38 -0800] "GET /robots.txt HTTP/1.1" 302 360 "-" "Mozilla/5.0 (compatible; Googlebot/2.1; +http://www.google.com/bot.html)"
66.249.68.183 - - [24/Feb/2010:14:13:39 -0800] "GET /clownjuice-access.log HTTP/1.1" 200 100245 "-" "Mozilla/5.0 (compatible; Googlebot/2.1; +http://www.google.com/bot.html)"
80.92.66.181 - - [24/Feb/2010:14:55:02 -0800] "GET /log.20081203/gorgeworld-error.log HTTP/1.1" 302 359 "-" "Mozilla/3.0 (compatible; MSIE 6.0; Windows NT 5.1; SV1)"
93.158.148.31 - - [24/Feb/2010:15:31:21 -0800] "GET /robots.txt HTTP/1.1" 302 360 "-" "Yandex/1.01.001 (compatible; Win16; I)"
89.159.206.159 - - [24/Feb/2010:15:44:38 -0800] "GET /browserbomb-access.log HTTP/1.0" 200 - "-" "Mozilla/5.0 (compatible; Googlebot/2.1; +http://www.google.com/bot.html)"
93.158.148.31 - - [24/Feb/2010:15:49:50 -0800] "GET /?C=D;O=D HTTP/1.1" 200 5981 "-" "Yandex/1.01.001 (compatible; Win16; I)"
89.209.81.235 - - [24/Feb/2010:15:49:51 -0800] "GET /log-error.log HTTP/1.1" 200 122823 "http://www.google.com.ua/search?q=inurl%3Aerror+%27filetype%3Alog+Shop&btnG=%D0%9F%D0%BE%D0%B8%D1%81%D0%BA&hl=ru&client=firefox&rls=org.mozilla%3Aru%3Aofficial&sa=2" "Mozilla/5.0 (Windows; U; Windows NT 5.1; ru; rv:1.9.0.11) Gecko/2009060215 Firefox/3.0.11 (.NET CLR 3.5.30729) WebMoney Advisor"
89.209.81.235 - - [24/Feb/2010:15:49:54 -0800] "GET /favicon.ico HTTP/1.1" 302 360 "-" "Mozilla/5.0 (Windows; U; Windows NT 5.1; ru; rv:1.9.0.11) Gecko/2009060215 Firefox/3.0.11 (.NET CLR 3.5.30729) WebMoney Advisor"
89.209.81.235 - - [24/Feb/2010:15:49:57 -0800] "GET /favicon.ico HTTP/1.1" 302 360 "-" "Mozilla/5.0 (Windows; U; Windows NT 5.1; ru; rv:1.9.0.11) Gecko/2009060215 Firefox/3.0.11 (.NET CLR 3.5.30729) WebMoney Advisor"
89.209.81.235 - - [24/Feb/2010:15:50:14 -0800] "GET /usr/www/log/robots.txt HTTP/1.1" 302 360 "-" "Mozilla/5.0 (Windows; U; Windows NT 5.1; ru; rv:1.9.0.11) Gecko/2009060215 Firefox/3.0.11 (.NET CLR 3.5.30729) WebMoney Advisor"
89.209.81.235 - - [24/Feb/2010:15:50:29 -0800] "GET /robots.txt HTTP/1.1" 302 360 "-" "Mozilla/5.0 (Windows; U; Windows NT 5.1; ru; rv:1.9.0.11) Gecko/2009060215 Firefox/3.0.11 (.NET CLR 3.5.30729) WebMoney Advisor"
89.209.81.235 - - [24/Feb/2010:15:50:50 -0800] "GET / HTTP/1.1" 200 5981 "-" "Mozilla/5.0 (Windows; U; Windows NT 5.1; ru; rv:1.9.0.11) Gecko/2009060215 Firefox/3.0.11 (.NET CLR 3.5.30729) WebMoney Advisor"
89.209.81.235 - - [24/Feb/2010:15:50:51 -0800] "GET /icons/blank.gif HTTP/1.1" 200 148 "http://unusualdischarge.com/" "Mozilla/5.0 (Windows; U; Windows NT 5.1; ru; rv:1.9.0.11) Gecko/2009060215 Firefox/3.0.11 (.NET CLR 3.5.30729) WebMoney Advisor"
89.209.81.235 - - [24/Feb/2010:15:50:51 -0800] "GET /icons/text.gif HTTP/1.1" 200 229 "http://unusualdischarge.com/" "Mozilla/5.0 (Windows; U; Windows NT 5.1; ru; rv:1.9.0.11) Gecko/2009060215 Firefox/3.0.11 (.NET CLR 3.5.30729) WebMoney Advisor"
216.194.198.174 - - [24/Feb/2010:15:53:31 -0800] "GET /gorgeworld-access.log HTTP/1.1" 200 91239 "http://www.google.com/search?hl=en&client=firefox-a&hs=KaR&rls=org.mozilla%3Aen-US%3Aofficial&q=74.222.4.82+robot+OR+spider+OR+crawl+OR+crawler&aq=f&aqi=&aql=&oq=" "Mozilla/5.0 (Windows; U; Windows NT 5.1; en-US; rv:1.9.1.8) Gecko/20100202 Firefox/3.5.8 (.NET CLR 3.5.30729)"
216.194.198.174 - - [24/Feb/2010:15:53:33 -0800] "GET /favicon.ico HTTP/1.1" 302 360 "-" "Mozilla/5.0 (Windows; U; Windows NT 5.1; en-US; rv:1.9.1.8) Gecko/20100202 Firefox/3.5.8 (.NET CLR 3.5.30729)"
216.194.198.174 - - [24/Feb/2010:15:53:36 -0800] "GET /favicon.ico HTTP/1.1" 302 360 "-" "Mozilla/5.0 (Windows; U; Windows NT 5.1; en-US; rv:1.9.1.8) Gecko/20100202 Firefox/3.5.8 (.NET CLR 3.5.30729)"
89.209.81.235 - - [24/Feb/2010:15:59:17 -0800] "GET /sharkbomb-error.log HTTP/1.1" 200 13653 "http://www.google.com.ua/search?hl=ru&client=firefox&rls=org.mozilla:ru:official&q=inurl:error+%27filetype:log+Shop&start=10&sa=N" "Mozilla/5.0 (Windows; U; Windows NT 5.1; ru; rv:1.9.0.11) Gecko/2009060215 Firefox/3.0.11 (.NET CLR 3.5.30729) WebMoney Advisor"
89.209.81.235 - - [24/Feb/2010:15:59:18 -0800] "GET /favicon.ico HTTP/1.1" 302 360 "-" "Mozilla/5.0 (Windows; U; Windows NT 5.1; ru; rv:1.9.0.11) Gecko/2009060215 Firefox/3.0.11 (.NET CLR 3.5.30729) WebMoney Advisor"
89.209.81.235 - - [24/Feb/2010:15:59:21 -0800] "GET /favicon.ico HTTP/1.1" 302 360 "-" "Mozilla/5.0 (Windows; U; Windows NT 5.1; ru; rv:1.9.0.11) Gecko/2009060215 Firefox/3.0.11 (.NET CLR 3.5.30729) WebMoney Advisor"
74.50.85.229 - - [24/Feb/2010:16:06:53 -0800] "GET //component/option,com_joomap/Itemid,33/lang,en//components/com_fabrik/libs/Blowfish/CBC.php?mosConfig.absolute.path=http://in2pool.com//Smileys/classic/id1.txt?? HTTP/1.1" 302 360 "-" "Mozilla/5.0"
74.50.85.229 - - [24/Feb/2010:16:06:53 -0800] "GET /gorgeworld-access.log//component/option,com_joomap/Itemid,33/lang,en//components/com_fabrik/libs/Blowfish/CBC.php?mosConfig.absolute.path=http://in2pool.com//Smileys/classic/id1.txt?? HTTP/1.1" 302 360 "-" "Mozilla/5.0"
204.236.242.141 - - [24/Feb/2010:16:07:01 -0800] "GET /robots.txt HTTP/1.1" 302 360 "-" "Mozilla/5.0 (compatible; spbot/2.0; +http://www.seoprofiler.com/bot/ )"
204.236.242.141 - - [24/Feb/2010:16:07:02 -0800] "GET / HTTP/1.1" 200 5981 "-" "Mozilla/5.0 (compatible; spbot/2.0; +http://www.seoprofiler.com/bot/ )"
204.236.242.141 - - [24/Feb/2010:16:07:43 -0800] "GET /robots.txt HTTP/1.1" 302 360 "-" "Mozilla/5.0 (compatible; spbot/2.0; +http://www.seoprofiler.com/bot/ )"
204.236.242.141 - - [24/Feb/2010:16:07:43 -0800] "GET /?C=D;O=A HTTP/1.1" 200 5981 "-" "Mozilla/5.0 (compatible; spbot/2.0; +http://www.seoprofiler.com/bot/ )"
204.236.242.141 - - [24/Feb/2010:16:07:43 -0800] "GET /robots.txt HTTP/1.1" 302 360 "-" "Mozilla/5.0 (compatible; spbot/2.0; +http://www.seoprofiler.com/bot/ )"
204.236.242.141 - - [24/Feb/2010:16:07:44 -0800] "GET /?C=M;O=A HTTP/1.1" 200 5981 "-" "Mozilla/5.0 (compatible; spbot/2.0; +http://www.seoprofiler.com/bot/ )"
204.236.242.141 - - [24/Feb/2010:16:08:28 -0800] "GET /robots.txt HTTP/1.1" 302 360 "-" "Mozilla/5.0 (compatible; spbot/2.0; +http://www.seoprofiler.com/bot/ )"
204.236.242.141 - - [24/Feb/2010:16:08:31 -0800] "GET /?C=N;O=D HTTP/1.1" 200 5981 "-" "Mozilla/5.0 (compatible; spbot/2.0; +http://www.seoprofiler.com/bot/ )"
189.190.108.232 - - [24/Feb/2010:17:13:23 -0800] "GET /gorgeworld-error.log HTTP/1.1" 200 26712 "http://www.ask.com/web?o=13927&l=dis&gct=&gc=&q=174.129.131.200&qsrc=2869" "Mozilla/4.0 (compatible; MSIE 8.0; Windows NT 5.1; Trident/4.0; .NET CLR 2.0.50727; OfficeLiveConnector.1.3; OfficeLivePatch.0.0)"
66.249.68.203 - - [24/Feb/2010:17:14:26 -0800] "GET /robots.txt HTTP/1.1" 302 359 "-" "Mozilla/5.0 (compatible; Googlebot/2.1; +http://www.google.com/bot.html)"
66.249.68.203 - - [24/Feb/2010:17:14:26 -0800] "GET /terhanian-error.log HTTP/1.1" 200 - "-" "Mozilla/5.0 (compatible; Googlebot/2.1; +http://www.google.com/bot.html)"
208.50.101.158 - - [24/Feb/2010:17:17:36 -0800] "GET /gorgeworld-error.log HTTP/1.1" 200 26712 "-" "Mozilla/4.0 (compatible; MSIE 7.0; Windows NT 5.1)"
207.46.204.233 - - [24/Feb/2010:17:24:56 -0800] "GET /robots.txt HTTP/1.1" 302 360 "-" "msnbot/2.0b (+http://search.msn.com/msnbot.htm)"
207.46.204.233 - - [24/Feb/2010:17:29:17 -0800] "GET /robots.txt HTTP/1.1" 302 360 "-" "msnbot/2.0b (+http://search.msn.com/msnbot.htm)"
123.125.66.42 - - [24/Feb/2010:17:31:50 -0800] "GET /robots.txt HTTP/1.1" 302 360 "-" "Baiduspider+(+http://www.baidu.com/search/spider.htm)"
207.46.204.233 - - [24/Feb/2010:17:38:43 -0800] "GET /robots.txt HTTP/1.1" 302 360 "-" "msnbot/2.0b (+http://search.msn.com/msnbot.htm)"
207.46.204.233 - - [24/Feb/2010:17:52:09 -0800] "GET /robots.txt HTTP/1.1" 302 360 "-" "msnbot/2.0b (+http://search.msn.com/msnbot.htm)"
207.46.204.233 - - [24/Feb/2010:18:08:51 -0800] "GET /robots.txt HTTP/1.1" 302 360 "-" "msnbot/2.0b (+http://search.msn.com/msnbot.htm)"
207.46.204.233 - - [24/Feb/2010:18:30:29 -0800] "GET /robots.txt HTTP/1.1" 302 360 "-" "msnbot/2.0b (+http://search.msn.com/msnbot.htm)"
207.46.204.233 - - [24/Feb/2010:18:55:09 -0800] "GET /robots.txt HTTP/1.1" 302 360 "-" "msnbot/2.0b (+http://search.msn.com/msnbot.htm)"
207.46.204.233 - - [24/Feb/2010:19:24:52 -0800] "GET /robots.txt HTTP/1.1" 302 360 "-" "msnbot/2.0b (+http://search.msn.com/msnbot.htm)"
66.249.68.203 - - [24/Feb/2010:19:30:15 -0800] "GET /log.20080919/jeremykm-error.log HTTP/1.1" 302 359 "-" "Mozilla/5.0 (compatible; Googlebot/2.1; +http://www.google.com/bot.html)"
207.46.204.233 - - [24/Feb/2010:19:57:27 -0800] "GET /robots.txt HTTP/1.1" 302 360 "-" "msnbot/2.0b (+http://search.msn.com/msnbot.htm)"
173.45.105.138 - - [24/Feb/2010:20:03:19 -0800] "GET /ferality-access.log HTTP/1.1" 200 564171 "-" "Mozilla/5.0 (Windows; U; Windows NT 5.2; en-US; rv:1.8.0.6) Gecko/20060728 Firefox/1.5.0.6"
207.46.204.233 - - [24/Feb/2010:20:34:01 -0800] "GET /robots.txt HTTP/1.1" 302 360 "-" "msnbot/2.0b (+http://search.msn.com/msnbot.htm)"
93.158.148.31 - - [24/Feb/2010:21:14:55 -0800] "GET /?C=N;O=A HTTP/1.1" 200 5981 "-" "Yandex/1.01.001 (compatible; Win16; I)"
207.46.204.233 - - [24/Feb/2010:21:15:06 -0800] "GET /robots.txt HTTP/1.1" 302 360 "-" "msnbot/2.0b (+http://search.msn.com/msnbot.htm)"
66.249.67.198 - - [24/Feb/2010:21:46:13 -0800] "GET /robots.txt HTTP/1.1" 302 360 "-" "Mozilla/5.0 (compatible; Googlebot/2.1; +http://www.google.com/bot.html)"
66.249.67.198 - - [24/Feb/2010:21:46:13 -0800] "GET /flappygash-error.log HTTP/1.1" 302 360 "-" "Mozilla/5.0 (compatible; Googlebot/2.1; +http://www.google.com/bot.html)"
207.46.204.233 - - [24/Feb/2010:22:01:07 -0800] "GET /robots.txt HTTP/1.1" 302 360 "-" "msnbot/2.0b (+http://search.msn.com/msnbot.htm)"
207.46.204.233 - - [24/Feb/2010:22:01:49 -0800] "GET /jasoncmartin-access.log HTTP/1.1" 200 470606 "-" "msnbot/2.0b (+http://search.msn.com/msnbot.htm)"
84.227.214.2 - - [24/Feb/2010:22:03:51 -0800] "GET /gorgeworld-access.log HTTP/1.1" 200 92604 "http://www.google.de/search?q=www.seoprofiler.com" "Mozilla/4.0 (compatible; MSIE 8.0; Windows NT 5.1; Trident/4.0; Mozilla/4.0 (compatible; MSIE 6.0; Windows NT 5.1; SV1) ; .NET CLR 2.0.50727; .NET CLR 3.0.04506.30; .NET CLR 3.0.04506.648; .NET CLR 3.0.4506.2152; .NET CLR 3.5.30729)"
64.124.203.74 - - [24/Feb/2010:22:10:11 -0800] "GET /gorgeworld-access.log HTTP/1.1" 200 92604 "-" "Mozilla/4.0 (compatible; MSIE 7.0; Windows NT 5.1)"
66.249.67.198 - - [25/Feb/2010:00:03:01 -0800] "GET /terhanian-error.log HTTP/1.1" 200 - "-" "Mozilla/5.0 (compatible; Googlebot/2.1; +http://www.google.com/bot.html)"
66.249.67.19 - - [25/Feb/2010:02:19:56 -0800] "GET /robots.txt HTTP/1.1" 302 359 "-" "Mozilla/5.0 (compatible; Googlebot/2.1; +http://www.google.com/bot.html)"
66.249.67.19 - - [25/Feb/2010:02:19:56 -0800] "GET /terhanian-error.log HTTP/1.1" 200 - "-" "Mozilla/5.0 (compatible; Googlebot/2.1; +http://www.google.com/bot.html)"
93.158.148.31 - - [25/Feb/2010:02:39:57 -0800] "GET /?C=S;O=D HTTP/1.1" 200 5981 "-" "Yandex/1.01.001 (compatible; Win16; I)"
67.195.114.214 - - [25/Feb/2010:04:25:15 -0800] "GET /robots.txt HTTP/1.0" 302 360 "-" "Mozilla/5.0 (compatible; Yahoo! Slurp; http://help.yahoo.com/help/us/ysearch/slurp)"
67.195.114.214 - - [25/Feb/2010:04:25:15 -0800] "GET /paxnihilo-error.log HTTP/1.0" 200 2900 "-" "Mozilla/5.0 (compatible; Yahoo! Slurp/3.0; http://help.yahoo.com/help/us/ysearch/slurp)"
80.226.20.179 - - [25/Feb/2010:05:04:54 -0800] "GET /gorgeworld-access.log HTTP/1.1" 200 93464 "http://www.google.de/search?client=firefox-a&rls=org.mozilla%3Ade%3Aofficial&channel=s&hl=de&source=hp&q=www.seoprofiler.com&meta=&btnG=Google-Suche" "Mozilla/5.0 (Windows; U; Windows NT 6.1; de; rv:1.9.2) Gecko/20100115 Firefox/3.6"
80.226.20.179 - - [25/Feb/2010:05:05:00 -0800] "GET /favicon.ico HTTP/1.1" 302 360 "-" "Mozilla/5.0 (Windows; U; Windows NT 6.1; de; rv:1.9.2) Gecko/20100115 Firefox/3.6"
80.226.20.179 - - [25/Feb/2010:05:05:00 -0800] "GET /favicon.ico HTTP/1.1" 302 360 "-" "Mozilla/5.0 (Windows; U; Windows NT 6.1; de; rv:1.9.2) Gecko/20100115 Firefox/3.6"
80.226.20.179 - - [25/Feb/2010:05:05:03 -0800] "GET /favicon.ico HTTP/1.1" 302 360 "-" "Mozilla/5.0 (Windows; U; Windows NT 6.1; de; rv:1.9.2) Gecko/20100115 Firefox/3.6"
93.158.148.31 - - [25/Feb/2010:05:22:29 -0800] "GET /?C=M;O=D HTTP/1.1" 200 5981 "-" "Yandex/1.01.001 (compatible; Win16; I)"
93.66.127.209 - - [25/Feb/2010:05:25:51 -0800] "GET /gorgeworld-access.log HTTP/1.1" 200 93464 "http://www.google.it/search?hl=it&source=hp&q=Mozilla%2F5.0+%28compatible%3B+spbot%2F2.0%3B+%2Bhttp%3A%2F%2Fwww.seoprofiler.com%2Fbot%2F+%29&btnG=Cerca+con+Google&meta=&aq=f&oq=" "Mozilla/4.0 (compatible; MSIE 7.0; Windows NT 6.0; WOW64; GTB6.4; SLCC1; .NET CLR 2.0.50727; Media Center PC 5.0; MDDR; .NET CLR 3.5.21022; .NET CLR 3.5.30729; .NET CLR 3.0.30729; OfficeLiveConnector.1.4; OfficeLivePatch.1.3)"
67.218.116.162 - - [25/Feb/2010:06:18:56 -0800] "GET /robots.txt HTTP/1.1" 302 360 "-" "Mozilla/5.0 (Twiceler-0.9 http://www.cuil.com/twiceler/robot.html)"
206.80.112.124 - - [25/Feb/2010:08:22:47 -0800] "GET / HTTP/1.1" 200 5976 "-" "Mozilla/4.0 (compatible; MSIE 6.0; Windows NT 5.0; DigExt)"
24.12.44.213 - - [25/Feb/2010:11:03:09 -0800] "GET /sharkbomb-access.log HTTP/1.1" 200 301658 "http://www.bing.com/search?q=58.61.164.141&first=21&FORM=PORE" "Mozilla/4.0 (compatible; MSIE 8.0; Windows NT 6.1; Trident/4.0; SLCC2; .NET CLR 2.0.50727; .NET CLR 3.5.30729; .NET CLR 3.0.30729; Media Center PC 6.0; .NET CLR 1.1.4322; InfoPath.2; Media Center PC 5.0; OfficeLiveConnector.1.4; OfficeLivePatch.1.3; SLCC1; Tablet PC 2.0; Zune 4.0)"
66.249.68.183 - - [25/Feb/2010:11:05:02 -0800] "GET /robots.txt HTTP/1.1" 302 360 "-" "Mozilla/5.0 (compatible; Googlebot/2.1; +http://www.google.com/bot.html)"
66.249.68.183 - - [25/Feb/2010:11:05:03 -0800] "GET /gorgeworld-access.log HTTP/1.1" 200 93616 "-" "Mozilla/5.0 (compatible; Googlebot/2.1; +http://www.google.com/bot.html)"
93.158.148.31 - - [25/Feb/2010:12:33:22 -0800] "GET /robots.txt HTTP/1.1" 302 360 "-" "Yandex/1.01.001 (compatible; Win16; I)"
207.46.204.234 - - [25/Feb/2010:12:43:53 -0800] "GET /robots.txt HTTP/1.1" 302 360 "-" "msnbot/2.0b (+http://search.msn.com/msnbot.htm)"
207.46.204.234 - - [25/Feb/2010:12:49:34 -0800] "GET /robots.txt HTTP/1.1" 302 360 "-" "msnbot/2.0b (+http://search.msn.com/msnbot.htm)"
216.129.119.12 - - [25/Feb/2010:12:53:12 -0800] "GET /robots.txt HTTP/1.1" 302 360 "-" "Mozilla/5.0 (Twiceler-0.9 http://www.cuil.com/twiceler/robot.html)"
207.46.204.234 - - [25/Feb/2010:12:59:35 -0800] "GET /robots.txt HTTP/1.1" 302 360 "-" "msnbot/2.0b (+http://search.msn.com/msnbot.htm)"
93.158.148.31 - - [25/Feb/2010:13:09:09 -0800] "GET / HTTP/1.1" 200 5981 "-" "Yandex/1.01.001 (compatible; Win16; I)"
207.46.204.234 - - [25/Feb/2010:13:12:17 -0800] "GET /robots.txt HTTP/1.1" 302 360 "-" "msnbot/2.0b (+http://search.msn.com/msnbot.htm)"
207.46.204.234 - - [25/Feb/2010:13:29:04 -0800] "GET /robots.txt HTTP/1.1" 302 360 "-" "msnbot/2.0b (+http://search.msn.com/msnbot.htm)"
66.249.68.183 - - [25/Feb/2010:13:33:14 -0800] "GET /gorgeworld-access.log HTTP/1.1" 200 93616 "-" "Mozilla/5.0 (compatible; Googlebot/2.1; +http://www.google.com/bot.html)"
66.249.68.183 - - [25/Feb/2010:13:41:29 -0800] "GET /vaginacide-error.log HTTP/1.1" 200 4171 "-" "Mozilla/5.0 (compatible; Googlebot/2.1; +http://www.google.com/bot.html)"
93.158.148.31 - - [25/Feb/2010:13:44:55 -0800] "GET /orbsucks-access.log HTTP/1.1" 200 339274 "-" "Yandex/1.01.001 (compatible; Win16; I)"
207.46.204.234 - - [25/Feb/2010:13:50:07 -0800] "GET /robots.txt HTTP/1.1" 302 360 "-" "msnbot/2.0b (+http://search.msn.com/msnbot.htm)"
207.46.204.234 - - [25/Feb/2010:14:15:41 -0800] "GET /robots.txt HTTP/1.1" 302 360 "-" "msnbot/2.0b (+http://search.msn.com/msnbot.htm)"
93.158.148.31 - - [25/Feb/2010:14:20:45 -0800] "GET /paxnihilo-access.log HTTP/1.1" 200 11513 "-" "Yandex/1.01.001 (compatible; Win16; I)"
207.46.204.234 - - [25/Feb/2010:14:44:10 -0800] "GET /robots.txt HTTP/1.1" 302 360 "-" "msnbot/2.0b (+http://search.msn.com/msnbot.htm)"
93.158.148.31 - - [25/Feb/2010:14:56:32 -0800] "GET /vaginacide-error.log HTTP/1.1" 200 4171 "-" "Yandex/1.01.001 (compatible; Win16; I)"
207.46.204.234 - - [25/Feb/2010:15:16:15 -0800] "GET /robots.txt HTTP/1.1" 302 360 "-" "msnbot/2.0b (+http://search.msn.com/msnbot.htm)"
93.158.148.31 - - [25/Feb/2010:15:32:18 -0800] "GET /paxnihilo-error.log HTTP/1.1" 200 2900 "-" "Yandex/1.01.001 (compatible; Win16; I)"
90.185.77.209 - - [25/Feb/2010:15:37:04 -0800] "GET /gorgeworld-access.log HTTP/1.1" 200 93616 "http://www.google.dk/search?hl=da&rlz=1G1GGLQ_DADK283&q=174.129.106.91&btnG=S%C3%B8g&meta=&aq=f&oq=" "Mozilla/5.0 (Windows; U; Windows NT 6.1; da; rv:1.9.1.8) Gecko/20100202 Firefox/3.5.8 (.NET CLR 3.5.30729)"
90.185.77.209 - - [25/Feb/2010:15:37:08 -0800] "GET /favicon.ico HTTP/1.1" 302 360 "-" "Mozilla/5.0 (Windows; U; Windows NT 6.1; da; rv:1.9.1.8) Gecko/20100202 Firefox/3.5.8 (.NET CLR 3.5.30729)"
89.159.206.159 - - [25/Feb/2010:15:46:58 -0800] "GET /browserbomb-access.log HTTP/1.0" 200 - "-" "Mozilla/5.0 (compatible; Googlebot/2.1; +http://www.google.com/bot.html)"
207.46.204.242 - - [25/Feb/2010:15:53:13 -0800] "GET /robots.txt HTTP/1.1" 302 360 "-" "msnbot/2.0b (+http://search.msn.com/msnbot.htm)"
93.158.148.31 - - [25/Feb/2010:16:08:04 -0800] "GET /orbsucks-error.log HTTP/1.1" 200 54880 "-" "Yandex/1.01.001 (compatible; Win16; I)"
213.180.207.227 - - [25/Feb/2010:16:08:38 -0800] "GET / HTTP/1.1" 200 5981 "-" "Yandex/1.02.000 (compatible; Win16; F)"
213.180.207.227 - - [25/Feb/2010:16:08:39 -0800] "GET /favicon.ico HTTP/1.1" 302 360 "-" "Yandex/1.02.000 (compatible; Win16; F)"
66.249.68.183 - - [25/Feb/2010:16:17:42 -0800] "GET /log-error.log HTTP/1.1" 200 128864 "-" "Mozilla/5.0 (compatible; Googlebot/2.1; +http://www.google.com/bot.html)"
207.46.204.242 - - [25/Feb/2010:16:33:49 -0800] "GET /robots.txt HTTP/1.1" 302 360 "-" "msnbot/2.0b (+http://search.msn.com/msnbot.htm)"
93.158.148.31 - - [25/Feb/2010:16:43:51 -0800] "GET /evilfuckers-error.log HTTP/1.1" 200 36950 "-" "Yandex/1.01.001 (compatible; Win16; I)"
208.80.193.29 - - [25/Feb/2010:16:44:40 -0800] "GET / HTTP/1.0" 200 5981 "-" "Mozilla/4.0 (compatible; MSIE 6.0; Windows NT 5.1; SV1; SaveWealth; (R1 1.5); .NET CLR 1.1.4322)"
207.46.204.234 - - [25/Feb/2010:17:18:12 -0800] "GET /robots.txt HTTP/1.1" 302 360 "-" "msnbot/2.0b (+http://search.msn.com/msnbot.htm)"
207.46.204.242 - - [25/Feb/2010:17:19:13 -0800] "GET /paxnihilo-access.log HTTP/1.1" 200 11513 "-" "msnbot/2.0b (+http://search.msn.com/msnbot.htm)"
207.46.204.234 - - [25/Feb/2010:17:19:16 -0800] "GET /sharkbomb-error.log HTTP/1.1" 200 13858 "-" "msnbot/2.0b (+http://search.msn.com/msnbot.htm)"
93.158.148.31 - - [25/Feb/2010:17:19:38 -0800] "GET /?C=N;O=D HTTP/1.1" 200 5981 "-" "Yandex/1.01.001 (compatible; Win16; I)"
207.46.204.239 - - [25/Feb/2010:17:20:23 -0800] "GET /clownjuice-access.log HTTP/1.1" 200 101923 "-" "msnbot/2.0b (+http://search.msn.com/msnbot.htm)"
123.125.66.115 - - [25/Feb/2010:17:32:31 -0800] "GET /robots.txt HTTP/1.1" 302 360 "-" "Baiduspider+(+http://www.baidu.com/search/spider.htm)"
93.158.148.31 - - [25/Feb/2010:17:55:24 -0800] "GET /log-error.log HTTP/1.1" 200 129176 "-" "Yandex/1.01.001 (compatible; Win16; I)"
204.15.39.12 - - [25/Feb/2010:18:23:00 -0800] "HEAD / HTTP/1.1" 200 - "-" "Botslist Botfinder (+http://www.botslist.ca)"
204.15.39.12 - - [25/Feb/2010:18:23:00 -0800] "GET / HTTP/1.1" 206 5981 "-" "Botslist Botfinder (+http://www.botslist.ca)"
204.15.39.12 - - [25/Feb/2010:18:23:14 -0800] "HEAD /browserbomb-access.log HTTP/1.1" 304 - "-" "Botslist Botfinder (+http://www.botslist.ca)"
204.15.39.12 - - [25/Feb/2010:18:23:15 -0800] "HEAD /browserbomb-error.log HTTP/1.1" 304 - "-" "Botslist Botfinder (+http://www.botslist.ca)"
204.15.39.12 - - [25/Feb/2010:18:23:16 -0800] "HEAD /clownjuice-access.log HTTP/1.1" 206 - "-" "Botslist Botfinder (+http://www.botslist.ca)"
204.15.39.12 - - [25/Feb/2010:18:23:16 -0800] "GET /clownjuice-access.log HTTP/1.1" 206 101923 "-" "Botslist Botfinder (+http://www.botslist.ca)"
204.15.39.12 - - [25/Feb/2010:18:23:18 -0800] "HEAD /clownjuice-error.log HTTP/1.1" 206 - "-" "Botslist Botfinder (+http://www.botslist.ca)"
204.15.39.12 - - [25/Feb/2010:18:23:19 -0800] "GET /clownjuice-error.log HTTP/1.1" 206 47887 "-" "Botslist Botfinder (+http://www.botslist.ca)"
204.15.39.12 - - [25/Feb/2010:18:23:20 -0800] "HEAD /dustinharley-access.log HTTP/1.1" 206 - "-" "Botslist Botfinder (+http://www.botslist.ca)"
204.15.39.12 - - [25/Feb/2010:18:23:21 -0800] "GET /dustinharley-access.log HTTP/1.1" 206 387307 "-" "Botslist Botfinder (+http://www.botslist.ca)"
204.15.39.12 - - [25/Feb/2010:18:23:26 -0800] "HEAD /dustinharley-error.log HTTP/1.1" 206 - "-" "Botslist Botfinder (+http://www.botslist.ca)"
204.15.39.12 - - [25/Feb/2010:18:23:27 -0800] "GET /dustinharley-error.log HTTP/1.1" 206 44658 "-" "Botslist Botfinder (+http://www.botslist.ca)"
204.15.39.12 - - [25/Feb/2010:18:23:28 -0800] "HEAD /evilfuckers-access.log HTTP/1.1" 206 - "-" "Botslist Botfinder (+http://www.botslist.ca)"
204.15.39.12 - - [25/Feb/2010:18:23:29 -0800] "GET /evilfuckers-access.log HTTP/1.1" 206 124545 "-" "Botslist Botfinder (+http://www.botslist.ca)"
204.15.39.12 - - [25/Feb/2010:18:23:31 -0800] "HEAD /evilfuckers-error.log HTTP/1.1" 206 - "-" "Botslist Botfinder (+http://www.botslist.ca)"
204.15.39.12 - - [25/Feb/2010:18:23:32 -0800] "GET /evilfuckers-error.log HTTP/1.1" 206 37174 "-" "Botslist Botfinder (+http://www.botslist.ca)"
204.15.39.12 - - [25/Feb/2010:18:23:34 -0800] "HEAD /ferality-access.log HTTP/1.1" 206 - "-" "Botslist Botfinder (+http://www.botslist.ca)"
204.15.39.12 - - [25/Feb/2010:18:23:34 -0800] "GET /ferality-access.log HTTP/1.1" 206 574263 "-" "Botslist Botfinder (+http://www.botslist.ca)"
204.15.39.12 - - [25/Feb/2010:18:23:42 -0800] "HEAD /ferality-error.log HTTP/1.1" 206 - "-" "Botslist Botfinder (+http://www.botslist.ca)"
204.15.39.12 - - [25/Feb/2010:18:23:42 -0800] "GET /ferality-error.log HTTP/1.1" 206 44299 "-" "Botslist Botfinder (+http://www.botslist.ca)"
204.15.39.12 - - [25/Feb/2010:18:23:44 -0800] "HEAD /gorgeworld-access.log HTTP/1.1" 206 - "-" "Botslist Botfinder (+http://www.botslist.ca)"
204.15.39.12 - - [25/Feb/2010:18:23:44 -0800] "GET /gorgeworld-access.log HTTP/1.1" 206 93616 "-" "Botslist Botfinder (+http://www.botslist.ca)"
204.15.39.12 - - [25/Feb/2010:18:23:46 -0800] "HEAD /gorgeworld-error.log HTTP/1.1" 206 - "-" "Botslist Botfinder (+http://www.botslist.ca)"
204.15.39.12 - - [25/Feb/2010:18:23:47 -0800] "GET /gorgeworld-error.log HTTP/1.1" 206 26934 "-" "Botslist Botfinder (+http://www.botslist.ca)"
204.15.39.12 - - [25/Feb/2010:18:23:48 -0800] "HEAD /jasoncmartin-access.log HTTP/1.1" 206 - "-" "Botslist Botfinder (+http://www.botslist.ca)"
204.15.39.12 - - [25/Feb/2010:18:23:49 -0800] "GET /jasoncmartin-access.log HTTP/1.1" 206 487533 "-" "Botslist Botfinder (+http://www.botslist.ca)"
204.15.39.12 - - [25/Feb/2010:18:23:55 -0800] "HEAD /jasoncmartin-error.log HTTP/1.1" 206 - "-" "Botslist Botfinder (+http://www.botslist.ca)"
204.15.39.12 - - [25/Feb/2010:18:23:56 -0800] "GET /jasoncmartin-error.log HTTP/1.1" 206 185152 "-" "Botslist Botfinder (+http://www.botslist.ca)"
204.15.39.12 - - [25/Feb/2010:18:23:59 -0800] "HEAD /log-access.log HTTP/1.1" 206 - "-" "Botslist Botfinder (+http://www.botslist.ca)"
204.15.39.12 - - [25/Feb/2010:18:24:00 -0800] "GET /log-access.log HTTP/1.1" 206 344225 "-" "Botslist Botfinder (+http://www.botslist.ca)"
204.15.39.12 - - [25/Feb/2010:18:24:05 -0800] "HEAD /log-error.log HTTP/1.1" 206 - "-" "Botslist Botfinder (+http://www.botslist.ca)"
204.15.39.12 - - [25/Feb/2010:18:24:05 -0800] "GET /log-error.log HTTP/1.1" 206 129176 "-" "Botslist Botfinder (+http://www.botslist.ca)"
204.15.39.12 - - [25/Feb/2010:18:24:08 -0800] "HEAD /orbsucks-access.log HTTP/1.1" 206 - "-" "Botslist Botfinder (+http://www.botslist.ca)"
204.15.39.12 - - [25/Feb/2010:18:24:09 -0800] "GET /orbsucks-access.log HTTP/1.1" 206 342554 "-" "Botslist Botfinder (+http://www.botslist.ca)"
204.15.39.12 - - [25/Feb/2010:18:24:14 -0800] "HEAD /orbsucks-error.log HTTP/1.1" 206 - "-" "Botslist Botfinder (+http://www.botslist.ca)"
204.15.39.12 - - [25/Feb/2010:18:24:15 -0800] "GET /orbsucks-error.log HTTP/1.1" 206 55422 "-" "Botslist Botfinder (+http://www.botslist.ca)"
204.15.39.12 - - [25/Feb/2010:18:24:16 -0800] "HEAD /paxnihilo-access.log HTTP/1.1" 206 - "-" "Botslist Botfinder (+http://www.botslist.ca)"
204.15.39.12 - - [25/Feb/2010:18:24:17 -0800] "GET /paxnihilo-access.log HTTP/1.1" 206 11513 "-" "Botslist Botfinder (+http://www.botslist.ca)"
204.15.39.12 - - [25/Feb/2010:18:24:18 -0800] "HEAD /paxnihilo-error.log HTTP/1.1" 206 - "-" "Botslist Botfinder (+http://www.botslist.ca)"
204.15.39.12 - - [25/Feb/2010:18:24:18 -0800] "GET /paxnihilo-error.log HTTP/1.1" 206 2900 "-" "Botslist Botfinder (+http://www.botslist.ca)"
204.15.39.12 - - [25/Feb/2010:18:24:19 -0800] "HEAD /sharkbomb-access.log HTTP/1.1" 206 - "-" "Botslist Botfinder (+http://www.botslist.ca)"
204.15.39.12 - - [25/Feb/2010:18:24:20 -0800] "GET /sharkbomb-access.log HTTP/1.1" 206 303986 "-" "Botslist Botfinder (+http://www.botslist.ca)"
204.15.39.12 - - [25/Feb/2010:18:24:26 -0800] "HEAD /sharkbomb-error.log HTTP/1.1" 206 - "-" "Botslist Botfinder (+http://www.botslist.ca)"
204.15.39.12 - - [25/Feb/2010:18:24:27 -0800] "GET /sharkbomb-error.log HTTP/1.1" 206 13961 "-" "Botslist Botfinder (+http://www.botslist.ca)"
204.15.39.12 - - [25/Feb/2010:18:24:28 -0800] "HEAD /terhanian-access.log HTTP/1.1" 304 - "-" "Botslist Botfinder (+http://www.botslist.ca)"
204.15.39.12 - - [25/Feb/2010:18:24:32 -0800] "HEAD /terhanian-error.log HTTP/1.1" 304 - "-" "Botslist Botfinder (+http://www.botslist.ca)"
204.15.39.12 - - [25/Feb/2010:18:24:32 -0800] "HEAD /vaginacide-access.log HTTP/1.1" 206 - "-" "Botslist Botfinder (+http://www.botslist.ca)"
204.15.39.12 - - [25/Feb/2010:18:24:33 -0800] "GET /vaginacide-access.log HTTP/1.1" 206 13773 "-" "Botslist Botfinder (+http://www.botslist.ca)"
204.15.39.12 - - [25/Feb/2010:18:24:34 -0800] "HEAD /vaginacide-error.log HTTP/1.1" 206 - "-" "Botslist Botfinder (+http://www.botslist.ca)"
204.15.39.12 - - [25/Feb/2010:18:24:35 -0800] "GET /vaginacide-error.log HTTP/1.1" 206 4171 "-" "Botslist Botfinder (+http://www.botslist.ca)"
93.158.148.31 - - [25/Feb/2010:18:31:13 -0800] "GET /jasoncmartin-error.log HTTP/1.1" 200 185152 "-" "Yandex/1.01.001 (compatible; Win16; I)"
67.164.160.229 - - [25/Feb/2010:18:42:39 -0800] "GET /favicon.ico HTTP/1.1" 302 360 "-" "Mozilla/5.0 (Macintosh; U; Intel Mac OS X 10.5; en-US; rv:1.9.1.8) Gecko/20100202 Firefox/3.5.8 Glue/4.5"
66.249.68.203 - - [25/Feb/2010:18:53:37 -0800] "GET /robots.txt HTTP/1.1" 302 359 "-" "Mozilla/5.0 (compatible; Googlebot/2.1; +http://www.google.com/bot.html)"
66.249.68.203 - - [25/Feb/2010:18:53:38 -0800] "GET /log.20080919/tib-error.log HTTP/1.1" 302 359 "-" "Mozilla/5.0 (compatible; Googlebot/2.1; +http://www.google.com/bot.html)"
93.158.148.31 - - [25/Feb/2010:19:07:01 -0800] "GET /ferality-access.log HTTP/1.1" 200 576062 "-" "Yandex/1.01.001 (compatible; Win16; I)"
93.158.148.31 - - [25/Feb/2010:19:42:55 -0800] "GET /log-access.log HTTP/1.1" 200 348003 "-" "Yandex/1.01.001 (compatible; Win16; I)"
93.158.148.31 - - [25/Feb/2010:20:18:45 -0800] "GET /clownjuice-access.log HTTP/1.1" 200 101923 "-" "Yandex/1.01.001 (compatible; Win16; I)"
173.45.105.138 - - [25/Feb/2010:20:42:00 -0800] "GET /ferality-access.log HTTP/1.1" 200 576647 "-" "Mozilla/5.0 (Windows; U; Windows NT 5.2; en-US; rv:1.8.0.6) Gecko/20060728 Firefox/1.5.0.6"
93.158.148.31 - - [25/Feb/2010:20:54:31 -0800] "GET /sharkbomb-access.log HTTP/1.1" 200 303986 "-" "Yandex/1.01.001 (compatible; Win16; I)"
66.249.67.71 - - [25/Feb/2010:21:29:30 -0800] "GET /robots.txt HTTP/1.1" 302 359 "-" "Mozilla/5.0 (compatible; Googlebot/2.1; +http://www.google.com/bot.html)"
66.249.67.71 - - [25/Feb/2010:21:29:30 -0800] "GET /paxnihilo-access.log HTTP/1.1" 200 11513 "-" "Mozilla/5.0 (compatible; Googlebot/2.1; +http://www.google.com/bot.html)"
93.158.148.31 - - [25/Feb/2010:21:30:21 -0800] "GET /dustinharley-access.log HTTP/1.1" 200 387307 "-" "Yandex/1.01.001 (compatible; Win16; I)"
207.46.199.48 - - [25/Feb/2010:21:45:56 -0800] "GET /robots.txt HTTP/1.1" 302 360 "-" "msnbot/2.0b (+http://search.msn.com/msnbot.htm)"
207.46.199.48 - - [25/Feb/2010:21:50:14 -0800] "GET /robots.txt HTTP/1.1" 302 360 "-" "msnbot/2.0b (+http://search.msn.com/msnbot.htm)"
207.46.199.48 - - [25/Feb/2010:22:00:00 -0800] "GET /robots.txt HTTP/1.1" 302 360 "-" "msnbot/2.0b (+http://search.msn.com/msnbot.htm)"
