66.249.68.98 - - [24/Feb/2010:00:06:39 -0800] "GET /robots.txt HTTP/1.1" 302 355 "-" "Mozilla/5.0 (compatible; Googlebot/2.1; +http://www.google.com/bot.html)"
66.249.68.98 - - [24/Feb/2010:00:06:39 -0800] "GET / HTTP/1.1" 200 163 "-" "Mozilla/5.0 (compatible; Googlebot/2.1; +http://www.google.com/bot.html)"
66.249.68.98 - - [24/Feb/2010:00:06:40 -0800] "GET / HTTP/1.1" 200 163 "-" "Mozilla/5.0 (compatible; Googlebot/2.1; +http://www.google.com/bot.html)"
65.55.231.121 - - [24/Feb/2010:00:59:25 -0800] "GET /robots.txt HTTP/1.1" 302 355 "-" "msnbot-media/1.1 (+http://search.msn.com/msnbot.htm)"
65.55.231.121 - - [24/Feb/2010:00:59:25 -0800] "GET / HTTP/1.1" 200 163 "-" "msnbot-media/1.1 (+http://search.msn.com/msnbot.htm)"
65.55.231.121 - - [24/Feb/2010:00:59:25 -0800] "GET /wp-includes/images/smilies/icon_smile.gif HTTP/1.1" 302 355 "-" "msnbot-media/1.1 (+http://search.msn.com/msnbot.htm)"
65.55.231.121 - - [24/Feb/2010:00:59:26 -0800] "GET / HTTP/1.1" 200 163 "-" "msnbot-media/1.1 (+http://search.msn.com/msnbot.htm)"
207.46.195.237 - - [24/Feb/2010:01:26:51 -0800] "GET /robots.txt HTTP/1.1" 302 355 "-" "msnbot/2.0b (+http://search.msn.com/msnbot.htm)"
207.46.195.237 - - [24/Feb/2010:01:26:51 -0800] "GET / HTTP/1.1" 200 163 "-" "msnbot/2.0b (+http://search.msn.com/msnbot.htm)"
209.85.238.242 - - [24/Feb/2010:02:10:02 -0800] "GET /feed/ HTTP/1.1" 302 355 "-" "Feedfetcher-Google; (+http://www.google.com/feedfetcher.html; 1 subscribers; feed-id=10831477631497958243)"
209.85.238.242 - - [24/Feb/2010:02:10:03 -0800] "GET / HTTP/1.1" 304 - "-" "Feedfetcher-Google; (+http://www.google.com/feedfetcher.html; 1 subscribers; feed-id=10831477631497958243)"
208.115.111.245 - - [24/Feb/2010:02:11:56 -0800] "GET /robots.txt HTTP/1.1" 302 355 "-" "Mozilla/5.0 (compatible; DotBot/1.1; http://www.dotnetdotcom.org/, crawler@dotnetdotcom.org)"
208.115.111.245 - - [24/Feb/2010:02:11:56 -0800] "GET / HTTP/1.1" 200 163 "-" "Mozilla/5.0 (compatible; DotBot/1.1; http://www.dotnetdotcom.org/, crawler@dotnetdotcom.org)"
208.115.111.245 - - [24/Feb/2010:02:39:10 -0800] "GET /2006/07/fig-entry-aborted-hello-time-wars/ HTTP/1.1" 302 355 "-" "Mozilla/5.0 (compatible; DotBot/1.1; http://www.dotnetdotcom.org/, crawler@dotnetdotcom.org)"
208.115.111.245 - - [24/Feb/2010:02:39:15 -0800] "GET /2006/09/welcome-to-hostlegomoviescom/ HTTP/1.1" 302 355 "-" "Mozilla/5.0 (compatible; DotBot/1.1; http://www.dotnetdotcom.org/, crawler@dotnetdotcom.org)"
208.115.111.245 - - [24/Feb/2010:02:39:20 -0800] "GET /2008/05/i-have-too-many-projects/ HTTP/1.1" 302 355 "-" "Mozilla/5.0 (compatible; DotBot/1.1; http://www.dotnetdotcom.org/, crawler@dotnetdotcom.org)"
208.115.111.245 - - [24/Feb/2010:02:39:25 -0800] "GET /2008/06/netos-the-next-innovation-in-weboss/ HTTP/1.1" 302 355 "-" "Mozilla/5.0 (compatible; DotBot/1.1; http://www.dotnetdotcom.org/, crawler@dotnetdotcom.org)"
208.115.111.245 - - [24/Feb/2010:02:39:30 -0800] "GET /2008/06/spidersuck-chronicles-anyone/ HTTP/1.1" 302 355 "-" "Mozilla/5.0 (compatible; DotBot/1.1; http://www.dotnetdotcom.org/, crawler@dotnetdotcom.org)"
208.115.111.245 - - [24/Feb/2010:02:39:35 -0800] "GET /2008/09/iphone-development/trackback/ HTTP/1.1" 302 355 "-" "Mozilla/5.0 (compatible; DotBot/1.1; http://www.dotnetdotcom.org/, crawler@dotnetdotcom.org)"
67.218.116.132 - - [24/Feb/2010:02:50:35 -0800] "GET /robots.txt HTTP/1.1" 302 355 "-" "Mozilla/5.0 (Twiceler-0.9 http://www.cuil.com/twiceler/robot.html)"
207.46.204.227 - - [24/Feb/2010:03:02:31 -0800] "GET /robots.txt HTTP/1.1" 302 355 "-" "msnbot/2.0b (+http://search.msn.com/msnbot.htm)"
207.46.204.227 - - [24/Feb/2010:03:02:31 -0800] "GET / HTTP/1.1" 200 163 "-" "msnbot/2.0b (+http://search.msn.com/msnbot.htm)"
207.46.204.227 - - [24/Feb/2010:04:31:18 -0800] "GET /robots.txt HTTP/1.1" 302 355 "-" "msnbot/2.0b (+http://search.msn.com/msnbot.htm)"
207.46.204.227 - - [24/Feb/2010:04:31:18 -0800] "GET / HTTP/1.1" 200 163 "-" "msnbot/2.0b (+http://search.msn.com/msnbot.htm)"
193.47.80.37 - - [24/Feb/2010:04:56:00 -0800] "GET /robots.txt HTTP/1.1" 302 355 "-" "Mozilla/5.0 (compatible; Exabot/3.0; +http://www.exabot.com/go/robot)"
193.47.80.37 - - [24/Feb/2010:04:56:01 -0800] "GET / HTTP/1.1" 200 163 "-" "Mozilla/5.0 (compatible; Exabot/3.0; +http://www.exabot.com/go/robot)"
193.47.80.37 - - [24/Feb/2010:04:56:01 -0800] "GET /2007/02/update-2/ HTTP/1.1" 302 355 "-" "Mozilla/5.0 (compatible; Exabot/3.0; +http://www.exabot.com/go/robot)"
193.47.80.37 - - [24/Feb/2010:04:56:05 -0800] "GET / HTTP/1.1" 304 - "-" "Mozilla/5.0 (compatible; Exabot/3.0; +http://www.exabot.com/go/robot)"
207.46.204.189 - - [24/Feb/2010:05:40:09 -0800] "GET /robots.txt HTTP/1.1" 302 355 "-" "msnbot/2.0b (+http://search.msn.com/msnbot.htm)"
207.46.204.189 - - [24/Feb/2010:05:40:09 -0800] "GET / HTTP/1.1" 200 163 "-" "msnbot/2.0b (+http://search.msn.com/msnbot.htm)"
208.115.111.245 - - [24/Feb/2010:06:17:26 -0800] "GET /robots.txt HTTP/1.1" 302 355 "-" "Mozilla/5.0 (compatible; DotBot/1.1; http://www.dotnetdotcom.org/, crawler@dotnetdotcom.org)"
208.115.111.245 - - [24/Feb/2010:06:17:26 -0800] "GET / HTTP/1.1" 200 163 "-" "Mozilla/5.0 (compatible; DotBot/1.1; http://www.dotnetdotcom.org/, crawler@dotnetdotcom.org)"
208.115.111.245 - - [24/Feb/2010:06:47:51 -0800] "GET /2006/05/get-outta-the-house/ HTTP/1.1" 302 355 "-" "Mozilla/5.0 (compatible; DotBot/1.1; http://www.dotnetdotcom.org/, crawler@dotnetdotcom.org)"
208.115.111.245 - - [24/Feb/2010:06:47:55 -0800] "GET /2006/05/got-a-production-blog/ HTTP/1.1" 302 355 "-" "Mozilla/5.0 (compatible; DotBot/1.1; http://www.dotnetdotcom.org/, crawler@dotnetdotcom.org)"
208.115.111.245 - - [24/Feb/2010:06:47:59 -0800] "GET /2006/07/new-time-wars-banner/ HTTP/1.1" 302 355 "-" "Mozilla/5.0 (compatible; DotBot/1.1; http://www.dotnetdotcom.org/, crawler@dotnetdotcom.org)"
208.115.111.245 - - [24/Feb/2010:06:48:04 -0800] "GET /2008/06/my-summer-project-part-2/ HTTP/1.1" 302 355 "-" "Mozilla/5.0 (compatible; DotBot/1.1; http://www.dotnetdotcom.org/, crawler@dotnetdotcom.org)"
208.115.111.245 - - [24/Feb/2010:06:48:09 -0800] "GET /2008/09/iphone-development/feed/ HTTP/1.1" 302 355 "-" "Mozilla/5.0 (compatible; DotBot/1.1; http://www.dotnetdotcom.org/, crawler@dotnetdotcom.org)"
208.115.111.245 - - [24/Feb/2010:06:48:14 -0800] "GET /2008/12/snow-leopard/trackback/ HTTP/1.1" 302 355 "-" "Mozilla/5.0 (compatible; DotBot/1.1; http://www.dotnetdotcom.org/, crawler@dotnetdotcom.org)"
208.115.111.245 - - [24/Feb/2010:06:48:19 -0800] "GET /category/computer-programming/ HTTP/1.1" 302 355 "-" "Mozilla/5.0 (compatible; DotBot/1.1; http://www.dotnetdotcom.org/, crawler@dotnetdotcom.org)"
208.115.111.245 - - [24/Feb/2010:06:48:24 -0800] "GET /category/iphone-development/ HTTP/1.1" 302 355 "-" "Mozilla/5.0 (compatible; DotBot/1.1; http://www.dotnetdotcom.org/, crawler@dotnetdotcom.org)"
208.115.111.245 - - [24/Feb/2010:06:48:29 -0800] "GET /category/the-brickfilmers-guide/ HTTP/1.1" 302 355 "-" "Mozilla/5.0 (compatible; DotBot/1.1; http://www.dotnetdotcom.org/, crawler@dotnetdotcom.org)"
208.115.111.245 - - [24/Feb/2010:06:48:34 -0800] "GET /category/uncategorized/page/2/ HTTP/1.1" 302 355 "-" "Mozilla/5.0 (compatible; DotBot/1.1; http://www.dotnetdotcom.org/, crawler@dotnetdotcom.org)"
207.46.204.184 - - [24/Feb/2010:06:52:17 -0800] "GET /robots.txt HTTP/1.1" 302 355 "-" "msnbot/2.0b (+http://search.msn.com/msnbot.htm)"
207.46.204.184 - - [24/Feb/2010:06:52:17 -0800] "GET / HTTP/1.1" 200 163 "-" "msnbot/2.0b (+http://search.msn.com/msnbot.htm)"
216.129.119.10 - - [24/Feb/2010:07:11:30 -0800] "GET /robots.txt HTTP/1.1" 302 359 "-" "Mozilla/5.0 (Twiceler-0.9 http://www.cuil.com/twiceler/robot.html)"
209.85.238.242 - - [24/Feb/2010:07:55:03 -0800] "GET /feed/ HTTP/1.1" 302 355 "-" "Feedfetcher-Google; (+http://www.google.com/feedfetcher.html; 1 subscribers; feed-id=10831477631497958243)"
209.85.238.242 - - [24/Feb/2010:07:55:04 -0800] "GET / HTTP/1.1" 304 - "-" "Feedfetcher-Google; (+http://www.google.com/feedfetcher.html; 1 subscribers; feed-id=10831477631497958243)"
94.226.59.200 - - [24/Feb/2010:09:37:04 -0800] "GET /Images/basicdelta.gif HTTP/1.1" 302 355 "http://www.joseralat.com/forum/showthread.php?t=1280" "Opera/9.64 (Windows NT 5.1; U; en) Presto/2.1.1"
94.226.59.200 - - [24/Feb/2010:09:37:04 -0800] "GET /Images/2371-2390.gif HTTP/1.1" 302 355 "http://www.joseralat.com/forum/showthread.php?t=1280" "Opera/9.64 (Windows NT 5.1; U; en) Presto/2.1.1"
94.226.59.200 - - [24/Feb/2010:09:37:05 -0800] "GET /Images/29thcentury.gif HTTP/1.1" 302 355 "http://www.joseralat.com/forum/showthread.php?t=1280" "Opera/9.64 (Windows NT 5.1; U; en) Presto/2.1.1"
94.226.59.200 - - [24/Feb/2010:09:37:05 -0800] "GET /Images/Obsidian_Order.gif HTTP/1.1" 302 355 "http://www.joseralat.com/forum/showthread.php?t=1280" "Opera/9.64 (Windows NT 5.1; U; en) Presto/2.1.1"
94.226.59.200 - - [24/Feb/2010:09:37:08 -0800] "GET / HTTP/1.1" 200 163 "http://www.joseralat.com/forum/showthread.php?t=1280" "Opera/9.64 (Windows NT 5.1; U; en) Presto/2.1.1"
207.46.199.53 - - [24/Feb/2010:10:01:18 -0800] "GET /robots.txt HTTP/1.1" 302 355 "-" "msnbot/2.0b (+http://search.msn.com/msnbot.htm)"
207.46.199.53 - - [24/Feb/2010:10:01:18 -0800] "GET / HTTP/1.1" 200 163 "-" "msnbot/2.0b (+http://search.msn.com/msnbot.htm)"
208.115.111.245 - - [24/Feb/2010:10:29:19 -0800] "GET /robots.txt HTTP/1.1" 302 355 "-" "Mozilla/5.0 (compatible; DotBot/1.1; http://www.dotnetdotcom.org/, crawler@dotnetdotcom.org)"
208.115.111.245 - - [24/Feb/2010:10:29:19 -0800] "GET / HTTP/1.1" 200 163 "-" "Mozilla/5.0 (compatible; DotBot/1.1; http://www.dotnetdotcom.org/, crawler@dotnetdotcom.org)"
208.115.111.245 - - [24/Feb/2010:10:55:00 -0800] "GET /2006/05/fig-entry-progress/ HTTP/1.1" 302 355 "-" "Mozilla/5.0 (compatible; DotBot/1.1; http://www.dotnetdotcom.org/, crawler@dotnetdotcom.org)"
208.115.111.245 - - [24/Feb/2010:10:55:04 -0800] "GET /2006/05/finished-script/ HTTP/1.1" 302 355 "-" "Mozilla/5.0 (compatible; DotBot/1.1; http://www.dotnetdotcom.org/, crawler@dotnetdotcom.org)"
208.115.111.245 - - [24/Feb/2010:10:55:08 -0800] "GET /2008/07/couple-of-things/ HTTP/1.1" 302 355 "-" "Mozilla/5.0 (compatible; DotBot/1.1; http://www.dotnetdotcom.org/, crawler@dotnetdotcom.org)"
209.85.238.242 - - [24/Feb/2010:10:55:13 -0800] "GET /feed/ HTTP/1.1" 302 355 "-" "Feedfetcher-Google; (+http://www.google.com/feedfetcher.html; 1 subscribers; feed-id=10831477631497958243)"
208.115.111.245 - - [24/Feb/2010:10:55:13 -0800] "GET /2008/09/iphone-development/ HTTP/1.1" 302 355 "-" "Mozilla/5.0 (compatible; DotBot/1.1; http://www.dotnetdotcom.org/, crawler@dotnetdotcom.org)"
209.85.238.242 - - [24/Feb/2010:10:55:13 -0800] "GET / HTTP/1.1" 304 - "-" "Feedfetcher-Google; (+http://www.google.com/feedfetcher.html; 1 subscribers; feed-id=10831477631497958243)"
208.115.111.245 - - [24/Feb/2010:10:55:18 -0800] "GET /2008/09/whats-up/trackback/ HTTP/1.1" 302 355 "-" "Mozilla/5.0 (compatible; DotBot/1.1; http://www.dotnetdotcom.org/, crawler@dotnetdotcom.org)"
208.115.111.245 - - [24/Feb/2010:10:55:23 -0800] "GET /2008/10/ipod-touch-is-here/ HTTP/1.1" 302 355 "-" "Mozilla/5.0 (compatible; DotBot/1.1; http://www.dotnetdotcom.org/, crawler@dotnetdotcom.org)"
208.115.111.245 - - [24/Feb/2010:10:55:28 -0800] "GET /2008/12/snow-leopard/feed/ HTTP/1.1" 302 355 "-" "Mozilla/5.0 (compatible; DotBot/1.1; http://www.dotnetdotcom.org/, crawler@dotnetdotcom.org)"
208.115.111.245 - - [24/Feb/2010:10:55:33 -0800] "GET /category/brickfilmerscom/ HTTP/1.1" 302 355 "-" "Mozilla/5.0 (compatible; DotBot/1.1; http://www.dotnetdotcom.org/, crawler@dotnetdotcom.org)"
208.115.111.245 - - [24/Feb/2010:10:55:38 -0800] "GET /category/mac-applications/ HTTP/1.1" 302 355 "-" "Mozilla/5.0 (compatible; DotBot/1.1; http://www.dotnetdotcom.org/, crawler@dotnetdotcom.org)"
208.115.111.245 - - [24/Feb/2010:10:55:43 -0800] "GET /category/star-trek-orion/ HTTP/1.1" 302 355 "-" "Mozilla/5.0 (compatible; DotBot/1.1; http://www.dotnetdotcom.org/, crawler@dotnetdotcom.org)"
207.46.199.53 - - [24/Feb/2010:12:07:06 -0800] "GET /robots.txt HTTP/1.1" 302 355 "-" "msnbot/2.0b (+http://search.msn.com/msnbot.htm)"
207.46.199.53 - - [24/Feb/2010:12:07:06 -0800] "GET / HTTP/1.1" 200 163 "-" "msnbot/2.0b (+http://search.msn.com/msnbot.htm)"
94.75.214.129 - - [24/Feb/2010:12:16:13 -0800] "GET / HTTP/1.0" 200 163 "-" "-"
85.92.175.5 - - [24/Feb/2010:12:16:26 -0800] "GET / HTTP/1.0" 200 163 "http://jasoncmartin.com/" "Mozilla/4.0 (compatible; MSIE 6.0; Windows NT 5.1; SV1; YPC 3.0.2; .NET CLR 1.1.4322; yplus 4.4.02b)"
94.79.54.148 - - [24/Feb/2010:12:16:37 -0800] "GET / HTTP/1.1" 200 163 "http://jasoncmartin.com/" "Mozilla/4.0 (compatible; MSIE 6.0; Windows NT 5.1; SV1; YPC 3.0.2; .NET CLR 1.1.4322; yplus 4.4.02b)"
92.239.17.224 - - [24/Feb/2010:12:16:48 -0800] "GET / HTTP/1.0" 200 163 "http://jasoncmartin.com/" "Mozilla/4.0 (compatible; MSIE 6.0; Windows NT 5.1; SV1; YPC 3.0.2; .NET CLR 1.1.4322; yplus 4.4.02b)"
217.21.115.189 - - [24/Feb/2010:12:17:14 -0800] "GET / HTTP/1.0" 200 163 "http://jasoncmartin.com/" "Mozilla/4.0 (compatible; MSIE 6.0; Windows NT 5.1; SV1; YPC 3.0.2; .NET CLR 1.1.4322; yplus 4.4.02b)"
89.149.253.183 - - [24/Feb/2010:12:18:01 -0800] "GET http://jasoncmartin.com/ HTTP/1.0" 200 163 "http://jasoncmartin.com/" "Mozilla/4.0 (compatible; MSIE 6.0; Windows NT 5.1; SV1; YPC 3.0.2; .NET CLR 1.1.4322; yplus 4.4.02b)"
89.149.253.183 - - [24/Feb/2010:12:18:02 -0800] "GET / HTTP/1.0" 200 163 "http://jasoncmartin.com/" "Mozilla/4.0 (compatible; MSIE 6.0; Windows NT 5.1; SV1; YPC 3.0.2; .NET CLR 1.1.4322; yplus 4.4.02b)"
64.78.155.100 - - [24/Feb/2010:12:22:38 -0800] "GET /feed/ HTTP/1.1" 302 355 "-" "NewsGatorOnline/2.0 (http://www.newsgator.com; 2 subscribers)"
64.78.155.100 - - [24/Feb/2010:12:22:38 -0800] "GET / HTTP/1.1" 304 - "-" "NewsGatorOnline/2.0 (http://www.newsgator.com; 2 subscribers)"
67.210.218.110 - - [24/Feb/2010:13:17:48 -0800] "GET /feed HTTP/1.1" 302 355 "-" "Rome Client (http://tinyurl.com/64t5n) Ver: 0.9"
67.210.218.110 - - [24/Feb/2010:13:17:48 -0800] "GET / HTTP/1.1" 200 163 "-" "Rome Client (http://tinyurl.com/64t5n) Ver: 0.9"
65.55.207.50 - - [24/Feb/2010:13:44:59 -0800] "GET /robots.txt HTTP/1.1" 302 355 "-" "msnbot/2.0b (+http://search.msn.com/msnbot.htm)"
65.55.207.50 - - [24/Feb/2010:13:44:59 -0800] "GET / HTTP/1.1" 200 163 "-" "msnbot/2.0b (+http://search.msn.com/msnbot.htm)"
65.55.207.50 - - [24/Feb/2010:13:45:58 -0800] "GET / HTTP/1.1" 304 - "-" "msnbot/2.0b (+http://search.msn.com/msnbot.htm)"
209.85.238.131 - - [24/Feb/2010:13:55:22 -0800] "GET /feed/ HTTP/1.1" 302 355 "-" "Feedfetcher-Google; (+http://www.google.com/feedfetcher.html; 1 subscribers; feed-id=10831477631497958243)"
209.85.238.131 - - [24/Feb/2010:13:55:23 -0800] "GET / HTTP/1.1" 304 - "-" "Feedfetcher-Google; (+http://www.google.com/feedfetcher.html; 1 subscribers; feed-id=10831477631497958243)"
208.115.111.245 - - [24/Feb/2010:14:29:06 -0800] "GET /robots.txt HTTP/1.1" 302 355 "-" "Mozilla/5.0 (compatible; DotBot/1.1; http://www.dotnetdotcom.org/, crawler@dotnetdotcom.org)"
208.115.111.245 - - [24/Feb/2010:14:29:06 -0800] "GET / HTTP/1.1" 200 163 "-" "Mozilla/5.0 (compatible; DotBot/1.1; http://www.dotnetdotcom.org/, crawler@dotnetdotcom.org)"
208.115.111.245 - - [24/Feb/2010:14:54:15 -0800] "GET /2006/09/thac-2-results/ HTTP/1.1" 302 355 "-" "Mozilla/5.0 (compatible; DotBot/1.1; http://www.dotnetdotcom.org/, crawler@dotnetdotcom.org)"
208.115.111.245 - - [24/Feb/2010:14:54:19 -0800] "GET /2008/04/brickfilmerscom/ HTTP/1.1" 302 355 "-" "Mozilla/5.0 (compatible; DotBot/1.1; http://www.dotnetdotcom.org/, crawler@dotnetdotcom.org)"
208.115.111.245 - - [24/Feb/2010:14:54:23 -0800] "GET /2008/04/seminar-script/ HTTP/1.1" 302 355 "-" "Mozilla/5.0 (compatible; DotBot/1.1; http://www.dotnetdotcom.org/, crawler@dotnetdotcom.org)"
208.115.111.245 - - [24/Feb/2010:14:54:27 -0800] "GET /2008/06/even-more-mybb/ HTTP/1.1" 302 355 "-" "Mozilla/5.0 (compatible; DotBot/1.1; http://www.dotnetdotcom.org/, crawler@dotnetdotcom.org)"
208.115.111.245 - - [24/Feb/2010:14:54:32 -0800] "GET /2008/06/summer-project/ HTTP/1.1" 302 355 "-" "Mozilla/5.0 (compatible; DotBot/1.1; http://www.dotnetdotcom.org/, crawler@dotnetdotcom.org)"
208.115.111.245 - - [24/Feb/2010:14:54:37 -0800] "GET /2009/01/happy-new-year/ HTTP/1.1" 302 355 "-" "Mozilla/5.0 (compatible; DotBot/1.1; http://www.dotnetdotcom.org/, crawler@dotnetdotcom.org)"
208.115.111.245 - - [24/Feb/2010:14:54:42 -0800] "GET /2009/02/windows-7-beta/ HTTP/1.1" 302 355 "-" "Mozilla/5.0 (compatible; DotBot/1.1; http://www.dotnetdotcom.org/, crawler@dotnetdotcom.org)"
208.115.111.245 - - [24/Feb/2010:14:54:47 -0800] "GET /category/brickfilmscom/ HTTP/1.1" 302 355 "-" "Mozilla/5.0 (compatible; DotBot/1.1; http://www.dotnetdotcom.org/, crawler@dotnetdotcom.org)"
208.115.111.245 - - [24/Feb/2010:14:54:52 -0800] "GET /category/movie-reviews/ HTTP/1.1" 302 355 "-" "Mozilla/5.0 (compatible; DotBot/1.1; http://www.dotnetdotcom.org/, crawler@dotnetdotcom.org)"
208.115.111.245 - - [24/Feb/2010:14:54:57 -0800] "GET /category/summer-project/ HTTP/1.1" 302 355 "-" "Mozilla/5.0 (compatible; DotBot/1.1; http://www.dotnetdotcom.org/, crawler@dotnetdotcom.org)"
193.252.149.14 - - [24/Feb/2010:15:15:52 -0800] "GET / HTTP/1.1" 200 163 "-" "Mozilla/5.0 (Windows; U; Windows NT 5.1; fr; rv:1.8.1) VoilaBot BETA 1.2 (support.voilabot@orange-ftgroup.com)"
93.158.148.31 - - [24/Feb/2010:15:49:50 -0800] "GET /robots.txt HTTP/1.1" 302 355 "-" "Yandex/1.01.001 (compatible; Win16; I)"
93.158.148.31 - - [24/Feb/2010:15:49:52 -0800] "GET / HTTP/1.1" 304 - "-" "Yandex/1.01.001 (compatible; Win16; I)"
209.85.238.131 - - [24/Feb/2010:16:55:32 -0800] "GET /feed/ HTTP/1.1" 302 355 "-" "Feedfetcher-Google; (+http://www.google.com/feedfetcher.html; 1 subscribers; feed-id=10831477631497958243)"
209.85.238.131 - - [24/Feb/2010:16:55:33 -0800] "GET / HTTP/1.1" 304 - "-" "Feedfetcher-Google; (+http://www.google.com/feedfetcher.html; 1 subscribers; feed-id=10831477631497958243)"
88.131.106.31 - - [24/Feb/2010:17:03:20 -0800] "GET /robots.txt HTTP/1.0" 302 355 "-" "Speedy Spider (http://www.entireweb.com/about/search_tech/speedy_spider/)"
88.131.106.31 - - [24/Feb/2010:17:03:22 -0800] "GET / HTTP/1.0" 304 - "-" "Speedy Spider (http://www.entireweb.com/about/search_tech/speedy_spider/)"
208.115.111.245 - - [24/Feb/2010:18:23:25 -0800] "GET /robots.txt HTTP/1.1" 302 355 "-" "Mozilla/5.0 (compatible; DotBot/1.1; http://www.dotnetdotcom.org/, crawler@dotnetdotcom.org)"
208.115.111.245 - - [24/Feb/2010:18:23:25 -0800] "GET / HTTP/1.1" 200 163 "-" "Mozilla/5.0 (compatible; DotBot/1.1; http://www.dotnetdotcom.org/, crawler@dotnetdotcom.org)"
208.115.111.245 - - [24/Feb/2010:18:51:07 -0800] "GET /2006/05/fig-progress/ HTTP/1.1" 302 355 "-" "Mozilla/5.0 (compatible; DotBot/1.1; http://www.dotnetdotcom.org/, crawler@dotnetdotcom.org)"
208.115.111.245 - - [24/Feb/2010:18:51:11 -0800] "GET /2006/12/finishing-up/ HTTP/1.1" 302 355 "-" "Mozilla/5.0 (compatible; DotBot/1.1; http://www.dotnetdotcom.org/, crawler@dotnetdotcom.org)"
208.115.111.245 - - [24/Feb/2010:18:51:15 -0800] "GET /2006/12/the-accident/ HTTP/1.1" 302 355 "-" "Mozilla/5.0 (compatible; DotBot/1.1; http://www.dotnetdotcom.org/, crawler@dotnetdotcom.org)"
208.115.111.245 - - [24/Feb/2010:18:51:19 -0800] "GET /2006/12/x-mas-update/ HTTP/1.1" 302 355 "-" "Mozilla/5.0 (compatible; DotBot/1.1; http://www.dotnetdotcom.org/, crawler@dotnetdotcom.org)"
208.115.111.245 - - [24/Feb/2010:18:51:24 -0800] "GET /2007/01/scriptwriting/ HTTP/1.1" 302 355 "-" "Mozilla/5.0 (compatible; DotBot/1.1; http://www.dotnetdotcom.org/, crawler@dotnetdotcom.org)"
208.115.111.245 - - [24/Feb/2010:18:51:30 -0800] "GET /2008/04/a-fresh-start/ HTTP/1.1" 302 355 "-" "Mozilla/5.0 (compatible; DotBot/1.1; http://www.dotnetdotcom.org/, crawler@dotnetdotcom.org)"
208.115.111.245 - - [24/Feb/2010:18:51:35 -0800] "GET /2008/06/alot-of-stuff/ HTTP/1.1" 302 355 "-" "Mozilla/5.0 (compatible; DotBot/1.1; http://www.dotnetdotcom.org/, crawler@dotnetdotcom.org)"
208.115.111.245 - - [24/Feb/2010:18:51:40 -0800] "GET /2008/09/whats-up/feed/ HTTP/1.1" 302 355 "-" "Mozilla/5.0 (compatible; DotBot/1.1; http://www.dotnetdotcom.org/, crawler@dotnetdotcom.org)"
208.115.111.245 - - [24/Feb/2010:18:51:45 -0800] "GET /category/uncategorized/ HTTP/1.1" 302 355 "-" "Mozilla/5.0 (compatible; DotBot/1.1; http://www.dotnetdotcom.org/, crawler@dotnetdotcom.org)"
208.115.111.245 - - [24/Feb/2010:18:51:50 -0800] "GET /tag/internet-explorer/ HTTP/1.1" 302 355 "-" "Mozilla/5.0 (compatible; DotBot/1.1; http://www.dotnetdotcom.org/, crawler@dotnetdotcom.org)"
209.85.238.131 - - [24/Feb/2010:19:55:43 -0800] "GET /feed/ HTTP/1.1" 302 355 "-" "Feedfetcher-Google; (+http://www.google.com/feedfetcher.html; 1 subscribers; feed-id=10831477631497958243)"
209.85.238.131 - - [24/Feb/2010:19:55:43 -0800] "GET / HTTP/1.1" 304 - "-" "Feedfetcher-Google; (+http://www.google.com/feedfetcher.html; 1 subscribers; feed-id=10831477631497958243)"
75.101.219.131 - - [24/Feb/2010:21:43:37 -0800] "GET /robots.txt HTTP/1.1" 302 355 "-" "Mozilla/5.0 (compatible; spbot/2.0; +http://www.seoprofiler.com/bot/ )"
75.101.219.131 - - [24/Feb/2010:21:43:37 -0800] "GET / HTTP/1.1" 200 163 "-" "Mozilla/5.0 (compatible; spbot/2.0; +http://www.seoprofiler.com/bot/ )"
75.101.219.131 - - [24/Feb/2010:21:43:38 -0800] "GET / HTTP/1.1" 200 163 "-" "Mozilla/5.0 (compatible; spbot/2.0; +http://www.seoprofiler.com/bot/ )"
208.115.111.245 - - [24/Feb/2010:22:22:54 -0800] "GET /robots.txt HTTP/1.1" 302 355 "-" "Mozilla/5.0 (compatible; DotBot/1.1; http://www.dotnetdotcom.org/, crawler@dotnetdotcom.org)"
208.115.111.245 - - [24/Feb/2010:22:22:54 -0800] "GET / HTTP/1.1" 200 163 "-" "Mozilla/5.0 (compatible; DotBot/1.1; http://www.dotnetdotcom.org/, crawler@dotnetdotcom.org)"
208.115.111.245 - - [24/Feb/2010:22:51:18 -0800] "GET /2006/06/fig-update/ HTTP/1.1" 302 355 "-" "Mozilla/5.0 (compatible; DotBot/1.1; http://www.dotnetdotcom.org/, crawler@dotnetdotcom.org)"
208.115.111.245 - - [24/Feb/2010:22:51:22 -0800] "GET /2008/04/eyemanage/ HTTP/1.1" 302 355 "-" "Mozilla/5.0 (compatible; DotBot/1.1; http://www.dotnetdotcom.org/, crawler@dotnetdotcom.org)"
208.115.111.245 - - [24/Feb/2010:22:51:26 -0800] "GET /2008/05/i-apologize/ HTTP/1.1" 302 355 "-" "Mozilla/5.0 (compatible; DotBot/1.1; http://www.dotnetdotcom.org/, crawler@dotnetdotcom.org)"
208.115.111.245 - - [24/Feb/2010:22:51:31 -0800] "GET /2008/05/more-mybb/ HTTP/1.1" 302 355 "-" "Mozilla/5.0 (compatible; DotBot/1.1; http://www.dotnetdotcom.org/, crawler@dotnetdotcom.org)"
208.115.111.245 - - [24/Feb/2010:22:51:35 -0800] "GET /2008/06/macbook-fun/ HTTP/1.1" 302 355 "-" "Mozilla/5.0 (compatible; DotBot/1.1; http://www.dotnetdotcom.org/, crawler@dotnetdotcom.org)"
208.115.111.245 - - [24/Feb/2010:22:51:41 -0800] "GET /2008/06/quicksilver/ HTTP/1.1" 302 355 "-" "Mozilla/5.0 (compatible; DotBot/1.1; http://www.dotnetdotcom.org/, crawler@dotnetdotcom.org)"
208.115.111.245 - - [24/Feb/2010:22:51:46 -0800] "GET /2008/10/ipod-touch/ HTTP/1.1" 302 355 "-" "Mozilla/5.0 (compatible; DotBot/1.1; http://www.dotnetdotcom.org/, crawler@dotnetdotcom.org)"
208.115.111.245 - - [24/Feb/2010:22:51:51 -0800] "GET /2008/12/snow-leopard/ HTTP/1.1" 302 355 "-" "Mozilla/5.0 (compatible; DotBot/1.1; http://www.dotnetdotcom.org/, crawler@dotnetdotcom.org)"
208.115.111.245 - - [24/Feb/2010:22:51:56 -0800] "GET /category/eyemanage/ HTTP/1.1" 302 355 "-" "Mozilla/5.0 (compatible; DotBot/1.1; http://www.dotnetdotcom.org/, crawler@dotnetdotcom.org)"
208.115.111.245 - - [24/Feb/2010:22:52:01 -0800] "GET /category/star-trek/ HTTP/1.1" 302 355 "-" "Mozilla/5.0 (compatible; DotBot/1.1; http://www.dotnetdotcom.org/, crawler@dotnetdotcom.org)"
209.85.238.131 - - [24/Feb/2010:22:55:53 -0800] "GET /feed/ HTTP/1.1" 302 355 "-" "Feedfetcher-Google; (+http://www.google.com/feedfetcher.html; 1 subscribers; feed-id=10831477631497958243)"
209.85.238.131 - - [24/Feb/2010:22:55:54 -0800] "GET / HTTP/1.1" 304 - "-" "Feedfetcher-Google; (+http://www.google.com/feedfetcher.html; 1 subscribers; feed-id=10831477631497958243)"
123.125.66.25 - - [24/Feb/2010:23:11:53 -0800] "GET /robots.txt HTTP/1.1" 302 355 "-" "Baiduspider+(+http://www.baidu.com/search/spider.htm)"
123.125.66.53 - - [24/Feb/2010:23:11:54 -0800] "GET / HTTP/1.1" 200 163 "-" "Baiduspider+(+http://www.baidu.com/search/spider.htm)"
209.85.238.131 - - [25/Feb/2010:01:56:03 -0800] "GET /feed/ HTTP/1.1" 302 355 "-" "Feedfetcher-Google; (+http://www.google.com/feedfetcher.html; 1 subscribers; feed-id=10831477631497958243)"
209.85.238.131 - - [25/Feb/2010:01:56:04 -0800] "GET / HTTP/1.1" 304 - "-" "Feedfetcher-Google; (+http://www.google.com/feedfetcher.html; 1 subscribers; feed-id=10831477631497958243)"
208.115.111.245 - - [25/Feb/2010:02:27:58 -0800] "GET /robots.txt HTTP/1.1" 302 355 "-" "Mozilla/5.0 (compatible; DotBot/1.1; http://www.dotnetdotcom.org/, crawler@dotnetdotcom.org)"
208.115.111.245 - - [25/Feb/2010:02:28:01 -0800] "GET / HTTP/1.1" 200 163 "-" "Mozilla/5.0 (compatible; DotBot/1.1; http://www.dotnetdotcom.org/, crawler@dotnetdotcom.org)"
208.115.111.245 - - [25/Feb/2010:02:54:54 -0800] "GET /2006/06/not-dead/ HTTP/1.1" 302 355 "-" "Mozilla/5.0 (compatible; DotBot/1.1; http://www.dotnetdotcom.org/, crawler@dotnetdotcom.org)"
208.115.111.245 - - [25/Feb/2010:02:54:59 -0800] "GET /2007/02/update-2/ HTTP/1.1" 302 355 "-" "Mozilla/5.0 (compatible; DotBot/1.1; http://www.dotnetdotcom.org/, crawler@dotnetdotcom.org)"
208.115.111.245 - - [25/Feb/2010:02:55:03 -0800] "GET /2007/04/update-3/ HTTP/1.1" 302 355 "-" "Mozilla/5.0 (compatible; DotBot/1.1; http://www.dotnetdotcom.org/, crawler@dotnetdotcom.org)"
208.115.111.245 - - [25/Feb/2010:02:55:07 -0800] "GET /2007/04/vacation/ HTTP/1.1" 302 355 "-" "Mozilla/5.0 (compatible; DotBot/1.1; http://www.dotnetdotcom.org/, crawler@dotnetdotcom.org)"
208.115.111.245 - - [25/Feb/2010:02:55:12 -0800] "GET /2007/08/update-4/ HTTP/1.1" 302 355 "-" "Mozilla/5.0 (compatible; DotBot/1.1; http://www.dotnetdotcom.org/, crawler@dotnetdotcom.org)"
208.115.111.245 - - [25/Feb/2010:02:55:17 -0800] "GET /2008/04/eyecoder/ HTTP/1.1" 302 355 "-" "Mozilla/5.0 (compatible; DotBot/1.1; http://www.dotnetdotcom.org/, crawler@dotnetdotcom.org)"
208.115.111.245 - - [25/Feb/2010:02:55:22 -0800] "GET /2008/04/eyeos-16/ HTTP/1.1" 302 355 "-" "Mozilla/5.0 (compatible; DotBot/1.1; http://www.dotnetdotcom.org/, crawler@dotnetdotcom.org)"
208.115.111.245 - - [25/Feb/2010:02:55:30 -0800] "GET /category/eyecoder/ HTTP/1.1" 302 355 "-" "Mozilla/5.0 (compatible; DotBot/1.1; http://www.dotnetdotcom.org/, crawler@dotnetdotcom.org)"
208.115.111.245 - - [25/Feb/2010:02:55:32 -0800] "GET /category/mac-os-x/ HTTP/1.1" 302 355 "-" "Mozilla/5.0 (compatible; DotBot/1.1; http://www.dotnetdotcom.org/, crawler@dotnetdotcom.org)"
208.115.111.245 - - [25/Feb/2010:02:55:39 -0800] "GET /category/podcasts/ HTTP/1.1" 302 355 "-" "Mozilla/5.0 (compatible; DotBot/1.1; http://www.dotnetdotcom.org/, crawler@dotnetdotcom.org)"
209.85.238.131 - - [25/Feb/2010:04:56:13 -0800] "GET /feed/ HTTP/1.1" 302 355 "-" "Feedfetcher-Google; (+http://www.google.com/feedfetcher.html; 1 subscribers; feed-id=10831477631497958243)"
209.85.238.131 - - [25/Feb/2010:04:56:13 -0800] "GET / HTTP/1.1" 304 - "-" "Feedfetcher-Google; (+http://www.google.com/feedfetcher.html; 1 subscribers; feed-id=10831477631497958243)"
78.86.134.72 - - [25/Feb/2010:05:56:49 -0800] "GET /favicon.ico HTTP/1.1" 302 355 "-" "NetNewsWire/3.2 (Mac OS X; http://www.newsgator.com/Individuals/NetNewsWire/)"
67.218.116.132 - - [25/Feb/2010:06:26:51 -0800] "GET /robots.txt HTTP/1.1" 302 355 "-" "Mozilla/5.0 (Twiceler-0.9 http://www.cuil.com/twiceler/robot.html)"
208.115.111.245 - - [25/Feb/2010:06:39:56 -0800] "GET /robots.txt HTTP/1.1" 302 355 "-" "Mozilla/5.0 (compatible; DotBot/1.1; http://www.dotnetdotcom.org/, crawler@dotnetdotcom.org)"
208.115.111.245 - - [25/Feb/2010:06:39:56 -0800] "GET / HTTP/1.1" 200 163 "-" "Mozilla/5.0 (compatible; DotBot/1.1; http://www.dotnetdotcom.org/, crawler@dotnetdotcom.org)"
208.115.111.245 - - [25/Feb/2010:07:08:28 -0800] "GET /2007/09/bowling/ HTTP/1.1" 302 355 "-" "Mozilla/5.0 (compatible; DotBot/1.1; http://www.dotnetdotcom.org/, crawler@dotnetdotcom.org)"
208.115.111.245 - - [25/Feb/2010:07:08:32 -0800] "GET /2008/02/far-out/ HTTP/1.1" 302 355 "-" "Mozilla/5.0 (compatible; DotBot/1.1; http://www.dotnetdotcom.org/, crawler@dotnetdotcom.org)"
208.115.111.245 - - [25/Feb/2010:07:08:36 -0800] "GET /2008/04/not-much/ HTTP/1.1" 302 355 "-" "Mozilla/5.0 (compatible; DotBot/1.1; http://www.dotnetdotcom.org/, crawler@dotnetdotcom.org)"
208.115.111.245 - - [25/Feb/2010:07:08:41 -0800] "GET /2008/05/its-mybb/ HTTP/1.1" 302 355 "-" "Mozilla/5.0 (compatible; DotBot/1.1; http://www.dotnetdotcom.org/, crawler@dotnetdotcom.org)"
208.115.111.245 - - [25/Feb/2010:07:08:46 -0800] "GET /2008/05/new-song/ HTTP/1.1" 302 355 "-" "Mozilla/5.0 (compatible; DotBot/1.1; http://www.dotnetdotcom.org/, crawler@dotnetdotcom.org)"
208.115.111.245 - - [25/Feb/2010:07:08:51 -0800] "GET /2008/09/whats-up/ HTTP/1.1" 302 355 "-" "Mozilla/5.0 (compatible; DotBot/1.1; http://www.dotnetdotcom.org/, crawler@dotnetdotcom.org)"
208.115.111.245 - - [25/Feb/2010:07:08:56 -0800] "GET /2008/12/yay-ie-7/ HTTP/1.1" 302 355 "-" "Mozilla/5.0 (compatible; DotBot/1.1; http://www.dotnetdotcom.org/, crawler@dotnetdotcom.org)"
208.115.111.245 - - [25/Feb/2010:07:09:01 -0800] "GET /category/eyemac/ HTTP/1.1" 302 355 "-" "Mozilla/5.0 (compatible; DotBot/1.1; http://www.dotnetdotcom.org/, crawler@dotnetdotcom.org)"
208.115.111.245 - - [25/Feb/2010:07:09:06 -0800] "GET /category/seminar/ HTTP/1.1" 302 355 "-" "Mozilla/5.0 (compatible; DotBot/1.1; http://www.dotnetdotcom.org/, crawler@dotnetdotcom.org)"
208.115.111.245 - - [25/Feb/2010:07:09:11 -0800] "GET /tag/development/ HTTP/1.1" 302 355 "-" "Mozilla/5.0 (compatible; DotBot/1.1; http://www.dotnetdotcom.org/, crawler@dotnetdotcom.org)"
209.85.238.131 - - [25/Feb/2010:07:56:22 -0800] "GET /feed/ HTTP/1.1" 302 355 "-" "Feedfetcher-Google; (+http://www.google.com/feedfetcher.html; 1 subscribers; feed-id=10831477631497958243)"
209.85.238.131 - - [25/Feb/2010:07:56:23 -0800] "GET / HTTP/1.1" 304 - "-" "Feedfetcher-Google; (+http://www.google.com/feedfetcher.html; 1 subscribers; feed-id=10831477631497958243)"
64.78.155.100 - - [25/Feb/2010:08:59:34 -0800] "GET /feed/ HTTP/1.1" 302 355 "-" "NewsGatorOnline/2.0 (http://www.newsgator.com; 2 subscribers)"
64.78.155.100 - - [25/Feb/2010:08:59:35 -0800] "GET / HTTP/1.1" 304 - "-" "NewsGatorOnline/2.0 (http://www.newsgator.com; 2 subscribers)"
67.195.113.216 - - [25/Feb/2010:09:47:01 -0800] "GET /robots.txt HTTP/1.0" 302 355 "-" "Mozilla/5.0 (compatible; Yahoo! Slurp; http://help.yahoo.com/help/us/ysearch/slurp)"
67.195.113.216 - - [25/Feb/2010:09:47:02 -0800] "GET / HTTP/1.0" 200 163 "-" "Mozilla/5.0 (compatible; Yahoo! Slurp; http://help.yahoo.com/help/us/ysearch/slurp)"
67.195.113.216 - - [25/Feb/2010:09:47:02 -0800] "GET /feed/ HTTP/1.0" 302 355 "-" "Mozilla/5.0 (compatible; Yahoo! Slurp/3.0; http://help.yahoo.com/help/us/ysearch/slurp)"
67.195.113.216 - - [25/Feb/2010:09:47:03 -0800] "GET / HTTP/1.0" 200 163 "-" "Mozilla/5.0 (compatible; Yahoo! Slurp/3.0; http://help.yahoo.com/help/us/ysearch/slurp)"
209.85.238.131 - - [25/Feb/2010:09:51:13 -0800] "GET /feed/ HTTP/1.1" 302 355 "-" "Feedfetcher-Google; (+http://www.google.com/feedfetcher.html; 1 subscribers; feed-id=10831477631497958243)"
209.85.238.131 - - [25/Feb/2010:09:51:14 -0800] "GET / HTTP/1.1" 304 - "-" "Feedfetcher-Google; (+http://www.google.com/feedfetcher.html; 1 subscribers; feed-id=10831477631497958243)"
208.115.111.245 - - [25/Feb/2010:10:44:19 -0800] "GET /robots.txt HTTP/1.1" 302 355 "-" "Mozilla/5.0 (compatible; DotBot/1.1; http://www.dotnetdotcom.org/, crawler@dotnetdotcom.org)"
208.115.111.245 - - [25/Feb/2010:10:44:19 -0800] "GET / HTTP/1.1" 200 163 "-" "Mozilla/5.0 (compatible; DotBot/1.1; http://www.dotnetdotcom.org/, crawler@dotnetdotcom.org)"
67.195.113.216 - - [25/Feb/2010:11:09:02 -0800] "GET / HTTP/1.0" 304 - "-" "Mozilla/5.0 (compatible; Yahoo! Slurp/3.0; http://help.yahoo.com/help/us/ysearch/slurp)"
208.115.111.245 - - [25/Feb/2010:11:10:03 -0800] "GET /2006/08/thac-2/ HTTP/1.1" 302 355 "-" "Mozilla/5.0 (compatible; DotBot/1.1; http://www.dotnetdotcom.org/, crawler@dotnetdotcom.org)"
208.115.111.245 - - [25/Feb/2010:11:10:07 -0800] "GET /2006/12/update/ HTTP/1.1" 302 355 "-" "Mozilla/5.0 (compatible; DotBot/1.1; http://www.dotnetdotcom.org/, crawler@dotnetdotcom.org)"
208.115.111.245 - - [25/Feb/2010:11:10:11 -0800] "GET /2008/04/eyemac/ HTTP/1.1" 302 355 "-" "Mozilla/5.0 (compatible; DotBot/1.1; http://www.dotnetdotcom.org/, crawler@dotnetdotcom.org)"
208.115.111.245 - - [25/Feb/2010:11:10:15 -0800] "GET /2008/04/no-tbg/ HTTP/1.1" 302 355 "-" "Mozilla/5.0 (compatible; DotBot/1.1; http://www.dotnetdotcom.org/, crawler@dotnetdotcom.org)"
208.115.111.245 - - [25/Feb/2010:11:10:20 -0800] "GET /2008/06/page/2/ HTTP/1.1" 302 355 "-" "Mozilla/5.0 (compatible; DotBot/1.1; http://www.dotnetdotcom.org/, crawler@dotnetdotcom.org)"
208.115.111.245 - - [25/Feb/2010:11:10:25 -0800] "GET /category/apple/ HTTP/1.1" 302 355 "-" "Mozilla/5.0 (compatible; DotBot/1.1; http://www.dotnetdotcom.org/, crawler@dotnetdotcom.org)"
208.115.111.245 - - [25/Feb/2010:11:10:30 -0800] "GET /category/eyeos/ HTTP/1.1" 302 355 "-" "Mozilla/5.0 (compatible; DotBot/1.1; http://www.dotnetdotcom.org/, crawler@dotnetdotcom.org)"
208.115.111.245 - - [25/Feb/2010:11:10:35 -0800] "GET /category/iblog/ HTTP/1.1" 302 355 "-" "Mozilla/5.0 (compatible; DotBot/1.1; http://www.dotnetdotcom.org/, crawler@dotnetdotcom.org)"
208.115.111.245 - - [25/Feb/2010:11:10:40 -0800] "GET /category/music/ HTTP/1.1" 302 355 "-" "Mozilla/5.0 (compatible; DotBot/1.1; http://www.dotnetdotcom.org/, crawler@dotnetdotcom.org)"
208.115.111.245 - - [25/Feb/2010:11:10:45 -0800] "GET /category/netos/ HTTP/1.1" 302 355 "-" "Mozilla/5.0 (compatible; DotBot/1.1; http://www.dotnetdotcom.org/, crawler@dotnetdotcom.org)"
216.129.119.10 - - [25/Feb/2010:11:33:31 -0800] "GET /robots.txt HTTP/1.1" 302 359 "-" "Mozilla/5.0 (Twiceler-0.9 http://www.cuil.com/twiceler/robot.html)"
93.158.148.31 - - [25/Feb/2010:11:42:46 -0800] "GET /robots.txt HTTP/1.1" 302 359 "-" "Yandex/1.01.001 (compatible; Win16; I)"
76.124.215.53 - - [25/Feb/2010:12:16:33 -0800] "GET /feed/ HTTP/1.1" 302 355 "-" "Mozilla/5.0 (Windows; U; Windows NT 6.0; en-US; rv:1.9.1.8) Gecko/20100202 Firefox/3.5.8 (.NET CLR 3.5.30729)"
76.124.215.53 - - [25/Feb/2010:12:16:33 -0800] "GET / HTTP/1.1" 200 163 "-" "Mozilla/5.0 (Windows; U; Windows NT 6.0; en-US; rv:1.9.1.8) Gecko/20100202 Firefox/3.5.8 (.NET CLR 3.5.30729)"
93.158.148.31 - - [25/Feb/2010:12:33:22 -0800] "GET /music/My%20Song%2015.mp3 HTTP/1.1" 302 355 "-" "Yandex/1.01.001 (compatible; Win16; I)"
209.85.238.131 - - [25/Feb/2010:13:58:01 -0800] "GET /feed/ HTTP/1.1" 302 355 "-" "Feedfetcher-Google; (+http://www.google.com/feedfetcher.html; 1 subscribers; feed-id=10831477631497958243)"
209.85.238.131 - - [25/Feb/2010:13:58:02 -0800] "GET / HTTP/1.1" 304 - "-" "Feedfetcher-Google; (+http://www.google.com/feedfetcher.html; 1 subscribers; feed-id=10831477631497958243)"
208.115.111.245 - - [25/Feb/2010:14:46:11 -0800] "GET /robots.txt HTTP/1.1" 302 355 "-" "Mozilla/5.0 (compatible; DotBot/1.1; http://www.dotnetdotcom.org/, crawler@dotnetdotcom.org)"
208.115.111.245 - - [25/Feb/2010:14:46:11 -0800] "GET / HTTP/1.1" 200 163 "-" "Mozilla/5.0 (compatible; DotBot/1.1; http://www.dotnetdotcom.org/, crawler@dotnetdotcom.org)"
208.115.111.245 - - [25/Feb/2010:15:11:15 -0800] "GET /2007/06/back/ HTTP/1.1" 302 355 "-" "Mozilla/5.0 (compatible; DotBot/1.1; http://www.dotnetdotcom.org/, crawler@dotnetdotcom.org)"
208.115.111.245 - - [25/Feb/2010:15:11:19 -0800] "GET /2008/05/bleh/ HTTP/1.1" 302 355 "-" "Mozilla/5.0 (compatible; DotBot/1.1; http://www.dotnetdotcom.org/, crawler@dotnetdotcom.org)"
208.115.111.245 - - [25/Feb/2010:15:11:23 -0800] "GET /2008/06/iblog/ HTTP/1.1" 302 355 "-" "Mozilla/5.0 (compatible; DotBot/1.1; http://www.dotnetdotcom.org/, crawler@dotnetdotcom.org)"
208.115.111.245 - - [25/Feb/2010:15:11:27 -0800] "GET /2008/06/moved/ HTTP/1.1" 302 355 "-" "Mozilla/5.0 (compatible; DotBot/1.1; http://www.dotnetdotcom.org/, crawler@dotnetdotcom.org)"
208.115.111.245 - - [25/Feb/2010:15:11:32 -0800] "GET /2008/10/sleet/ HTTP/1.1" 302 355 "-" "Mozilla/5.0 (compatible; DotBot/1.1; http://www.dotnetdotcom.org/, crawler@dotnetdotcom.org)"
208.115.111.245 - - [25/Feb/2010:15:11:37 -0800] "GET /category/life/ HTTP/1.1" 302 355 "-" "Mozilla/5.0 (compatible; DotBot/1.1; http://www.dotnetdotcom.org/, crawler@dotnetdotcom.org)"
208.115.111.245 - - [25/Feb/2010:15:11:42 -0800] "GET /category/mybb/ HTTP/1.1" 302 355 "-" "Mozilla/5.0 (compatible; DotBot/1.1; http://www.dotnetdotcom.org/, crawler@dotnetdotcom.org)"
208.115.111.245 - - [25/Feb/2010:15:11:47 -0800] "GET /category/myos/ HTTP/1.1" 302 355 "-" "Mozilla/5.0 (compatible; DotBot/1.1; http://www.dotnetdotcom.org/, crawler@dotnetdotcom.org)"
208.115.111.245 - - [25/Feb/2010:15:11:52 -0800] "GET /category/news/ HTTP/1.1" 302 355 "-" "Mozilla/5.0 (compatible; DotBot/1.1; http://www.dotnetdotcom.org/, crawler@dotnetdotcom.org)"
208.115.111.245 - - [25/Feb/2010:15:11:57 -0800] "GET /comments/feed/ HTTP/1.1" 302 355 "-" "Mozilla/5.0 (compatible; DotBot/1.1; http://www.dotnetdotcom.org/, crawler@dotnetdotcom.org)"
209.85.238.131 - - [25/Feb/2010:17:05:31 -0800] "GET /feed/ HTTP/1.1" 302 355 "-" "Feedfetcher-Google; (+http://www.google.com/feedfetcher.html; 1 subscribers; feed-id=10831477631497958243)"
209.85.238.131 - - [25/Feb/2010:17:05:32 -0800] "GET / HTTP/1.1" 304 - "-" "Feedfetcher-Google; (+http://www.google.com/feedfetcher.html; 1 subscribers; feed-id=10831477631497958243)"
96.31.166.228 - - [25/Feb/2010:17:28:29 -0800] "GET / HTTP/1.1" 200 163 "-" "Mozilla/4.0 (compatible; MSIE 7.0; Windows NT 5.1)"
207.46.204.232 - - [25/Feb/2010:18:16:35 -0800] "GET /robots.txt HTTP/1.1" 302 355 "-" "msnbot/2.0b (+http://search.msn.com/msnbot.htm)"
207.46.204.232 - - [25/Feb/2010:18:16:35 -0800] "GET / HTTP/1.1" 200 163 "-" "msnbot/2.0b (+http://search.msn.com/msnbot.htm)"
207.46.204.232 - - [25/Feb/2010:18:17:15 -0800] "GET /2007/02/ HTTP/1.1" 302 355 "-" "msnbot/2.0b (+http://search.msn.com/msnbot.htm)"
89.149.244.89 - - [25/Feb/2010:18:32:36 -0800] "GET / HTTP/1.0" 200 163 "http://jasoncmartin.com/" "Mozilla/4.0 (compatible; MSIE 6.0; MSIE 5.5; Windows NT 4.0) Opera 7.0 [en]"
208.115.111.245 - - [25/Feb/2010:18:42:28 -0800] "GET /robots.txt HTTP/1.1" 302 355 "-" "Mozilla/5.0 (compatible; DotBot/1.1; http://www.dotnetdotcom.org/, crawler@dotnetdotcom.org)"
208.115.111.245 - - [25/Feb/2010:18:42:28 -0800] "GET / HTTP/1.1" 200 163 "-" "Mozilla/5.0 (compatible; DotBot/1.1; http://www.dotnetdotcom.org/, crawler@dotnetdotcom.org)"
207.46.204.233 - - [25/Feb/2010:19:03:16 -0800] "GET /2007/08/ HTTP/1.1" 302 355 "-" "msnbot/2.0b (+http://search.msn.com/msnbot.htm)"
208.115.111.245 - - [25/Feb/2010:19:09:08 -0800] "GET /2006/05/ HTTP/1.1" 302 355 "-" "Mozilla/5.0 (compatible; DotBot/1.1; http://www.dotnetdotcom.org/, crawler@dotnetdotcom.org)"
208.115.111.245 - - [25/Feb/2010:19:09:12 -0800] "GET /2006/06/ HTTP/1.1" 302 355 "-" "Mozilla/5.0 (compatible; DotBot/1.1; http://www.dotnetdotcom.org/, crawler@dotnetdotcom.org)"
208.115.111.245 - - [25/Feb/2010:19:09:16 -0800] "GET /2007/01/mob/ HTTP/1.1" 302 355 "-" "Mozilla/5.0 (compatible; DotBot/1.1; http://www.dotnetdotcom.org/, crawler@dotnetdotcom.org)"
208.115.111.245 - - [25/Feb/2010:19:09:21 -0800] "GET /2008/05/huh/ HTTP/1.1" 302 355 "-" "Mozilla/5.0 (compatible; DotBot/1.1; http://www.dotnetdotcom.org/, crawler@dotnetdotcom.org)"
208.115.111.245 - - [25/Feb/2010:19:09:26 -0800] "GET /2008/06/whew/ HTTP/1.1" 302 355 "-" "Mozilla/5.0 (compatible; DotBot/1.1; http://www.dotnetdotcom.org/, crawler@dotnetdotcom.org)"
208.115.111.245 - - [25/Feb/2010:19:09:34 -0800] "GET /2008/07/1000/ HTTP/1.1" 302 355 "-" "Mozilla/5.0 (compatible; DotBot/1.1; http://www.dotnetdotcom.org/, crawler@dotnetdotcom.org)"
208.115.111.245 - - [25/Feb/2010:19:09:36 -0800] "GET /2008/07/rant/ HTTP/1.1" 302 355 "-" "Mozilla/5.0 (compatible; DotBot/1.1; http://www.dotnetdotcom.org/, crawler@dotnetdotcom.org)"
208.115.111.245 - - [25/Feb/2010:19:09:42 -0800] "GET /2008/12/ugh/ HTTP/1.1" 302 355 "-" "Mozilla/5.0 (compatible; DotBot/1.1; http://www.dotnetdotcom.org/, crawler@dotnetdotcom.org)"
208.115.111.245 - - [25/Feb/2010:19:09:48 -0800] "GET /category/php/ HTTP/1.1" 302 355 "-" "Mozilla/5.0 (compatible; DotBot/1.1; http://www.dotnetdotcom.org/, crawler@dotnetdotcom.org)"
208.115.111.245 - - [25/Feb/2010:19:09:53 -0800] "GET /tag/iphone/ HTTP/1.1" 302 355 "-" "Mozilla/5.0 (compatible; DotBot/1.1; http://www.dotnetdotcom.org/, crawler@dotnetdotcom.org)"
209.85.238.131 - - [25/Feb/2010:20:05:41 -0800] "GET /feed/ HTTP/1.1" 302 355 "-" "Feedfetcher-Google; (+http://www.google.com/feedfetcher.html; 1 subscribers; feed-id=10831477631497958243)"
209.85.238.131 - - [25/Feb/2010:20:05:42 -0800] "GET / HTTP/1.1" 304 - "-" "Feedfetcher-Google; (+http://www.google.com/feedfetcher.html; 1 subscribers; feed-id=10831477631497958243)"
193.47.80.37 - - [25/Feb/2010:20:27:34 -0800] "GET /robots.txt HTTP/1.1" 302 355 "-" "Mozilla/5.0 (compatible; Exabot/3.0; +http://www.exabot.com/go/robot)"
193.47.80.37 - - [25/Feb/2010:20:27:35 -0800] "GET / HTTP/1.1" 200 163 "-" "Mozilla/5.0 (compatible; Exabot/3.0; +http://www.exabot.com/go/robot)"
193.47.80.37 - - [25/Feb/2010:20:27:35 -0800] "GET /2008/10/ipod-touch-is-here/ HTTP/1.1" 302 355 "-" "Mozilla/5.0 (compatible; Exabot/3.0; +http://www.exabot.com/go/robot)"
193.47.80.37 - - [25/Feb/2010:20:30:48 -0800] "GET / HTTP/1.1" 304 - "-" "Mozilla/5.0 (compatible; Exabot/3.0; +http://www.exabot.com/go/robot)"
67.210.218.110 - - [25/Feb/2010:21:41:11 -0800] "GET /feed HTTP/1.1" 302 355 "-" "Rome Client (http://tinyurl.com/64t5n) Ver: 0.9"
67.210.218.110 - - [25/Feb/2010:21:41:11 -0800] "GET / HTTP/1.1" 200 163 "-" "Rome Client (http://tinyurl.com/64t5n) Ver: 0.9"
93.158.148.31 - - [25/Feb/2010:22:09:24 -0800] "GET / HTTP/1.1" 200 163 "-" "Yandex/1.01.001 (compatible; Win16; I)"
208.115.111.245 - - [25/Feb/2010:22:38:43 -0800] "GET /robots.txt HTTP/1.1" 302 355 "-" "Mozilla/5.0 (compatible; DotBot/1.1; http://www.dotnetdotcom.org/, crawler@dotnetdotcom.org)"
208.115.111.245 - - [25/Feb/2010:22:38:43 -0800] "GET / HTTP/1.1" 200 163 "-" "Mozilla/5.0 (compatible; DotBot/1.1; http://www.dotnetdotcom.org/, crawler@dotnetdotcom.org)"
209.85.238.131 - - [25/Feb/2010:23:05:52 -0800] "GET /feed/ HTTP/1.1" 302 355 "-" "Feedfetcher-Google; (+http://www.google.com/feedfetcher.html; 1 subscribers; feed-id=10831477631497958243)"
209.85.238.131 - - [25/Feb/2010:23:05:53 -0800] "GET / HTTP/1.1" 304 - "-" "Feedfetcher-Google; (+http://www.google.com/feedfetcher.html; 1 subscribers; feed-id=10831477631497958243)"
208.115.111.245 - - [25/Feb/2010:23:07:52 -0800] "GET /2006/07/ HTTP/1.1" 302 355 "-" "Mozilla/5.0 (compatible; DotBot/1.1; http://www.dotnetdotcom.org/, crawler@dotnetdotcom.org)"
208.115.111.245 - - [25/Feb/2010:23:07:56 -0800] "GET /2006/08/ HTTP/1.1" 302 355 "-" "Mozilla/5.0 (compatible; DotBot/1.1; http://www.dotnetdotcom.org/, crawler@dotnetdotcom.org)"
208.115.111.245 - - [25/Feb/2010:23:08:00 -0800] "GET /2006/09/ HTTP/1.1" 302 355 "-" "Mozilla/5.0 (compatible; DotBot/1.1; http://www.dotnetdotcom.org/, crawler@dotnetdotcom.org)"
208.115.111.245 - - [25/Feb/2010:23:08:05 -0800] "GET /2006/12/ HTTP/1.1" 302 355 "-" "Mozilla/5.0 (compatible; DotBot/1.1; http://www.dotnetdotcom.org/, crawler@dotnetdotcom.org)"
208.115.111.245 - - [25/Feb/2010:23:08:10 -0800] "GET /2007/01/ HTTP/1.1" 302 355 "-" "Mozilla/5.0 (compatible; DotBot/1.1; http://www.dotnetdotcom.org/, crawler@dotnetdotcom.org)"
208.115.111.245 - - [25/Feb/2010:23:08:15 -0800] "GET /2007/02/ HTTP/1.1" 302 355 "-" "Mozilla/5.0 (compatible; DotBot/1.1; http://www.dotnetdotcom.org/, crawler@dotnetdotcom.org)"
208.115.111.245 - - [25/Feb/2010:23:08:21 -0800] "GET /2007/04/ HTTP/1.1" 302 355 "-" "Mozilla/5.0 (compatible; DotBot/1.1; http://www.dotnetdotcom.org/, crawler@dotnetdotcom.org)"
208.115.111.245 - - [25/Feb/2010:23:08:26 -0800] "GET /2007/06/ HTTP/1.1" 302 355 "-" "Mozilla/5.0 (compatible; DotBot/1.1; http://www.dotnetdotcom.org/, crawler@dotnetdotcom.org)"
208.115.111.245 - - [25/Feb/2010:23:08:31 -0800] "GET /2007/08/ HTTP/1.1" 302 355 "-" "Mozilla/5.0 (compatible; DotBot/1.1; http://www.dotnetdotcom.org/, crawler@dotnetdotcom.org)"
208.115.111.245 - - [25/Feb/2010:23:08:36 -0800] "GET /2007/09/ HTTP/1.1" 302 355 "-" "Mozilla/5.0 (compatible; DotBot/1.1; http://www.dotnetdotcom.org/, crawler@dotnetdotcom.org)"
123.125.66.18 - - [25/Feb/2010:23:14:18 -0800] "GET /robots.txt HTTP/1.1" 302 355 "-" "Baiduspider+(+http://www.baidu.com/search/spider.htm)"
123.125.66.33 - - [25/Feb/2010:23:14:18 -0800] "GET / HTTP/1.1" 200 163 "-" "Baiduspider+(+http://www.baidu.com/search/spider.htm)"
209.85.238.131 - - [26/Feb/2010:00:35:12 -0800] "GET /feed/ HTTP/1.1" 302 355 "-" "Feedfetcher-Google; (+http://www.google.com/feedfetcher.html; 1 subscribers; feed-id=10831477631497958243)"
209.85.238.131 - - [26/Feb/2010:00:35:13 -0800] "GET / HTTP/1.1" 200 163 "-" "Feedfetcher-Google; (+http://www.google.com/feedfetcher.html; 1 subscribers; feed-id=10831477631497958243)"
208.115.111.245 - - [26/Feb/2010:02:48:16 -0800] "GET /robots.txt HTTP/1.1" 302 355 "-" "Mozilla/5.0 (compatible; DotBot/1.1; http://www.dotnetdotcom.org/, crawler@dotnetdotcom.org)"
208.115.111.245 - - [26/Feb/2010:02:48:16 -0800] "GET /robots.txt HTTP/1.1" 302 359 "-" "Mozilla/5.0 (compatible; DotBot/1.1; http://www.dotnetdotcom.org/, crawler@dotnetdotcom.org)"
208.115.111.245 - - [26/Feb/2010:02:48:16 -0800] "GET / HTTP/1.1" 200 163 "-" "Mozilla/5.0 (compatible; DotBot/1.1; http://www.dotnetdotcom.org/, crawler@dotnetdotcom.org)"
208.115.111.245 - - [26/Feb/2010:02:48:16 -0800] "GET / HTTP/1.1" 200 163 "-" "Mozilla/5.0 (compatible; DotBot/1.1; http://www.dotnetdotcom.org/, crawler@dotnetdotcom.org)"
208.115.111.245 - - [26/Feb/2010:03:16:20 -0800] "GET /2008/02/ HTTP/1.1" 302 355 "-" "Mozilla/5.0 (compatible; DotBot/1.1; http://www.dotnetdotcom.org/, crawler@dotnetdotcom.org)"
208.115.111.245 - - [26/Feb/2010:03:16:24 -0800] "GET /2008/04/ HTTP/1.1" 302 355 "-" "Mozilla/5.0 (compatible; DotBot/1.1; http://www.dotnetdotcom.org/, crawler@dotnetdotcom.org)"
208.115.111.245 - - [26/Feb/2010:03:16:28 -0800] "GET /2008/05/ HTTP/1.1" 302 355 "-" "Mozilla/5.0 (compatible; DotBot/1.1; http://www.dotnetdotcom.org/, crawler@dotnetdotcom.org)"
208.115.111.245 - - [26/Feb/2010:03:16:33 -0800] "GET /2008/06/ HTTP/1.1" 302 355 "-" "Mozilla/5.0 (compatible; DotBot/1.1; http://www.dotnetdotcom.org/, crawler@dotnetdotcom.org)"
208.115.111.245 - - [26/Feb/2010:03:16:37 -0800] "GET /2008/07/ HTTP/1.1" 302 355 "-" "Mozilla/5.0 (compatible; DotBot/1.1; http://www.dotnetdotcom.org/, crawler@dotnetdotcom.org)"
208.115.111.245 - - [26/Feb/2010:03:16:42 -0800] "GET /2008/09/ HTTP/1.1" 302 355 "-" "Mozilla/5.0 (compatible; DotBot/1.1; http://www.dotnetdotcom.org/, crawler@dotnetdotcom.org)"
208.115.111.245 - - [26/Feb/2010:03:16:48 -0800] "GET /2008/10/ HTTP/1.1" 302 355 "-" "Mozilla/5.0 (compatible; DotBot/1.1; http://www.dotnetdotcom.org/, crawler@dotnetdotcom.org)"
208.115.111.245 - - [26/Feb/2010:03:16:53 -0800] "GET /2008/12/ HTTP/1.1" 302 355 "-" "Mozilla/5.0 (compatible; DotBot/1.1; http://www.dotnetdotcom.org/, crawler@dotnetdotcom.org)"
208.115.111.245 - - [26/Feb/2010:03:16:58 -0800] "GET /2009/01/ HTTP/1.1" 302 355 "-" "Mozilla/5.0 (compatible; DotBot/1.1; http://www.dotnetdotcom.org/, crawler@dotnetdotcom.org)"
208.115.111.245 - - [26/Feb/2010:03:17:03 -0800] "GET /2009/02/ HTTP/1.1" 302 355 "-" "Mozilla/5.0 (compatible; DotBot/1.1; http://www.dotnetdotcom.org/, crawler@dotnetdotcom.org)"
209.85.238.131 - - [26/Feb/2010:04:02:06 -0800] "GET /feed/ HTTP/1.1" 302 355 "-" "Feedfetcher-Google; (+http://www.google.com/feedfetcher.html; 1 subscribers; feed-id=10831477631497958243)"
209.85.238.131 - - [26/Feb/2010:04:02:07 -0800] "GET / HTTP/1.1" 304 - "-" "Feedfetcher-Google; (+http://www.google.com/feedfetcher.html; 1 subscribers; feed-id=10831477631497958243)"
78.86.134.72 - - [26/Feb/2010:05:26:33 -0800] "GET /favicon.ico HTTP/1.1" 302 355 "-" "NetNewsWire/3.2 (Mac OS X; http://www.newsgator.com/Individuals/NetNewsWire/)"
64.78.155.100 - - [26/Feb/2010:05:27:38 -0800] "GET /feed/ HTTP/1.1" 302 355 "-" "NewsGatorOnline/2.0 (http://www.newsgator.com; 2 subscribers)"
64.78.155.100 - - [26/Feb/2010:05:27:38 -0800] "GET / HTTP/1.1" 304 - "-" "NewsGatorOnline/2.0 (http://www.newsgator.com; 2 subscribers)"
70.36.103.59 - - [26/Feb/2010:06:11:05 -0800] "GET /robots.txt HTTP/1.0" 302 355 "http://jasoncmartin.com/robots.txt" "Mozilla/4.0 (compatible; MSIE 6.0; Windows NT 5.1; SV1; .NET CLR 2.0.50727)"
70.36.103.59 - - [26/Feb/2010:06:11:05 -0800] "GET / HTTP/1.0" 200 163 "http://jasoncmartin.com/" "Mozilla/4.0 (compatible; MSIE 6.0; Windows NT 5.1; SV1; .NET CLR 2.0.50727)"
209.85.238.172 - - [26/Feb/2010:07:06:12 -0800] "GET /feed/ HTTP/1.1" 302 355 "-" "Feedfetcher-Google; (+http://www.google.com/feedfetcher.html; 1 subscribers; feed-id=10831477631497958243)"
209.85.238.172 - - [26/Feb/2010:07:06:13 -0800] "GET / HTTP/1.1" 304 - "-" "Feedfetcher-Google; (+http://www.google.com/feedfetcher.html; 1 subscribers; feed-id=10831477631497958243)"
208.115.111.245 - - [26/Feb/2010:07:23:36 -0800] "GET / HTTP/1.1" 200 163 "-" "Mozilla/5.0 (compatible; DotBot/1.1; http://www.dotnetdotcom.org/, crawler@dotnetdotcom.org)"
208.115.111.245 - - [26/Feb/2010:07:23:41 -0800] "GET /feed/ HTTP/1.1" 302 355 "-" "Mozilla/5.0 (compatible; DotBot/1.1; http://www.dotnetdotcom.org/, crawler@dotnetdotcom.org)"
