209.216.189.147 - - [28/Jan/2010:22:08:03 -0800] "GET / HTTP/1.1" 200 598 "-" "Mozilla/5.0 (Windows; U; Windows NT 5.1; en-US; rv:1.9.1.7) Gecko/20091221 Firefox/3.5.7 (.NET CLR 3.5.30729)"
209.216.189.147 - - [28/Jan/2010:22:08:03 -0800] "GET /icons/blank.gif HTTP/1.1" 200 148 "http://jasoncmartin.com/" "Mozilla/5.0 (Windows; U; Windows NT 5.1; en-US; rv:1.9.1.7) Gecko/20091221 Firefox/3.5.7 (.NET CLR 3.5.30729)"
209.216.189.147 - - [28/Jan/2010:22:08:03 -0800] "GET /favicon.ico HTTP/1.1" 302 355 "-" "Mozilla/5.0 (Windows; U; Windows NT 5.1; en-US; rv:1.9.1.7) Gecko/20091221 Firefox/3.5.7 (.NET CLR 3.5.30729)"
209.216.189.147 - - [28/Jan/2010:22:08:06 -0800] "GET /favicon.ico HTTP/1.1" 302 355 "-" "Mozilla/5.0 (Windows; U; Windows NT 5.1; en-US; rv:1.9.1.7) Gecko/20091221 Firefox/3.5.7 (.NET CLR 3.5.30729)"
209.216.189.147 - - [28/Jan/2010:22:08:06 -0800] "GET / HTTP/1.1" 200 598 "-" "Mozilla/5.0 (Windows; U; Windows NT 5.1; en-US; rv:1.9.1.7) Gecko/20091221 Firefox/3.5.7 (.NET CLR 3.5.30729)"
209.216.189.147 - - [28/Jan/2010:22:12:50 -0800] "GET / HTTP/1.1" 200 163 "-" "Mozilla/5.0 (Windows; U; Windows NT 5.1; en-US; rv:1.9.1.7) Gecko/20091221 Firefox/3.5.7 (.NET CLR 3.5.30729)"
67.210.218.91 - - [28/Jan/2010:22:20:17 -0800] "GET /feed HTTP/1.1" 302 355 "-" "Rome Client (http://tinyurl.com/64t5n) Ver: 0.9"
67.210.218.91 - - [28/Jan/2010:22:20:18 -0800] "GET / HTTP/1.1" 200 163 "-" "Rome Client (http://tinyurl.com/64t5n) Ver: 0.9"
65.55.207.71 - - [28/Jan/2010:23:05:06 -0800] "GET /robots.txt HTTP/1.1" 302 355 "-" "msnbot/2.0b (+http://search.msn.com/msnbot.htm)"
65.55.207.71 - - [28/Jan/2010:23:05:06 -0800] "GET / HTTP/1.1" 200 163 "-" "msnbot/2.0b (+http://search.msn.com/msnbot.htm)"
65.55.207.71 - - [28/Jan/2010:23:06:02 -0800] "GET /2006/06/fig-update/ HTTP/1.1" 302 355 "-" "msnbot/2.0b (+http://search.msn.com/msnbot.htm)"
67.195.112.35 - - [28/Jan/2010:23:50:31 -0800] "GET /robots.txt HTTP/1.0" 302 355 "-" "Mozilla/5.0 (compatible; Yahoo! Slurp; http://help.yahoo.com/help/us/ysearch/slurp)"
67.195.112.35 - - [28/Jan/2010:23:50:32 -0800] "GET / HTTP/1.0" 200 163 "-" "Mozilla/5.0 (compatible; Yahoo! Slurp; http://help.yahoo.com/help/us/ysearch/slurp)"
67.195.112.35 - - [28/Jan/2010:23:50:33 -0800] "GET /category/mybb/ HTTP/1.0" 302 355 "-" "Mozilla/5.0 (compatible; Yahoo! Slurp/3.0; http://help.yahoo.com/help/us/ysearch/slurp)"
67.195.112.35 - - [28/Jan/2010:23:50:33 -0800] "GET / HTTP/1.0" 200 163 "-" "Mozilla/5.0 (compatible; Yahoo! Slurp/3.0; http://help.yahoo.com/help/us/ysearch/slurp)"
65.55.207.71 - - [29/Jan/2010:00:02:32 -0800] "GET /2006/06/fig-update/ HTTP/1.1" 302 355 "-" "msnbot/2.0b (+http://search.msn.com/msnbot.htm)"
65.55.51.70 - - [29/Jan/2010:00:04:20 -0800] "GET /robots.txt HTTP/1.1" 302 355 "-" "msnbot/2.0b (+http://search.msn.com/msnbot.htm)"
65.55.51.70 - - [29/Jan/2010:00:04:20 -0800] "GET / HTTP/1.1" 200 163 "-" "msnbot/2.0b (+http://search.msn.com/msnbot.htm)"
67.195.112.35 - - [29/Jan/2010:00:07:38 -0800] "GET /2008/06/quicksilver/ HTTP/1.0" 302 355 "-" "Mozilla/5.0 (compatible; Yahoo! Slurp/3.0; http://help.yahoo.com/help/us/ysearch/slurp)"
65.55.207.71 - - [29/Jan/2010:01:17:07 -0800] "GET /robots.txt HTTP/1.1" 302 355 "-" "msnbot/2.0b (+http://search.msn.com/msnbot.htm)"
65.55.207.71 - - [29/Jan/2010:01:17:07 -0800] "GET / HTTP/1.1" 200 163 "-" "msnbot/2.0b (+http://search.msn.com/msnbot.htm)"
65.55.207.71 - - [29/Jan/2010:01:18:02 -0800] "GET /2006/06/fig-update/ HTTP/1.1" 302 355 "-" "msnbot/2.0b (+http://search.msn.com/msnbot.htm)"
207.46.199.182 - - [29/Jan/2010:01:24:56 -0800] "GET /robots.txt HTTP/1.1" 302 355 "-" "msnbot/2.0b (+http://search.msn.com/msnbot.htm)"
207.46.199.182 - - [29/Jan/2010:01:24:56 -0800] "GET / HTTP/1.1" 200 163 "-" "msnbot/2.0b (+http://search.msn.com/msnbot.htm)"
209.216.189.147 - - [29/Jan/2010:01:25:13 -0800] "GET /~harold HTTP/1.1" 301 388 "-" "Mozilla/5.0 (Windows; U; Windows NT 5.1; en-US; rv:1.9.1.7) Gecko/20091221 Firefox/3.5.7 (.NET CLR 3.5.30729)"
209.216.189.147 - - [29/Jan/2010:01:25:13 -0800] "GET /~harold/ HTTP/1.1" 200 205 "-" "Mozilla/5.0 (Windows; U; Windows NT 5.1; en-US; rv:1.9.1.7) Gecko/20091221 Firefox/3.5.7 (.NET CLR 3.5.30729)"
209.216.189.147 - - [29/Jan/2010:01:25:13 -0800] "GET /favicon.ico HTTP/1.1" 302 355 "-" "Mozilla/5.0 (Windows; U; Windows NT 5.1; en-US; rv:1.9.1.7) Gecko/20091221 Firefox/3.5.7 (.NET CLR 3.5.30729)"
209.216.189.147 - - [29/Jan/2010:01:25:13 -0800] "GET / HTTP/1.1" 200 163 "-" "Mozilla/5.0 (Windows; U; Windows NT 5.1; en-US; rv:1.9.1.7) Gecko/20091221 Firefox/3.5.7 (.NET CLR 3.5.30729)"
209.216.189.147 - - [29/Jan/2010:01:25:16 -0800] "GET /favicon.ico HTTP/1.1" 302 355 "-" "Mozilla/5.0 (Windows; U; Windows NT 5.1; en-US; rv:1.9.1.7) Gecko/20091221 Firefox/3.5.7 (.NET CLR 3.5.30729)"
209.216.189.147 - - [29/Jan/2010:01:25:16 -0800] "GET / HTTP/1.1" 206 163 "-" "Mozilla/5.0 (Windows; U; Windows NT 5.1; en-US; rv:1.9.1.7) Gecko/20091221 Firefox/3.5.7 (.NET CLR 3.5.30729)"
72.14.199.216 - - [29/Jan/2010:01:33:20 -0800] "GET /feed/ HTTP/1.1" 302 355 "-" "Feedfetcher-Google; (+http://www.google.com/feedfetcher.html; 2 subscribers; feed-id=10831477631497958243)"
72.14.199.216 - - [29/Jan/2010:01:33:20 -0800] "GET / HTTP/1.1" 200 163 "-" "Feedfetcher-Google; (+http://www.google.com/feedfetcher.html; 2 subscribers; feed-id=10831477631497958243)"
65.55.207.95 - - [29/Jan/2010:01:34:36 -0800] "GET /2008/05/i-have-too-many-projects/comment-page-1/ HTTP/1.1" 302 355 "-" "msnbot/2.0b (+http://search.msn.com/msnbot.htm)"
207.46.199.182 - - [29/Jan/2010:02:02:25 -0800] "GET /robots.txt HTTP/1.1" 302 355 "-" "msnbot/2.0b (+http://search.msn.com/msnbot.htm)"
207.46.199.182 - - [29/Jan/2010:02:02:25 -0800] "GET / HTTP/1.1" 200 163 "-" "msnbot/2.0b (+http://search.msn.com/msnbot.htm)"
67.195.112.35 - - [29/Jan/2010:02:07:52 -0800] "GET /robots.txt HTTP/1.0" 302 355 "-" "Mozilla/5.0 (compatible; Yahoo! Slurp; http://help.yahoo.com/help/us/ysearch/slurp)"
67.195.112.35 - - [29/Jan/2010:02:07:52 -0800] "GET / HTTP/1.0" 200 163 "-" "Mozilla/5.0 (compatible; Yahoo! Slurp; http://help.yahoo.com/help/us/ysearch/slurp)"
67.195.112.35 - - [29/Jan/2010:02:07:53 -0800] "GET /2007/04/update-3/ HTTP/1.0" 302 355 "-" "Mozilla/5.0 (compatible; Yahoo! Slurp/3.0; http://help.yahoo.com/help/us/ysearch/slurp)"
67.195.112.35 - - [29/Jan/2010:02:07:53 -0800] "GET / HTTP/1.0" 304 - "-" "Mozilla/5.0 (compatible; Yahoo! Slurp/3.0; http://help.yahoo.com/help/us/ysearch/slurp)"
72.14.199.216 - - [29/Jan/2010:02:33:26 -0800] "GET /feed/ HTTP/1.1" 302 355 "-" "Feedfetcher-Google; (+http://www.google.com/feedfetcher.html; 2 subscribers; feed-id=10831477631497958243)"
72.14.199.216 - - [29/Jan/2010:02:33:27 -0800] "GET / HTTP/1.1" 304 - "-" "Feedfetcher-Google; (+http://www.google.com/feedfetcher.html; 2 subscribers; feed-id=10831477631497958243)"
74.222.4.218 - - [29/Jan/2010:02:53:34 -0800] "GET /robots.txt HTTP/1.0" 302 355 "http://jasoncmartin.com/robots.txt" "Mozilla/4.0 (compatible; MSIE 6.0; Windows NT 5.1; SV1; .NET CLR 2.0.50727)"
74.222.4.218 - - [29/Jan/2010:02:53:35 -0800] "GET / HTTP/1.0" 200 163 "http://jasoncmartin.com/" "Mozilla/4.0 (compatible; MSIE 6.0; Windows NT 5.1; SV1; .NET CLR 2.0.50727)"
65.55.51.70 - - [29/Jan/2010:03:03:15 -0800] "GET /robots.txt HTTP/1.1" 302 355 "-" "msnbot/2.0b (+http://search.msn.com/msnbot.htm)"
65.55.51.70 - - [29/Jan/2010:03:03:15 -0800] "GET / HTTP/1.1" 200 163 "-" "msnbot/2.0b (+http://search.msn.com/msnbot.htm)"
72.14.199.216 - - [29/Jan/2010:03:33:36 -0800] "GET /feed/ HTTP/1.1" 302 355 "-" "Feedfetcher-Google; (+http://www.google.com/feedfetcher.html; 2 subscribers; feed-id=10831477631497958243)"
72.14.199.216 - - [29/Jan/2010:03:33:37 -0800] "GET / HTTP/1.1" 304 - "-" "Feedfetcher-Google; (+http://www.google.com/feedfetcher.html; 2 subscribers; feed-id=10831477631497958243)"
72.14.199.216 - - [29/Jan/2010:04:33:46 -0800] "GET /feed/ HTTP/1.1" 302 355 "-" "Feedfetcher-Google; (+http://www.google.com/feedfetcher.html; 2 subscribers; feed-id=10831477631497958243)"
72.14.199.216 - - [29/Jan/2010:04:33:47 -0800] "GET / HTTP/1.1" 304 - "-" "Feedfetcher-Google; (+http://www.google.com/feedfetcher.html; 2 subscribers; feed-id=10831477631497958243)"
207.46.199.179 - - [29/Jan/2010:04:47:01 -0800] "GET /robots.txt HTTP/1.1" 302 355 "-" "msnbot/2.0b (+http://search.msn.com/msnbot.htm)"
207.46.199.179 - - [29/Jan/2010:04:47:01 -0800] "GET / HTTP/1.1" 200 163 "-" "msnbot/2.0b (+http://search.msn.com/msnbot.htm)"
89.248.172.14 - - [29/Jan/2010:04:57:22 -0800] "GET / HTTP/1.1" 200 163 "-" "Mozilla/4.0 (compatible; MSIE 6.0; Windows NT 5.1; SV1)"
65.55.207.77 - - [29/Jan/2010:05:15:18 -0800] "GET /robots.txt HTTP/1.1" 302 355 "-" "msnbot/2.0b (+http://search.msn.com/msnbot.htm)"
65.55.207.77 - - [29/Jan/2010:05:15:19 -0800] "GET / HTTP/1.1" 200 163 "-" "msnbot/2.0b (+http://search.msn.com/msnbot.htm)"
65.55.207.77 - - [29/Jan/2010:05:16:12 -0800] "GET /2009/01/ HTTP/1.1" 302 355 "-" "msnbot/2.0b (+http://search.msn.com/msnbot.htm)"
65.55.207.71 - - [29/Jan/2010:05:21:32 -0800] "GET /2006/06/fig-update/ HTTP/1.1" 302 355 "-" "msnbot/2.0b (+http://search.msn.com/msnbot.htm)"
72.14.199.216 - - [29/Jan/2010:05:33:56 -0800] "GET /feed/ HTTP/1.1" 302 355 "-" "Feedfetcher-Google; (+http://www.google.com/feedfetcher.html; 2 subscribers; feed-id=10831477631497958243)"
72.14.199.216 - - [29/Jan/2010:05:33:57 -0800] "GET / HTTP/1.1" 304 - "-" "Feedfetcher-Google; (+http://www.google.com/feedfetcher.html; 2 subscribers; feed-id=10831477631497958243)"
67.218.116.132 - - [29/Jan/2010:05:51:48 -0800] "GET /robots.txt HTTP/1.0" 302 355 "-" "Mozilla/5.0 (Twiceler-0.9 http://www.cuil.com/twiceler/robot.html)"
65.55.207.71 - - [29/Jan/2010:05:53:46 -0800] "GET /robots.txt HTTP/1.1" 302 355 "-" "msnbot/2.0b (+http://search.msn.com/msnbot.htm)"
65.55.207.71 - - [29/Jan/2010:05:53:46 -0800] "GET / HTTP/1.1" 200 163 "-" "msnbot/2.0b (+http://search.msn.com/msnbot.htm)"
65.55.207.71 - - [29/Jan/2010:05:54:32 -0800] "GET /2006/06/fig-update/ HTTP/1.1" 302 355 "-" "msnbot/2.0b (+http://search.msn.com/msnbot.htm)"
65.55.106.231 - - [29/Jan/2010:05:59:34 -0800] "GET /2008/06/my-summer-project-part-2/ HTTP/1.1" 302 355 "-" "msnbot/2.0b (+http://search.msn.com/msnbot.htm)"
77.88.28.248 - - [29/Jan/2010:06:15:48 -0800] "GET /robots.txt HTTP/1.1" 302 355 "-" "Yandex/1.01.001 (compatible; Win16; I)"
72.14.199.216 - - [29/Jan/2010:06:34:06 -0800] "GET /feed/ HTTP/1.1" 302 355 "-" "Feedfetcher-Google; (+http://www.google.com/feedfetcher.html; 2 subscribers; feed-id=10831477631497958243)"
72.14.199.216 - - [29/Jan/2010:06:34:07 -0800] "GET / HTTP/1.1" 304 - "-" "Feedfetcher-Google; (+http://www.google.com/feedfetcher.html; 2 subscribers; feed-id=10831477631497958243)"
67.195.112.35 - - [29/Jan/2010:07:09:25 -0800] "GET /2008/05/bleh/ HTTP/1.0" 302 355 "-" "Mozilla/5.0 (compatible; Yahoo! Slurp/3.0; http://help.yahoo.com/help/us/ysearch/slurp)"
67.195.112.35 - - [29/Jan/2010:07:09:25 -0800] "GET / HTTP/1.0" 304 - "-" "Mozilla/5.0 (compatible; Yahoo! Slurp/3.0; http://help.yahoo.com/help/us/ysearch/slurp)"
83.167.62.167 - - [29/Jan/2010:07:28:04 -0800] "GET /robots.txt HTTP/1.1" 302 355 "-" "Mozilla/5.0 (compatible; Exabot/3.0 (BiggerBetter); +http://www.exabot.com/go/robot)"
83.167.62.167 - - [29/Jan/2010:07:28:05 -0800] "GET / HTTP/1.1" 200 163 "-" "Mozilla/5.0 (compatible; Exabot/3.0 (BiggerBetter); +http://www.exabot.com/go/robot)"
83.167.62.167 - - [29/Jan/2010:07:28:05 -0800] "GET / HTTP/1.1" 200 163 "-" "Mozilla/5.0 (compatible; Exabot/3.0 (BiggerBetter); +http://www.exabot.com/go/robot)"
193.47.80.37 - - [29/Jan/2010:07:28:23 -0800] "GET /2009/02/ HTTP/1.1" 302 355 "-" "Mozilla/5.0 (compatible; Exabot/3.0; +http://www.exabot.com/go/robot)"
72.14.199.216 - - [29/Jan/2010:07:34:16 -0800] "GET /feed/ HTTP/1.1" 302 355 "-" "Feedfetcher-Google; (+http://www.google.com/feedfetcher.html; 2 subscribers; feed-id=10831477631497958243)"
72.14.199.216 - - [29/Jan/2010:07:34:17 -0800] "GET / HTTP/1.1" 304 - "-" "Feedfetcher-Google; (+http://www.google.com/feedfetcher.html; 2 subscribers; feed-id=10831477631497958243)"
72.14.199.216 - - [29/Jan/2010:08:34:26 -0800] "GET /feed/ HTTP/1.1" 302 355 "-" "Feedfetcher-Google; (+http://www.google.com/feedfetcher.html; 2 subscribers; feed-id=10831477631497958243)"
72.14.199.216 - - [29/Jan/2010:08:34:27 -0800] "GET / HTTP/1.1" 304 - "-" "Feedfetcher-Google; (+http://www.google.com/feedfetcher.html; 2 subscribers; feed-id=10831477631497958243)"
77.88.28.248 - - [29/Jan/2010:08:40:26 -0800] "GET / HTTP/1.1" 200 163 "-" "Yandex/1.01.001 (compatible; Win16; I)"
65.55.207.100 - - [29/Jan/2010:09:20:53 -0800] "GET /robots.txt HTTP/1.1" 302 355 "-" "msnbot/2.0b (+http://search.msn.com/msnbot.htm)"
65.55.207.100 - - [29/Jan/2010:09:20:54 -0800] "GET / HTTP/1.1" 200 163 "-" "msnbot/2.0b (+http://search.msn.com/msnbot.htm)"
65.55.207.100 - - [29/Jan/2010:09:21:44 -0800] "GET /2008/12/yay-ie-7/ HTTP/1.1" 302 355 "-" "msnbot/2.0b (+http://search.msn.com/msnbot.htm)"
72.14.199.216 - - [29/Jan/2010:09:34:36 -0800] "GET /feed/ HTTP/1.1" 302 355 "-" "Feedfetcher-Google; (+http://www.google.com/feedfetcher.html; 2 subscribers; feed-id=10831477631497958243)"
72.14.199.216 - - [29/Jan/2010:09:34:37 -0800] "GET / HTTP/1.1" 304 - "-" "Feedfetcher-Google; (+http://www.google.com/feedfetcher.html; 2 subscribers; feed-id=10831477631497958243)"
67.195.112.35 - - [29/Jan/2010:09:56:11 -0800] "GET /category/php/ HTTP/1.0" 302 355 "-" "Mozilla/5.0 (compatible; Yahoo! Slurp/3.0; http://help.yahoo.com/help/us/ysearch/slurp)"
67.195.112.35 - - [29/Jan/2010:09:56:13 -0800] "GET / HTTP/1.0" 200 163 "-" "Mozilla/5.0 (compatible; Yahoo! Slurp/3.0; http://help.yahoo.com/help/us/ysearch/slurp)"
65.55.106.204 - - [29/Jan/2010:10:34:11 -0800] "GET /robots.txt HTTP/1.1" 302 355 "-" "msnbot/2.0b (+http://search.msn.com/msnbot.htm)"
65.55.106.204 - - [29/Jan/2010:10:34:11 -0800] "GET / HTTP/1.1" 200 163 "-" "msnbot/2.0b (+http://search.msn.com/msnbot.htm)"
72.14.199.216 - - [29/Jan/2010:10:34:46 -0800] "GET /feed/ HTTP/1.1" 302 355 "-" "Feedfetcher-Google; (+http://www.google.com/feedfetcher.html; 2 subscribers; feed-id=10831477631497958243)"
72.14.199.216 - - [29/Jan/2010:10:34:47 -0800] "GET / HTTP/1.1" 304 - "-" "Feedfetcher-Google; (+http://www.google.com/feedfetcher.html; 2 subscribers; feed-id=10831477631497958243)"
65.55.106.204 - - [29/Jan/2010:10:35:02 -0800] "GET /2008/07/ HTTP/1.1" 302 355 "-" "msnbot/2.0b (+http://search.msn.com/msnbot.htm)"
72.14.199.216 - - [29/Jan/2010:11:34:56 -0800] "GET /feed/ HTTP/1.1" 302 355 "-" "Feedfetcher-Google; (+http://www.google.com/feedfetcher.html; 2 subscribers; feed-id=10831477631497958243)"
72.14.199.216 - - [29/Jan/2010:11:34:57 -0800] "GET / HTTP/1.1" 304 - "-" "Feedfetcher-Google; (+http://www.google.com/feedfetcher.html; 2 subscribers; feed-id=10831477631497958243)"
65.55.106.115 - - [29/Jan/2010:12:19:48 -0800] "GET /robots.txt HTTP/1.1" 302 355 "-" "msnbot/2.0b (+http://search.msn.com/msnbot.htm)"
65.55.106.115 - - [29/Jan/2010:12:19:49 -0800] "GET / HTTP/1.1" 200 163 "-" "msnbot/2.0b (+http://search.msn.com/msnbot.htm)"
65.55.106.115 - - [29/Jan/2010:12:21:03 -0800] "GET /2008/06/even-more-mybb/ HTTP/1.1" 302 355 "-" "msnbot/2.0b (+http://search.msn.com/msnbot.htm)"
72.14.199.216 - - [29/Jan/2010:12:35:06 -0800] "GET /feed/ HTTP/1.1" 302 355 "-" "Feedfetcher-Google; (+http://www.google.com/feedfetcher.html; 2 subscribers; feed-id=10831477631497958243)"
72.14.199.216 - - [29/Jan/2010:12:35:07 -0800] "GET / HTTP/1.1" 304 - "-" "Feedfetcher-Google; (+http://www.google.com/feedfetcher.html; 2 subscribers; feed-id=10831477631497958243)"
65.55.110.234 - - [29/Jan/2010:12:47:56 -0800] "GET /2006/08/ HTTP/1.1" 302 355 "-" "Mozilla/4.0 (compatible; MSIE 7.0; Windows NT 5.1; SV1; .NET CLR 1.1.4325; .NET CLR 2.0.50727; .NET CLR 3.0.04506.648)"
65.55.110.234 - - [29/Jan/2010:12:47:59 -0800] "GET / HTTP/1.1" 200 163 "-" "Mozilla/4.0 (compatible; MSIE 7.0; Windows NT 5.1; SV1; .NET CLR 1.1.4325; .NET CLR 2.0.50727; .NET CLR 3.0.04506.648)"
67.246.208.161 - - [29/Jan/2010:13:19:34 -0800] "GET /music/My%20Song%2015.mp3 HTTP/1.1" 302 355 "http://www.bricksinmotion.com/forums/topic/305/score-patriotic/" "Mozilla/5.0 (Macintosh; U; Intel Mac OS X 10_6_2; en-us) AppleWebKit/531.21.8 (KHTML, like Gecko) Version/4.0.4 Safari/531.21.10"
67.246.208.161 - - [29/Jan/2010:13:19:35 -0800] "GET / HTTP/1.1" 200 163 "http://www.bricksinmotion.com/forums/topic/305/score-patriotic/" "Mozilla/5.0 (Macintosh; U; Intel Mac OS X 10_6_2; en-us) AppleWebKit/531.21.8 (KHTML, like Gecko) Version/4.0.4 Safari/531.21.10"
67.246.208.161 - - [29/Jan/2010:13:19:35 -0800] "GET /favicon.ico HTTP/1.1" 302 355 "http://jasoncmartin.com/" "Mozilla/5.0 (Macintosh; U; Intel Mac OS X 10_6_2; en-us) AppleWebKit/531.21.8 (KHTML, like Gecko) Version/4.0.4 Safari/531.21.10"
67.246.208.161 - - [29/Jan/2010:13:19:43 -0800] "GET / HTTP/1.1" 200 163 "-" "Mozilla/5.0 (Macintosh; U; Intel Mac OS X 10_6_2; en-us) AppleWebKit/531.21.8 (KHTML, like Gecko) Version/4.0.4 Safari/531.21.10"
67.246.208.161 - - [29/Jan/2010:13:20:04 -0800] "GET /music/My%20Song%2015.mp3 HTTP/1.1" 302 355 "http://www.bricksinmotion.com/forums/topic/305/score-patriotic/" "Mozilla/5.0 (Macintosh; U; Intel Mac OS X 10_6_2; en-us) AppleWebKit/531.21.8 (KHTML, like Gecko) Version/4.0.4 Safari/531.21.10"
72.14.199.216 - - [29/Jan/2010:13:35:16 -0800] "GET /feed/ HTTP/1.1" 302 355 "-" "Feedfetcher-Google; (+http://www.google.com/feedfetcher.html; 2 subscribers; feed-id=10831477631497958243)"
72.14.199.216 - - [29/Jan/2010:13:35:17 -0800] "GET / HTTP/1.1" 304 - "-" "Feedfetcher-Google; (+http://www.google.com/feedfetcher.html; 2 subscribers; feed-id=10831477631497958243)"
76.124.215.53 - - [29/Jan/2010:14:35:12 -0800] "GET /feed/ HTTP/1.1" 302 355 "-" "Mozilla/5.0 (Windows; U; Windows NT 6.0; en-US; rv:1.9.1.7) Gecko/20091221 Firefox/3.5.7 (.NET CLR 3.5.30729)"
76.124.215.53 - - [29/Jan/2010:14:35:12 -0800] "GET / HTTP/1.1" 200 163 "-" "Mozilla/5.0 (Windows; U; Windows NT 6.0; en-US; rv:1.9.1.7) Gecko/20091221 Firefox/3.5.7 (.NET CLR 3.5.30729)"
72.14.199.216 - - [29/Jan/2010:14:35:26 -0800] "GET /feed/ HTTP/1.1" 302 355 "-" "Feedfetcher-Google; (+http://www.google.com/feedfetcher.html; 2 subscribers; feed-id=10831477631497958243)"
72.14.199.216 - - [29/Jan/2010:14:35:27 -0800] "GET / HTTP/1.1" 304 - "-" "Feedfetcher-Google; (+http://www.google.com/feedfetcher.html; 2 subscribers; feed-id=10831477631497958243)"
67.195.112.35 - - [29/Jan/2010:14:58:27 -0800] "GET /robots.txt HTTP/1.0" 302 355 "-" "Mozilla/5.0 (compatible; Yahoo! Slurp; http://help.yahoo.com/help/us/ysearch/slurp)"
67.195.112.35 - - [29/Jan/2010:14:58:28 -0800] "GET / HTTP/1.0" 200 163 "-" "Mozilla/5.0 (compatible; Yahoo! Slurp; http://help.yahoo.com/help/us/ysearch/slurp)"
67.195.112.35 - - [29/Jan/2010:14:58:28 -0800] "GET /2008/04/no-tbg/ HTTP/1.0" 302 355 "-" "Mozilla/5.0 (compatible; Yahoo! Slurp/3.0; http://help.yahoo.com/help/us/ysearch/slurp)"
67.195.112.35 - - [29/Jan/2010:14:58:30 -0800] "GET / HTTP/1.0" 304 - "-" "Mozilla/5.0 (compatible; Yahoo! Slurp/3.0; http://help.yahoo.com/help/us/ysearch/slurp)"
72.14.199.216 - - [29/Jan/2010:15:35:36 -0800] "GET /feed/ HTTP/1.1" 302 355 "-" "Feedfetcher-Google; (+http://www.google.com/feedfetcher.html; 2 subscribers; feed-id=10831477631497958243)"
72.14.199.216 - - [29/Jan/2010:15:35:37 -0800] "GET / HTTP/1.1" 304 - "-" "Feedfetcher-Google; (+http://www.google.com/feedfetcher.html; 2 subscribers; feed-id=10831477631497958243)"
67.195.112.35 - - [29/Jan/2010:16:06:44 -0800] "GET /2008/04/eyemac/ HTTP/1.0" 302 355 "-" "Mozilla/5.0 (compatible; Yahoo! Slurp/3.0; http://help.yahoo.com/help/us/ysearch/slurp)"
207.46.199.184 - - [29/Jan/2010:16:19:35 -0800] "GET /robots.txt HTTP/1.1" 302 355 "-" "msnbot/2.0b (+http://search.msn.com/msnbot.htm)"
207.46.199.184 - - [29/Jan/2010:16:19:35 -0800] "GET / HTTP/1.1" 200 163 "-" "msnbot/2.0b (+http://search.msn.com/msnbot.htm)"
72.14.199.216 - - [29/Jan/2010:16:35:46 -0800] "GET /feed/ HTTP/1.1" 302 355 "-" "Feedfetcher-Google; (+http://www.google.com/feedfetcher.html; 2 subscribers; feed-id=10831477631497958243)"
72.14.199.216 - - [29/Jan/2010:16:35:47 -0800] "GET / HTTP/1.1" 200 163 "-" "Feedfetcher-Google; (+http://www.google.com/feedfetcher.html; 2 subscribers; feed-id=10831477631497958243)"
207.46.199.177 - - [29/Jan/2010:17:16:28 -0800] "GET /robots.txt HTTP/1.1" 302 355 "-" "msnbot/2.0b (+http://search.msn.com/msnbot.htm)"
207.46.199.177 - - [29/Jan/2010:17:16:28 -0800] "GET / HTTP/1.1" 200 163 "-" "msnbot/2.0b (+http://search.msn.com/msnbot.htm)"
72.14.199.216 - - [29/Jan/2010:17:35:56 -0800] "GET /feed/ HTTP/1.1" 302 355 "-" "Feedfetcher-Google; (+http://www.google.com/feedfetcher.html; 2 subscribers; feed-id=10831477631497958243)"
72.14.199.216 - - [29/Jan/2010:17:35:57 -0800] "GET / HTTP/1.1" 304 - "-" "Feedfetcher-Google; (+http://www.google.com/feedfetcher.html; 2 subscribers; feed-id=10831477631497958243)"
207.46.199.177 - - [29/Jan/2010:18:31:37 -0800] "GET /robots.txt HTTP/1.1" 302 355 "-" "msnbot/2.0b (+http://search.msn.com/msnbot.htm)"
207.46.199.177 - - [29/Jan/2010:18:31:37 -0800] "GET / HTTP/1.1" 200 163 "-" "msnbot/2.0b (+http://search.msn.com/msnbot.htm)"
72.14.199.216 - - [29/Jan/2010:18:36:06 -0800] "GET /feed/ HTTP/1.1" 302 355 "-" "Feedfetcher-Google; (+http://www.google.com/feedfetcher.html; 2 subscribers; feed-id=10831477631497958243)"
72.14.199.216 - - [29/Jan/2010:18:36:07 -0800] "GET / HTTP/1.1" 304 - "-" "Feedfetcher-Google; (+http://www.google.com/feedfetcher.html; 2 subscribers; feed-id=10831477631497958243)"
67.210.218.91 - - [29/Jan/2010:18:43:27 -0800] "GET /feed HTTP/1.1" 302 355 "-" "Rome Client (http://tinyurl.com/64t5n) Ver: 0.9"
67.210.218.91 - - [29/Jan/2010:18:43:27 -0800] "GET / HTTP/1.1" 200 163 "-" "Rome Client (http://tinyurl.com/64t5n) Ver: 0.9"
65.55.207.134 - - [29/Jan/2010:19:01:22 -0800] "GET /robots.txt HTTP/1.1" 302 355 "-" "msnbot/2.0b (+http://search.msn.com/msnbot.htm)"
65.55.207.134 - - [29/Jan/2010:19:01:22 -0800] "GET / HTTP/1.1" 200 163 "-" "msnbot/2.0b (+http://search.msn.com/msnbot.htm)"
65.55.207.134 - - [29/Jan/2010:19:02:11 -0800] "GET /category/summer-project/ HTTP/1.1" 302 355 "-" "msnbot/2.0b (+http://search.msn.com/msnbot.htm)"
72.14.199.216 - - [29/Jan/2010:19:36:16 -0800] "GET /feed/ HTTP/1.1" 302 355 "-" "Feedfetcher-Google; (+http://www.google.com/feedfetcher.html; 2 subscribers; feed-id=10831477631497958243)"
72.14.199.216 - - [29/Jan/2010:19:36:17 -0800] "GET / HTTP/1.1" 304 - "-" "Feedfetcher-Google; (+http://www.google.com/feedfetcher.html; 2 subscribers; feed-id=10831477631497958243)"
72.14.199.216 - - [29/Jan/2010:20:36:26 -0800] "GET /feed/ HTTP/1.1" 302 355 "-" "Feedfetcher-Google; (+http://www.google.com/feedfetcher.html; 2 subscribers; feed-id=10831477631497958243)"
72.14.199.216 - - [29/Jan/2010:20:36:27 -0800] "GET / HTTP/1.1" 304 - "-" "Feedfetcher-Google; (+http://www.google.com/feedfetcher.html; 2 subscribers; feed-id=10831477631497958243)"
65.55.207.120 - - [29/Jan/2010:21:34:22 -0800] "GET /robots.txt HTTP/1.1" 302 355 "-" "msnbot/2.0b (+http://search.msn.com/msnbot.htm)"
65.55.207.120 - - [29/Jan/2010:21:34:22 -0800] "GET / HTTP/1.1" 200 163 "-" "msnbot/2.0b (+http://search.msn.com/msnbot.htm)"
65.55.207.120 - - [29/Jan/2010:21:35:10 -0800] "GET /2006/05/finished-script/ HTTP/1.1" 302 355 "-" "msnbot/2.0b (+http://search.msn.com/msnbot.htm)"
72.14.199.216 - - [29/Jan/2010:21:36:36 -0800] "GET /feed/ HTTP/1.1" 302 355 "-" "Feedfetcher-Google; (+http://www.google.com/feedfetcher.html; 2 subscribers; feed-id=10831477631497958243)"
72.14.199.216 - - [29/Jan/2010:21:36:37 -0800] "GET / HTTP/1.1" 304 - "-" "Feedfetcher-Google; (+http://www.google.com/feedfetcher.html; 2 subscribers; feed-id=10831477631497958243)"
72.14.199.216 - - [29/Jan/2010:22:36:38 -0800] "GET /feed/ HTTP/1.1" 302 355 "-" "Feedfetcher-Google; (+http://www.google.com/feedfetcher.html; 2 subscribers; feed-id=10831477631497958243)"
72.14.199.216 - - [29/Jan/2010:22:36:38 -0800] "GET / HTTP/1.1" 304 - "-" "Feedfetcher-Google; (+http://www.google.com/feedfetcher.html; 2 subscribers; feed-id=10831477631497958243)"
95.108.151.5 - - [29/Jan/2010:22:39:19 -0800] "GET /robots.txt HTTP/1.1" 302 355 "-" "Yandex/1.01.001 (compatible; Win16; m)"
95.108.151.5 - - [29/Jan/2010:22:39:22 -0800] "GET / HTTP/1.1" 200 163 "-" "Yandex/1.01.001 (compatible; Win16; m)"
65.55.106.181 - - [29/Jan/2010:22:58:31 -0800] "GET /robots.txt HTTP/1.1" 302 355 "-" "msnbot/2.0b (+http://search.msn.com/msnbot.htm)"
65.55.106.181 - - [29/Jan/2010:22:58:31 -0800] "GET / HTTP/1.1" 200 163 "-" "msnbot/2.0b (+http://search.msn.com/msnbot.htm)"
65.55.106.181 - - [29/Jan/2010:22:59:32 -0800] "GET /2008/05/ HTTP/1.1" 302 355 "-" "msnbot/2.0b (+http://search.msn.com/msnbot.htm)"
193.47.80.37 - - [29/Jan/2010:23:32:21 -0800] "GET /robots.txt HTTP/1.1" 302 355 "-" "Mozilla/5.0 (compatible; Exabot/3.0; +http://www.exabot.com/go/robot)"
193.47.80.37 - - [29/Jan/2010:23:32:22 -0800] "GET / HTTP/1.1" 200 163 "-" "Mozilla/5.0 (compatible; Exabot/3.0; +http://www.exabot.com/go/robot)"
193.47.80.37 - - [29/Jan/2010:23:32:22 -0800] "GET / HTTP/1.1" 200 163 "-" "Mozilla/5.0 (compatible; Exabot/3.0; +http://www.exabot.com/go/robot)"
72.14.199.216 - - [29/Jan/2010:23:36:46 -0800] "GET /feed/ HTTP/1.1" 302 355 "-" "Feedfetcher-Google; (+http://www.google.com/feedfetcher.html; 2 subscribers; feed-id=10831477631497958243)"
72.14.199.216 - - [29/Jan/2010:23:36:47 -0800] "GET / HTTP/1.1" 304 - "-" "Feedfetcher-Google; (+http://www.google.com/feedfetcher.html; 2 subscribers; feed-id=10831477631497958243)"
67.195.112.35 - - [30/Jan/2010:05:06:16 -0800] "GET /robots.txt HTTP/1.0" 302 355 "-" "Mozilla/5.0 (compatible; Yahoo! Slurp; http://help.yahoo.com/help/us/ysearch/slurp)"
67.195.112.35 - - [30/Jan/2010:05:06:16 -0800] "GET / HTTP/1.0" 200 163 "-" "Mozilla/5.0 (compatible; Yahoo! Slurp; http://help.yahoo.com/help/us/ysearch/slurp)"
67.195.112.35 - - [30/Jan/2010:05:06:16 -0800] "GET /2008/10/ipod-touch-is-here/ HTTP/1.0" 302 355 "-" "Mozilla/5.0 (compatible; Yahoo! Slurp/3.0; http://help.yahoo.com/help/us/ysearch/slurp)"
67.195.112.35 - - [30/Jan/2010:05:06:17 -0800] "GET / HTTP/1.0" 200 163 "-" "Mozilla/5.0 (compatible; Yahoo! Slurp/3.0; http://help.yahoo.com/help/us/ysearch/slurp)"
65.55.109.41 - - [30/Jan/2010:05:11:43 -0800] "GET /2008/06/spidersuck-chronicles-anyone/ HTTP/1.1" 302 355 "-" "Mozilla/4.0 (compatible; MSIE 6.0; Windows NT 5.2; SLCC1; .NET CLR 1.1.4322; .NET CLR 2.0.40607; .NET CLR 3.0.04506.648)"
65.55.109.41 - - [30/Jan/2010:05:11:43 -0800] "GET / HTTP/1.1" 200 163 "-" "Mozilla/4.0 (compatible; MSIE 6.0; Windows NT 5.2; SLCC1; .NET CLR 1.1.4322; .NET CLR 2.0.40607; .NET CLR 3.0.04506.648)"
65.55.207.101 - - [30/Jan/2010:05:17:24 -0800] "GET /robots.txt HTTP/1.1" 302 355 "-" "msnbot/2.0b (+http://search.msn.com/msnbot.htm)"
65.55.207.101 - - [30/Jan/2010:05:17:25 -0800] "GET / HTTP/1.1" 200 163 "-" "msnbot/2.0b (+http://search.msn.com/msnbot.htm)"
65.55.207.101 - - [30/Jan/2010:05:18:02 -0800] "GET / HTTP/1.1" 200 163 "-" "msnbot/2.0b (+http://search.msn.com/msnbot.htm)"
65.55.207.76 - - [30/Jan/2010:05:22:12 -0800] "GET /robots.txt HTTP/1.1" 302 355 "-" "msnbot/2.0b (+http://search.msn.com/msnbot.htm)"
65.55.207.76 - - [30/Jan/2010:05:22:12 -0800] "GET / HTTP/1.1" 200 163 "-" "msnbot/2.0b (+http://search.msn.com/msnbot.htm)"
65.55.207.76 - - [30/Jan/2010:05:23:05 -0800] "GET /2007/08/update-4/ HTTP/1.1" 302 355 "-" "msnbot/2.0b (+http://search.msn.com/msnbot.htm)"
65.55.106.187 - - [30/Jan/2010:05:24:12 -0800] "GET /2006/05/get-outta-the-house/ HTTP/1.1" 302 355 "-" "msnbot/2.0b (+http://search.msn.com/msnbot.htm)"
65.55.37.202 - - [30/Jan/2010:05:36:21 -0800] "GET /robots.txt HTTP/1.1" 302 355 "-" "msnbot/2.0b (+http://search.msn.com/msnbot.htm)"
65.55.37.202 - - [30/Jan/2010:05:36:21 -0800] "GET / HTTP/1.1" 200 163 "-" "msnbot/2.0b (+http://search.msn.com/msnbot.htm)"
67.218.116.132 - - [30/Jan/2010:05:45:37 -0800] "GET /robots.txt HTTP/1.0" 302 355 "-" "Mozilla/5.0 (Twiceler-0.9 http://www.cuil.com/twiceler/robot.html)"
72.14.199.216 - - [30/Jan/2010:05:54:16 -0800] "GET /feed/ HTTP/1.1" 302 355 "-" "Feedfetcher-Google; (+http://www.google.com/feedfetcher.html; 2 subscribers; feed-id=10831477631497958243)"
72.14.199.216 - - [30/Jan/2010:05:54:17 -0800] "GET / HTTP/1.1" 304 - "-" "Feedfetcher-Google; (+http://www.google.com/feedfetcher.html; 2 subscribers; feed-id=10831477631497958243)"
65.55.106.162 - - [30/Jan/2010:06:31:41 -0800] "GET /2009/01/happy-new-year/ HTTP/1.1" 302 355 "-" "msnbot/2.0b (+http://search.msn.com/msnbot.htm)"
64.78.155.100 - - [30/Jan/2010:06:53:48 -0800] "GET /feed/ HTTP/1.1" 302 355 "-" "NewsGatorOnline/2.0 (http://www.newsgator.com; 2 subscribers)"
64.78.155.100 - - [30/Jan/2010:06:53:49 -0800] "GET / HTTP/1.1" 200 163 "-" "NewsGatorOnline/2.0 (http://www.newsgator.com; 2 subscribers)"
72.14.199.216 - - [30/Jan/2010:06:54:26 -0800] "GET /feed/ HTTP/1.1" 302 355 "-" "Feedfetcher-Google; (+http://www.google.com/feedfetcher.html; 2 subscribers; feed-id=10831477631497958243)"
72.14.199.216 - - [30/Jan/2010:06:54:27 -0800] "GET / HTTP/1.1" 304 - "-" "Feedfetcher-Google; (+http://www.google.com/feedfetcher.html; 2 subscribers; feed-id=10831477631497958243)"
72.14.199.216 - - [30/Jan/2010:07:54:36 -0800] "GET /feed/ HTTP/1.1" 302 355 "-" "Feedfetcher-Google; (+http://www.google.com/feedfetcher.html; 2 subscribers; feed-id=10831477631497958243)"
72.14.199.216 - - [30/Jan/2010:07:54:37 -0800] "GET / HTTP/1.1" 304 - "-" "Feedfetcher-Google; (+http://www.google.com/feedfetcher.html; 2 subscribers; feed-id=10831477631497958243)"
65.55.37.202 - - [30/Jan/2010:08:35:46 -0800] "GET /robots.txt HTTP/1.1" 302 355 "-" "msnbot/2.0b (+http://search.msn.com/msnbot.htm)"
65.55.37.202 - - [30/Jan/2010:08:35:46 -0800] "GET / HTTP/1.1" 200 163 "-" "msnbot/2.0b (+http://search.msn.com/msnbot.htm)"
72.14.199.216 - - [30/Jan/2010:08:54:46 -0800] "GET /feed/ HTTP/1.1" 302 355 "-" "Feedfetcher-Google; (+http://www.google.com/feedfetcher.html; 2 subscribers; feed-id=10831477631497958243)"
72.14.199.216 - - [30/Jan/2010:08:54:47 -0800] "GET / HTTP/1.1" 304 - "-" "Feedfetcher-Google; (+http://www.google.com/feedfetcher.html; 2 subscribers; feed-id=10831477631497958243)"
72.14.199.216 - - [30/Jan/2010:09:54:56 -0800] "GET /feed/ HTTP/1.1" 302 355 "-" "Feedfetcher-Google; (+http://www.google.com/feedfetcher.html; 2 subscribers; feed-id=10831477631497958243)"
72.14.199.216 - - [30/Jan/2010:09:54:57 -0800] "GET / HTTP/1.1" 200 163 "-" "Feedfetcher-Google; (+http://www.google.com/feedfetcher.html; 2 subscribers; feed-id=10831477631497958243)"
65.55.207.118 - - [30/Jan/2010:10:46:58 -0800] "GET /robots.txt HTTP/1.1" 302 355 "-" "msnbot/2.0b (+http://search.msn.com/msnbot.htm)"
65.55.207.118 - - [30/Jan/2010:10:46:58 -0800] "GET / HTTP/1.1" 200 163 "-" "msnbot/2.0b (+http://search.msn.com/msnbot.htm)"
65.55.207.118 - - [30/Jan/2010:10:47:34 -0800] "GET /2008/06/page/2/ HTTP/1.1" 302 355 "-" "msnbot/2.0b (+http://search.msn.com/msnbot.htm)"
72.14.199.216 - - [30/Jan/2010:10:55:06 -0800] "GET /feed/ HTTP/1.1" 302 355 "-" "Feedfetcher-Google; (+http://www.google.com/feedfetcher.html; 2 subscribers; feed-id=10831477631497958243)"
72.14.199.216 - - [30/Jan/2010:10:55:07 -0800] "GET / HTTP/1.1" 200 163 "-" "Feedfetcher-Google; (+http://www.google.com/feedfetcher.html; 2 subscribers; feed-id=10831477631497958243)"
65.55.106.234 - - [30/Jan/2010:11:14:16 -0800] "GET /2009/02/windows-7-beta/comment-page-1/ HTTP/1.1" 302 355 "-" "msnbot/2.0b (+http://search.msn.com/msnbot.htm)"
78.86.134.72 - - [30/Jan/2010:11:40:36 -0800] "GET /favicon.ico HTTP/1.1" 302 355 "-" "NetNewsWire/3.2 (Mac OS X; http://www.newsgator.com/Individuals/NetNewsWire/)"
72.14.199.216 - - [30/Jan/2010:11:55:16 -0800] "GET /feed/ HTTP/1.1" 302 355 "-" "Feedfetcher-Google; (+http://www.google.com/feedfetcher.html; 2 subscribers; feed-id=10831477631497958243)"
72.14.199.216 - - [30/Jan/2010:11:55:17 -0800] "GET / HTTP/1.1" 304 - "-" "Feedfetcher-Google; (+http://www.google.com/feedfetcher.html; 2 subscribers; feed-id=10831477631497958243)"
75.151.98.75 - - [30/Jan/2010:12:25:23 -0800] "GET / HTTP/1.1" 200 163 "-" "Mozilla/4.0 (compatible; MSIE 8.0; Windows NT 6.0; Trident/4.0; SLCC1; .NET CLR 2.0.50727; Media Center PC 5.0; InfoPath.2; MS-RTC LM 8; .NET CLR 3.5.30729; .NET CLR 3.0.30729)"
75.151.98.75 - - [30/Jan/2010:12:25:24 -0800] "GET /favicon.ico HTTP/1.1" 302 355 "-" "Mozilla/4.0 (compatible; MSIE 8.0; Windows NT 6.0; Trident/4.0; SLCC1; .NET CLR 2.0.50727; Media Center PC 5.0; InfoPath.2; MS-RTC LM 8; .NET CLR 3.5.30729; .NET CLR 3.0.30729)"
75.151.98.75 - - [30/Jan/2010:12:25:24 -0800] "GET / HTTP/1.1" 200 163 "-" "Mozilla/4.0 (compatible; MSIE 8.0; Windows NT 6.0; Trident/4.0; SLCC1; .NET CLR 2.0.50727; Media Center PC 5.0; InfoPath.2; MS-RTC LM 8; .NET CLR 3.5.30729; .NET CLR 3.0.30729)"
72.14.199.216 - - [30/Jan/2010:12:55:26 -0800] "GET /feed/ HTTP/1.1" 302 355 "-" "Feedfetcher-Google; (+http://www.google.com/feedfetcher.html; 2 subscribers; feed-id=10831477631497958243)"
72.14.199.216 - - [30/Jan/2010:12:55:27 -0800] "GET / HTTP/1.1" 304 - "-" "Feedfetcher-Google; (+http://www.google.com/feedfetcher.html; 2 subscribers; feed-id=10831477631497958243)"
65.55.207.69 - - [30/Jan/2010:13:10:49 -0800] "GET /robots.txt HTTP/1.1" 302 355 "-" "msnbot/2.0b (+http://search.msn.com/msnbot.htm)"
65.55.207.69 - - [30/Jan/2010:13:10:50 -0800] "GET / HTTP/1.1" 200 163 "-" "msnbot/2.0b (+http://search.msn.com/msnbot.htm)"
65.55.207.69 - - [30/Jan/2010:13:11:39 -0800] "GET /2008/10/ HTTP/1.1" 302 355 "-" "msnbot/2.0b (+http://search.msn.com/msnbot.htm)"
72.14.199.216 - - [30/Jan/2010:13:55:36 -0800] "GET /feed/ HTTP/1.1" 302 355 "-" "Feedfetcher-Google; (+http://www.google.com/feedfetcher.html; 2 subscribers; feed-id=10831477631497958243)"
72.14.199.216 - - [30/Jan/2010:13:55:37 -0800] "GET / HTTP/1.1" 304 - "-" "Feedfetcher-Google; (+http://www.google.com/feedfetcher.html; 2 subscribers; feed-id=10831477631497958243)"
67.210.218.91 - - [30/Jan/2010:13:56:36 -0800] "GET /feed HTTP/1.1" 302 355 "-" "Rome Client (http://tinyurl.com/64t5n) Ver: 0.9"
67.210.218.91 - - [30/Jan/2010:13:56:36 -0800] "GET / HTTP/1.1" 200 163 "-" "Rome Client (http://tinyurl.com/64t5n) Ver: 0.9"
67.195.112.35 - - [30/Jan/2010:14:31:56 -0800] "GET /robots.txt HTTP/1.0" 302 355 "-" "Mozilla/5.0 (compatible; Yahoo! Slurp; http://help.yahoo.com/help/us/ysearch/slurp)"
67.195.112.35 - - [30/Jan/2010:14:31:57 -0800] "GET / HTTP/1.0" 200 163 "-" "Mozilla/5.0 (compatible; Yahoo! Slurp; http://help.yahoo.com/help/us/ysearch/slurp)"
67.195.112.35 - - [30/Jan/2010:14:31:57 -0800] "GET /2007/06/back/ HTTP/1.0" 302 355 "-" "Mozilla/5.0 (compatible; Yahoo! Slurp/3.0; http://help.yahoo.com/help/us/ysearch/slurp)"
67.195.112.35 - - [30/Jan/2010:14:31:58 -0800] "GET / HTTP/1.0" 200 163 "-" "Mozilla/5.0 (compatible; Yahoo! Slurp/3.0; http://help.yahoo.com/help/us/ysearch/slurp)"
72.14.199.216 - - [30/Jan/2010:14:55:46 -0800] "GET /feed/ HTTP/1.1" 302 355 "-" "Feedfetcher-Google; (+http://www.google.com/feedfetcher.html; 2 subscribers; feed-id=10831477631497958243)"
72.14.199.216 - - [30/Jan/2010:14:55:47 -0800] "GET / HTTP/1.1" 304 - "-" "Feedfetcher-Google; (+http://www.google.com/feedfetcher.html; 2 subscribers; feed-id=10831477631497958243)"
95.181.4.71 - - [30/Jan/2010:15:24:46 -0800] "GET /category/mybb/ HTTP/1.0" 302 355 "http://jasoncmartin.com/category/mybb/" "Mozilla/4.0 (compatible; MSIE 6.0; Windows NT 5.0; .NET CLR 1.0.3705; .NET CLR 1.1.4322)"
95.181.4.71 - - [30/Jan/2010:15:24:47 -0800] "GET / HTTP/1.0" 200 163 "http://jasoncmartin.com/" "Mozilla/4.0 (compatible; MSIE 6.0; Windows NT 5.0; .NET CLR 1.0.3705; .NET CLR 1.1.4322)"
65.55.106.107 - - [30/Jan/2010:15:55:42 -0800] "GET /robots.txt HTTP/1.1" 302 355 "-" "msnbot/2.0b (+http://search.msn.com/msnbot.htm)"
65.55.106.107 - - [30/Jan/2010:15:55:42 -0800] "GET / HTTP/1.1" 200 163 "-" "msnbot/2.0b (+http://search.msn.com/msnbot.htm)"
72.14.199.216 - - [30/Jan/2010:15:55:56 -0800] "GET /feed/ HTTP/1.1" 302 355 "-" "Feedfetcher-Google; (+http://www.google.com/feedfetcher.html; 2 subscribers; feed-id=10831477631497958243)"
72.14.199.216 - - [30/Jan/2010:15:55:57 -0800] "GET / HTTP/1.1" 200 163 "-" "Feedfetcher-Google; (+http://www.google.com/feedfetcher.html; 2 subscribers; feed-id=10831477631497958243)"
65.55.106.107 - - [30/Jan/2010:15:56:40 -0800] "GET /2007/01/ HTTP/1.1" 302 355 "-" "msnbot/2.0b (+http://search.msn.com/msnbot.htm)"
65.55.106.133 - - [30/Jan/2010:16:10:38 -0800] "GET /2008/09/ HTTP/1.1" 302 355 "-" "msnbot/2.0b (+http://search.msn.com/msnbot.htm)"
65.55.207.78 - - [30/Jan/2010:16:18:44 -0800] "GET /category/eyemac/ HTTP/1.1" 302 355 "-" "msnbot/2.0b (+http://search.msn.com/msnbot.htm)"
72.14.199.216 - - [30/Jan/2010:16:56:06 -0800] "GET /feed/ HTTP/1.1" 302 355 "-" "Feedfetcher-Google; (+http://www.google.com/feedfetcher.html; 2 subscribers; feed-id=10831477631497958243)"
72.14.199.216 - - [30/Jan/2010:16:56:07 -0800] "GET / HTTP/1.1" 304 - "-" "Feedfetcher-Google; (+http://www.google.com/feedfetcher.html; 2 subscribers; feed-id=10831477631497958243)"
65.55.207.48 - - [30/Jan/2010:17:28:44 -0800] "GET /robots.txt HTTP/1.1" 302 355 "-" "msnbot/2.0b (+http://search.msn.com/msnbot.htm)"
65.55.207.48 - - [30/Jan/2010:17:28:44 -0800] "GET / HTTP/1.1" 200 163 "-" "msnbot/2.0b (+http://search.msn.com/msnbot.htm)"
65.55.207.48 - - [30/Jan/2010:17:29:39 -0800] "GET /2006/05/got-a-production-blog/ HTTP/1.1" 302 355 "-" "msnbot/2.0b (+http://search.msn.com/msnbot.htm)"
72.14.199.216 - - [30/Jan/2010:17:56:17 -0800] "GET /feed/ HTTP/1.1" 302 355 "-" "Feedfetcher-Google; (+http://www.google.com/feedfetcher.html; 2 subscribers; feed-id=10831477631497958243)"
72.14.199.216 - - [30/Jan/2010:17:56:17 -0800] "GET / HTTP/1.1" 304 - "-" "Feedfetcher-Google; (+http://www.google.com/feedfetcher.html; 2 subscribers; feed-id=10831477631497958243)"
88.131.106.30 - - [30/Jan/2010:18:45:38 -0800] "GET /robots.txt HTTP/1.0" 302 355 "-" "Speedy Spider (http://www.entireweb.com/about/search_tech/speedy_spider/)"
88.131.106.30 - - [30/Jan/2010:18:45:39 -0800] "GET / HTTP/1.0" 200 163 "-" "Speedy Spider (http://www.entireweb.com/about/search_tech/speedy_spider/)"
72.14.199.216 - - [30/Jan/2010:18:56:26 -0800] "GET /feed/ HTTP/1.1" 302 355 "-" "Feedfetcher-Google; (+http://www.google.com/feedfetcher.html; 2 subscribers; feed-id=10831477631497958243)"
72.14.199.216 - - [30/Jan/2010:18:56:27 -0800] "GET / HTTP/1.1" 304 - "-" "Feedfetcher-Google; (+http://www.google.com/feedfetcher.html; 2 subscribers; feed-id=10831477631497958243)"
72.14.199.216 - - [30/Jan/2010:19:56:37 -0800] "GET /feed/ HTTP/1.1" 302 355 "-" "Feedfetcher-Google; (+http://www.google.com/feedfetcher.html; 2 subscribers; feed-id=10831477631497958243)"
72.14.199.216 - - [30/Jan/2010:19:56:38 -0800] "GET / HTTP/1.1" 200 163 "-" "Feedfetcher-Google; (+http://www.google.com/feedfetcher.html; 2 subscribers; feed-id=10831477631497958243)"
65.55.110.115 - - [30/Jan/2010:20:31:52 -0800] "GET /2006/09/ HTTP/1.1" 302 355 "-" "Mozilla/4.0 (compatible; MSIE 6.0; Windows NT 5.2; SV1; .NET CLR 1.1.4325; .NET CLR 2.0.40607; .NET CLR 3.0.30729; .NET CLR 3.5.30729; MS-RTC LM 8)"
65.55.110.115 - - [30/Jan/2010:20:31:52 -0800] "GET / HTTP/1.1" 200 163 "-" "Mozilla/4.0 (compatible; MSIE 6.0; Windows NT 5.2; SV1; .NET CLR 1.1.4325; .NET CLR 2.0.40607; .NET CLR 3.0.30729; .NET CLR 3.5.30729; MS-RTC LM 8)"
65.55.110.115 - - [30/Jan/2010:20:45:27 -0800] "GET /category/movie-reviews/ HTTP/1.1" 302 355 "-" "Mozilla/4.0 (compatible; MSIE 6.0; Windows NT 5.2; SLCC1; .NET CLR 1.1.4325; .NET CLR 2.0.50727; .NET CLR 3.0.30729; .NET CLR 3.5.30729; MS-RTC LM 8)"
65.55.110.115 - - [30/Jan/2010:20:45:28 -0800] "GET / HTTP/1.1" 200 163 "-" "Mozilla/4.0 (compatible; MSIE 6.0; Windows NT 5.2; SLCC1; .NET CLR 1.1.4325; .NET CLR 2.0.50727; .NET CLR 3.0.30729; .NET CLR 3.5.30729; MS-RTC LM 8)"
72.14.199.216 - - [30/Jan/2010:20:56:46 -0800] "GET /feed/ HTTP/1.1" 302 355 "-" "Feedfetcher-Google; (+http://www.google.com/feedfetcher.html; 2 subscribers; feed-id=10831477631497958243)"
72.14.199.216 - - [30/Jan/2010:20:56:47 -0800] "GET / HTTP/1.1" 304 - "-" "Feedfetcher-Google; (+http://www.google.com/feedfetcher.html; 2 subscribers; feed-id=10831477631497958243)"
65.55.106.207 - - [30/Jan/2010:21:37:00 -0800] "GET /robots.txt HTTP/1.1" 302 355 "-" "msnbot/2.0b (+http://search.msn.com/msnbot.htm)"
65.55.106.207 - - [30/Jan/2010:21:37:00 -0800] "GET / HTTP/1.1" 200 163 "-" "msnbot/2.0b (+http://search.msn.com/msnbot.htm)"
65.55.106.207 - - [30/Jan/2010:21:37:38 -0800] "GET /2008/04/eyecoder/ HTTP/1.1" 302 355 "-" "msnbot/2.0b (+http://search.msn.com/msnbot.htm)"
72.14.199.216 - - [30/Jan/2010:21:56:56 -0800] "GET /feed/ HTTP/1.1" 302 355 "-" "Feedfetcher-Google; (+http://www.google.com/feedfetcher.html; 2 subscribers; feed-id=10831477631497958243)"
72.14.199.216 - - [30/Jan/2010:21:56:57 -0800] "GET / HTTP/1.1" 304 - "-" "Feedfetcher-Google; (+http://www.google.com/feedfetcher.html; 2 subscribers; feed-id=10831477631497958243)"
67.195.112.35 - - [30/Jan/2010:22:16:47 -0800] "GET /category/seminar/ HTTP/1.0" 302 355 "-" "Mozilla/5.0 (compatible; Yahoo! Slurp/3.0; http://help.yahoo.com/help/us/ysearch/slurp)"
67.195.112.35 - - [30/Jan/2010:22:16:48 -0800] "GET / HTTP/1.0" 200 163 "-" "Mozilla/5.0 (compatible; Yahoo! Slurp/3.0; http://help.yahoo.com/help/us/ysearch/slurp)"
72.14.199.216 - - [30/Jan/2010:22:57:07 -0800] "GET /feed/ HTTP/1.1" 302 355 "-" "Feedfetcher-Google; (+http://www.google.com/feedfetcher.html; 2 subscribers; feed-id=10831477631497958243)"
72.14.199.216 - - [30/Jan/2010:22:57:07 -0800] "GET / HTTP/1.1" 304 - "-" "Feedfetcher-Google; (+http://www.google.com/feedfetcher.html; 2 subscribers; feed-id=10831477631497958243)"
65.55.216.55 - - [30/Jan/2010:23:22:21 -0800] "GET /robots.txt HTTP/1.1" 302 355 "-" "msnbot/2.0b (+http://search.msn.com/msnbot.htm)"
65.55.216.55 - - [30/Jan/2010:23:22:21 -0800] "GET / HTTP/1.1" 200 163 "-" "msnbot/2.0b (+http://search.msn.com/msnbot.htm)"
65.55.216.55 - - [30/Jan/2010:23:23:14 -0800] "GET /2006/07/new-time-wars-banner/ HTTP/1.1" 302 355 "-" "msnbot/2.0b (+http://search.msn.com/msnbot.htm)"
65.55.109.182 - - [30/Jan/2010:23:37:54 -0800] "GET /category/myos/ HTTP/1.1" 302 355 "-" "Mozilla/4.0 (compatible; MSIE 6.0; Windows NT 5.2; SV1; .NET CLR 1.1.4322; .NET CLR 2.0.50727; .NET CLR 3.0.04506.648)"
65.55.109.182 - - [30/Jan/2010:23:37:54 -0800] "GET / HTTP/1.1" 200 163 "-" "Mozilla/4.0 (compatible; MSIE 6.0; Windows NT 5.2; SV1; .NET CLR 1.1.4322; .NET CLR 2.0.50727; .NET CLR 3.0.04506.648)"
72.14.199.216 - - [30/Jan/2010:23:57:16 -0800] "GET /feed/ HTTP/1.1" 302 355 "-" "Feedfetcher-Google; (+http://www.google.com/feedfetcher.html; 2 subscribers; feed-id=10831477631497958243)"
72.14.199.216 - - [30/Jan/2010:23:57:17 -0800] "GET / HTTP/1.1" 304 - "-" "Feedfetcher-Google; (+http://www.google.com/feedfetcher.html; 2 subscribers; feed-id=10831477631497958243)"
64.78.155.100 - - [31/Jan/2010:00:17:49 -0800] "GET /feed/ HTTP/1.1" 302 355 "-" "NewsGatorOnline/2.0 (http://www.newsgator.com; 2 subscribers)"
64.78.155.100 - - [31/Jan/2010:00:17:49 -0800] "GET / HTTP/1.1" 304 - "-" "NewsGatorOnline/2.0 (http://www.newsgator.com; 2 subscribers)"
72.14.199.216 - - [31/Jan/2010:00:57:27 -0800] "GET /feed/ HTTP/1.1" 302 355 "-" "Feedfetcher-Google; (+http://www.google.com/feedfetcher.html; 2 subscribers; feed-id=10831477631497958243)"
72.14.199.216 - - [31/Jan/2010:00:57:27 -0800] "GET / HTTP/1.1" 304 - "-" "Feedfetcher-Google; (+http://www.google.com/feedfetcher.html; 2 subscribers; feed-id=10831477631497958243)"
65.55.51.115 - - [31/Jan/2010:01:01:19 -0800] "GET /robots.txt HTTP/1.1" 302 355 "-" "msnbot/2.0b (+http://search.msn.com/msnbot.htm)"
65.55.51.115 - - [31/Jan/2010:01:01:19 -0800] "GET / HTTP/1.1" 200 163 "-" "msnbot/2.0b (+http://search.msn.com/msnbot.htm)"
65.55.207.48 - - [31/Jan/2010:01:04:06 -0800] "GET /robots.txt HTTP/1.1" 302 355 "-" "msnbot/2.0b (+http://search.msn.com/msnbot.htm)"
65.55.207.48 - - [31/Jan/2010:01:04:06 -0800] "GET / HTTP/1.1" 200 163 "-" "msnbot/2.0b (+http://search.msn.com/msnbot.htm)"
65.55.207.48 - - [31/Jan/2010:01:05:08 -0800] "GET /2006/07/ HTTP/1.1" 302 355 "-" "msnbot/2.0b (+http://search.msn.com/msnbot.htm)"
65.55.106.110 - - [31/Jan/2010:01:27:09 -0800] "GET /2007/06/ HTTP/1.1" 302 355 "-" "msnbot/2.0b (+http://search.msn.com/msnbot.htm)"
198.186.192.44 - - [31/Jan/2010:01:40:03 -0800] "GET / HTTP/1.1" 200 163 "-" "-"
72.14.199.216 - - [31/Jan/2010:01:57:37 -0800] "GET /feed/ HTTP/1.1" 302 355 "-" "Feedfetcher-Google; (+http://www.google.com/feedfetcher.html; 2 subscribers; feed-id=10831477631497958243)"
72.14.199.216 - - [31/Jan/2010:01:57:38 -0800] "GET / HTTP/1.1" 304 - "-" "Feedfetcher-Google; (+http://www.google.com/feedfetcher.html; 2 subscribers; feed-id=10831477631497958243)"
70.36.100.226 - - [31/Jan/2010:02:00:00 -0800] "GET /robots.txt HTTP/1.0" 302 355 "http://jasoncmartin.com/robots.txt" "Mozilla/4.0 (compatible; MSIE 6.0; Windows NT 5.1; SV1; .NET CLR 2.0.50727)"
70.36.100.226 - - [31/Jan/2010:02:00:00 -0800] "GET / HTTP/1.0" 200 163 "http://jasoncmartin.com/" "Mozilla/4.0 (compatible; MSIE 6.0; Windows NT 5.1; SV1; .NET CLR 2.0.50727)"
65.55.51.115 - - [31/Jan/2010:02:43:58 -0800] "GET /robots.txt HTTP/1.1" 302 355 "-" "msnbot/2.0b (+http://search.msn.com/msnbot.htm)"
65.55.51.115 - - [31/Jan/2010:02:43:58 -0800] "GET / HTTP/1.1" 200 163 "-" "msnbot/2.0b (+http://search.msn.com/msnbot.htm)"
72.14.199.216 - - [31/Jan/2010:02:57:47 -0800] "GET /feed/ HTTP/1.1" 302 355 "-" "Feedfetcher-Google; (+http://www.google.com/feedfetcher.html; 2 subscribers; feed-id=10831477631497958243)"
72.14.199.216 - - [31/Jan/2010:02:57:48 -0800] "GET / HTTP/1.1" 304 - "-" "Feedfetcher-Google; (+http://www.google.com/feedfetcher.html; 2 subscribers; feed-id=10831477631497958243)"
67.195.112.35 - - [31/Jan/2010:03:26:06 -0800] "GET /robots.txt HTTP/1.0" 302 355 "-" "Mozilla/5.0 (compatible; Yahoo! Slurp; http://help.yahoo.com/help/us/ysearch/slurp)"
67.195.112.35 - - [31/Jan/2010:03:26:10 -0800] "GET / HTTP/1.0" 200 163 "-" "Mozilla/5.0 (compatible; Yahoo! Slurp; http://help.yahoo.com/help/us/ysearch/slurp)"
67.195.112.35 - - [31/Jan/2010:03:26:10 -0800] "GET /category/myos/ HTTP/1.0" 302 355 "-" "Mozilla/5.0 (compatible; Yahoo! Slurp/3.0; http://help.yahoo.com/help/us/ysearch/slurp)"
67.195.112.35 - - [31/Jan/2010:03:26:13 -0800] "GET / HTTP/1.0" 304 - "-" "Mozilla/5.0 (compatible; Yahoo! Slurp/3.0; http://help.yahoo.com/help/us/ysearch/slurp)"
72.14.199.216 - - [31/Jan/2010:03:57:56 -0800] "GET /feed/ HTTP/1.1" 302 355 "-" "Feedfetcher-Google; (+http://www.google.com/feedfetcher.html; 2 subscribers; feed-id=10831477631497958243)"
72.14.199.216 - - [31/Jan/2010:03:57:57 -0800] "GET / HTTP/1.1" 304 - "-" "Feedfetcher-Google; (+http://www.google.com/feedfetcher.html; 2 subscribers; feed-id=10831477631497958243)"
72.14.199.216 - - [31/Jan/2010:04:58:08 -0800] "GET /feed/ HTTP/1.1" 302 355 "-" "Feedfetcher-Google; (+http://www.google.com/feedfetcher.html; 2 subscribers; feed-id=10831477631497958243)"
72.14.199.216 - - [31/Jan/2010:04:58:09 -0800] "GET / HTTP/1.1" 304 - "-" "Feedfetcher-Google; (+http://www.google.com/feedfetcher.html; 2 subscribers; feed-id=10831477631497958243)"
65.55.207.70 - - [31/Jan/2010:05:45:21 -0800] "GET /robots.txt HTTP/1.1" 302 355 "-" "msnbot/2.0b (+http://search.msn.com/msnbot.htm)"
65.55.207.70 - - [31/Jan/2010:05:45:21 -0800] "GET / HTTP/1.1" 200 163 "-" "msnbot/2.0b (+http://search.msn.com/msnbot.htm)"
65.55.207.70 - - [31/Jan/2010:05:46:02 -0800] "GET /2006/08/ HTTP/1.1" 302 355 "-" "msnbot/2.0b (+http://search.msn.com/msnbot.htm)"
67.218.116.132 - - [31/Jan/2010:05:52:46 -0800] "GET /robots.txt HTTP/1.0" 302 355 "-" "Mozilla/5.0 (Twiceler-0.9 http://www.cuil.com/twiceler/robot.html)"
72.14.199.216 - - [31/Jan/2010:05:58:17 -0800] "GET /feed/ HTTP/1.1" 302 355 "-" "Feedfetcher-Google; (+http://www.google.com/feedfetcher.html; 2 subscribers; feed-id=10831477631497958243)"
72.14.199.216 - - [31/Jan/2010:05:58:18 -0800] "GET / HTTP/1.1" 304 - "-" "Feedfetcher-Google; (+http://www.google.com/feedfetcher.html; 2 subscribers; feed-id=10831477631497958243)"
72.14.199.216 - - [31/Jan/2010:06:58:26 -0800] "GET /feed/ HTTP/1.1" 302 355 "-" "Feedfetcher-Google; (+http://www.google.com/feedfetcher.html; 2 subscribers; feed-id=10831477631497958243)"
72.14.199.216 - - [31/Jan/2010:06:58:27 -0800] "GET / HTTP/1.1" 304 - "-" "Feedfetcher-Google; (+http://www.google.com/feedfetcher.html; 2 subscribers; feed-id=10831477631497958243)"
72.14.199.216 - - [31/Jan/2010:07:58:36 -0800] "GET /feed/ HTTP/1.1" 302 355 "-" "Feedfetcher-Google; (+http://www.google.com/feedfetcher.html; 2 subscribers; feed-id=10831477631497958243)"
72.14.199.216 - - [31/Jan/2010:07:58:37 -0800] "GET / HTTP/1.1" 304 - "-" "Feedfetcher-Google; (+http://www.google.com/feedfetcher.html; 2 subscribers; feed-id=10831477631497958243)"
93.158.148.31 - - [31/Jan/2010:08:27:11 -0800] "GET /robots.txt HTTP/1.1" 302 355 "-" "Yandex/1.01.001 (compatible; Win16; I)"
93.158.148.31 - - [31/Jan/2010:08:27:14 -0800] "GET / HTTP/1.1" 200 163 "-" "Yandex/1.01.001 (compatible; Win16; I)"
67.210.218.91 - - [31/Jan/2010:08:40:07 -0800] "GET /feed HTTP/1.1" 302 355 "-" "Rome Client (http://tinyurl.com/64t5n) Ver: 0.9"
67.210.218.91 - - [31/Jan/2010:08:40:07 -0800] "GET / HTTP/1.1" 200 163 "-" "Rome Client (http://tinyurl.com/64t5n) Ver: 0.9"
93.158.148.31 - - [31/Jan/2010:08:54:47 -0800] "GET /robots.txt HTTP/1.1" 302 359 "-" "Yandex/1.01.001 (compatible; Win16; I)"
93.158.148.31 - - [31/Jan/2010:08:54:47 -0800] "GET / HTTP/1.1" 200 163 "-" "Yandex/1.01.001 (compatible; Win16; I)"
