208.115.111.245 - - [26/Feb/2010:07:23:46 -0800] "GET /page/2/ HTTP/1.1" 302 355 "-" "Mozilla/5.0 (compatible; DotBot/1.1; http://www.dotnetdotcom.org/, crawler@dotnetdotcom.org)"
208.115.111.245 - - [26/Feb/2010:07:23:51 -0800] "GET / HTTP/1.1" 200 163 "-" "Mozilla/5.0 (compatible; DotBot/1.1; http://www.dotnetdotcom.org/, crawler@dotnetdotcom.org)"
209.85.238.172 - - [26/Feb/2010:10:06:23 -0800] "GET /feed/ HTTP/1.1" 302 355 "-" "Feedfetcher-Google; (+http://www.google.com/feedfetcher.html; 1 subscribers; feed-id=10831477631497958243)"
209.85.238.172 - - [26/Feb/2010:10:06:24 -0800] "GET / HTTP/1.1" 304 - "-" "Feedfetcher-Google; (+http://www.google.com/feedfetcher.html; 1 subscribers; feed-id=10831477631497958243)"
216.129.119.10 - - [26/Feb/2010:11:01:24 -0800] "GET /robots.txt HTTP/1.1" 302 359 "-" "Mozilla/5.0 (Twiceler-0.9 http://www.cuil.com/twiceler/robot.html)"
66.249.68.250 - - [26/Feb/2010:12:46:38 -0800] "GET /robots.txt HTTP/1.1" 302 359 "-" "Mozilla/5.0 (compatible; Googlebot/2.1; +http://www.google.com/bot.html)"
66.249.68.250 - - [26/Feb/2010:12:46:38 -0800] "GET / HTTP/1.1" 304 - "-" "Mozilla/5.0 (compatible; Googlebot/2.1; +http://www.google.com/bot.html)"
209.85.238.172 - - [26/Feb/2010:13:06:33 -0800] "GET /feed/ HTTP/1.1" 302 355 "-" "Feedfetcher-Google; (+http://www.google.com/feedfetcher.html; 1 subscribers; feed-id=10831477631497958243)"
209.85.238.172 - - [26/Feb/2010:13:06:33 -0800] "GET / HTTP/1.1" 304 - "-" "Feedfetcher-Google; (+http://www.google.com/feedfetcher.html; 1 subscribers; feed-id=10831477631497958243)"
207.46.204.187 - - [26/Feb/2010:14:27:32 -0800] "GET /robots.txt HTTP/1.1" 302 355 "-" "msnbot/2.0b (+http://search.msn.com/msnbot.htm)"
207.46.204.187 - - [26/Feb/2010:14:27:33 -0800] "GET / HTTP/1.1" 200 163 "-" "msnbot/2.0b (+http://search.msn.com/msnbot.htm)"
207.46.204.187 - - [26/Feb/2010:14:28:16 -0800] "GET / HTTP/1.1" 304 - "-" "msnbot/2.0b (+http://search.msn.com/msnbot.htm)"
67.195.113.216 - - [26/Feb/2010:14:45:01 -0800] "GET /robots.txt HTTP/1.0" 302 355 "-" "Mozilla/5.0 (compatible; Yahoo! Slurp; http://help.yahoo.com/help/us/ysearch/slurp)"
67.195.113.216 - - [26/Feb/2010:14:45:02 -0800] "GET / HTTP/1.0" 200 163 "-" "Mozilla/5.0 (compatible; Yahoo! Slurp; http://help.yahoo.com/help/us/ysearch/slurp)"
67.195.113.216 - - [26/Feb/2010:14:45:02 -0800] "GET /2008/06/spidersuck-chronicles-anyone/ HTTP/1.0" 302 355 "-" "Mozilla/5.0 (compatible; Yahoo! Slurp/3.0; http://help.yahoo.com/help/us/ysearch/slurp)"
67.195.113.216 - - [26/Feb/2010:14:45:03 -0800] "GET / HTTP/1.0" 200 163 "-" "Mozilla/5.0 (compatible; Yahoo! Slurp/3.0; http://help.yahoo.com/help/us/ysearch/slurp)"
209.85.238.172 - - [26/Feb/2010:16:06:42 -0800] "GET /feed/ HTTP/1.1" 302 355 "-" "Feedfetcher-Google; (+http://www.google.com/feedfetcher.html; 1 subscribers; feed-id=10831477631497958243)"
209.85.238.172 - - [26/Feb/2010:16:06:43 -0800] "GET / HTTP/1.1" 304 - "-" "Feedfetcher-Google; (+http://www.google.com/feedfetcher.html; 1 subscribers; feed-id=10831477631497958243)"
209.85.238.172 - - [26/Feb/2010:19:06:53 -0800] "GET /feed/ HTTP/1.1" 302 355 "-" "Feedfetcher-Google; (+http://www.google.com/feedfetcher.html; 1 subscribers; feed-id=10831477631497958243)"
209.85.238.172 - - [26/Feb/2010:19:06:54 -0800] "GET / HTTP/1.1" 304 - "-" "Feedfetcher-Google; (+http://www.google.com/feedfetcher.html; 1 subscribers; feed-id=10831477631497958243)"
93.158.148.31 - - [26/Feb/2010:20:55:12 -0800] "GET /robots.txt HTTP/1.1" 302 355 "-" "Yandex/1.01.001 (compatible; Win16; I)"
209.85.238.172 - - [26/Feb/2010:22:07:02 -0800] "GET /feed/ HTTP/1.1" 302 355 "-" "Feedfetcher-Google; (+http://www.google.com/feedfetcher.html; 1 subscribers; feed-id=10831477631497958243)"
209.85.238.172 - - [26/Feb/2010:22:07:03 -0800] "GET / HTTP/1.1" 304 - "-" "Feedfetcher-Google; (+http://www.google.com/feedfetcher.html; 1 subscribers; feed-id=10831477631497958243)"
123.125.66.28 - - [26/Feb/2010:23:16:34 -0800] "GET /robots.txt HTTP/1.1" 302 355 "-" "Baiduspider+(+http://www.baidu.com/search/spider.htm)"
123.125.66.33 - - [26/Feb/2010:23:16:34 -0800] "GET / HTTP/1.1" 200 163 "-" "Baiduspider+(+http://www.baidu.com/search/spider.htm)"
87.118.100.43 - - [27/Feb/2010:00:39:31 -0800] "GET /wp-login.php HTTP/1.0" 302 355 "http://jasoncmartin.com/wp-login.php" "Mozilla/4.0 (compatible; MSIE 6.0; Windows 98; Win 9x 4.90)"
209.85.238.172 - - [27/Feb/2010:01:07:12 -0800] "GET /feed/ HTTP/1.1" 302 355 "-" "Feedfetcher-Google; (+http://www.google.com/feedfetcher.html; 1 subscribers; feed-id=10831477631497958243)"
209.85.238.172 - - [27/Feb/2010:01:07:13 -0800] "GET / HTTP/1.1" 304 - "-" "Feedfetcher-Google; (+http://www.google.com/feedfetcher.html; 1 subscribers; feed-id=10831477631497958243)"
207.46.204.193 - - [27/Feb/2010:01:39:39 -0800] "GET /robots.txt HTTP/1.1" 302 355 "-" "msnbot/2.0b (+http://search.msn.com/msnbot.htm)"
207.46.204.193 - - [27/Feb/2010:01:39:39 -0800] "GET / HTTP/1.1" 200 163 "-" "msnbot/2.0b (+http://search.msn.com/msnbot.htm)"
207.46.204.193 - - [27/Feb/2010:01:40:19 -0800] "GET /category/eyemanage/ HTTP/1.1" 302 355 "-" "msnbot/2.0b (+http://search.msn.com/msnbot.htm)"
67.210.218.110 - - [27/Feb/2010:02:52:08 -0800] "GET /feed HTTP/1.1" 302 355 "-" "Rome Client (http://tinyurl.com/64t5n) Ver: 0.9"
67.210.218.110 - - [27/Feb/2010:02:52:08 -0800] "GET / HTTP/1.1" 200 163 "-" "Rome Client (http://tinyurl.com/64t5n) Ver: 0.9"
59.151.18.68 - - [27/Feb/2010:03:24:41 -0800] "GET / HTTP/1.0" 200 163 "http://jasoncmartin.com/" "Mozilla/4.0 (compatible; MSIE 5.5; Windows 95)"
200.253.115.18 - - [27/Feb/2010:03:25:05 -0800] "GET / HTTP/1.0" 200 163 "http://jasoncmartin.com/" "Mozilla/4.0 (compatible; MSIE 5.5; Windows 95)"
211.20.175.147 - - [27/Feb/2010:03:25:13 -0800] "GET / HTTP/1.0" 200 163 "http://jasoncmartin.com/" "Mozilla/4.0 (compatible; MSIE 5.5; Windows 95)"
219.54.64.70 - - [27/Feb/2010:03:25:55 -0800] "GET / HTTP/1.0" 200 163 "http://jasoncmartin.com/" "Mozilla/4.0 (compatible; MSIE 5.5; Windows 95)"
122.205.95.14 - - [27/Feb/2010:03:26:45 -0800] "GET / HTTP/1.1" 200 163 "http://jasoncmartin.com/" "Mozilla/4.0 (compatible; MSIE 5.5; Windows 95)"
91.212.3.138 - - [27/Feb/2010:03:26:46 -0800] "GET / HTTP/1.1" 200 163 "http://jasoncmartin.com/" "Mozilla/4.0 (compatible; MSIE 5.5; Windows 95)"
193.198.184.5 - - [27/Feb/2010:03:26:56 -0800] "GET / HTTP/1.1" 200 163 "http://jasoncmartin.com/" "Mozilla/4.0 (compatible; MSIE 5.5; Windows 95)"
89.212.135.232 - - [27/Feb/2010:03:27:16 -0800] "GET / HTTP/1.0" 200 163 "http://jasoncmartin.com/" "Mozilla/4.0 (compatible; MSIE 5.5; Windows 95)"
218.28.188.230 - - [27/Feb/2010:03:27:24 -0800] "GET / HTTP/1.0" 200 163 "http://jasoncmartin.com/" "Mozilla/4.0 (compatible; MSIE 5.5; Windows 95)"
64.78.155.100 - - [27/Feb/2010:03:57:21 -0800] "GET /feed/ HTTP/1.1" 302 355 "-" "NewsGatorOnline/2.0 (http://www.newsgator.com; 2 subscribers)"
64.78.155.100 - - [27/Feb/2010:03:57:21 -0800] "GET / HTTP/1.1" 200 163 "-" "NewsGatorOnline/2.0 (http://www.newsgator.com; 2 subscribers)"
93.158.148.31 - - [27/Feb/2010:04:07:12 -0800] "GET / HTTP/1.1" 200 163 "-" "Yandex/1.01.001 (compatible; Win16; I)"
209.85.238.172 - - [27/Feb/2010:04:07:23 -0800] "GET /feed/ HTTP/1.1" 302 355 "-" "Feedfetcher-Google; (+http://www.google.com/feedfetcher.html; 1 subscribers; feed-id=10831477631497958243)"
209.85.238.172 - - [27/Feb/2010:04:07:24 -0800] "GET / HTTP/1.1" 304 - "-" "Feedfetcher-Google; (+http://www.google.com/feedfetcher.html; 1 subscribers; feed-id=10831477631497958243)"
209.85.238.172 - - [27/Feb/2010:07:07:32 -0800] "GET /feed/ HTTP/1.1" 302 355 "-" "Feedfetcher-Google; (+http://www.google.com/feedfetcher.html; 1 subscribers; feed-id=10831477631497958243)"
209.85.238.172 - - [27/Feb/2010:07:07:33 -0800] "GET / HTTP/1.1" 304 - "-" "Feedfetcher-Google; (+http://www.google.com/feedfetcher.html; 1 subscribers; feed-id=10831477631497958243)"
216.129.119.10 - - [27/Feb/2010:08:59:37 -0800] "GET /robots.txt HTTP/1.1" 302 359 "-" "Mozilla/5.0 (Twiceler-0.9 http://www.cuil.com/twiceler/robot.html)"
209.85.238.172 - - [27/Feb/2010:10:07:42 -0800] "GET /feed/ HTTP/1.1" 302 355 "-" "Feedfetcher-Google; (+http://www.google.com/feedfetcher.html; 1 subscribers; feed-id=10831477631497958243)"
209.85.238.172 - - [27/Feb/2010:10:07:43 -0800] "GET / HTTP/1.1" 200 163 "-" "Feedfetcher-Google; (+http://www.google.com/feedfetcher.html; 1 subscribers; feed-id=10831477631497958243)"
209.85.238.172 - - [27/Feb/2010:13:14:51 -0800] "GET /feed/ HTTP/1.1" 302 355 "-" "Feedfetcher-Google; (+http://www.google.com/feedfetcher.html; 1 subscribers; feed-id=10831477631497958243)"
209.85.238.172 - - [27/Feb/2010:13:14:52 -0800] "GET / HTTP/1.1" 304 - "-" "Feedfetcher-Google; (+http://www.google.com/feedfetcher.html; 1 subscribers; feed-id=10831477631497958243)"
193.252.149.14 - - [27/Feb/2010:16:14:58 -0800] "GET /robots.txt HTTP/1.1" 302 355 "-" "Mozilla/5.0 (Windows; U; Windows NT 5.1; fr; rv:1.8.1) VoilaBot BETA 1.2 (support.voilabot@orange-ftgroup.com)"
209.85.238.172 - - [27/Feb/2010:16:15:01 -0800] "GET /feed/ HTTP/1.1" 302 355 "-" "Feedfetcher-Google; (+http://www.google.com/feedfetcher.html; 1 subscribers; feed-id=10831477631497958243)"
209.85.238.172 - - [27/Feb/2010:16:15:02 -0800] "GET / HTTP/1.1" 304 - "-" "Feedfetcher-Google; (+http://www.google.com/feedfetcher.html; 1 subscribers; feed-id=10831477631497958243)"
193.252.149.14 - - [27/Feb/2010:16:15:08 -0800] "GET / HTTP/1.1" 200 163 "-" "Mozilla/5.0 (Windows; U; Windows NT 5.1; fr; rv:1.8.1) VoilaBot BETA 1.2 (support.voilabot@orange-ftgroup.com)"
78.86.134.72 - - [27/Feb/2010:18:40:34 -0800] "GET /favicon.ico HTTP/1.1" 302 355 "-" "NetNewsWire/3.2 (Mac OS X; http://www.newsgator.com/Individuals/NetNewsWire/)"
209.85.238.172 - - [27/Feb/2010:19:18:01 -0800] "GET /feed/ HTTP/1.1" 302 355 "-" "Feedfetcher-Google; (+http://www.google.com/feedfetcher.html; 1 subscribers; feed-id=10831477631497958243)"
209.85.238.172 - - [27/Feb/2010:19:18:01 -0800] "GET / HTTP/1.1" 304 - "-" "Feedfetcher-Google; (+http://www.google.com/feedfetcher.html; 1 subscribers; feed-id=10831477631497958243)"
95.108.151.6 - - [27/Feb/2010:22:01:12 -0800] "GET /robots.txt HTTP/1.1" 302 355 "-" "Yandex/1.01.001 (compatible; Win16; m)"
95.108.151.6 - - [27/Feb/2010:22:01:15 -0800] "GET / HTTP/1.1" 200 163 "-" "Yandex/1.01.001 (compatible; Win16; m)"
67.195.113.216 - - [27/Feb/2010:22:01:50 -0800] "GET /robots.txt HTTP/1.0" 302 355 "-" "Mozilla/5.0 (compatible; Yahoo! Slurp; http://help.yahoo.com/help/us/ysearch/slurp)"
67.195.113.216 - - [27/Feb/2010:22:01:51 -0800] "GET / HTTP/1.0" 200 163 "-" "Mozilla/5.0 (compatible; Yahoo! Slurp; http://help.yahoo.com/help/us/ysearch/slurp)"
67.195.113.216 - - [27/Feb/2010:22:01:51 -0800] "GET /xmlrpc.php?rsd HTTP/1.0" 302 355 "-" "Mozilla/5.0 (compatible; Yahoo! Slurp/3.0; http://help.yahoo.com/help/us/ysearch/slurp)"
67.195.113.216 - - [27/Feb/2010:22:01:53 -0800] "GET / HTTP/1.0" 200 163 "-" "Mozilla/5.0 (compatible; Yahoo! Slurp/3.0; http://help.yahoo.com/help/us/ysearch/slurp)"
209.85.238.172 - - [27/Feb/2010:22:18:12 -0800] "GET /feed/ HTTP/1.1" 302 355 "-" "Feedfetcher-Google; (+http://www.google.com/feedfetcher.html; 1 subscribers; feed-id=10831477631497958243)"
209.85.238.172 - - [27/Feb/2010:22:18:12 -0800] "GET / HTTP/1.1" 304 - "-" "Feedfetcher-Google; (+http://www.google.com/feedfetcher.html; 1 subscribers; feed-id=10831477631497958243)"
123.125.66.20 - - [27/Feb/2010:23:54:08 -0800] "GET /robots.txt HTTP/1.1" 302 355 "-" "Baiduspider+(+http://www.baidu.com/search/spider.htm)"
123.125.66.38 - - [27/Feb/2010:23:54:09 -0800] "GET / HTTP/1.1" 200 163 "-" "Baiduspider+(+http://www.baidu.com/search/spider.htm)"
64.78.155.100 - - [28/Feb/2010:00:23:24 -0800] "GET /feed/ HTTP/1.1" 302 355 "-" "NewsGatorOnline/2.0 (http://www.newsgator.com; 2 subscribers)"
64.78.155.100 - - [28/Feb/2010:00:23:24 -0800] "GET / HTTP/1.1" 304 - "-" "NewsGatorOnline/2.0 (http://www.newsgator.com; 2 subscribers)"
209.85.238.172 - - [28/Feb/2010:01:18:31 -0800] "GET /feed/ HTTP/1.1" 302 355 "-" "Feedfetcher-Google; (+http://www.google.com/feedfetcher.html; 1 subscribers; feed-id=10831477631497958243)"
209.85.238.172 - - [28/Feb/2010:01:18:31 -0800] "GET / HTTP/1.1" 304 - "-" "Feedfetcher-Google; (+http://www.google.com/feedfetcher.html; 1 subscribers; feed-id=10831477631497958243)"
209.85.238.172 - - [28/Feb/2010:04:18:46 -0800] "GET /feed/ HTTP/1.1" 302 355 "-" "Feedfetcher-Google; (+http://www.google.com/feedfetcher.html; 1 subscribers; feed-id=10831477631497958243)"
209.85.238.172 - - [28/Feb/2010:04:18:47 -0800] "GET / HTTP/1.1" 304 - "-" "Feedfetcher-Google; (+http://www.google.com/feedfetcher.html; 1 subscribers; feed-id=10831477631497958243)"
67.218.116.132 - - [28/Feb/2010:04:26:37 -0800] "GET /robots.txt HTTP/1.1" 302 355 "-" "Mozilla/5.0 (Twiceler-0.9 http://www.cuil.com/twiceler/robot.html)"
209.85.238.172 - - [28/Feb/2010:07:19:01 -0800] "GET /feed/ HTTP/1.1" 302 355 "-" "Feedfetcher-Google; (+http://www.google.com/feedfetcher.html; 1 subscribers; feed-id=10831477631497958243)"
209.85.238.172 - - [28/Feb/2010:07:19:02 -0800] "GET / HTTP/1.1" 304 - "-" "Feedfetcher-Google; (+http://www.google.com/feedfetcher.html; 1 subscribers; feed-id=10831477631497958243)"
216.129.119.10 - - [28/Feb/2010:09:14:10 -0800] "GET /robots.txt HTTP/1.1" 302 359 "-" "Mozilla/5.0 (Twiceler-0.9 http://www.cuil.com/twiceler/robot.html)"
67.210.218.110 - - [28/Feb/2010:09:53:04 -0800] "GET /feed HTTP/1.1" 302 355 "-" "Rome Client (http://tinyurl.com/64t5n) Ver: 0.9"
67.210.218.110 - - [28/Feb/2010:09:53:04 -0800] "GET / HTTP/1.1" 200 163 "-" "Rome Client (http://tinyurl.com/64t5n) Ver: 0.9"
209.85.238.172 - - [28/Feb/2010:10:19:23 -0800] "GET /feed/ HTTP/1.1" 302 355 "-" "Feedfetcher-Google; (+http://www.google.com/feedfetcher.html; 1 subscribers; feed-id=10831477631497958243)"
209.85.238.172 - - [28/Feb/2010:10:19:24 -0800] "GET / HTTP/1.1" 304 - "-" "Feedfetcher-Google; (+http://www.google.com/feedfetcher.html; 1 subscribers; feed-id=10831477631497958243)"
64.246.165.190 - - [28/Feb/2010:12:00:02 -0800] "GET /robots.txt HTTP/1.0" 302 359 "-" "Mozilla/5.0 (Windows; U; Windows NT 5.1; en; rv:1.9.0.13) Gecko/2009073022 Firefox/3.5.2 (.NET CLR 3.5.30729) SurveyBot/2.3 (DomainTools)"
64.246.165.190 - - [28/Feb/2010:12:00:02 -0800] "GET / HTTP/1.1" 200 163 "http://whois.domaintools.com/jasoncmartin.com" "Mozilla/5.0 (Windows; U; Windows NT 5.1; en; rv:1.9.0.13) Gecko/2009073022 Firefox/3.5.2 (.NET CLR 3.5.30729) SurveyBot/2.3 (DomainTools)"
207.46.204.196 - - [28/Feb/2010:13:10:10 -0800] "GET /robots.txt HTTP/1.1" 302 355 "-" "msnbot/2.0b (+http://search.msn.com/msnbot.htm)"
207.46.204.196 - - [28/Feb/2010:13:10:10 -0800] "GET / HTTP/1.1" 200 163 "-" "msnbot/2.0b (+http://search.msn.com/msnbot.htm)"
207.46.204.196 - - [28/Feb/2010:13:10:45 -0800] "GET /category/brickfilmscom/ HTTP/1.1" 302 355 "-" "msnbot/2.0b (+http://search.msn.com/msnbot.htm)"
209.85.238.172 - - [28/Feb/2010:13:19:42 -0800] "GET /feed/ HTTP/1.1" 302 355 "-" "Feedfetcher-Google; (+http://www.google.com/feedfetcher.html; 1 subscribers; feed-id=10831477631497958243)"
209.85.238.172 - - [28/Feb/2010:13:19:43 -0800] "GET / HTTP/1.1" 304 - "-" "Feedfetcher-Google; (+http://www.google.com/feedfetcher.html; 1 subscribers; feed-id=10831477631497958243)"
209.85.238.172 - - [28/Feb/2010:16:20:12 -0800] "GET /feed/ HTTP/1.1" 302 355 "-" "Feedfetcher-Google; (+http://www.google.com/feedfetcher.html; 1 subscribers; feed-id=10831477631497958243)"
209.85.238.172 - - [28/Feb/2010:16:20:13 -0800] "GET / HTTP/1.1" 200 163 "-" "Feedfetcher-Google; (+http://www.google.com/feedfetcher.html; 1 subscribers; feed-id=10831477631497958243)"
207.46.199.43 - - [28/Feb/2010:16:42:52 -0800] "GET /robots.txt HTTP/1.1" 302 355 "-" "msnbot/2.0b (+http://search.msn.com/msnbot.htm)"
207.46.199.43 - - [28/Feb/2010:16:42:52 -0800] "GET / HTTP/1.1" 200 163 "-" "msnbot/2.0b (+http://search.msn.com/msnbot.htm)"
207.46.199.43 - - [28/Feb/2010:16:43:51 -0800] "GET / HTTP/1.1" 304 - "-" "msnbot/2.0b (+http://search.msn.com/msnbot.htm)"
67.195.113.216 - - [28/Feb/2010:17:17:10 -0800] "GET /robots.txt HTTP/1.0" 302 355 "-" "Mozilla/5.0 (compatible; Yahoo! Slurp; http://help.yahoo.com/help/us/ysearch/slurp)"
67.195.113.216 - - [28/Feb/2010:17:17:11 -0800] "GET / HTTP/1.0" 200 163 "-" "Mozilla/5.0 (compatible; Yahoo! Slurp; http://help.yahoo.com/help/us/ysearch/slurp)"
67.195.113.216 - - [28/Feb/2010:17:17:11 -0800] "GET /page/3/ HTTP/1.0" 302 355 "-" "Mozilla/5.0 (compatible; Yahoo! Slurp/3.0; http://help.yahoo.com/help/us/ysearch/slurp)"
67.195.113.216 - - [28/Feb/2010:17:17:13 -0800] "GET / HTTP/1.0" 200 163 "-" "Mozilla/5.0 (compatible; Yahoo! Slurp/3.0; http://help.yahoo.com/help/us/ysearch/slurp)"
67.195.113.216 - - [28/Feb/2010:18:55:23 -0800] "GET /category/brickfilmscom/ HTTP/1.0" 302 355 "-" "Mozilla/5.0 (compatible; Yahoo! Slurp/3.0; http://help.yahoo.com/help/us/ysearch/slurp)"
209.85.238.172 - - [28/Feb/2010:19:20:22 -0800] "GET /feed/ HTTP/1.1" 302 355 "-" "Feedfetcher-Google; (+http://www.google.com/feedfetcher.html; 1 subscribers; feed-id=10831477631497958243)"
209.85.238.172 - - [28/Feb/2010:19:20:23 -0800] "GET / HTTP/1.1" 304 - "-" "Feedfetcher-Google; (+http://www.google.com/feedfetcher.html; 1 subscribers; feed-id=10831477631497958243)"
64.78.155.100 - - [28/Feb/2010:20:47:40 -0800] "GET /feed/ HTTP/1.1" 302 355 "-" "NewsGatorOnline/2.0 (http://www.newsgator.com; 2 subscribers)"
64.78.155.100 - - [28/Feb/2010:20:47:41 -0800] "GET / HTTP/1.1" 304 - "-" "NewsGatorOnline/2.0 (http://www.newsgator.com; 2 subscribers)"
209.85.238.172 - - [28/Feb/2010:22:20:43 -0800] "GET /feed/ HTTP/1.1" 302 355 "-" "Feedfetcher-Google; (+http://www.google.com/feedfetcher.html; 1 subscribers; feed-id=10831477631497958243)"
209.85.238.172 - - [28/Feb/2010:22:20:44 -0800] "GET / HTTP/1.1" 304 - "-" "Feedfetcher-Google; (+http://www.google.com/feedfetcher.html; 1 subscribers; feed-id=10831477631497958243)"
78.86.134.72 - - [01/Mar/2010:00:00:42 -0800] "GET /favicon.ico HTTP/1.1" 302 355 "-" "NetNewsWire/3.2 (Mac OS X; http://www.newsgator.com/Individuals/NetNewsWire/)"
123.125.66.51 - - [01/Mar/2010:00:12:38 -0800] "GET /robots.txt HTTP/1.1" 302 355 "-" "Baiduspider+(+http://www.baidu.com/search/spider.htm)"
123.125.66.22 - - [01/Mar/2010:00:12:38 -0800] "GET / HTTP/1.1" 200 163 "-" "Baiduspider+(+http://www.baidu.com/search/spider.htm)"
209.85.238.172 - - [01/Mar/2010:01:20:50 -0800] "GET /feed/ HTTP/1.1" 302 355 "-" "Feedfetcher-Google; (+http://www.google.com/feedfetcher.html; 1 subscribers; feed-id=10831477631497958243)"
209.85.238.172 - - [01/Mar/2010:01:20:51 -0800] "GET / HTTP/1.1" 304 - "-" "Feedfetcher-Google; (+http://www.google.com/feedfetcher.html; 1 subscribers; feed-id=10831477631497958243)"
67.218.116.132 - - [01/Mar/2010:04:13:51 -0800] "GET /robots.txt HTTP/1.1" 302 355 "-" "Mozilla/5.0 (Twiceler-0.9 http://www.cuil.com/twiceler/robot.html)"
209.85.238.172 - - [01/Mar/2010:04:21:01 -0800] "GET /feed/ HTTP/1.1" 302 355 "-" "Feedfetcher-Google; (+http://www.google.com/feedfetcher.html; 1 subscribers; feed-id=10831477631497958243)"
209.85.238.172 - - [01/Mar/2010:04:21:08 -0800] "GET / HTTP/1.1" 304 - "-" "Feedfetcher-Google; (+http://www.google.com/feedfetcher.html; 1 subscribers; feed-id=10831477631497958243)"
67.195.113.216 - - [01/Mar/2010:04:34:07 -0800] "GET /robots.txt HTTP/1.0" 302 355 "-" "Mozilla/5.0 (compatible; Yahoo! Slurp; http://help.yahoo.com/help/us/ysearch/slurp)"
67.195.113.216 - - [01/Mar/2010:04:34:08 -0800] "GET / HTTP/1.0" 200 163 "-" "Mozilla/5.0 (compatible; Yahoo! Slurp; http://help.yahoo.com/help/us/ysearch/slurp)"
67.195.113.216 - - [01/Mar/2010:04:34:08 -0800] "GET / HTTP/1.0" 200 163 "-" "Mozilla/5.0 (compatible; Yahoo! Slurp/3.0; http://help.yahoo.com/help/us/ysearch/slurp)"
74.222.4.82 - - [01/Mar/2010:06:24:21 -0800] "GET /robots.txt HTTP/1.0" 302 355 "http://jasoncmartin.com/robots.txt" "Mozilla/4.0 (compatible; MSIE 6.0; Windows NT 5.1; SV1; .NET CLR 2.0.50727)"
74.222.4.82 - - [01/Mar/2010:06:24:21 -0800] "GET / HTTP/1.0" 200 163 "http://jasoncmartin.com/" "Mozilla/4.0 (compatible; MSIE 6.0; Windows NT 5.1; SV1; .NET CLR 2.0.50727)"
209.85.238.172 - - [01/Mar/2010:07:22:11 -0800] "GET /feed/ HTTP/1.1" 302 355 "-" "Feedfetcher-Google; (+http://www.google.com/feedfetcher.html; 1 subscribers; feed-id=10831477631497958243)"
209.85.238.172 - - [01/Mar/2010:07:22:12 -0800] "GET / HTTP/1.1" 304 - "-" "Feedfetcher-Google; (+http://www.google.com/feedfetcher.html; 1 subscribers; feed-id=10831477631497958243)"
67.195.113.216 - - [01/Mar/2010:07:31:35 -0800] "GET /2008/09/whats-up/comment-page-1/ HTTP/1.0" 302 355 "-" "Mozilla/5.0 (compatible; Yahoo! Slurp/3.0; http://help.yahoo.com/help/us/ysearch/slurp)"
67.195.113.216 - - [01/Mar/2010:07:31:36 -0800] "GET / HTTP/1.0" 200 163 "-" "Mozilla/5.0 (compatible; Yahoo! Slurp/3.0; http://help.yahoo.com/help/us/ysearch/slurp)"
216.129.119.10 - - [01/Mar/2010:09:32:46 -0800] "GET /robots.txt HTTP/1.1" 302 359 "-" "Mozilla/5.0 (Twiceler-0.9 http://www.cuil.com/twiceler/robot.html)"
209.85.238.172 - - [01/Mar/2010:10:22:20 -0800] "GET /feed/ HTTP/1.1" 302 355 "-" "Feedfetcher-Google; (+http://www.google.com/feedfetcher.html; 1 subscribers; feed-id=10831477631497958243)"
209.85.238.172 - - [01/Mar/2010:10:22:21 -0800] "GET / HTTP/1.1" 304 - "-" "Feedfetcher-Google; (+http://www.google.com/feedfetcher.html; 1 subscribers; feed-id=10831477631497958243)"
209.85.238.172 - - [01/Mar/2010:13:22:31 -0800] "GET /feed/ HTTP/1.1" 302 355 "-" "Feedfetcher-Google; (+http://www.google.com/feedfetcher.html; 1 subscribers; feed-id=10831477631497958243)"
209.85.238.172 - - [01/Mar/2010:13:22:32 -0800] "GET / HTTP/1.1" 304 - "-" "Feedfetcher-Google; (+http://www.google.com/feedfetcher.html; 1 subscribers; feed-id=10831477631497958243)"
76.124.215.53 - - [01/Mar/2010:13:24:06 -0800] "GET /feed/ HTTP/1.1" 302 355 "-" "Mozilla/5.0 (Windows; U; Windows NT 6.0; en-US; rv:1.9.1.8) Gecko/20100202 Firefox/3.5.8 (.NET CLR 3.5.30729)"
76.124.215.53 - - [01/Mar/2010:13:24:06 -0800] "GET / HTTP/1.1" 200 163 "-" "Mozilla/5.0 (Windows; U; Windows NT 6.0; en-US; rv:1.9.1.8) Gecko/20100202 Firefox/3.5.8 (.NET CLR 3.5.30729)"
67.210.218.110 - - [01/Mar/2010:15:12:48 -0800] "GET /feed HTTP/1.1" 302 355 "-" "Rome Client (http://tinyurl.com/64t5n) Ver: 0.9"
67.210.218.110 - - [01/Mar/2010:15:12:49 -0800] "GET / HTTP/1.1" 200 163 "-" "Rome Client (http://tinyurl.com/64t5n) Ver: 0.9"
93.158.148.31 - - [01/Mar/2010:15:30:28 -0800] "GET /robots.txt HTTP/1.1" 302 355 "-" "Yandex/1.01.001 (compatible; Win16; I)"
67.202.29.142 - - [01/Mar/2010:15:41:49 -0800] "GET /robots.txt HTTP/1.1" 302 355 "-" "Mozilla/5.0 (compatible; spbot/2.0; +http://www.seoprofiler.com/bot/ )"
67.202.29.142 - - [01/Mar/2010:15:41:50 -0800] "GET / HTTP/1.1" 200 163 "-" "Mozilla/5.0 (compatible; spbot/2.0; +http://www.seoprofiler.com/bot/ )"
67.202.29.142 - - [01/Mar/2010:15:41:50 -0800] "GET / HTTP/1.1" 200 163 "-" "Mozilla/5.0 (compatible; spbot/2.0; +http://www.seoprofiler.com/bot/ )"
64.78.155.100 - - [01/Mar/2010:17:10:00 -0800] "GET /feed/ HTTP/1.1" 302 355 "-" "NewsGatorOnline/2.0 (http://www.newsgator.com; 2 subscribers)"
64.78.155.100 - - [01/Mar/2010:17:10:00 -0800] "GET / HTTP/1.1" 304 - "-" "NewsGatorOnline/2.0 (http://www.newsgator.com; 2 subscribers)"
193.47.80.37 - - [01/Mar/2010:17:22:54 -0800] "GET /robots.txt HTTP/1.1" 302 355 "-" "Mozilla/5.0 (compatible; Exabot/3.0; +http://www.exabot.com/go/robot)"
193.47.80.37 - - [01/Mar/2010:17:22:54 -0800] "GET / HTTP/1.1" 200 163 "-" "Mozilla/5.0 (compatible; Exabot/3.0; +http://www.exabot.com/go/robot)"
193.47.80.37 - - [01/Mar/2010:17:22:55 -0800] "GET / HTTP/1.1" 304 - "-" "Mozilla/5.0 (compatible; Exabot/3.0; +http://www.exabot.com/go/robot)"
209.85.238.163 - - [01/Mar/2010:17:55:37 -0800] "GET /feed/ HTTP/1.1" 302 355 "-" "Feedfetcher-Google; (+http://www.google.com/feedfetcher.html; 1 subscribers; feed-id=10831477631497958243)"
209.85.238.163 - - [01/Mar/2010:17:55:38 -0800] "GET / HTTP/1.1" 304 - "-" "Feedfetcher-Google; (+http://www.google.com/feedfetcher.html; 1 subscribers; feed-id=10831477631497958243)"
209.85.238.163 - - [01/Mar/2010:20:55:48 -0800] "GET /feed/ HTTP/1.1" 302 355 "-" "Feedfetcher-Google; (+http://www.google.com/feedfetcher.html; 1 subscribers; feed-id=10831477631497958243)"
209.85.238.163 - - [01/Mar/2010:20:55:48 -0800] "GET / HTTP/1.1" 304 - "-" "Feedfetcher-Google; (+http://www.google.com/feedfetcher.html; 1 subscribers; feed-id=10831477631497958243)"
209.85.238.163 - - [01/Mar/2010:23:59:47 -0800] "GET /feed/ HTTP/1.1" 302 355 "-" "Feedfetcher-Google; (+http://www.google.com/feedfetcher.html; 1 subscribers; feed-id=10831477631497958243)"
209.85.238.163 - - [01/Mar/2010:23:59:48 -0800] "GET / HTTP/1.1" 304 - "-" "Feedfetcher-Google; (+http://www.google.com/feedfetcher.h