67.195.114.251 - - [11/Feb/2010:12:13:33 -0800] "GET / HTTP/1.0" 200 163 "-" "Mozilla/5.0 (compatible; Yahoo! Slurp/3.0; http://help.yahoo.com/help/us/ysearch/slurp)"
67.195.114.251 - - [11/Feb/2010:12:44:49 -0800] "GET /2008/02/ HTTP/1.0" 302 355 "-" "Mozilla/5.0 (compatible; Yahoo! Slurp/3.0; http://help.yahoo.com/help/us/ysearch/slurp)"
78.86.134.72 - - [11/Feb/2010:13:40:56 -0800] "GET /favicon.ico HTTP/1.1" 302 355 "-" "NetNewsWire/3.2 (Mac OS X; http://www.newsgator.com/Individuals/NetNewsWire/)"
93.158.148.31 - - [11/Feb/2010:13:58:03 -0800] "GET /robots.txt HTTP/1.1" 302 355 "-" "Yandex/1.01.001 (compatible; Win16; I)"
67.195.114.251 - - [11/Feb/2010:14:26:22 -0800] "GET /2008/07/1000/ HTTP/1.0" 302 355 "-" "Mozilla/5.0 (compatible; Yahoo! Slurp/3.0; http://help.yahoo.com/help/us/ysearch/slurp)"
67.195.114.251 - - [11/Feb/2010:14:26:22 -0800] "GET / HTTP/1.0" 200 163 "-" "Mozilla/5.0 (compatible; Yahoo! Slurp/3.0; http://help.yahoo.com/help/us/ysearch/slurp)"
72.14.199.216 - - [11/Feb/2010:14:49:29 -0800] "GET /feed/ HTTP/1.1" 302 355 "-" "Feedfetcher-Google; (+http://www.google.com/feedfetcher.html; 1 subscribers; feed-id=10831477631497958243)"
72.14.199.216 - - [11/Feb/2010:14:49:29 -0800] "GET / HTTP/1.1" 304 - "-" "Feedfetcher-Google; (+http://www.google.com/feedfetcher.html; 1 subscribers; feed-id=10831477631497958243)"
75.101.214.118 - - [11/Feb/2010:15:07:12 -0800] "GET /robots.txt HTTP/1.1" 302 355 "-" "Mozilla/5.0 (compatible; spbot/1.2; +http://www.seoprofiler.com/bot/ )"
75.101.214.118 - - [11/Feb/2010:15:07:13 -0800] "GET / HTTP/1.1" 200 163 "-" "Mozilla/5.0 (compatible; spbot/1.2; +http://www.seoprofiler.com/bot/ )"
75.101.214.118 - - [11/Feb/2010:15:07:13 -0800] "GET / HTTP/1.1" 200 163 "-" "Mozilla/5.0 (compatible; spbot/1.2; +http://www.seoprofiler.com/bot/ )"
65.55.218.158 - - [11/Feb/2010:16:25:42 -0800] "GET /robots.txt HTTP/1.1" 302 355 "-" "msnbot/2.0b (+http://search.msn.com/msnbot.htm)"
65.55.218.158 - - [11/Feb/2010:16:25:42 -0800] "GET / HTTP/1.1" 200 163 "-" "msnbot/2.0b (+http://search.msn.com/msnbot.htm)"
65.55.218.158 - - [11/Feb/2010:16:26:58 -0800] "GET /2006/05/fig-progress/ HTTP/1.1" 302 355 "-" "msnbot/2.0b (+http://search.msn.com/msnbot.htm)"
72.14.199.216 - - [11/Feb/2010:16:44:18 -0800] "GET /feed/ HTTP/1.1" 302 355 "-" "Feedfetcher-Google; (+http://www.google.com/feedfetcher.html; 1 subscribers; feed-id=10831477631497958243)"
72.14.199.216 - - [11/Feb/2010:16:44:19 -0800] "GET / HTTP/1.1" 304 - "-" "Feedfetcher-Google; (+http://www.google.com/feedfetcher.html; 1 subscribers; feed-id=10831477631497958243)"
67.195.111.183 - - [11/Feb/2010:17:52:07 -0800] "GET /robots.txt HTTP/1.0" 302 359 "-" "Mozilla/5.0 (compatible; Yahoo! Slurp; http://help.yahoo.com/help/us/ysearch/slurp)"
67.195.111.183 - - [11/Feb/2010:17:52:08 -0800] "GET / HTTP/1.0" 200 163 "-" "Mozilla/5.0 (compatible; Yahoo! Slurp; http://help.yahoo.com/help/us/ysearch/slurp)"
67.195.111.183 - - [11/Feb/2010:17:52:08 -0800] "GET / HTTP/1.0" 200 163 "-" "Mozilla/5.0 (compatible; Yahoo! Slurp/3.0; http://help.yahoo.com/help/us/ysearch/slurp)"
65.55.106.228 - - [11/Feb/2010:18:03:21 -0800] "GET /robots.txt HTTP/1.1" 302 355 "-" "msnbot/2.0b (+http://search.msn.com/msnbot.htm)"
65.55.106.228 - - [11/Feb/2010:18:03:21 -0800] "GET / HTTP/1.1" 200 163 "-" "msnbot/2.0b (+http://search.msn.com/msnbot.htm)"
65.55.106.228 - - [11/Feb/2010:18:04:29 -0800] "GET /2008/09/whats-up/comment-page-1/ HTTP/1.1" 302 355 "-" "msnbot/2.0b (+http://search.msn.com/msnbot.htm)"
174.129.152.208 - - [11/Feb/2010:18:35:00 -0800] "GET /robots.txt HTTP/1.1" 302 355 "-" "Mozilla/5.0 (compatible; spbot/1.2; +http://www.seoprofiler.com/bot/ )"
174.129.152.208 - - [11/Feb/2010:18:35:00 -0800] "GET / HTTP/1.1" 200 163 "-" "Mozilla/5.0 (compatible; spbot/1.2; +http://www.seoprofiler.com/bot/ )"
174.129.152.208 - - [11/Feb/2010:18:35:01 -0800] "GET / HTTP/1.1" 200 163 "-" "Mozilla/5.0 (compatible; spbot/1.2; +http://www.seoprofiler.com/bot/ )"
67.195.114.251 - - [11/Feb/2010:19:31:27 -0800] "GET /2007/09/ HTTP/1.0" 302 355 "-" "Mozilla/5.0 (compatible; Yahoo! Slurp/3.0; http://help.yahoo.com/help/us/ysearch/slurp)"
67.195.114.251 - - [11/Feb/2010:19:31:28 -0800] "GET / HTTP/1.0" 200 163 "-" "Mozilla/5.0 (compatible; Yahoo! Slurp/3.0; http://help.yahoo.com/help/us/ysearch/slurp)"
72.14.199.216 - - [11/Feb/2010:19:44:28 -0800] "GET /feed/ HTTP/1.1" 302 355 "-" "Feedfetcher-Google; (+http://www.google.com/feedfetcher.html; 1 subscribers; feed-id=10831477631497958243)"
72.14.199.216 - - [11/Feb/2010:19:44:29 -0800] "GET / HTTP/1.1" 304 - "-" "Feedfetcher-Google; (+http://www.google.com/feedfetcher.html; 1 subscribers; feed-id=10831477631497958243)"
207.46.195.231 - - [11/Feb/2010:19:46:59 -0800] "GET /robots.txt HTTP/1.1" 302 355 "-" "msnbot/2.0b (+http://search.msn.com/msnbot.htm)"
207.46.195.231 - - [11/Feb/2010:19:46:59 -0800] "GET / HTTP/1.1" 200 163 "-" "msnbot/2.0b (+http://search.msn.com/msnbot.htm)"
184.73.3.33 - - [11/Feb/2010:19:58:25 -0800] "GET /robots.txt HTTP/1.0" 302 355 "-" "taptubot *** please read http://www.taptu.com/corp/taptubot ***"
184.73.3.33 - - [11/Feb/2010:19:58:32 -0800] "GET / HTTP/1.0" 200 163 "-" "taptubot *** please read http://www.taptu.com/corp/taptubot ***"
184.73.3.33 - - [11/Feb/2010:19:58:41 -0800] "GET /apple-touch-icon.png HTTP/1.0" 302 355 "-" "Mozilla/5.0 (iPhone; U; CPU like Mac OS X; en) AppleWebKit/420+ (KHTML, like Gecko) Version/3.0 Mobile/1A543a Safari/419.3"
184.73.3.33 - - [11/Feb/2010:19:58:55 -0800] "GET / HTTP/1.0" 200 163 "-" "Mozilla/5.0 (iPhone; U; CPU like Mac OS X; en) AppleWebKit/420+ (KHTML, like Gecko) Version/3.0 Mobile/1A543a Safari/419.3"
184.73.3.33 - - [11/Feb/2010:19:59:08 -0800] "GET /iphone/ HTTP/1.0" 302 359 "-" "Mozilla/5.0 (iPhone; U; CPU like Mac OS X; en) AppleWebKit/420+ (KHTML, like Gecko) Version/3.0 Mobile/1A543a Safari/419.3"
184.73.3.33 - - [11/Feb/2010:19:59:18 -0800] "GET /mobile/ HTTP/1.0" 302 359 "-" "Mozilla/5.0 (iPhone; U; CPU like Mac OS X; en) AppleWebKit/420+ (KHTML, like Gecko) Version/3.0 Mobile/1A543a Safari/419.3"
184.73.3.33 - - [11/Feb/2010:19:59:25 -0800] "GET /m/ HTTP/1.0" 302 359 "-" "Mozilla/5.0 (iPhone; U; CPU like Mac OS X; en) AppleWebKit/420+ (KHTML, like Gecko) Version/3.0 Mobile/1A543a Safari/419.3"
184.73.3.33 - - [11/Feb/2010:19:59:26 -0800] "GET /mobi/ HTTP/1.0" 302 359 "-" "Mozilla/5.0 (iPhone; U; CPU like Mac OS X; en) AppleWebKit/420+ (KHTML, like Gecko) Version/3.0 Mobile/1A543a Safari/419.3"
64.78.155.100 - - [11/Feb/2010:20:08:07 -0800] "GET /feed/ HTTP/1.1" 302 355 "-" "NewsGatorOnline/2.0 (http://www.newsgator.com; 2 subscribers)"
64.78.155.100 - - [11/Feb/2010:20:08:07 -0800] "GET / HTTP/1.1" 304 - "-" "NewsGatorOnline/2.0 (http://www.newsgator.com; 2 subscribers)"
67.210.218.110 - - [11/Feb/2010:21:06:55 -0800] "GET /feed HTTP/1.1" 302 355 "-" "Rome Client (http://tinyurl.com/64t5n) Ver: 0.9"
67.210.218.110 - - [11/Feb/2010:21:06:55 -0800] "GET / HTTP/1.1" 200 163 "-" "Rome Client (http://tinyurl.com/64t5n) Ver: 0.9"
174.129.181.188 - - [11/Feb/2010:21:16:29 -0800] "GET /robots.txt HTTP/1.1" 302 355 "-" "Mozilla/5.0 (compatible; spbot/1.2; +http://www.seoprofiler.com/bot/ )"
174.129.181.188 - - [11/Feb/2010:21:16:29 -0800] "GET / HTTP/1.1" 200 163 "-" "Mozilla/5.0 (compatible; spbot/1.2; +http://www.seoprofiler.com/bot/ )"
174.129.181.188 - - [11/Feb/2010:21:16:30 -0800] "GET / HTTP/1.1" 200 163 "-" "Mozilla/5.0 (compatible; spbot/1.2; +http://www.seoprofiler.com/bot/ )"
72.14.199.216 - - [11/Feb/2010:22:44:38 -0800] "GET /feed/ HTTP/1.1" 302 355 "-" "Feedfetcher-Google; (+http://www.google.com/feedfetcher.html; 1 subscribers; feed-id=10831477631497958243)"
72.14.199.216 - - [11/Feb/2010:22:44:38 -0800] "GET / HTTP/1.1" 304 - "-" "Feedfetcher-Google; (+http://www.google.com/feedfetcher.html; 1 subscribers; feed-id=10831477631497958243)"
93.158.148.31 - - [11/Feb/2010:22:49:47 -0800] "GET /robots.txt HTTP/1.1" 302 359 "-" "Yandex/1.01.001 (compatible; Win16; I)"
207.46.195.231 - - [11/Feb/2010:23:12:47 -0800] "GET /robots.txt HTTP/1.1" 302 355 "-" "msnbot/2.0b (+http://search.msn.com/msnbot.htm)"
207.46.195.231 - - [11/Feb/2010:23:12:47 -0800] "GET / HTTP/1.1" 200 163 "-" "msnbot/2.0b (+http://search.msn.com/msnbot.htm)"
75.101.215.253 - - [11/Feb/2010:23:56:19 -0800] "GET /robots.txt HTTP/1.1" 302 355 "-" "Mozilla/5.0 (compatible; spbot/1.2; +http://www.seoprofiler.com/bot/ )"
75.101.215.253 - - [11/Feb/2010:23:56:19 -0800] "GET / HTTP/1.1" 200 163 "-" "Mozilla/5.0 (compatible; spbot/1.2; +http://www.seoprofiler.com/bot/ )"
75.101.215.253 - - [11/Feb/2010:23:56:20 -0800] "GET / HTTP/1.1" 200 163 "-" "Mozilla/5.0 (compatible; spbot/1.2; +http://www.seoprofiler.com/bot/ )"
93.158.148.31 - - [12/Feb/2010:00:12:19 -0800] "GET / HTTP/1.1" 200 163 "-" "Yandex/1.01.001 (compatible; Win16; I)"
93.158.148.31 - - [12/Feb/2010:01:34:52 -0800] "GET /music/My%20Song%2015.mp3 HTTP/1.1" 302 355 "-" "Yandex/1.01.001 (compatible; Win16; I)"
207.46.195.227 - - [12/Feb/2010:01:36:52 -0800] "GET /robots.txt HTTP/1.1" 302 355 "-" "msnbot/2.0b (+http://search.msn.com/msnbot.htm)"
207.46.195.227 - - [12/Feb/2010:01:36:52 -0800] "GET / HTTP/1.1" 200 163 "-" "msnbot/2.0b (+http://search.msn.com/msnbot.htm)"
72.14.199.216 - - [12/Feb/2010:01:44:48 -0800] "GET /feed/ HTTP/1.1" 302 355 "-" "Feedfetcher-Google; (+http://www.google.com/feedfetcher.html; 1 subscribers; feed-id=10831477631497958243)"
72.14.199.216 - - [12/Feb/2010:01:44:48 -0800] "GET / HTTP/1.1" 304 - "-" "Feedfetcher-Google; (+http://www.google.com/feedfetcher.html; 1 subscribers; feed-id=10831477631497958243)"
174.129.159.143 - - [12/Feb/2010:02:05:49 -0800] "GET /robots.txt HTTP/1.1" 302 355 "-" "Mozilla/5.0 (compatible; spbot/1.2; +http://www.seoprofiler.com/bot/ )"
174.129.159.143 - - [12/Feb/2010:02:05:49 -0800] "GET / HTTP/1.1" 200 163 "-" "Mozilla/5.0 (compatible; spbot/1.2; +http://www.seoprofiler.com/bot/ )"
174.129.159.143 - - [12/Feb/2010:02:05:53 -0800] "GET / HTTP/1.1" 200 163 "-" "Mozilla/5.0 (compatible; spbot/1.2; +http://www.seoprofiler.com/bot/ )"
64.56.66.210 - - [12/Feb/2010:02:13:28 -0800] "GET /robots.txt HTTP/1.0" 302 355 "http://jasoncmartin.com/robots.txt" "Mozilla/4.0 (compatible; MSIE 6.0; Windows NT 5.1; SV1; .NET CLR 2.0.50727)"
64.56.66.210 - - [12/Feb/2010:02:13:28 -0800] "GET / HTTP/1.0" 200 163 "http://jasoncmartin.com/" "Mozilla/4.0 (compatible; MSIE 6.0; Windows NT 5.1; SV1; .NET CLR 2.0.50727)"
207.46.195.231 - - [12/Feb/2010:02:26:51 -0800] "GET /robots.txt HTTP/1.1" 302 355 "-" "msnbot/2.0b (+http://search.msn.com/msnbot.htm)"
207.46.195.231 - - [12/Feb/2010:02:26:51 -0800] "GET / HTTP/1.1" 200 163 "-" "msnbot/2.0b (+http://search.msn.com/msnbot.htm)"
67.218.116.132 - - [12/Feb/2010:03:15:35 -0800] "GET /robots.txt HTTP/1.1" 302 355 "-" "Mozilla/5.0 (Twiceler-0.9 http://www.cuil.com/twiceler/robot.html)"
72.14.199.216 - - [12/Feb/2010:03:48:04 -0800] "GET /feed/ HTTP/1.1" 302 355 "-" "Feedfetcher-Google; (+http://www.google.com/feedfetcher.html; 1 subscribers; feed-id=10831477631497958243)"
72.14.199.216 - - [12/Feb/2010:03:48:05 -0800] "GET / HTTP/1.1" 304 - "-" "Feedfetcher-Google; (+http://www.google.com/feedfetcher.html; 1 subscribers; feed-id=10831477631497958243)"
72.14.199.216 - - [12/Feb/2010:04:16:40 -0800] "GET /feed/ HTTP/1.1" 302 355 "-" "Feedfetcher-Google; (+http://www.google.com/feedfetcher.html; 1 subscribers; feed-id=10831477631497958243)"
72.14.199.216 - - [12/Feb/2010:04:16:40 -0800] "GET / HTTP/1.1" 304 - "-" "Feedfetcher-Google; (+http://www.google.com/feedfetcher.html; 1 subscribers; feed-id=10831477631497958243)"
65.55.207.134 - - [12/Feb/2010:04:29:34 -0800] "GET /robots.txt HTTP/1.1" 302 355 "-" "msnbot/2.0b (+http://search.msn.com/msnbot.htm)"
65.55.207.134 - - [12/Feb/2010:04:29:35 -0800] "GET / HTTP/1.1" 200 163 "-" "msnbot/2.0b (+http://search.msn.com/msnbot.htm)"
65.55.207.134 - - [12/Feb/2010:04:30:26 -0800] "GET /category/myos/ HTTP/1.1" 302 355 "-" "msnbot/2.0b (+http://search.msn.com/msnbot.htm)"
65.55.218.158 - - [12/Feb/2010:05:14:23 -0800] "GET /2008/04/ HTTP/1.1" 302 355 "-" "msnbot/2.0b (+http://search.msn.com/msnbot.htm)"
207.46.204.192 - - [12/Feb/2010:05:48:12 -0800] "GET /robots.txt HTTP/1.1" 302 355 "-" "msnbot/2.0b (+http://search.msn.com/msnbot.htm)"
207.46.204.192 - - [12/Feb/2010:05:48:12 -0800] "GET / HTTP/1.1" 200 163 "-" "msnbot/2.0b (+http://search.msn.com/msnbot.htm)"
98.242.170.241 - - [12/Feb/2010:05:53:22 -0800] "GET /dvdrental.com HTTP/1.1" 302 359 "http://www.dvdrental.com/jasoncmartin.com" "Opera/9.80 (Windows NT 5.2; U; en) Presto/2.2.15 Version/10.10"
174.129.153.52 - - [12/Feb/2010:05:55:45 -0800] "GET /robots.txt HTTP/1.1" 302 355 "-" "Mozilla/5.0 (compatible; spbot/1.2; +http://www.seoprofiler.com/bot/ )"
174.129.153.52 - - [12/Feb/2010:05:55:45 -0800] "GET / HTTP/1.1" 200 163 "-" "Mozilla/5.0 (compatible; spbot/1.2; +http://www.seoprofiler.com/bot/ )"
174.129.153.52 - - [12/Feb/2010:05:55:46 -0800] "GET / HTTP/1.1" 200 163 "-" "Mozilla/5.0 (compatible; spbot/1.2; +http://www.seoprofiler.com/bot/ )"
65.55.207.77 - - [12/Feb/2010:06:11:08 -0800] "GET /robots.txt HTTP/1.1" 302 355 "-" "msnbot/2.0b (+http://search.msn.com/msnbot.htm)"
65.55.207.77 - - [12/Feb/2010:06:11:08 -0800] "GET / HTTP/1.1" 200 163 "-" "msnbot/2.0b (+http://search.msn.com/msnbot.htm)"
65.55.207.77 - - [12/Feb/2010:06:12:52 -0800] "GET /category/php/ HTTP/1.1" 302 355 "-" "msnbot/2.0b (+http://search.msn.com/msnbot.htm)"
67.195.114.251 - - [12/Feb/2010:06:14:35 -0800] "GET /robots.txt HTTP/1.0" 302 355 "-" "Mozilla/5.0 (compatible; Yahoo! Slurp; http://help.yahoo.com/help/us/ysearch/slurp)"
67.195.114.251 - - [12/Feb/2010:06:14:36 -0800] "GET / HTTP/1.0" 200 163 "-" "Mozilla/5.0 (compatible; Yahoo! Slurp; http://help.yahoo.com/help/us/ysearch/slurp)"
67.195.114.251 - - [12/Feb/2010:06:14:36 -0800] "GET /page/2/ HTTP/1.0" 302 355 "-" "Mozilla/5.0 (compatible; Yahoo! Slurp/3.0; http://help.yahoo.com/help/us/ysearch/slurp)"
67.195.114.251 - - [12/Feb/2010:06:14:37 -0800] "GET / HTTP/1.0" 200 163 "-" "Mozilla/5.0 (compatible; Yahoo! Slurp/3.0; http://help.yahoo.com/help/us/ysearch/slurp)"
93.158.148.31 - - [12/Feb/2010:06:23:45 -0800] "GET / HTTP/1.1" 200 163 "-" "Yandex/1.01.001 (compatible; Win16; I)"
65.55.106.185 - - [12/Feb/2010:06:33:24 -0800] "GET /tag/iphone/ HTTP/1.1" 302 355 "-" "msnbot/2.0b (+http://search.msn.com/msnbot.htm)"
72.14.199.216 - - [12/Feb/2010:07:16:50 -0800] "GET /feed/ HTTP/1.1" 302 355 "-" "Feedfetcher-Google; (+http://www.google.com/feedfetcher.html; 1 subscribers; feed-id=10831477631497958243)"
72.14.199.216 - - [12/Feb/2010:07:16:50 -0800] "GET / HTTP/1.1" 304 - "-" "Feedfetcher-Google; (+http://www.google.com/feedfetcher.html; 1 subscribers; feed-id=10831477631497958243)"
207.46.204.192 - - [12/Feb/2010:07:47:32 -0800] "GET /robots.txt HTTP/1.1" 302 355 "-" "msnbot/2.0b (+http://search.msn.com/msnbot.htm)"
207.46.204.192 - - [12/Feb/2010:07:47:32 -0800] "GET / HTTP/1.1" 200 163 "-" "msnbot/2.0b (+http://search.msn.com/msnbot.htm)"
67.195.114.251 - - [12/Feb/2010:08:21:38 -0800] "GET /2008/07/ HTTP/1.0" 302 355 "-" "Mozilla/5.0 (compatible; Yahoo! Slurp/3.0; http://help.yahoo.com/help/us/ysearch/slurp)"
67.195.114.251 - - [12/Feb/2010:08:21:43 -0800] "GET / HTTP/1.0" 200 163 "-" "Mozilla/5.0 (compatible; Yahoo! Slurp/3.0; http://help.yahoo.com/help/us/ysearch/slurp)"
216.129.119.10 - - [12/Feb/2010:08:22:59 -0800] "GET /robots.txt HTTP/1.1" 302 359 "-" "Mozilla/5.0 (Twiceler-0.9 http://www.cuil.com/twiceler/robot.html)"
207.46.204.243 - - [12/Feb/2010:08:36:11 -0800] "GET /robots.txt HTTP/1.1" 302 355 "-" "msnbot/2.0b (+http://search.msn.com/msnbot.htm)"
207.46.204.243 - - [12/Feb/2010:08:36:12 -0800] "GET / HTTP/1.1" 200 163 "-" "msnbot/2.0b (+http://search.msn.com/msnbot.htm)"
174.129.61.74 - - [12/Feb/2010:08:44:06 -0800] "GET /robots.txt HTTP/1.1" 302 355 "-" "Mozilla/5.0 (compatible; spbot/1.2; +http://www.seoprofiler.com/bot/ )"
174.129.61.74 - - [12/Feb/2010:08:44:07 -0800] "GET / HTTP/1.1" 200 163 "-" "Mozilla/5.0 (compatible; spbot/1.2; +http://www.seoprofiler.com/bot/ )"
174.129.61.74 - - [12/Feb/2010:08:44:07 -0800] "GET / HTTP/1.1" 200 163 "-" "Mozilla/5.0 (compatible; spbot/1.2; +http://www.seoprofiler.com/bot/ )"
65.55.106.180 - - [12/Feb/2010:10:42:09 -0800] "GET /robots.txt HTTP/1.1" 302 355 "-" "msnbot/2.0b (+http://search.msn.com/msnbot.htm)"
65.55.106.180 - - [12/Feb/2010:10:42:09 -0800] "GET / HTTP/1.1" 200 163 "-" "msnbot/2.0b (+http://search.msn.com/msnbot.htm)"
65.55.106.180 - - [12/Feb/2010:10:42:56 -0800] "GET /2008/05/bleh/ HTTP/1.1" 302 355 "-" "msnbot/2.0b (+http://search.msn.com/msnbot.htm)"
65.55.106.231 - - [12/Feb/2010:11:03:56 -0800] "GET /category/brickfilmscom/ HTTP/1.1" 302 355 "-" "msnbot/2.0b (+http://search.msn.com/msnbot.htm)"
72.14.199.216 - - [12/Feb/2010:11:06:46 -0800] "GET /feed/ HTTP/1.1" 302 355 "-" "Feedfetcher-Google; (+http://www.google.com/feedfetcher.html; 1 subscribers; feed-id=10831477631497958243)"
72.14.199.216 - - [12/Feb/2010:11:06:46 -0800] "GET / HTTP/1.1" 304 - "-" "Feedfetcher-Google; (+http://www.google.com/feedfetcher.html; 1 subscribers; feed-id=10831477631497958243)"
67.195.114.251 - - [12/Feb/2010:11:15:12 -0800] "GET /robots.txt HTTP/1.0" 302 355 "-" "Mozilla/5.0 (compatible; Yahoo! Slurp; http://help.yahoo.com/help/us/ysearch/slurp)"
67.195.114.251 - - [12/Feb/2010:11:15:12 -0800] "GET / HTTP/1.0" 200 163 "-" "Mozilla/5.0 (compatible; Yahoo! Slurp; http://help.yahoo.com/help/us/ysearch/slurp)"
67.195.114.251 - - [12/Feb/2010:11:15:13 -0800] "GET /2008/06/page/2/ HTTP/1.0" 302 355 "-" "Mozilla/5.0 (compatible; Yahoo! Slurp/3.0; http://help.yahoo.com/help/us/ysearch/slurp)"
67.195.114.251 - - [12/Feb/2010:11:15:14 -0800] "GET / HTTP/1.0" 304 - "-" "Mozilla/5.0 (compatible; Yahoo! Slurp/3.0; http://help.yahoo.com/help/us/ysearch/slurp)"
207.46.204.243 - - [12/Feb/2010:11:18:07 -0800] "GET /robots.txt HTTP/1.1" 302 355 "-" "msnbot/2.0b (+http://search.msn.com/msnbot.htm)"
207.46.204.243 - - [12/Feb/2010:11:18:07 -0800] "GET / HTTP/1.1" 200 163 "-" "msnbot/2.0b (+http://search.msn.com/msnbot.htm)"
65.55.106.209 - - [12/Feb/2010:12:18:38 -0800] "GET /robots.txt HTTP/1.1" 302 355 "-" "msnbot/2.0b (+http://search.msn.com/msnbot.htm)"
65.55.106.209 - - [12/Feb/2010:12:18:38 -0800] "GET / HTTP/1.1" 200 163 "-" "msnbot/2.0b (+http://search.msn.com/msnbot.htm)"
65.55.106.209 - - [12/Feb/2010:12:19:24 -0800] "GET /2007/01/scriptwriting/ HTTP/1.1" 302 355 "-" "msnbot/2.0b (+http://search.msn.com/msnbot.htm)"
207.46.204.239 - - [12/Feb/2010:12:22:30 -0800] "GET /robots.txt HTTP/1.1" 302 355 "-" "msnbot/2.0b (+http://search.msn.com/msnbot.htm)"
207.46.204.239 - - [12/Feb/2010:12:22:30 -0800] "GET / HTTP/1.1" 200 163 "-" "msnbot/2.0b (+http://search.msn.com/msnbot.htm)"
66.249.71.227 - - [12/Feb/2010:13:04:04 -0800] "GET /robots.txt HTTP/1.1" 302 359 "-" "Mozilla/5.0 (compatible; Googlebot/2.1; +http://www.google.com/bot.html)"
66.249.71.227 - - [12/Feb/2010:13:04:04 -0800] "GET / HTTP/1.1" 304 - "-" "Mozilla/5.0 (compatible; Googlebot/2.1; +http://www.google.com/bot.html)"
78.86.134.72 - - [12/Feb/2010:13:19:48 -0800] "GET /favicon.ico HTTP/1.1" 302 355 "-" "NetNewsWire/3.2 (Mac OS X; http://www.newsgator.com/Individuals/NetNewsWire/)"
207.46.204.239 - - [12/Feb/2010:13:26:46 -0800] "GET /robots.txt HTTP/1.1" 302 355 "-" "msnbot/2.0b (+http://search.msn.com/msnbot.htm)"
207.46.204.239 - - [12/Feb/2010:13:26:46 -0800] "GET / HTTP/1.1" 200 163 "-" "msnbot/2.0b (+http://search.msn.com/msnbot.htm)"
67.195.114.251 - - [12/Feb/2010:13:42:14 -0800] "GET /2006/07/new-time-wars-banner/ HTTP/1.0" 302 355 "-" "Mozilla/5.0 (compatible; Yahoo! Slurp/3.0; http://help.yahoo.com/help/us/ysearch/slurp)"
67.195.114.251 - - [12/Feb/2010:13:42:14 -0800] "GET / HTTP/1.0" 200 163 "-" "Mozilla/5.0 (compatible; Yahoo! Slurp/3.0; http://help.yahoo.com/help/us/ysearch/slurp)"
66.219.58.34 - - [12/Feb/2010:14:43:36 -0800] "GET /robots.txt HTTP/1.1" 302 355 "-" "MLBot (www.metadatalabs.com/mlbot)"
66.219.58.34 - - [12/Feb/2010:14:43:36 -0800] "GET / HTTP/1.1" 200 163 "-" "MLBot (www.metadatalabs.com/mlbot)"
66.219.58.34 - - [12/Feb/2010:14:43:36 -0800] "GET / HTTP/1.1" 200 163 "-" "MLBot (www.metadatalabs.com/mlbot)"
207.46.204.239 - - [12/Feb/2010:15:03:16 -0800] "GET /robots.txt HTTP/1.1" 302 355 "-" "msnbot/2.0b (+http://search.msn.com/msnbot.htm)"
207.46.204.239 - - [12/Feb/2010:15:03:16 -0800] "GET / HTTP/1.1" 200 163 "-" "msnbot/2.0b (+http://search.msn.com/msnbot.htm)"
75.101.168.14 - - [12/Feb/2010:15:12:59 -0800] "GET /robots.txt HTTP/1.1" 302 355 "-" "Mozilla/5.0 (compatible; spbot/1.2; +http://www.seoprofiler.com/bot/ )"
75.101.168.14 - - [12/Feb/2010:15:13:00 -0800] "GET / HTTP/1.1" 200 163 "-" "Mozilla/5.0 (compatible; spbot/1.2; +http://www.seoprofiler.com/bot/ )"
75.101.168.14 - - [12/Feb/2010:15:13:00 -0800] "GET / HTTP/1.1" 200 163 "-" "Mozilla/5.0 (compatible; spbot/1.2; +http://www.seoprofiler.com/bot/ )"
193.252.149.14 - - [12/Feb/2010:15:28:48 -0800] "GET / HTTP/1.1" 200 163 "-" "Mozilla/5.0 (Windows; U; Windows NT 5.1; fr; rv:1.8.1) VoilaBot BETA 1.2 (support.voilabot@orange-ftgroup.com)"
65.55.115.151 - - [12/Feb/2010:16:10:29 -0800] "GET /robots.txt HTTP/1.1" 302 355 "-" "msnbot/2.0b (+http://search.msn.com/msnbot.htm)"
65.55.115.151 - - [12/Feb/2010:16:10:29 -0800] "GET / HTTP/1.1" 200 163 "-" "msnbot/2.0b (+http://search.msn.com/msnbot.htm)"
65.55.207.26 - - [12/Feb/2010:16:23:26 -0800] "GET /robots.txt HTTP/1.1" 302 355 "-" "msnbot/2.0b (+http://search.msn.com/msnbot.htm)"
65.55.207.26 - - [12/Feb/2010:16:23:26 -0800] "GET / HTTP/1.1" 200 163 "-" "msnbot/2.0b (+http://search.msn.com/msnbot.htm)"
65.55.207.26 - - [12/Feb/2010:16:24:24 -0800] "GET /2008/05/new-song/ HTTP/1.1" 302 355 "-" "msnbot/2.0b (+http://search.msn.com/msnbot.htm)"
207.46.199.43 - - [12/Feb/2010:16:32:58 -0800] "GET /robots.txt HTTP/1.1" 302 355 "-" "msnbot/2.0b (+http://search.msn.com/msnbot.htm)"
207.46.199.43 - - [12/Feb/2010:16:32:58 -0800] "GET / HTTP/1.1" 200 163 "-" "msnbot/2.0b (+http://search.msn.com/msnbot.htm)"
72.14.199.216 - - [12/Feb/2010:16:34:20 -0800] "GET /feed/ HTTP/1.1" 302 355 "-" "Feedfetcher-Google; (+http://www.google.com/feedfetcher.html; 1 subscribers; feed-id=10831477631497958243)"
72.14.199.216 - - [12/Feb/2010:16:34:21 -0800] "GET / HTTP/1.1" 304 - "-" "Feedfetcher-Google; (+http://www.google.com/feedfetcher.html; 1 subscribers; feed-id=10831477631497958243)"
64.78.155.100 - - [12/Feb/2010:17:00:17 -0800] "GET /feed/ HTTP/1.1" 302 355 "-" "NewsGatorOnline/2.0 (http://www.newsgator.com; 2 subscribers)"
64.78.155.100 - - [12/Feb/2010:17:00:17 -0800] "GET / HTTP/1.1" 304 - "-" "NewsGatorOnline/2.0 (http://www.newsgator.com; 2 subscribers)"
67.210.218.110 - - [12/Feb/2010:18:21:35 -0800] "GET /feed HTTP/1.1" 302 355 "-" "Rome Client (http://tinyurl.com/64t5n) Ver: 0.9"
67.210.218.110 - - [12/Feb/2010:18:21:35 -0800] "GET / HTTP/1.1" 200 163 "-" "Rome Client (http://tinyurl.com/64t5n) Ver: 0.9"
67.195.114.251 - - [12/Feb/2010:18:28:41 -0800] "GET /category/eyemac/ HTTP/1.0" 302 355 "-" "Mozilla/5.0 (compatible; Yahoo! Slurp/3.0; http://help.yahoo.com/help/us/ysearch/slurp)"
67.195.114.251 - - [12/Feb/2010:18:28:43 -0800] "GET / HTTP/1.0" 200 163 "-" "Mozilla/5.0 (compatible; Yahoo! Slurp/3.0; http://help.yahoo.com/help/us/ysearch/slurp)"
123.125.66.104 - - [12/Feb/2010:18:29:51 -0800] "GET /robots.txt HTTP/1.1" 302 355 "-" "Baiduspider+(+http://www.baidu.com/search/spider.htm)"
123.125.66.23 - - [12/Feb/2010:18:29:51 -0800] "GET / HTTP/1.1" 200 163 "-" "Baiduspider+(+http://www.baidu.com/search/spider.htm)"
75.101.241.159 - - [12/Feb/2010:18:37:02 -0800] "GET /robots.txt HTTP/1.1" 302 355 "-" "Mozilla/5.0 (compatible; spbot/1.2; +http://www.seoprofiler.com/bot/ )"
75.101.241.159 - - [12/Feb/2010:18:37:02 -0800] "GET / HTTP/1.1" 200 163 "-" "Mozilla/5.0 (compatible; spbot/1.2; +http://www.seoprofiler.com/bot/ )"
75.101.241.159 - - [12/Feb/2010:18:37:03 -0800] "GET / HTTP/1.1" 200 163 "-" "Mozilla/5.0 (compatible; spbot/1.2; +http://www.seoprofiler.com/bot/ )"
72.14.199.216 - - [12/Feb/2010:19:34:30 -0800] "GET /feed/ HTTP/1.1" 302 355 "-" "Feedfetcher-Google; (+http://www.google.com/feedfetcher.html; 1 subscribers; feed-id=10831477631497958243)"
72.14.199.216 - - [12/Feb/2010:19:34:31 -0800] "GET / HTTP/1.1" 304 - "-" "Feedfetcher-Google; (+http://www.google.com/feedfetcher.html; 1 subscribers; feed-id=10831477631497958243)"
207.46.204.180 - - [12/Feb/2010:19:36:21 -0800] "GET /robots.txt HTTP/1.1" 302 355 "-" "msnbot/2.0b (+http://search.msn.com/msnbot.htm)"
207.46.204.180 - - [12/Feb/2010:19:36:21 -0800] "GET / HTTP/1.1" 200 163 "-" "msnbot/2.0b (+http://search.msn.com/msnbot.htm)"
207.46.204.229 - - [12/Feb/2010:21:09:40 -0800] "GET /robots.txt HTTP/1.1" 302 355 "-" "msnbot/2.0b (+http://search.msn.com/msnbot.htm)"
207.46.204.229 - - [12/Feb/2010:21:09:40 -0800] "GET / HTTP/1.1" 200 163 "-" "msnbot/2.0b (+http://search.msn.com/msnbot.htm)"
72.14.199.216 - - [12/Feb/2010:22:34:40 -0800] "GET /feed/ HTTP/1.1" 302 355 "-" "Feedfetcher-Google; (+http://www.google.com/feedfetcher.html; 1 subscribers; feed-id=10831477631497958243)"
72.14.199.216 - - [12/Feb/2010:22:34:41 -0800] "GET / HTTP/1.1" 304 - "-" "Feedfetcher-Google; (+http://www.google.com/feedfetcher.html; 1 subscribers; feed-id=10831477631497958243)"
61.135.162.221 - - [12/Feb/2010:22:59:43 -0800] "GET / HTTP/1.1" 200 163 "http://www.baidu.com/s?wd=QQ" "Mozilla/5.0 (Windows; U; Windows NT 5.1; zh-CN; rv:1.9.0.1) Gecko/2008070208 Firefox/3.0.1"
207.46.204.182 - - [12/Feb/2010:23:40:44 -0800] "GET /robots.txt HTTP/1.1" 302 355 "-" "msnbot/2.0b (+http://search.msn.com/msnbot.htm)"
207.46.204.182 - - [12/Feb/2010:23:40:44 -0800] "GET / HTTP/1.1" 200 163 "-" "msnbot/2.0b (+http://search.msn.com/msnbot.htm)"
95.108.142.138 - - [13/Feb/2010:00:44:26 -0800] "GET /robots.txt HTTP/1.1" 302 355 "-" "Yandex/1.01.001 (compatible; Win16; H)"
95.108.142.138 - - [13/Feb/2010:00:44:27 -0800] "GET / HTTP/1.1" 200 163 "-" "Yandex/1.01.001 (compatible; Win16; H)"
95.108.142.138 - - [13/Feb/2010:00:44:29 -0800] "GET / HTTP/1.1" 200 163 "-" "Yandex/1.01.001 (compatible; Win16; H)"
72.14.199.216 - - [13/Feb/2010:01:34:50 -0800] "GET /feed/ HTTP/1.1" 302 355 "-" "Feedfetcher-Google; (+http://www.google.com/feedfetcher.html; 1 subscribers; feed-id=10831477631497958243)"
72.14.199.216 - - [13/Feb/2010:01:34:50 -0800] "GET / HTTP/1.1" 304 - "-" "Feedfetcher-Google; (+http://www.google.com/feedfetcher.html; 1 subscribers; feed-id=10831477631497958243)"
207.46.195.241 - - [13/Feb/2010:01:39:38 -0800] "GET /robots.txt HTTP/1.1" 302 355 "-" "msnbot/2.0b (+http://search.msn.com/msnbot.htm)"
207.46.195.241 - - [13/Feb/2010:01:39:38 -0800] "GET / HTTP/1.1" 200 163 "-" "msnbot/2.0b (+http://search.msn.com/msnbot.htm)"
65.55.218.160 - - [13/Feb/2010:03:04:09 -0800] "GET /robots.txt HTTP/1.1" 302 355 "-" "msnbot/2.0b (+http://search.msn.com/msnbot.htm)"
65.55.218.160 - - [13/Feb/2010:03:04:10 -0800] "GET / HTTP/1.1" 200 163 "-" "msnbot/2.0b (+http://search.msn.com/msnbot.htm)"
65.55.218.160 - - [13/Feb/2010:03:04:54 -0800] "GET /2006/09/welcome-to-hostlegomoviescom/ HTTP/1.1" 302 355 "-" "msnbot/2.0b (+http://search.msn.com/msnbot.htm)"
67.195.114.251 - - [13/Feb/2010:03:52:45 -0800] "GET /robots.txt HTTP/1.0" 302 355 "-" "Mozilla/5.0 (compatible; Yahoo! Slurp; http://help.yahoo.com/help/us/ysearch/slurp)"
67.195.114.251 - - [13/Feb/2010:03:52:45 -0800] "GET / HTTP/1.0" 200 163 "-" "Mozilla/5.0 (compatible; Yahoo! Slurp; http://help.yahoo.com/help/us/ysearch/slurp)"
67.195.114.251 - - [13/Feb/2010:03:52:46 -0800] "GET /2006/09/ HTTP/1.0" 302 355 "-" "Mozilla/5.0 (compatible; Yahoo! Slurp/3.0; http://help.yahoo.com/help/us/ysearch/slurp)"
67.195.114.251 - - [13/Feb/2010:03:52:48 -0800] "GET / HTTP/1.0" 200 163 "-" "Mozilla/5.0 (compatible; Yahoo! Slurp/3.0; http://help.yahoo.com/help/us/ysearch/slurp)"
75.127.137.67 - - [13/Feb/2010:04:23:53 -0800] "GET /wp-login.php?action=register HTTP/1.0" 302 355 "http://jasoncmartin.com/wp-login.php?action=register" "Mozilla/4.0 (compatible; MSIE 6.0; Windows 98; Win 9x 4.90)"
72.14.199.216 - - [13/Feb/2010:04:35:00 -0800] "GET /feed/ HTTP/1.1" 302 355 "-" "Feedfetcher-Google; (+http://www.google.com/feedfetcher.html; 1 subscribers; feed-id=10831477631497958243)"
72.14.199.216 - - [13/Feb/2010:04:35:01 -0800] "GET / HTTP/1.1" 304 - "-" "Feedfetcher-Google; (+http://www.google.com/feedfetcher.html; 1 subscribers; feed-id=10831477631497958243)"
67.218.116.132 - - [13/Feb/2010:05:16:08 -0800] "GET /robots.txt HTTP/1.1" 302 355 "-" "Mozilla/5.0 (Twiceler-0.9 http://www.cuil.com/twiceler/robot.html)"
72.44.61.170 - - [13/Feb/2010:05:19:50 -0800] "GET /robots.txt HTTP/1.1" 302 355 "-" "Mozilla/5.0 (compatible; spbot/1.2; +http://www.seoprofiler.com/bot/ )"
72.44.61.170 - - [13/Feb/2010:05:19:50 -0800] "GET / HTTP/1.1" 200 163 "-" "Mozilla/5.0 (compatible; spbot/1.2; +http://www.seoprofiler.com/bot/ )"
72.44.61.170 - - [13/Feb/2010:05:19:50 -0800] "GET / HTTP/1.1" 200 163 "-" "Mozilla/5.0 (compatible; spbot/1.2; +http://www.seoprofiler.com/bot/ )"
207.46.204.235 - - [13/Feb/2010:06:03:09 -0800] "GET /robots.txt HTTP/1.1" 302 355 "-" "msnbot/2.0b (+http://search.msn.com/msnbot.htm)"
207.46.204.235 - - [13/Feb/2010:06:03:09 -0800] "GET / HTTP/1.1" 200 163 "-" "msnbot/2.0b (+http://search.msn.com/msnbot.htm)"
174.129.93.177 - - [13/Feb/2010:06:47:51 -0800] "GET /robots.txt HTTP/1.1" 302 355 "-" "Mozilla/5.0 (compatible; spbot/1.2; +http://www.seoprofiler.com/bot/ )"
174.129.93.177 - - [13/Feb/2010:06:47:52 -0800] "GET / HTTP/1.1" 200 163 "-" "Mozilla/5.0 (compatible; spbot/1.2; +http://www.seoprofiler.com/bot/ )"
174.129.93.177 - - [13/Feb/2010:06:47:52 -0800] "GET / HTTP/1.1" 200 163 "-" "Mozilla/5.0 (compatible; spbot/1.2; +http://www.seoprofiler.com/bot/ )"
65.55.207.122 - - [13/Feb/2010:07:01:07 -0800] "GET /robots.txt HTTP/1.1" 302 355 "-" "msnbot/2.0b (+http://search.msn.com/msnbot.htm)"
65.55.207.122 - - [13/Feb/2010:07:01:07 -0800] "GET / HTTP/1.1" 200 163 "-" "msnbot/2.0b (+http://search.msn.com/msnbot.htm)"
65.55.207.122 - - [13/Feb/2010:07:01:57 -0800] "GET /2009/02/ HTTP/1.1" 302 355 "-" "msnbot/2.0b (+http://search.msn.com/msnbot.htm)"
207.46.195.235 - - [13/Feb/2010:07:27:37 -0800] "GET /robots.txt HTTP/1.1" 302 355 "-" "msnbot/2.0b (+http://search.msn.com/msnbot.htm)"
207.46.195.235 - - [13/Feb/2010:07:27:37 -0800] "GET / HTTP/1.1" 200 163 "-" "msnbot/2.0b (+http://search.msn.com/msnbot.htm)"
72.14.199.216 - - [13/Feb/2010:07:35:10 -0800] "GET /feed/ HTTP/1.1" 302 355 "-" "Feedfetcher-Google; (+http://www.google.com/feedfetcher.html; 1 subscribers; feed-id=10831477631497958243)"
72.14.199.216 - - [13/Feb/2010:07:35:11 -0800] "GET / HTTP/1.1" 304 - "-" "Feedfetcher-Google; (+http://www.google.com/feedfetcher.html; 1 subscribers; feed-id=10831477631497958243)"
204.236.197.86 - - [13/Feb/2010:08:52:45 -0800] "GET /robots.txt HTTP/1.1" 302 355 "-" "Mozilla/5.0 (compatible; spbot/1.2; +http://www.seoprofiler.com/bot/ )"
204.236.197.86 - - [13/Feb/2010:08:52:45 -0800] "GET / HTTP/1.1" 200 163 "-" "Mozilla/5.0 (compatible; spbot/1.2; +http://www.seoprofiler.com/bot/ )"
204.236.197.86 - - [13/Feb/2010:08:52:46 -0800] "GET / HTTP/1.1" 200 163 "-" "Mozilla/5.0 (compatible; spbot/1.2; +http://www.seoprofiler.com/bot/ )"
216.129.119.10 - - [13/Feb/2010:08:56:08 -0800] "GET /robots.txt HTTP/1.1" 302 359 "-" "Mozilla/5.0 (Twiceler-0.9 http://www.cuil.com/twiceler/robot.html)"
65.55.207.54 - - [13/Feb/2010:09:19:11 -0800] "GET /robots.txt HTTP/1.1" 302 355 "-" "msnbot/2.0b (+http://search.msn.com/msnbot.htm)"
65.55.207.54 - - [13/Feb/2010:09:19:12 -0800] "GET / HTTP/1.1" 200 163 "-" "msnbot/2.0b (+http://search.msn.com/msnbot.htm)"
65.55.207.54 - - [13/Feb/2010:09:20:02 -0800] "GET /2008/12/yay-ie-7/comment-page-1/ HTTP/1.1" 302 355 "-" "msnbot/2.0b (+http://search.msn.com/msnbot.htm)"
174.129.181.188 - - [13/Feb/2010:09:27:51 -0800] "GET /robots.txt HTTP/1.1" 302 355 "-" "Mozilla/5.0 (compatible; spbot/1.2; +http://www.seoprofiler.com/bot/ )"
174.129.181.188 - - [13/Feb/2010:09:27:51 -0800] "GET / HTTP/1.1" 200 163 "-" "Mozilla/5.0 (compatible; spbot/1.2; +http://www.seoprofiler.com/bot/ )"
174.129.181.188 - - [13/Feb/2010:09:27:52 -0800] "GET / HTTP/1.1" 200 163 "-" "Mozilla/5.0 (compatible; spbot/1.2; +http://www.seoprofiler.com/bot/ )"
207.46.204.242 - - [13/Feb/2010:09:35:41 -0800] "GET /robots.txt HTTP/1.1" 302 355 "-" "msnbot/2.0b (+http://search.msn.com/msnbot.htm)"
207.46.204.242 - - [13/Feb/2010:09:35:41 -0800] "GET / HTTP/1.1" 200 163 "-" "msnbot/2.0b (+http://search.msn.com/msnbot.htm)"
67.202.35.83 - - [13/Feb/2010:09:46:45 -0800] "GET /robots.txt HTTP/1.1" 302 355 "-" "Mozilla/5.0 (compatible; spbot/1.2; +http://www.seoprofiler.com/bot/ )"
67.202.35.83 - - [13/Feb/2010:09:46:45 -0800] "GET / HTTP/1.1" 200 163 "-" "Mozilla/5.0 (compatible; spbot/1.2; +http://www.seoprofiler.com/bot/ )"
67.202.35.83 - - [13/Feb/2010:09:46:46 -0800] "GET / HTTP/1.1" 200 163 "-" "Mozilla/5.0 (compatible; spbot/1.2; +http://www.seoprofiler.com/bot/ )"
72.14.199.216 - - [13/Feb/2010:10:35:20 -0800] "GET /feed/ HTTP/1.1" 302 355 "-" "Feedfetcher-Google; (+http://www.google.com/feedfetcher.html; 1 subscribers; feed-id=10831477631497958243)"
72.14.199.216 - - [13/Feb/2010:10:35:21 -0800] "GET / HTTP/1.1" 304 - "-" "Feedfetcher-Google; (+http://www.google.com/feedfetcher.html; 1 subscribers; feed-id=10831477631497958243)"
65.55.207.140 - - [13/Feb/2010:11:58:33 -0800] "GET /robots.txt HTTP/1.1" 302 355 "-" "msnbot/2.0b (+http://search.msn.com/msnbot.htm)"
65.55.207.140 - - [13/Feb/2010:11:58:33 -0800] "GET / HTTP/1.1" 200 163 "-" "msnbot/2.0b (+http://search.msn.com/msnbot.htm)"
65.55.207.140 - - [13/Feb/2010:11:59:26 -0800] "GET /category/seminar/ HTTP/1.1" 302 355 "-" "msnbot/2.0b (+http://search.msn.com/msnbot.htm)"
65.55.106.209 - - [13/Feb/2010:12:17:27 -0800] "GET /2008/05/i-have-too-many-projects/ HTTP/1.1" 302 355 "-" "msnbot/2.0b (+http://search.msn.com/msnbot.htm)"
72.14.199.216 - - [13/Feb/2010:13:35:30 -0800] "GET /feed/ HTTP/1.1" 302 355 "-" "Feedfetcher-Google; (+http://www.google.com/feedfetcher.html; 1 subscribers; feed-id=10831477631497958243)"
72.14.199.216 - - [13/Feb/2010:13:35:31 -0800] "GET / HTTP/1.1" 304 - "-" "Feedfetcher-Google; (+http://www.google.com/feedfetcher.html; 1 subscribers; feed-id=10831477631497958243)"
65.55.216.31 - - [13/Feb/2010:13:37:34 -0800] "GET /robots.txt HTTP/1.1" 302 355 "-" "msnbot/2.0b (+http://search.msn.com/msnbot.htm)"
65.55.216.31 - - [13/Feb/2010:13:37:34 -0800] "GET / HTTP/1.1" 200 163 "-" "msnbot/2.0b (+http://search.msn.com/msnbot.htm)"
65.55.216.31 - - [13/Feb/2010:13:38:27 -0800] "GET /2008/06/my-summer-project-part-2/comment-page-1/ HTTP/1.1" 302 355 "-" "msnbot/2.0b (+http://search.msn.com/msnbot.htm)"
64.78.155.100 - - [13/Feb/2010:14:02:27 -0800] "GET /feed/ HTTP/1.1" 302 355 "-" "NewsGatorOnline/2.0 (http://www.newsgator.com; 2 subscribers)"
64.78.155.100 - - [13/Feb/2010:14:02:27 -0800] "GET / HTTP/1.1" 304 - "-" "NewsGatorOnline/2.0 (http://www.newsgator.com; 2 subscribers)"
65.55.106.184 - - [13/Feb/2010:15:32:54 -0800] "GET /robots.txt HTTP/1.1" 302 355 "-" "msnbot/2.0b (+http://search.msn.com/msnbot.htm)"
65.55.106.184 - - [13/Feb/2010:15:32:54 -0800] "GET / HTTP/1.1" 200 163 "-" "msnbot/2.0b (+http://search.msn.com/msnbot.htm)"
65.55.106.184 - - [13/Feb/2010:15:33:53 -0800] "GET /2008/07/couple-of-things/ HTTP/1.1" 302 355 "-" "msnbot/2.0b (+http://search.msn.com/msnbot.htm)"
65.55.207.126 - - [13/Feb/2010:15:44:56 -0800] "GET /2006/06/fig-update/ HTTP/1.1" 302 355 "-" "msnbot/2.0b (+http://search.msn.com/msnbot.htm)"
207.46.204.238 - - [13/Feb/2010:15:49:34 -0800] "GET /robots.txt HTTP/1.1" 302 355 "-" "msnbot/2.0b (+http://search.msn.com/msnbot.htm)"
207.46.204.238 - - [13/Feb/2010:15:49:34 -0800] "GET / HTTP/1.1" 200 163 "-" "msnbot/2.0b (+http://search.msn.com/msnbot.htm)"
78.86.134.72 - - [13/Feb/2010:16:04:58 -0800] "GET /favicon.ico HTTP/1.1" 302 355 "-" "NetNewsWire/3.2 (Mac OS X; http://www.newsgator.com/Individuals/NetNewsWire/)"
72.14.199.216 - - [13/Feb/2010:16:35:40 -0800] "GET /feed/ HTTP/1.1" 302 355 "-" "Feedfetcher-Google; (+http://www.google.com/feedfetcher.html; 1 subscribers; feed-id=10831477631497958243)"
72.14.199.216 - - [13/Feb/2010:16:35:41 -0800] "GET / HTTP/1.1" 304 - "-" "Feedfetcher-Google; (+http://www.google.com/feedfetcher.html; 1 subscribers; feed-id=10831477631497958243)"
207.46.204.231 - - [13/Feb/2010:17:09:49 -0800] "GET /robots.txt HTTP/1.1" 302 355 "-" "msnbot/2.0b (+http://search.msn.com/msnbot.htm)"
207.46.204.231 - - [13/Feb/2010:17:09:49 -0800] "GET / HTTP/1.1" 200 163 "-" "msnbot/2.0b (+http://search.msn.com/msnbot.htm)"
67.195.114.251 - - [13/Feb/2010:17:38:26 -0800] "GET /robots.txt HTTP/1.0" 302 355 "-" "Mozilla/5.0 (compatible; Yahoo! Slurp; http://help.yahoo.com/help/us/ysearch/slurp)"
67.195.114.251 - - [13/Feb/2010:17:38:26 -0800] "GET / HTTP/1.0" 200 163 "-" "Mozilla/5.0 (compatible; Yahoo! Slurp; http://help.yahoo.com/help/us/ysearch/slurp)"
67.195.114.251 - - [13/Feb/2010:17:38:27 -0800] "GET /category/myos/ HTTP/1.0" 302 355 "-" "Mozilla/5.0 (compatible; Yahoo! Slurp/3.0; http://help.yahoo.com/help/us/ysearch/slurp)"
67.195.114.251 - - [13/Feb/2010:17:38:28 -0800] "GET / HTTP/1.0" 200 163 "-" "Mozilla/5.0 (compatible; Yahoo! Slurp/3.0; http://help.yahoo.com/help/us/ysearch/slurp)"
65.55.207.26 - - [13/Feb/2010:17:52:14 -0800] "GET /robots.txt HTTP/1.1" 302 355 "-" "msnbot/2.0b (+http://search.msn.com/msnbot.htm)"
65.55.207.26 - - [13/Feb/2010:17:52:14 -0800] "GET / HTTP/1.1" 200 163 "-" "msnbot/2.0b (+http://search.msn.com/msnbot.htm)"
65.55.207.26 - - [13/Feb/2010:17:52:55 -0800] "GET /2008/06/iblog/ HTTP/1.1" 302 355 "-" "msnbot/2.0b (+http://search.msn.com/msnbot.htm)"
67.195.114.251 - - [13/Feb/2010:18:34:47 -0800] "GET /2008/07/rant/ HTTP/1.0" 302 355 "-" "Mozilla/5.0 (compatible; Yahoo! Slurp/3.0; http://help.yahoo.com/help/us/ysearch/slurp)"
65.55.216.31 - - [13/Feb/2010:19:14:33 -0800] "GET /robots.txt HTTP/1.1" 302 355 "-" "msnbot/2.0b (+http://search.msn.com/msnbot.htm)"
65.55.216.31 - - [13/Feb/2010:19:14:33 -0800] "GET / HTTP/1.1" 200 163 "-" "msnbot/2.0b (+http://search.msn.com/msnbot.htm)"
65.55.216.31 - - [13/Feb/2010:19:15:25 -0800] "GET /2007/09/ HTTP/1.1" 302 355 "-" "msnbot/2.0b (+http://search.msn.com/msnbot.htm)"
72.14.199.216 - - [13/Feb/2010:19:35:50 -0800] "GET /feed/ HTTP/1.1" 302 355 "-" "Feedfetcher-Google; (+http://www.google.com/feedfetcher.html; 1 subscribers; feed-id=10831477631497958243)"
72.14.199.216 - - [13/Feb/2010:19:35:51 -0800] "GET / HTTP/1.1" 200 163 "-" "Feedfetcher-Google; (+http://www.google.com/feedfetcher.html; 1 subscribers; feed-id=10831477631497958243)"
123.125.66.113 - - [13/Feb/2010:20:53:36 -0800] "GET /robots.txt HTTP/1.1" 302 355 "-" "Baiduspider+(+http://www.baidu.com/search/spider.htm)"
123.125.66.24 - - [13/Feb/2010:20:53:36 -0800] "GET / HTTP/1.1" 200 163 "-" "Baiduspider+(+http://www.baidu.com/search/spider.htm)"
207.46.195.233 - - [13/Feb/2010:21:30:48 -0800] "GET /robots.txt HTTP/1.1" 302 355 "-" "msnbot/2.0b (+http://search.msn.com/msnbot.htm)"
207.46.195.233 - - [13/Feb/2010:21:30:48 -0800] "GET / HTTP/1.1" 200 163 "-" "msnbot/2.0b (+http://search.msn.com/msnbot.htm)"
67.210.218.110 - - [13/Feb/2010:21:33:27 -0800] "GET /feed HTTP/1.1" 302 355 "-" "Rome Client (http://tinyurl.com/64t5n) Ver: 0.9"
67.210.218.110 - - [13/Feb/2010:21:33:27 -0800] "GET / HTTP/1.1" 200 163 "-" "Rome Client (http://tinyurl.com/64t5n) Ver: 0.9"
72.14.199.216 - - [13/Feb/2010:22:36:00 -0800] "GET /feed/ HTTP/1.1" 302 355 "-" "Feedfetcher-Google; (+http://www.google.com/feedfetcher.html; 1 subscribers; feed-id=10831477631497958243)"
72.14.199.216 - - [13/Feb/2010:22:36:01 -0800] "GET / HTTP/1.1" 304 - "-" "Feedfetcher-Google; (+http://www.google.com/feedfetcher.html; 1 subscribers; feed-id=10831477631497958243)"
207.46.204.194 - - [13/Feb/2010:23:10:57 -0800] "GET /robots.txt HTTP/1.1" 302 355 "-" "msnbot/2.0b (+http://search.msn.com/msnbot.htm)"
207.46.204.194 - - [13/Feb/2010:23:10:57 -0800] "GET / HTTP/1.1" 200 163 "-" "msnbot/2.0b (+http://search.msn.com/msnbot.htm)"
66.249.71.227 - - [13/Feb/2010:23:24:24 -0800] "GET /robots.txt HTTP/1.1" 302 359 "-" "Mozilla/5.0 (compatible; Googlebot/2.1; +http://www.google.com/bot.html)"
66.249.71.227 - - [13/Feb/2010:23:24:24 -0800] "GET / HTTP/1.1" 304 - "-" "Mozilla/5.0 (compatible; Googlebot/2.1; +http://www.google.com/bot.html)"
207.46.199.47 - - [14/Feb/2010:00:44:01 -0800] "GET /robots.txt HTTP/1.1" 302 355 "-" "msnbot/2.0b (+http://search.msn.com/msnbot.htm)"
207.46.199.47 - - [14/Feb/2010:00:44:01 -0800] "GET / HTTP/1.1" 200 163 "-" "msnbot/2.0b (+http://search.msn.com/msnbot.htm)"
67.195.114.251 - - [14/Feb/2010:00:51:01 -0800] "GET /robots.txt HTTP/1.0" 302 355 "-" "Mozilla/5.0 (compatible; Yahoo! Slurp; http://help.yahoo.com/help/us/ysearch/slurp)"
67.195.114.251 - - [14/Feb/2010:00:51:01 -0800] "GET / HTTP/1.0" 200 163 "-" "Mozilla/5.0 (compatible; Yahoo! Slurp; http://help.yahoo.com/help/us/ysearch/slurp)"
67.195.114.251 - - [14/Feb/2010:00:51:02 -0800] "GET /2008/06/moved/ HTTP/1.0" 302 355 "-" "Mozilla/5.0 (compatible; Yahoo! Slurp/3.0; http://help.yahoo.com/help/us/ysearch/slurp)"
67.195.114.251 - - [14/Feb/2010:00:51:03 -0800] "GET / HTTP/1.0" 200 163 "-" "Mozilla/5.0 (compatible; Yahoo! Slurp/3.0; http://help.yahoo.com/help/us/ysearch/slurp)"
72.14.199.216 - - [14/Feb/2010:01:36:10 -0800] "GET /feed/ HTTP/1.1" 302 355 "-" "Feedfetcher-Google; (+http://www.google.com/feedfetcher.html; 1 subscribers; feed-id=10831477631497958243)"
72.14.199.216 - - [14/Feb/2010:01:36:11 -0800] "GET / HTTP/1.1" 304 - "-" "Feedfetcher-Google; (+http://www.google.com/feedfetcher.html; 1 subscribers; feed-id=10831477631497958243)"
74.222.4.218 - - [14/Feb/2010:02:12:11 -0800] "GET /robots.txt HTTP/1.0" 302 355 "http://jasoncmartin.com/robots.txt" "Mozilla/4.0 (compatible; MSIE 6.0; Windows NT 5.1; SV1; .NET CLR 2.0.50727)"
74.222.4.218 - - [14/Feb/2010:02:12:14 -0800] "GET / HTTP/1.0" 200 163 "http://jasoncmartin.com/" "Mozilla/4.0 (compatible; MSIE 6.0; Windows NT 5.1; SV1; .NET CLR 2.0.50727)"
207.46.195.233 - - [14/Feb/2010:02:18:53 -0800] "GET /robots.txt HTTP/1.1" 302 355 "-" "msnbot/2.0b (+http://search.msn.com/msnbot.htm)"
207.46.195.233 - - [14/Feb/2010:02:18:53 -0800] "GET / HTTP/1.1" 200 163 "-" "msnbot/2.0b (+http://search.msn.com/msnbot.htm)"
65.55.207.98 - - [14/Feb/2010:03:55:21 -0800] "GET /robots.txt HTTP/1.1" 302 355 "-" "msnbot/2.0b (+http://search.msn.com/msnbot.htm)"
65.55.207.98 - - [14/Feb/2010:03:55:22 -0800] "GET / HTTP/1.1" 200 163 "-" "msnbot/2.0b (+http://search.msn.com/msnbot.htm)"
65.55.207.98 - - [14/Feb/2010:03:56:25 -0800] "GET /2008/05/i-have-too-many-projects/comment-page-1/ HTTP/1.1" 302 355 "-" "msnbot/2.0b (+http://search.msn.com/msnbot.htm)"
207.46.204.241 - - [14/Feb/2010:04:20:53 -0800] "GET /robots.txt HTTP/1.1" 302 355 "-" "msnbot/2.0b (+http://search.msn.com/msnbot.htm)"
207.46.204.241 - - [14/Feb/2010:04:20:53 -0800] "GET / HTTP/1.1" 200 163 "-" "msnbot/2.0b (+http://search.msn.com/msnbot.htm)"
72.14.199.216 - - [14/Feb/2010:04:36:20 -0800] "GET /feed/ HTTP/1.1" 302 355 "-" "Feedfetcher-Google; (+http://www.google.com/feedfetcher.html; 1 subscribers; feed-id=10831477631497958243)"
72.14.199.216 - - [14/Feb/2010:04:36:21 -0800] "GET / HTTP/1.1" 304 - "-" "Feedfetcher-Google; (+http://www.google.com/feedfetcher.html; 1 subscribers; feed-id=10831477631497958243)"
65.55.207.77 - - [14/Feb/2010:04:39:32 -0800] "GET /category/mac-applications/ HTTP/1.1" 302 355 "-" "msnbot/2.0b (+http://search.msn.com/msnbot.htm)"
65.55.207.76 - - [14/Feb/2010:05:07:23 -0800] "GET /category/mybb/ HTTP/1.1" 302 355 "-" "msnbot/2.0b (+http://search.msn.com/msnbot.htm)"
207.46.204.242 - - [14/Feb/2010:05:44:07 -0800] "GET /robots.txt HTTP/1.1" 302 355 "-" "msnbot/2.0b (+http://search.msn.com/msnbot.htm)"
207.46.204.242 - - [14/Feb/2010:05:44:07 -0800] "GET / HTTP/1.1" 200 163 "-" "msnbot/2.0b (+http://search.msn.com/msnbot.htm)"
216.129.119.10 - - [14/Feb/2010:06:21:24 -0800] "GET /robots.txt HTTP/1.1" 302 359 "-" "Mozilla/5.0 (Twiceler-0.9 http://www.cuil.com/twiceler/robot.html)"
72.14.199.216 - - [14/Feb/2010:07:36:30 -0800] "GET /feed/ HTTP/1.1" 302 355 "-" "Feedfetcher-Google; (+http://www.google.com/feedfetcher.html; 1 subscribers; feed-id=10831477631497958243)"
72.14.199.216 - - [14/Feb/2010:07:36:31 -0800] "GET / HTTP/1.1" 304 - "-" "Feedfetcher-Google; (+http://www.google.com/feedfetcher.html; 1 subscribers; feed-id=10831477631497958243)"
207.46.195.223 - - [14/Feb/2010:07:50:13 -0800] "GET /robots.txt HTTP/1.1" 302 355 "-" "msnbot/2.0b (+http://search.msn.com/msnbot.htm)"
207.46.195.223 - - [14/Feb/2010:07:50:13 -0800] "GET / HTTP/1.1" 200 163 "-" "msnbot/2.0b (+http://search.msn.com/msnbot.htm)"
67.195.114.251 - - [14/Feb/2010:08:16:39 -0800] "GET /2007/01/ HTTP/1.0" 302 355 "-" "Mozilla/5.0 (compatible; Yahoo! Slurp/3.0; http://help.yahoo.com/help/us/ysearch/slurp)"
67.195.114.251 - - [14/Feb/2010:08:16:41 -0800] "GET / HTTP/1.0" 200 163 "-" "Mozilla/5.0 (compatible; Yahoo! Slurp/3.0; http://help.yahoo.com/help/us/ysearch/slurp)"
66.249.71.3 - - [14/Feb/2010:09:54:19 -0800] "GET /robots.txt HTTP/1.1" 302 355 "-" "Googlebot-Image/1.0"
66.249.71.3 - - [14/Feb/2010:09:54:19 -0800] "GET / HTTP/1.1" 200 163 "-" "Googlebot-Image/1.0"
66.249.71.3 - - [14/Feb/2010:09:54:20 -0800] "GET /wp-includes/images/smilies/icon_razz.gif HTTP/1.1" 302 355 "-" "Googlebot-Image/1.0"
66.249.71.3 - - [14/Feb/2010:09:54:20 -0800] "GET / HTTP/1.1" 200 163 "-" "Googlebot-Image/1.0"
72.14.199.216 - - [14/Feb/2010:10:36:31 -0800] "GET /feed/ HTTP/1.1" 302 355 "-" "Feedfetcher-Google; (+http://www.google.com/feedfetcher.html; 1 subscribers; feed-id=10831477631497958243)"
72.14.199.216 - - [14/Feb/2010:10:36:32 -0800] "GET / HTTP/1.1" 304 - "-" "Feedfetcher-Google; (+http://www.google.com/feedfetcher.html; 1 subscribers; feed-id=10831477631497958243)"
78.140.138.39 - - [14/Feb/2010:10:51:44 -0800] "GET / HTTP/1.1" 200 163 "-" "Mozilla/5.0 (Windows; U; Windows NT 5.1; en-US; rv:1.9.0.5) Gecko/2008120122 Firefox/3.0.5"
64.78.155.100 - - [14/Feb/2010:10:52:36 -0800] "GET /feed/ HTTP/1.1" 302 355 "-" "NewsGatorOnline/2.0 (http://www.newsgator.com; 2 subscribers)"
64.78.155.100 - - [14/Feb/2010:10:52:37 -0800] "GET / HTTP/1.1" 304 - "-" "NewsGatorOnline/2.0 (http://www.newsgator.com; 2 subscribers)"
65.55.106.186 - - [14/Feb/2010:12:43:18 -0800] "GET /robots.txt HTTP/1.1" 302 355 "-" "msnbot/2.0b (+http://search.msn.com/msnbot.htm)"
65.55.106.186 - - [14/Feb/2010:12:43:18 -0800] "GET / HTTP/1.1" 200 163 "-" "msnbot/2.0b (+http://search.msn.com/msnbot.htm)"
65.55.106.186 - - [14/Feb/2010:12:43:56 -0800] "GET /2008/06/my-summer-project-part-2/ HTTP/1.1" 302 355 "-" "msnbot/2.0b (+http://search.msn.com/msnbot.htm)"
207.46.195.242 - - [14/Feb/2010:13:34:39 -0800] "GET /robots.txt HTTP/1.1" 302 355 "-" "msnbot/2.0b (+http://search.msn.com/msnbot.htm)"
207.46.195.242 - - [14/Feb/2010:13:34:39 -0800] "GET / HTTP/1.1" 200 163 "-" "msnbot/2.0b (+http://search.msn.com/msnbot.htm)"
72.14.199.216 - - [14/Feb/2010:13:36:40 -0800] "GET /feed/ HTTP/1.1" 302 355 "-" "Feedfetcher-Google; (+http://www.google.com/feedfetcher.html; 1 subscribers; feed-id=10831477631497958243)"
72.14.199.216 - - [14/Feb/2010:13:36:41 -0800] "GET / HTTP/1.1" 304 - "-" "Feedfetcher-Google; (+http://www.google.com/feedfetcher.html; 1 subscribers; feed-id=10831477631497958243)"
67.202.11.26 - - [14/Feb/2010:13:47:38 -0800] "GET /robots.txt HTTP/1.1" 302 355 "-" "Mozilla/5.0 (compatible; spbot/1.2; +http://www.seoprofiler.com/bot/ )"
67.202.11.26 - - [14/Feb/2010:13:47:38 -0800] "GET / HTTP/1.1" 200 163 "-" "Mozilla/5.0 (compatible; spbot/1.2; +http://www.seoprofiler.com/bot/ )"
67.202.11.26 - - [14/Feb/2010:13:47:39 -0800] "GET / HTTP/1.1" 200 163 "-" "Mozilla/5.0 (compatible; spbot/1.2; +http://www.seoprofiler.com/bot/ )"
67.195.114.251 - - [14/Feb/2010:13:58:12 -0800] "GET /robots.txt HTTP/1.0" 302 355 "-" "Mozilla/5.0 (compatible; Yahoo! Slurp; http://help.yahoo.com/help/us/ysearch/slurp)"
67.195.114.251 - - [14/Feb/2010:13:58:12 -0800] "GET / HTTP/1.0" 200 163 "-" "Mozilla/5.0 (compatible; Yahoo! Slurp; http://help.yahoo.com/help/us/ysearch/slurp)"
67.195.114.251 - - [14/Feb/2010:13:58:13 -0800] "GET /2008/04/eyemanage/ HTTP/1.0" 302 355 "-" "Mozilla/5.0 (compatible; Yahoo! Slurp/3.0; http://help.yahoo.com/help/us/ysearch/slurp)"
67.195.114.251 - - [14/Feb/2010:13:58:13 -0800] "GET / HTTP/1.0" 200 163 "-" "Mozilla/5.0 (compatible; Yahoo! Slurp/3.0; http://help.yahoo.com/help/us/ysearch/slurp)"
75.101.168.14 - - [14/Feb/2010:14:03:12 -0800] "GET /robots.txt HTTP/1.1" 302 355 "-" "Mozilla/5.0 (compatible; spbot/1.2; +http://www.seoprofiler.com/bot/ )"
75.101.168.14 - - [14/Feb/2010:14:03:13 -0800] "GET / HTTP/1.1" 200 163 "-" "Mozilla/5.0 (compatible; spbot/1.2; +http://www.seoprofiler.com/bot/ )"
75.101.168.14 - - [14/Feb/2010:14:03:13 -0800] "GET / HTTP/1.1" 200 163 "-" "Mozilla/5.0 (compatible; spbot/1.2; +http://www.seoprofiler.com/bot/ )"
174.129.112.194 - - [14/Feb/2010:15:09:03 -0800] "GET /robots.txt HTTP/1.1" 302 355 "-" "Mozilla/5.0 (compatible; spbot/1.2; +http://www.seoprofiler.com/bot/ )"
174.129.112.194 - - [14/Feb/2010:15:09:04 -0800] "GET / HTTP/1.1" 200 163 "-" "Mozilla/5.0 (compatible; spbot/1.2; +http://www.seoprofiler.com/bot/ )"
174.129.112.194 - - [14/Feb/2010:15:09:04 -0800] "GET / HTTP/1.1" 200 163 "-" "Mozilla/5.0 (compatible; spbot/1.2; +http://www.seoprofiler.com/bot/ )"
207.46.195.232 - - [14/Feb/2010:16:03:15 -0800] "GET /robots.txt HTTP/1.1" 302 355 "-" "msnbot/2.0b (+http://search.msn.com/msnbot.htm)"
207.46.195.232 - - [14/Feb/2010:16:03:15 -0800] "GET / HTTP/1.1" 200 163 "-" "msnbot/2.0b (+http://search.msn.com/msnbot.htm)"
