72.14.199.216 - - [20/Feb/2010:21:24:57 -0800] "GET /feed/ HTTP/1.1" 302 355 "-" "Feedfetcher-Google; (+http://www.google.com/feedfetcher.html; 1 subscribers; feed-id=10831477631497958243)"
72.14.199.216 - - [20/Feb/2010:21:24:58 -0800] "GET / HTTP/1.1" 304 - "-" "Feedfetcher-Google; (+http://www.google.com/feedfetcher.html; 1 subscribers; feed-id=10831477631497958243)"
173.49.236.71 - - [20/Feb/2010:21:55:48 -0800] "GET / HTTP/1.1" 200 163 "http://www.google.com/search?um=1&hl=en&safe=off&client=safari&rls=en&q=jasoncmartin&ndsp=20&ie=UTF-8&sa=N&tab=iw" "Mozilla/5.0 (Windows; U; Windows NT 6.1; en-US) AppleWebKit/532+ (KHTML, like Gecko) Version/4.0.4 Safari/531.21.10"
173.49.236.71 - - [20/Feb/2010:21:55:49 -0800] "GET /favicon.ico HTTP/1.1" 302 359 "http://www.jasoncmartin.com/" "Mozilla/5.0 (Windows; U; Windows NT 6.1; en-US) AppleWebKit/532+ (KHTML, like Gecko) Version/4.0.4 Safari/531.21.10"
173.49.236.71 - - [20/Feb/2010:21:55:49 -0800] "GET / HTTP/1.1" 200 163 "http://www.jasoncmartin.com/" "Mozilla/5.0 (Windows; U; Windows NT 6.1; en-US) AppleWebKit/532+ (KHTML, like Gecko) Version/4.0.4 Safari/531.21.10"
123.125.66.112 - - [20/Feb/2010:22:38:01 -0800] "GET /robots.txt HTTP/1.1" 302 355 "-" "Baiduspider+(+http://www.baidu.com/search/spider.htm)"
123.125.66.102 - - [20/Feb/2010:22:38:02 -0800] "GET / HTTP/1.1" 200 163 "-" "Baiduspider+(+http://www.baidu.com/search/spider.htm)"
67.210.218.110 - - [20/Feb/2010:23:03:44 -0800] "GET /feed HTTP/1.1" 302 355 "-" "Rome Client (http://tinyurl.com/64t5n) Ver: 0.9"
67.210.218.110 - - [20/Feb/2010:23:03:44 -0800] "GET / HTTP/1.1" 200 163 "-" "Rome Client (http://tinyurl.com/64t5n) Ver: 0.9"
72.14.199.216 - - [21/Feb/2010:00:25:08 -0800] "GET /feed/ HTTP/1.1" 302 355 "-" "Feedfetcher-Google; (+http://www.google.com/feedfetcher.html; 1 subscribers; feed-id=10831477631497958243)"
72.14.199.216 - - [21/Feb/2010:00:25:08 -0800] "GET / HTTP/1.1" 304 - "-" "Feedfetcher-Google; (+http://www.google.com/feedfetcher.html; 1 subscribers; feed-id=10831477631497958243)"
207.46.204.178 - - [21/Feb/2010:00:33:19 -0800] "GET /robots.txt HTTP/1.1" 302 355 "-" "msnbot/2.0b (+http://search.msn.com/msnbot.htm)"
207.46.204.178 - - [21/Feb/2010:00:33:19 -0800] "GET / HTTP/1.1" 200 163 "-" "msnbot/2.0b (+http://search.msn.com/msnbot.htm)"
88.131.106.30 - - [21/Feb/2010:01:23:20 -0800] "GET /robots.txt HTTP/1.0" 302 355 "-" "Speedy Spider (http://www.entireweb.com/about/search_tech/speedy_spider/)"
88.131.106.30 - - [21/Feb/2010:01:23:23 -0800] "GET / HTTP/1.0" 304 - "-" "Speedy Spider (http://www.entireweb.com/about/search_tech/speedy_spider/)"
65.55.218.160 - - [21/Feb/2010:01:56:37 -0800] "GET /robots.txt HTTP/1.1" 302 355 "-" "msnbot/2.0b (+http://search.msn.com/msnbot.htm)"
65.55.218.160 - - [21/Feb/2010:01:56:37 -0800] "GET / HTTP/1.1" 200 163 "-" "msnbot/2.0b (+http://search.msn.com/msnbot.htm)"
65.55.218.160 - - [21/Feb/2010:01:57:36 -0800] "GET /category/brickfilmerscom/ HTTP/1.1" 302 355 "-" "msnbot/2.0b (+http://search.msn.com/msnbot.htm)"
207.46.199.52 - - [21/Feb/2010:02:03:18 -0800] "GET /robots.txt HTTP/1.1" 302 355 "-" "msnbot/2.0b (+http://search.msn.com/msnbot.htm)"
207.46.199.52 - - [21/Feb/2010:02:03:18 -0800] "GET / HTTP/1.1" 200 163 "-" "msnbot/2.0b (+http://search.msn.com/msnbot.htm)"
67.218.116.132 - - [21/Feb/2010:03:07:15 -0800] "GET /robots.txt HTTP/1.1" 302 355 "-" "Mozilla/5.0 (Twiceler-0.9 http://www.cuil.com/twiceler/robot.html)"
207.46.204.193 - - [21/Feb/2010:03:11:56 -0800] "GET /robots.txt HTTP/1.1" 302 355 "-" "msnbot/2.0b (+http://search.msn.com/msnbot.htm)"
207.46.204.193 - - [21/Feb/2010:03:11:56 -0800] "GET / HTTP/1.1" 200 163 "-" "msnbot/2.0b (+http://search.msn.com/msnbot.htm)"
72.14.199.216 - - [21/Feb/2010:03:25:19 -0800] "GET /feed/ HTTP/1.1" 302 355 "-" "Feedfetcher-Google; (+http://www.google.com/feedfetcher.html; 1 subscribers; feed-id=10831477631497958243)"
72.14.199.216 - - [21/Feb/2010:03:25:20 -0800] "GET / HTTP/1.1" 304 - "-" "Feedfetcher-Google; (+http://www.google.com/feedfetcher.html; 1 subscribers; feed-id=10831477631497958243)"
74.222.4.218 - - [21/Feb/2010:03:49:27 -0800] "GET /robots.txt HTTP/1.0" 302 355 "http://jasoncmartin.com/robots.txt" "Mozilla/4.0 (compatible; MSIE 6.0; Windows NT 5.1; SV1; .NET CLR 2.0.50727)"
74.222.4.218 - - [21/Feb/2010:03:49:28 -0800] "GET / HTTP/1.0" 200 163 "http://jasoncmartin.com/" "Mozilla/4.0 (compatible; MSIE 6.0; Windows NT 5.1; SV1; .NET CLR 2.0.50727)"
207.46.199.52 - - [21/Feb/2010:04:13:54 -0800] "GET /robots.txt HTTP/1.1" 302 355 "-" "msnbot/2.0b (+http://search.msn.com/msnbot.htm)"
207.46.199.52 - - [21/Feb/2010:04:13:54 -0800] "GET / HTTP/1.1" 200 163 "-" "msnbot/2.0b (+http://search.msn.com/msnbot.htm)"
207.46.195.241 - - [21/Feb/2010:05:09:39 -0800] "GET /robots.txt HTTP/1.1" 302 355 "-" "msnbot/2.0b (+http://search.msn.com/msnbot.htm)"
207.46.195.241 - - [21/Feb/2010:05:09:39 -0800] "GET / HTTP/1.1" 200 163 "-" "msnbot/2.0b (+http://search.msn.com/msnbot.htm)"
64.78.155.100 - - [21/Feb/2010:05:17:55 -0800] "GET /feed/ HTTP/1.1" 302 355 "-" "NewsGatorOnline/2.0 (http://www.newsgator.com; 2 subscribers)"
64.78.155.100 - - [21/Feb/2010:05:17:55 -0800] "GET / HTTP/1.1" 304 - "-" "NewsGatorOnline/2.0 (http://www.newsgator.com; 2 subscribers)"
67.195.115.50 - - [21/Feb/2010:06:17:38 -0800] "GET /robots.txt HTTP/1.0" 302 355 "-" "Mozilla/5.0 (compatible; Yahoo! Slurp; http://help.yahoo.com/help/us/ysearch/slurp)"
67.195.115.50 - - [21/Feb/2010:06:17:38 -0800] "GET / HTTP/1.0" 200 163 "-" "Mozilla/5.0 (compatible; Yahoo! Slurp; http://help.yahoo.com/help/us/ysearch/slurp)"
67.195.115.50 - - [21/Feb/2010:06:17:38 -0800] "GET /2008/12/ugh/ HTTP/1.0" 302 355 "-" "Mozilla/5.0 (compatible; Yahoo! Slurp/3.0; http://help.yahoo.com/help/us/ysearch/slurp)"
67.195.115.50 - - [21/Feb/2010:06:17:39 -0800] "GET / HTTP/1.0" 200 163 "-" "Mozilla/5.0 (compatible; Yahoo! Slurp/3.0; http://help.yahoo.com/help/us/ysearch/slurp)"
72.14.199.216 - - [21/Feb/2010:06:25:37 -0800] "GET /feed/ HTTP/1.1" 302 355 "-" "Feedfetcher-Google; (+http://www.google.com/feedfetcher.html; 1 subscribers; feed-id=10831477631497958243)"
72.14.199.216 - - [21/Feb/2010:06:25:38 -0800] "GET / HTTP/1.1" 304 - "-" "Feedfetcher-Google; (+http://www.google.com/feedfetcher.html; 1 subscribers; feed-id=10831477631497958243)"
216.129.119.10 - - [21/Feb/2010:06:41:14 -0800] "GET /robots.txt HTTP/1.1" 302 359 "-" "Mozilla/5.0 (Twiceler-0.9 http://www.cuil.com/twiceler/robot.html)"
72.14.199.216 - - [21/Feb/2010:09:25:48 -0800] "GET /feed/ HTTP/1.1" 302 355 "-" "Feedfetcher-Google; (+http://www.google.com/feedfetcher.html; 1 subscribers; feed-id=10831477631497958243)"
72.14.199.216 - - [21/Feb/2010:09:25:49 -0800] "GET / HTTP/1.1" 304 - "-" "Feedfetcher-Google; (+http://www.google.com/feedfetcher.html; 1 subscribers; feed-id=10831477631497958243)"
207.46.199.45 - - [21/Feb/2010:09:46:26 -0800] "GET /robots.txt HTTP/1.1" 302 355 "-" "msnbot/2.0b (+http://search.msn.com/msnbot.htm)"
207.46.199.45 - - [21/Feb/2010:09:46:26 -0800] "GET / HTTP/1.1" 200 163 "-" "msnbot/2.0b (+http://search.msn.com/msnbot.htm)"
88.131.106.30 - - [21/Feb/2010:09:55:45 -0800] "GET /robots.txt HTTP/1.0" 302 355 "-" "Speedy Spider (http://www.entireweb.com/about/search_tech/speedy_spider/)"
88.131.106.30 - - [21/Feb/2010:09:55:47 -0800] "GET / HTTP/1.0" 304 - "-" "Speedy Spider (http://www.entireweb.com/about/search_tech/speedy_spider/)"
72.14.199.216 - - [21/Feb/2010:12:25:57 -0800] "GET /feed/ HTTP/1.1" 302 355 "-" "Feedfetcher-Google; (+http://www.google.com/feedfetcher.html; 1 subscribers; feed-id=10831477631497958243)"
72.14.199.216 - - [21/Feb/2010:12:25:58 -0800] "GET / HTTP/1.1" 304 - "-" "Feedfetcher-Google; (+http://www.google.com/feedfetcher.html; 1 subscribers; feed-id=10831477631497958243)"
207.46.199.40 - - [21/Feb/2010:13:32:48 -0800] "GET /robots.txt HTTP/1.1" 302 355 "-" "msnbot/2.0b (+http://search.msn.com/msnbot.htm)"
207.46.199.40 - - [21/Feb/2010:13:32:48 -0800] "GET / HTTP/1.1" 200 163 "-" "msnbot/2.0b (+http://search.msn.com/msnbot.htm)"
65.55.106.187 - - [21/Feb/2010:14:20:27 -0800] "GET /robots.txt HTTP/1.1" 302 355 "-" "msnbot/2.0b (+http://search.msn.com/msnbot.htm)"
65.55.106.187 - - [21/Feb/2010:14:20:28 -0800] "GET / HTTP/1.1" 200 163 "-" "msnbot/2.0b (+http://search.msn.com/msnbot.htm)"
77.250.153.119 - - [21/Feb/2010:14:20:40 -0800] "GET / HTTP/1.1" 200 163 "-" "Java/1.6.0"
65.55.106.187 - - [21/Feb/2010:14:21:24 -0800] "GET /category/computer-programming/ HTTP/1.1" 302 355 "-" "msnbot/2.0b (+http://search.msn.com/msnbot.htm)"
207.46.199.47 - - [21/Feb/2010:15:02:53 -0800] "GET /robots.txt HTTP/1.1" 302 355 "-" "msnbot/2.0b (+http://search.msn.com/msnbot.htm)"
207.46.199.47 - - [21/Feb/2010:15:02:53 -0800] "GET / HTTP/1.1" 200 163 "-" "msnbot/2.0b (+http://search.msn.com/msnbot.htm)"
193.252.149.14 - - [21/Feb/2010:15:15:22 -0800] "GET /robots.txt HTTP/1.1" 302 355 "-" "Mozilla/5.0 (Windows; U; Windows NT 5.1; fr; rv:1.8.1) VoilaBot BETA 1.2 (support.voilabot@orange-ftgroup.com)"
193.252.149.14 - - [21/Feb/2010:15:15:28 -0800] "GET / HTTP/1.1" 200 163 "-" "Mozilla/5.0 (Windows; U; Windows NT 5.1; fr; rv:1.8.1) VoilaBot BETA 1.2 (support.voilabot@orange-ftgroup.com)"
72.14.199.216 - - [21/Feb/2010:15:26:09 -0800] "GET /feed/ HTTP/1.1" 302 355 "-" "Feedfetcher-Google; (+http://www.google.com/feedfetcher.html; 1 subscribers; feed-id=10831477631497958243)"
72.14.199.216 - - [21/Feb/2010:15:26:09 -0800] "GET / HTTP/1.1" 304 - "-" "Feedfetcher-Google; (+http://www.google.com/feedfetcher.html; 1 subscribers; feed-id=10831477631497958243)"
66.249.71.76 - - [21/Feb/2010:16:56:10 -0800] "GET /robots.txt HTTP/1.1" 302 355 "-" "Googlebot-Image/1.0"
66.249.71.76 - - [21/Feb/2010:16:56:10 -0800] "GET / HTTP/1.1" 200 163 "-" "Googlebot-Image/1.0"
66.249.71.76 - - [21/Feb/2010:16:56:11 -0800] "GET /wp-includes/images/smilies/icon_wink.gif HTTP/1.1" 302 355 "-" "Googlebot-Image/1.0"
66.249.71.76 - - [21/Feb/2010:16:56:11 -0800] "GET / HTTP/1.1" 200 163 "-" "Googlebot-Image/1.0"
67.195.115.50 - - [21/Feb/2010:17:36:36 -0800] "GET /robots.txt HTTP/1.0" 302 355 "-" "Mozilla/5.0 (compatible; Yahoo! Slurp; http://help.yahoo.com/help/us/ysearch/slurp)"
67.195.115.50 - - [21/Feb/2010:17:36:36 -0800] "GET / HTTP/1.0" 200 163 "-" "Mozilla/5.0 (compatible; Yahoo! Slurp; http://help.yahoo.com/help/us/ysearch/slurp)"
67.195.115.50 - - [21/Feb/2010:17:36:37 -0800] "GET / HTTP/1.0" 200 163 "-" "Mozilla/5.0 (compatible; Yahoo! Slurp/3.0; http://help.yahoo.com/help/us/ysearch/slurp)"
72.14.199.216 - - [21/Feb/2010:18:26:18 -0800] "GET /feed/ HTTP/1.1" 302 355 "-" "Feedfetcher-Google; (+http://www.google.com/feedfetcher.html; 1 subscribers; feed-id=10831477631497958243)"
72.14.199.216 - - [21/Feb/2010:18:26:19 -0800] "GET / HTTP/1.1" 304 - "-" "Feedfetcher-Google; (+http://www.google.com/feedfetcher.html; 1 subscribers; feed-id=10831477631497958243)"
99.93.179.78 - - [21/Feb/2010:19:06:33 -0800] "GET /robots.txt HTTP/1.1" 302 355 "-" "Mozilla/5.0 (compatible; 008/0.83; http://www.80legs.com/spider.html;) Gecko/2008032620"
207.46.199.37 - - [21/Feb/2010:20:56:26 -0800] "GET /robots.txt HTTP/1.1" 302 355 "-" "msnbot/2.0b (+http://search.msn.com/msnbot.htm)"
207.46.199.37 - - [21/Feb/2010:20:56:26 -0800] "GET / HTTP/1.1" 200 163 "-" "msnbot/2.0b (+http://search.msn.com/msnbot.htm)"
72.14.199.216 - - [21/Feb/2010:21:26:31 -0800] "GET /feed/ HTTP/1.1" 302 355 "-" "Feedfetcher-Google; (+http://www.google.com/feedfetcher.html; 1 subscribers; feed-id=10831477631497958243)"
72.14.199.216 - - [21/Feb/2010:21:26:31 -0800] "GET / HTTP/1.1" 304 - "-" "Feedfetcher-Google; (+http://www.google.com/feedfetcher.html; 1 subscribers; feed-id=10831477631497958243)"
207.46.204.239 - - [21/Feb/2010:21:59:04 -0800] "GET /robots.txt HTTP/1.1" 302 355 "-" "msnbot/2.0b (+http://search.msn.com/msnbot.htm)"
207.46.204.239 - - [21/Feb/2010:21:59:04 -0800] "GET / HTTP/1.1" 200 163 "-" "msnbot/2.0b (+http://search.msn.com/msnbot.htm)"
207.46.199.37 - - [21/Feb/2010:23:03:23 -0800] "GET /robots.txt HTTP/1.1" 302 355 "-" "msnbot/2.0b (+http://search.msn.com/msnbot.htm)"
207.46.199.37 - - [21/Feb/2010:23:03:23 -0800] "GET / HTTP/1.1" 200 163 "-" "msnbot/2.0b (+http://search.msn.com/msnbot.htm)"
123.125.66.19 - - [21/Feb/2010:23:04:59 -0800] "GET /robots.txt HTTP/1.1" 302 355 "-" "Baiduspider+(+http://www.baidu.com/search/spider.htm)"
123.125.66.30 - - [21/Feb/2010:23:04:59 -0800] "GET / HTTP/1.1" 200 163 "-" "Baiduspider+(+http://www.baidu.com/search/spider.htm)"
67.210.218.110 - - [21/Feb/2010:23:43:07 -0800] "GET /feed HTTP/1.1" 302 355 "-" "Rome Client (http://tinyurl.com/64t5n) Ver: 0.9"
67.210.218.110 - - [21/Feb/2010:23:43:07 -0800] "GET / HTTP/1.1" 200 163 "-" "Rome Client (http://tinyurl.com/64t5n) Ver: 0.9"
72.14.199.216 - - [22/Feb/2010:00:26:37 -0800] "GET /feed/ HTTP/1.1" 302 355 "-" "Feedfetcher-Google; (+http://www.google.com/feedfetcher.html; 1 subscribers; feed-id=10831477631497958243)"
72.14.199.216 - - [22/Feb/2010:00:26:38 -0800] "GET / HTTP/1.1" 304 - "-" "Feedfetcher-Google; (+http://www.google.com/feedfetcher.html; 1 subscribers; feed-id=10831477631497958243)"
64.78.155.100 - - [22/Feb/2010:00:35:53 -0800] "GET /feed/ HTTP/1.1" 302 355 "-" "NewsGatorOnline/2.0 (http://www.newsgator.com; 2 subscribers)"
64.78.155.100 - - [22/Feb/2010:00:35:53 -0800] "GET / HTTP/1.1" 304 - "-" "NewsGatorOnline/2.0 (http://www.newsgator.com; 2 subscribers)"
207.46.195.240 - - [22/Feb/2010:00:37:40 -0800] "GET /robots.txt HTTP/1.1" 302 355 "-" "msnbot/2.0b (+http://search.msn.com/msnbot.htm)"
207.46.195.240 - - [22/Feb/2010:00:37:40 -0800] "GET / HTTP/1.1" 200 163 "-" "msnbot/2.0b (+http://search.msn.com/msnbot.htm)"
148.160.29.4 - - [22/Feb/2010:00:37:59 -0800] "GET / HTTP/1.0" 200 163 "-" "-"
75.101.234.253 - - [22/Feb/2010:01:33:28 -0800] "GET /robots.txt HTTP/1.1" 302 355 "-" "Mozilla/5.0 (compatible; spbot/2.0; +http://www.seoprofiler.com/bot/ )"
75.101.234.253 - - [22/Feb/2010:01:33:28 -0800] "GET / HTTP/1.1" 200 163 "-" "Mozilla/5.0 (compatible; spbot/2.0; +http://www.seoprofiler.com/bot/ )"
75.101.234.253 - - [22/Feb/2010:01:33:29 -0800] "GET / HTTP/1.1" 200 163 "-" "Mozilla/5.0 (compatible; spbot/2.0; +http://www.seoprofiler.com/bot/ )"
38.99.98.18 - - [22/Feb/2010:02:16:30 -0800] "GET /robots.txt HTTP/1.1" 302 359 "-" "Mozilla/5.0 (compatible; ScoutJet; +http://www.scoutjet.com/)"
38.99.98.18 - - [22/Feb/2010:02:16:32 -0800] "GET / HTTP/1.1" 200 163 "-" "Mozilla/5.0 (compatible; ScoutJet; +http://www.scoutjet.com/)"
38.99.98.18 - - [22/Feb/2010:02:16:34 -0800] "GET / HTTP/1.1" 200 163 "-" "Mozilla/5.0 (compatible; ScoutJet; +http://www.scoutjet.com/)"
67.218.116.132 - - [22/Feb/2010:02:36:09 -0800] "GET /robots.txt HTTP/1.1" 302 355 "-" "Mozilla/5.0 (Twiceler-0.9 http://www.cuil.com/twiceler/robot.html)"
72.14.199.216 - - [22/Feb/2010:03:26:49 -0800] "GET /feed/ HTTP/1.1" 302 355 "-" "Feedfetcher-Google; (+http://www.google.com/feedfetcher.html; 1 subscribers; feed-id=10831477631497958243)"
72.14.199.216 - - [22/Feb/2010:03:26:50 -0800] "GET / HTTP/1.1" 304 - "-" "Feedfetcher-Google; (+http://www.google.com/feedfetcher.html; 1 subscribers; feed-id=10831477631497958243)"
207.46.195.224 - - [22/Feb/2010:04:29:12 -0800] "GET /robots.txt HTTP/1.1" 302 355 "-" "msnbot/2.0b (+http://search.msn.com/msnbot.htm)"
207.46.195.224 - - [22/Feb/2010:04:29:12 -0800] "GET / HTTP/1.1" 200 163 "-" "msnbot/2.0b (+http://search.msn.com/msnbot.htm)"
72.14.199.216 - - [22/Feb/2010:06:27:07 -0800] "GET /feed/ HTTP/1.1" 302 355 "-" "Feedfetcher-Google; (+http://www.google.com/feedfetcher.html; 1 subscribers; feed-id=10831477631497958243)"
72.14.199.216 - - [22/Feb/2010:06:27:08 -0800] "GET / HTTP/1.1" 304 - "-" "Feedfetcher-Google; (+http://www.google.com/feedfetcher.html; 1 subscribers; feed-id=10831477631497958243)"
207.46.199.47 - - [22/Feb/2010:06:36:09 -0800] "GET /robots.txt HTTP/1.1" 302 355 "-" "msnbot/2.0b (+http://search.msn.com/msnbot.htm)"
207.46.199.47 - - [22/Feb/2010:06:36:09 -0800] "GET / HTTP/1.1" 200 163 "-" "msnbot/2.0b (+http://search.msn.com/msnbot.htm)"
216.129.119.10 - - [22/Feb/2010:07:16:57 -0800] "GET /robots.txt HTTP/1.1" 302 359 "-" "Mozilla/5.0 (Twiceler-0.9 http://www.cuil.com/twiceler/robot.html)"
78.86.134.72 - - [22/Feb/2010:07:19:11 -0800] "GET /favicon.ico HTTP/1.1" 302 355 "-" "NetNewsWire/3.2 (Mac OS X; http://www.newsgator.com/Individuals/NetNewsWire/)"
65.55.106.163 - - [22/Feb/2010:08:29:44 -0800] "GET /robots.txt HTTP/1.1" 302 355 "-" "msnbot/2.0b (+http://search.msn.com/msnbot.htm)"
65.55.106.163 - - [22/Feb/2010:08:29:44 -0800] "GET / HTTP/1.1" 200 163 "-" "msnbot/2.0b (+http://search.msn.com/msnbot.htm)"
65.55.106.163 - - [22/Feb/2010:08:30:31 -0800] "GET /2008/04/ HTTP/1.1" 302 355 "-" "msnbot/2.0b (+http://search.msn.com/msnbot.htm)"
207.46.204.178 - - [22/Feb/2010:08:36:07 -0800] "GET /robots.txt HTTP/1.1" 302 355 "-" "msnbot/2.0b (+http://search.msn.com/msnbot.htm)"
207.46.204.178 - - [22/Feb/2010:08:36:07 -0800] "GET / HTTP/1.1" 200 163 "-" "msnbot/2.0b (+http://search.msn.com/msnbot.htm)"
65.55.207.70 - - [22/Feb/2010:09:04:55 -0800] "GET /category/php/ HTTP/1.1" 302 355 "-" "msnbot/2.0b (+http://search.msn.com/msnbot.htm)"
38.99.97.38 - - [22/Feb/2010:09:09:15 -0800] "GET /robots.txt HTTP/1.1" 302 355 "-" "Mozilla/5.0 (compatible; ScoutJet; +http://www.scoutjet.com/)"
38.99.97.38 - - [22/Feb/2010:09:09:19 -0800] "GET / HTTP/1.1" 200 163 "-" "Mozilla/5.0 (compatible; ScoutJet; +http://www.scoutjet.com/)"
38.99.97.38 - - [22/Feb/2010:09:09:24 -0800] "GET / HTTP/1.1" 200 163 "-" "Mozilla/5.0 (compatible; ScoutJet; +http://www.scoutjet.com/)"
38.100.8.50 - - [22/Feb/2010:09:21:47 -0800] "GET /robots.txt HTTP/1.1" 302 359 "-" "panscient.com"
38.100.8.50 - - [22/Feb/2010:09:21:48 -0800] "GET / HTTP/1.1" 200 163 "-" "panscient.com"
38.100.8.50 - - [22/Feb/2010:09:21:48 -0800] "GET / HTTP/1.1" 200 163 "-" "panscient.com"
72.14.199.216 - - [22/Feb/2010:09:27:17 -0800] "GET /feed/ HTTP/1.1" 302 355 "-" "Feedfetcher-Google; (+http://www.google.com/feedfetcher.html; 1 subscribers; feed-id=10831477631497958243)"
72.14.199.216 - - [22/Feb/2010:09:27:18 -0800] "GET / HTTP/1.1" 304 - "-" "Feedfetcher-Google; (+http://www.google.com/feedfetcher.html; 1 subscribers; feed-id=10831477631497958243)"
67.195.115.50 - - [22/Feb/2010:12:15:04 -0800] "GET /robots.txt HTTP/1.0" 302 355 "-" "Mozilla/5.0 (compatible; Yahoo! Slurp; http://help.yahoo.com/help/us/ysearch/slurp)"
67.195.115.50 - - [22/Feb/2010:12:15:04 -0800] "GET / HTTP/1.0" 200 163 "-" "Mozilla/5.0 (compatible; Yahoo! Slurp; http://help.yahoo.com/help/us/ysearch/slurp)"
67.195.115.50 - - [22/Feb/2010:12:15:05 -0800] "GET /feed/ HTTP/1.0" 302 355 "-" "Mozilla/5.0 (compatible; Yahoo! Slurp/3.0; http://help.yahoo.com/help/us/ysearch/slurp)"
67.195.115.50 - - [22/Feb/2010:12:15:07 -0800] "GET / HTTP/1.0" 200 163 "-" "Mozilla/5.0 (compatible; Yahoo! Slurp/3.0; http://help.yahoo.com/help/us/ysearch/slurp)"
67.195.115.50 - - [22/Feb/2010:12:21:06 -0800] "GET /feed/ HTTP/1.0" 302 355 "-" "Mozilla/5.0 (compatible; Yahoo! Slurp/3.0; http://help.yahoo.com/help/us/ysearch/slurp)"
72.14.199.216 - - [22/Feb/2010:12:27:28 -0800] "GET /feed/ HTTP/1.1" 302 355 "-" "Feedfetcher-Google; (+http://www.google.com/feedfetcher.html; 1 subscribers; feed-id=10831477631497958243)"
72.14.199.216 - - [22/Feb/2010:12:27:28 -0800] "GET / HTTP/1.1" 304 - "-" "Feedfetcher-Google; (+http://www.google.com/feedfetcher.html; 1 subscribers; feed-id=10831477631497958243)"
65.55.106.111 - - [22/Feb/2010:12:42:15 -0800] "GET /robots.txt HTTP/1.1" 302 355 "-" "msnbot/2.0b (+http://search.msn.com/msnbot.htm)"
65.55.106.111 - - [22/Feb/2010:12:42:15 -0800] "GET / HTTP/1.1" 200 163 "-" "msnbot/2.0b (+http://search.msn.com/msnbot.htm)"
65.55.106.111 - - [22/Feb/2010:12:42:57 -0800] "GET / HTTP/1.1" 304 - "-" "msnbot/2.0b (+http://search.msn.com/msnbot.htm)"
207.46.199.55 - - [22/Feb/2010:13:22:51 -0800] "GET /robots.txt HTTP/1.1" 302 355 "-" "msnbot/2.0b (+http://search.msn.com/msnbot.htm)"
207.46.199.55 - - [22/Feb/2010:13:22:51 -0800] "GET / HTTP/1.1" 200 163 "-" "msnbot/2.0b (+http://search.msn.com/msnbot.htm)"
207.46.204.240 - - [22/Feb/2010:14:18:35 -0800] "GET /robots.txt HTTP/1.1" 302 355 "-" "msnbot/2.0b (+http://search.msn.com/msnbot.htm)"
207.46.204.240 - - [22/Feb/2010:14:18:36 -0800] "GET / HTTP/1.1" 200 163 "-" "msnbot/2.0b (+http://search.msn.com/msnbot.htm)"
76.124.215.53 - - [22/Feb/2010:14:28:37 -0800] "GET /feed/ HTTP/1.1" 302 355 "-" "Mozilla/5.0 (Windows; U; Windows NT 6.0; en-US; rv:1.9.1.7) Gecko/20091221 Firefox/3.5.7 (.NET CLR 3.5.30729)"
76.124.215.53 - - [22/Feb/2010:14:28:37 -0800] "GET / HTTP/1.1" 200 163 "-" "Mozilla/5.0 (Windows; U; Windows NT 6.0; en-US; rv:1.9.1.7) Gecko/20091221 Firefox/3.5.7 (.NET CLR 3.5.30729)"
72.14.199.216 - - [22/Feb/2010:15:27:37 -0800] "GET /feed/ HTTP/1.1" 302 355 "-" "Feedfetcher-Google; (+http://www.google.com/feedfetcher.html; 1 subscribers; feed-id=10831477631497958243)"
72.14.199.216 - - [22/Feb/2010:15:27:38 -0800] "GET / HTTP/1.1" 304 - "-" "Feedfetcher-Google; (+http://www.google.com/feedfetcher.html; 1 subscribers; feed-id=10831477631497958243)"
207.46.204.240 - - [22/Feb/2010:15:38:01 -0800] "GET /robots.txt HTTP/1.1" 302 355 "-" "msnbot/2.0b (+http://search.msn.com/msnbot.htm)"
207.46.204.240 - - [22/Feb/2010:15:38:02 -0800] "GET / HTTP/1.1" 200 163 "-" "msnbot/2.0b (+http://search.msn.com/msnbot.htm)"
207.46.204.190 - - [22/Feb/2010:16:52:29 -0800] "GET /robots.txt HTTP/1.1" 302 355 "-" "msnbot/2.0b (+http://search.msn.com/msnbot.htm)"
207.46.204.190 - - [22/Feb/2010:16:52:29 -0800] "GET / HTTP/1.1" 200 163 "-" "msnbot/2.0b (+http://search.msn.com/msnbot.htm)"
207.46.204.190 - - [22/Feb/2010:17:54:16 -0800] "GET /robots.txt HTTP/1.1" 302 355 "-" "msnbot/2.0b (+http://search.msn.com/msnbot.htm)"
207.46.204.190 - - [22/Feb/2010:17:54:16 -0800] "GET / HTTP/1.1" 200 163 "-" "msnbot/2.0b (+http://search.msn.com/msnbot.htm)"
67.195.112.164 - - [22/Feb/2010:18:18:08 -0800] "GET /robots.txt HTTP/1.0" 302 355 "-" "Mozilla/5.0 (compatible; Yahoo! Slurp; http://help.yahoo.com/help/us/ysearch/slurp)"
67.195.112.164 - - [22/Feb/2010:18:18:09 -0800] "GET / HTTP/1.0" 200 163 "-" "Mozilla/5.0 (compatible; Yahoo! Slurp; http://help.yahoo.com/help/us/ysearch/slurp)"
67.195.112.164 - - [22/Feb/2010:18:18:09 -0800] "GET /2008/04/no-tbg/ HTTP/1.0" 302 355 "-" "Mozilla/5.0 (compatible; Yahoo! Slurp/3.0; http://help.yahoo.com/help/us/ysearch/slurp)"
67.195.112.164 - - [22/Feb/2010:18:18:10 -0800] "GET / HTTP/1.0" 200 163 "-" "Mozilla/5.0 (compatible; Yahoo! Slurp/3.0; http://help.yahoo.com/help/us/ysearch/slurp)"
209.85.238.242 - - [22/Feb/2010:18:28:27 -0800] "GET /feed/ HTTP/1.1" 302 355 "-" "Feedfetcher-Google; (+http://www.google.com/feedfetcher.html; 1 subscribers; feed-id=10831477631497958243)"
209.85.238.242 - - [22/Feb/2010:18:28:28 -0800] "GET / HTTP/1.1" 200 163 "-" "Feedfetcher-Google; (+http://www.google.com/feedfetcher.html; 1 subscribers; feed-id=10831477631497958243)"
64.78.155.100 - - [22/Feb/2010:19:57:56 -0800] "GET /feed/ HTTP/1.1" 302 355 "-" "NewsGatorOnline/2.0 (http://www.newsgator.com; 2 subscribers)"
64.78.155.100 - - [22/Feb/2010:19:57:56 -0800] "GET / HTTP/1.1" 304 - "-" "NewsGatorOnline/2.0 (http://www.newsgator.com; 2 subscribers)"
207.46.204.233 - - [22/Feb/2010:20:06:23 -0800] "GET /robots.txt HTTP/1.1" 302 355 "-" "msnbot/2.0b (+http://search.msn.com/msnbot.htm)"
207.46.204.233 - - [22/Feb/2010:20:06:23 -0800] "GET / HTTP/1.1" 200 163 "-" "msnbot/2.0b (+http://search.msn.com/msnbot.htm)"
209.85.238.242 - - [22/Feb/2010:21:28:38 -0800] "GET /feed/ HTTP/1.1" 302 355 "-" "Feedfetcher-Google; (+http://www.google.com/feedfetcher.html; 1 subscribers; feed-id=10831477631497958243)"
209.85.238.242 - - [22/Feb/2010:21:28:39 -0800] "GET / HTTP/1.1" 200 163 "-" "Feedfetcher-Google; (+http://www.google.com/feedfetcher.html; 1 subscribers; feed-id=10831477631497958243)"
123.125.66.31 - - [22/Feb/2010:22:07:59 -0800] "GET /robots.txt HTTP/1.1" 302 355 "-" "Baiduspider+(+http://www.baidu.com/search/spider.htm)"
123.125.66.40 - - [22/Feb/2010:22:08:00 -0800] "GET / HTTP/1.1" 200 163 "-" "Baiduspider+(+http://www.baidu.com/search/spider.htm)"
207.46.204.233 - - [22/Feb/2010:22:28:01 -0800] "GET /robots.txt HTTP/1.1" 302 355 "-" "msnbot/2.0b (+http://search.msn.com/msnbot.htm)"
207.46.204.233 - - [22/Feb/2010:22:28:01 -0800] "GET / HTTP/1.1" 200 163 "-" "msnbot/2.0b (+http://search.msn.com/msnbot.htm)"
67.195.112.164 - - [22/Feb/2010:23:20:54 -0800] "GET /robots.txt HTTP/1.0" 302 355 "-" "Mozilla/5.0 (compatible; Yahoo! Slurp; http://help.yahoo.com/help/us/ysearch/slurp)"
67.195.112.164 - - [22/Feb/2010:23:20:54 -0800] "GET / HTTP/1.0" 200 163 "-" "Mozilla/5.0 (compatible; Yahoo! Slurp; http://help.yahoo.com/help/us/ysearch/slurp)"
67.195.112.164 - - [22/Feb/2010:23:20:55 -0800] "GET /category/life/ HTTP/1.0" 302 355 "-" "Mozilla/5.0 (compatible; Yahoo! Slurp/3.0; http://help.yahoo.com/help/us/ysearch/slurp)"
67.195.112.164 - - [22/Feb/2010:23:20:55 -0800] "GET / HTTP/1.0" 304 - "-" "Mozilla/5.0 (compatible; Yahoo! Slurp/3.0; http://help.yahoo.com/help/us/ysearch/slurp)"
118.122.178.68 - - [23/Feb/2010:00:01:49 -0800] "GET / HTTP/1.1" 200 163 "-" "Mozilla/4.0 (compatible; MSIE 6.0; Windows NT 5.1; SV1; .NET CLR 1.1.4322)"
174.133.7.18 - - [23/Feb/2010:00:07:37 -0800] "GET /robots.txt HTTP/1.1" 302 355 "-" "Mozilla/5.0 (Windows; U; Windows NT 5.0; ru; rv:1.8.0.10) Gecko/20070216 Firefox/1.5.0.10"
174.133.7.18 - - [23/Feb/2010:00:07:37 -0800] "GET / HTTP/1.1" 200 163 "-" "Mozilla/5.0 (Windows; U; Windows NT 5.0; ru; rv:1.8.0.10) Gecko/20070216 Firefox/1.5.0.10"
209.85.238.242 - - [23/Feb/2010:00:28:57 -0800] "GET /feed/ HTTP/1.1" 302 355 "-" "Feedfetcher-Google; (+http://www.google.com/feedfetcher.html; 1 subscribers; feed-id=10831477631497958243)"
209.85.238.242 - - [23/Feb/2010:00:28:58 -0800] "GET / HTTP/1.1" 304 - "-" "Feedfetcher-Google; (+http://www.google.com/feedfetcher.html; 1 subscribers; feed-id=10831477631497958243)"
67.218.116.132 - - [23/Feb/2010:03:08:22 -0800] "GET /robots.txt HTTP/1.1" 302 355 "-" "Mozilla/5.0 (Twiceler-0.9 http://www.cuil.com/twiceler/robot.html)"
209.85.238.242 - - [23/Feb/2010:03:13:35 -0800] "GET /feed/ HTTP/1.1" 302 355 "-" "Feedfetcher-Google; (+http://www.google.com/feedfetcher.html; 1 subscribers; feed-id=10831477631497958243)"
209.85.238.242 - - [23/Feb/2010:03:13:35 -0800] "GET / HTTP/1.1" 304 - "-" "Feedfetcher-Google; (+http://www.google.com/feedfetcher.html; 1 subscribers; feed-id=10831477631497958243)"
67.195.111.32 - - [23/Feb/2010:03:36:26 -0800] "GET /robots.txt HTTP/1.0" 302 355 "-" "Mozilla/5.0 (compatible; Yahoo! Slurp; http://help.yahoo.com/help/us/ysearch/slurp)"
67.195.111.32 - - [23/Feb/2010:03:36:26 -0800] "GET / HTTP/1.0" 200 163 "-" "Mozilla/5.0 (compatible; Yahoo! Slurp; http://help.yahoo.com/help/us/ysearch/slurp)"
67.195.111.32 - - [23/Feb/2010:03:36:26 -0800] "GET /2006/12/update/ HTTP/1.0" 302 355 "-" "Mozilla/5.0 (compatible; Yahoo! Slurp/3.0; http://help.yahoo.com/help/us/ysearch/slurp)"
67.195.111.32 - - [23/Feb/2010:03:36:27 -0800] "GET / HTTP/1.0" 200 163 "-" "Mozilla/5.0 (compatible; Yahoo! Slurp/3.0; http://help.yahoo.com/help/us/ysearch/slurp)"
207.46.204.186 - - [23/Feb/2010:03:58:44 -0800] "GET /robots.txt HTTP/1.1" 302 355 "-" "msnbot/2.0b (+http://search.msn.com/msnbot.htm)"
207.46.204.186 - - [23/Feb/2010:03:58:44 -0800] "GET / HTTP/1.1" 200 163 "-" "msnbot/2.0b (+http://search.msn.com/msnbot.htm)"
64.56.66.210 - - [23/Feb/2010:04:04:56 -0800] "GET /robots.txt HTTP/1.0" 302 355 "http://jasoncmartin.com/robots.txt" "Mozilla/4.0 (compatible; MSIE 6.0; Windows NT 5.1; SV1; .NET CLR 2.0.50727)"
64.56.66.210 - - [23/Feb/2010:04:04:56 -0800] "GET / HTTP/1.0" 200 163 "http://jasoncmartin.com/" "Mozilla/4.0 (compatible; MSIE 6.0; Windows NT 5.1; SV1; .NET CLR 2.0.50727)"
67.210.218.110 - - [23/Feb/2010:05:48:55 -0800] "GET /feed HTTP/1.1" 302 355 "-" "Rome Client (http://tinyurl.com/64t5n) Ver: 0.9"
67.210.218.110 - - [23/Feb/2010:05:48:55 -0800] "GET / HTTP/1.1" 200 163 "-" "Rome Client (http://tinyurl.com/64t5n) Ver: 0.9"
88.131.106.30 - - [23/Feb/2010:06:17:23 -0800] "GET /robots.txt HTTP/1.0" 302 355 "-" "Speedy Spider (http://www.entireweb.com/about/search_tech/speedy_spider/)"
88.131.106.30 - - [23/Feb/2010:06:17:24 -0800] "GET / HTTP/1.0" 304 - "-" "Speedy Spider (http://www.entireweb.com/about/search_tech/speedy_spider/)"
216.129.119.10 - - [23/Feb/2010:07:18:07 -0800] "GET /robots.txt HTTP/1.1" 302 359 "-" "Mozilla/5.0 (Twiceler-0.9 http://www.cuil.com/twiceler/robot.html)"
207.46.204.236 - - [23/Feb/2010:08:09:13 -0800] "GET /robots.txt HTTP/1.1" 302 355 "-" "msnbot/2.0b (+http://search.msn.com/msnbot.htm)"
207.46.204.236 - - [23/Feb/2010:08:09:13 -0800] "GET / HTTP/1.1" 200 163 "-" "msnbot/2.0b (+http://search.msn.com/msnbot.htm)"
207.46.204.232 - - [23/Feb/2010:09:26:48 -0800] "GET /robots.txt HTTP/1.1" 302 355 "-" "msnbot/2.0b (+http://search.msn.com/msnbot.htm)"
207.46.204.232 - - [23/Feb/2010:09:26:48 -0800] "GET / HTTP/1.1" 200 163 "-" "msnbot/2.0b (+http://search.msn.com/msnbot.htm)"
209.85.238.242 - - [23/Feb/2010:09:51:53 -0800] "GET /feed/ HTTP/1.1" 302 355 "-" "Feedfetcher-Google; (+http://www.google.com/feedfetcher.html; 1 subscribers; feed-id=10831477631497958243)"
209.85.238.242 - - [23/Feb/2010:09:51:54 -0800] "GET / HTTP/1.1" 200 163 "-" "Feedfetcher-Google; (+http://www.google.com/feedfetcher.html; 1 subscribers; feed-id=10831477631497958243)"
88.131.106.30 - - [23/Feb/2010:10:15:54 -0800] "GET /robots.txt HTTP/1.0" 302 355 "-" "Speedy Spider (http://www.entireweb.com/about/search_tech/speedy_spider/)"
88.131.106.30 - - [23/Feb/2010:10:16:05 -0800] "GET / HTTP/1.0" 304 - "-" "Speedy Spider (http://www.entireweb.com/about/search_tech/speedy_spider/)"
65.55.218.158 - - [23/Feb/2010:10:24:48 -0800] "GET /robots.txt HTTP/1.1" 302 355 "-" "msnbot/2.0b (+http://search.msn.com/msnbot.htm)"
65.55.218.158 - - [23/Feb/2010:10:24:48 -0800] "GET / HTTP/1.1" 200 163 "-" "msnbot/2.0b (+http://search.msn.com/msnbot.htm)"
65.55.218.158 - - [23/Feb/2010:10:25:23 -0800] "GET /category/star-trek/ HTTP/1.1" 302 355 "-" "msnbot/2.0b (+http://search.msn.com/msnbot.htm)"
207.46.204.232 - - [23/Feb/2010:11:38:28 -0800] "GET /robots.txt HTTP/1.1" 302 355 "-" "msnbot/2.0b (+http://search.msn.com/msnbot.htm)"
207.46.204.232 - - [23/Feb/2010:11:38:28 -0800] "GET / HTTP/1.1" 200 163 "-" "msnbot/2.0b (+http://search.msn.com/msnbot.htm)"
209.85.238.242 - - [23/Feb/2010:12:59:48 -0800] "GET /feed/ HTTP/1.1" 302 355 "-" "Feedfetcher-Google; (+http://www.google.com/feedfetcher.html; 1 subscribers; feed-id=10831477631497958243)"
209.85.238.242 - - [23/Feb/2010:12:59:50 -0800] "GET / HTTP/1.1" 200 163 "-" "Feedfetcher-Google; (+http://www.google.com/feedfetcher.html; 1 subscribers; feed-id=10831477631497958243)"
67.195.111.32 - - [23/Feb/2010:13:10:23 -0800] "GET /robots.txt HTTP/1.0" 302 355 "-" "Mozilla/5.0 (compatible; Yahoo! Slurp; http://help.yahoo.com/help/us/ysearch/slurp)"
67.195.111.32 - - [23/Feb/2010:13:10:23 -0800] "GET / HTTP/1.0" 200 163 "-" "Mozilla/5.0 (compatible; Yahoo! Slurp; http://help.yahoo.com/help/us/ysearch/slurp)"
67.195.111.32 - - [23/Feb/2010:13:10:24 -0800] "GET /xmlrpc.php?rsd HTTP/1.0" 302 355 "-" "Mozilla/5.0 (compatible; Yahoo! Slurp/3.0; http://help.yahoo.com/help/us/ysearch/slurp)"
67.195.111.32 - - [23/Feb/2010:13:10:24 -0800] "GET / HTTP/1.0" 304 - "-" "Mozilla/5.0 (compatible; Yahoo! Slurp/3.0; http://help.yahoo.com/help/us/ysearch/slurp)"
67.16.94.2 - - [23/Feb/2010:14:04:22 -0800] "GET /robots.txt HTTP/1.0" 302 355 "-" "Gigabot/3.0 (http://www.gigablast.com/spider.html)"
67.16.94.2 - - [23/Feb/2010:14:04:22 -0800] "GET / HTTP/1.0" 200 163 "-" "Gigabot/3.0 (http://www.gigablast.com/spider.html)"
209.85.238.242 - - [23/Feb/2010:14:09:28 -0800] "GET /feed/ HTTP/1.1" 302 355 "-" "Feedfetcher-Google; (+http://www.google.com/feedfetcher.html; 1 subscribers; feed-id=10831477631497958243)"
209.85.238.242 - - [23/Feb/2010:14:09:30 -0800] "GET / HTTP/1.1" 200 163 "-" "Feedfetcher-Google; (+http://www.google.com/feedfetcher.html; 1 subscribers; feed-id=10831477631497958243)"
207.46.195.237 - - [23/Feb/2010:14:51:50 -0800] "GET /robots.txt HTTP/1.1" 302 355 "-" "msnbot/2.0b (+http://search.msn.com/msnbot.htm)"
207.46.195.237 - - [23/Feb/2010:14:51:50 -0800] "GET / HTTP/1.1" 200 163 "-" "msnbot/2.0b (+http://search.msn.com/msnbot.htm)"
87.12.101.226 - - [23/Feb/2010:15:34:55 -0800] "GET /robots.txt HTTP/1.0" 302 355 "http://majestic12.co.uk/bot.php?I=A2A3F2D72C-209D6CE63BC9D3D5-jasoncmartin_com" "Mozilla/5.0 (compatible; MJ12bot/v1.3.2; http://www.majestic12.co.uk/bot.php?+)"
87.12.101.226 - - [23/Feb/2010:15:34:56 -0800] "GET /2008/06/alot-of-stuff HTTP/1.0" 302 355 "-" "Mozilla/5.0 (compatible; MJ12bot/v1.3.2; http://www.majestic12.co.uk/bot.php?+)"
87.12.101.226 - - [23/Feb/2010:15:35:00 -0800] "GET / HTTP/1.0" 200 163 "http://jasoncmartin.com/2008/06/alot-of-stuff" "Mozilla/5.0 (compatible; MJ12bot/v1.3.2; http://www.majestic12.co.uk/bot.php?+)"
87.12.101.226 - - [23/Feb/2010:15:35:01 -0800] "GET /2008/06/whew HTTP/1.0" 302 355 "-" "Mozilla/5.0 (compatible; MJ12bot/v1.3.2; http://www.majestic12.co.uk/bot.php?+)"
87.12.101.226 - - [23/Feb/2010:15:35:05 -0800] "GET / HTTP/1.0" 200 163 "http://jasoncmartin.com/2008/06/whew" "Mozilla/5.0 (compatible; MJ12bot/v1.3.2; http://www.majestic12.co.uk/bot.php?+)"
87.12.101.226 - - [23/Feb/2010:15:35:07 -0800] "GET /2008/07/1000 HTTP/1.0" 302 355 "-" "Mozilla/5.0 (compatible; MJ12bot/v1.3.2; http://www.majestic12.co.uk/bot.php?+)"
87.12.101.226 - - [23/Feb/2010:15:35:08 -0800] "GET / HTTP/1.0" 200 163 "http://jasoncmartin.com/2008/07/1000" "Mozilla/5.0 (compatible; MJ12bot/v1.3.2; http://www.majestic12.co.uk/bot.php?+)"
87.12.101.226 - - [23/Feb/2010:15:35:10 -0800] "GET /2008/07/couple-of-things HTTP/1.0" 302 355 "-" "Mozilla/5.0 (compatible; MJ12bot/v1.3.2; http://www.majestic12.co.uk/bot.php?+)"
87.12.101.226 - - [23/Feb/2010:15:35:11 -0800] "GET / HTTP/1.0" 200 163 "http://jasoncmartin.com/2008/07/couple-of-things" "Mozilla/5.0 (compatible; MJ12bot/v1.3.2; http://www.majestic12.co.uk/bot.php?+)"
87.12.101.226 - - [23/Feb/2010:15:35:13 -0800] "GET /2008/09/whats-up HTTP/1.0" 302 355 "-" "Mozilla/5.0 (compatible; MJ12bot/v1.3.2; http://www.majestic12.co.uk/bot.php?+)"
87.12.101.226 - - [23/Feb/2010:15:35:14 -0800] "GET / HTTP/1.0" 200 163 "http://jasoncmartin.com/2008/09/whats-up" "Mozilla/5.0 (compatible; MJ12bot/v1.3.2; http://www.majestic12.co.uk/bot.php?+)"
87.12.101.226 - - [23/Feb/2010:15:35:16 -0800] "GET /2008/10/ipod-touch HTTP/1.0" 302 355 "-" "Mozilla/5.0 (compatible; MJ12bot/v1.3.2; http://www.majestic12.co.uk/bot.php?+)"
87.12.101.226 - - [23/Feb/2010:15:35:17 -0800] "GET / HTTP/1.0" 200 163 "http://jasoncmartin.com/2008/10/ipod-touch" "Mozilla/5.0 (compatible; MJ12bot/v1.3.2; http://www.majestic12.co.uk/bot.php?+)"
87.12.101.226 - - [23/Feb/2010:15:35:18 -0800] "GET /2008/10/ipod-touch-is-here HTTP/1.0" 302 355 "-" "Mozilla/5.0 (compatible; MJ12bot/v1.3.2; http://www.majestic12.co.uk/bot.php?+)"
87.12.101.226 - - [23/Feb/2010:15:35:19 -0800] "GET / HTTP/1.0" 200 163 "http://jasoncmartin.com/2008/10/ipod-touch-is-here" "Mozilla/5.0 (compatible; MJ12bot/v1.3.2; http://www.majestic12.co.uk/bot.php?+)"
87.12.101.226 - - [23/Feb/2010:15:35:22 -0800] "GET /2008/10/sleet HTTP/1.0" 302 355 "-" "Mozilla/5.0 (compatible; MJ12bot/v1.3.2; http://www.majestic12.co.uk/bot.php?+)"
87.12.101.226 - - [23/Feb/2010:15:35:23 -0800] "GET / HTTP/1.0" 200 163 "http://jasoncmartin.com/2008/10/sleet" "Mozilla/5.0 (compatible; MJ12bot/v1.3.2; http://www.majestic12.co.uk/bot.php?+)"
87.12.101.226 - - [23/Feb/2010:15:35:26 -0800] "GET /2008/12/128 HTTP/1.0" 302 355 "-" "Mozilla/5.0 (compatible; MJ12bot/v1.3.2; http://www.majestic12.co.uk/bot.php?+)"
87.12.101.226 - - [23/Feb/2010:15:35:27 -0800] "GET / HTTP/1.0" 200 163 "http://jasoncmartin.com/2008/12/128" "Mozilla/5.0 (compatible; MJ12bot/v1.3.2; http://www.majestic12.co.uk/bot.php?+)"
87.12.101.226 - - [23/Feb/2010:15:35:30 -0800] "GET /2008/12/snow-leopard HTTP/1.0" 302 355 "-" "Mozilla/5.0 (compatible; MJ12bot/v1.3.2; http://www.majestic12.co.uk/bot.php?+)"
87.12.101.226 - - [23/Feb/2010:15:35:31 -0800] "GET / HTTP/1.0" 200 163 "http://jasoncmartin.com/2008/12/snow-leopard" "Mozilla/5.0 (compatible; MJ12bot/v1.3.2; http://www.majestic12.co.uk/bot.php?+)"
87.12.101.226 - - [23/Feb/2010:15:35:32 -0800] "GET /2008/12/ugh HTTP/1.0" 302 355 "-" "Mozilla/5.0 (compatible; MJ12bot/v1.3.2; http://www.majestic12.co.uk/bot.php?+)"
87.12.101.226 - - [23/Feb/2010:15:35:33 -0800] "GET / HTTP/1.0" 200 163 "http://jasoncmartin.com/2008/12/ugh" "Mozilla/5.0 (compatible; MJ12bot/v1.3.2; http://www.majestic12.co.uk/bot.php?+)"
87.12.101.226 - - [23/Feb/2010:15:35:35 -0800] "GET /2008/12/yay-ie-7 HTTP/1.0" 302 355 "-" "Mozilla/5.0 (compatible; MJ12bot/v1.3.2; http://www.majestic12.co.uk/bot.php?+)"
87.12.101.226 - - [23/Feb/2010:15:35:36 -0800] "GET / HTTP/1.0" 200 163 "http://jasoncmartin.com/2008/12/yay-ie-7" "Mozilla/5.0 (compatible; MJ12bot/v1.3.2; http://www.majestic12.co.uk/bot.php?+)"
87.12.101.226 - - [23/Feb/2010:15:35:38 -0800] "GET /2009/01/happy-new-year HTTP/1.0" 302 355 "-" "Mozilla/5.0 (compatible; MJ12bot/v1.3.2; http://www.majestic12.co.uk/bot.php?+)"
87.12.101.226 - - [23/Feb/2010:15:35:39 -0800] "GET / HTTP/1.0" 200 163 "http://jasoncmartin.com/2009/01/happy-new-year" "Mozilla/5.0 (compatible; MJ12bot/v1.3.2; http://www.majestic12.co.uk/bot.php?+)"
87.12.101.226 - - [23/Feb/2010:15:35:41 -0800] "GET /2009/02/windows-7-beta HTTP/1.0" 302 355 "-" "Mozilla/5.0 (compatible; MJ12bot/v1.3.2; http://www.majestic12.co.uk/bot.php?+)"
87.12.101.226 - - [23/Feb/2010:15:35:43 -0800] "GET / HTTP/1.0" 200 163 "http://jasoncmartin.com/2009/02/windows-7-beta" "Mozilla/5.0 (compatible; MJ12bot/v1.3.2; http://www.majestic12.co.uk/bot.php?+)"
64.78.155.100 - - [23/Feb/2010:15:50:21 -0800] "GET /feed/ HTTP/1.1" 302 355 "-" "NewsGatorOnline/2.0 (http://www.newsgator.com; 2 subscribers)"
64.78.155.100 - - [23/Feb/2010:15:50:21 -0800] "GET / HTTP/1.1" 304 - "-" "NewsGatorOnline/2.0 (http://www.newsgator.com; 2 subscribers)"
207.46.204.181 - - [23/Feb/2010:16:11:52 -0800] "GET /robots.txt HTTP/1.1" 302 355 "-" "msnbot/2.0b (+http://search.msn.com/msnbot.htm)"
207.46.204.181 - - [23/Feb/2010:16:11:52 -0800] "GET / HTTP/1.1" 200 163 "-" "msnbot/2.0b (+http://search.msn.com/msnbot.htm)"
187.23.56.195 - - [23/Feb/2010:16:42:42 -0800] "GET / HTTP/1.0" 200 163 "http://jasoncmartin.com/" "Mozilla/4.0 (compatible; MSIE 6.0; Windows NT 5.0; APC; .NET CLR 1.0.3705; .NET CLR 1.1.4322; .NET CLR 2.0.50215; InfoPath.1)"
122.205.95.27 - - [23/Feb/2010:16:43:10 -0800] "GET / HTTP/1.1" 200 163 "http://jasoncmartin.com/" "Mozilla/4.0 (compatible; MSIE 6.0; Windows NT 5.0; APC; .NET CLR 1.0.3705; .NET CLR 1.1.4322; .NET CLR 2.0.50215; InfoPath.1)"
119.176.60.91 - - [23/Feb/2010:16:43:11 -0800] "GET / HTTP/1.0" 200 163 "http://jasoncmartin.com/" "Mozilla/4.0 (compatible; MSIE 6.0; Windows NT 5.0; APC; .NET CLR 1.0.3705; .NET CLR 1.1.4322; .NET CLR 2.0.50215; InfoPath.1)"
80.240.202.170 - - [23/Feb/2010:16:43:22 -0800] "GET / HTTP/1.0" 200 163 "http://jasoncmartin.com/" "Mozilla/4.0 (compatible; MSIE 6.0; Windows NT 5.0; APC; .NET CLR 1.0.3705; .NET CLR 1.1.4322; .NET CLR 2.0.50215; InfoPath.1)"
130.63.177.192 - - [23/Feb/2010:16:43:25 -0800] "GET / HTTP/1.1" 200 163 "http://jasoncmartin.com/" "Mozilla/4.0 (compatible; MSIE 6.0; Windows NT 5.0; APC; .NET CLR 1.0.3705; .NET CLR 1.1.4322; .NET CLR 2.0.50215; InfoPath.1)"
69.124.48.224 - - [23/Feb/2010:16:43:27 -0800] "GET http://jasoncmartin.com/ HTTP/1.0" 200 163 "http://jasoncmartin.com/" "Mozilla/4.0 (compatible; MSIE 6.0; Windows NT 5.0; APC; .NET CLR 1.0.3705; .NET CLR 1.1.4322; .NET CLR 2.0.50215; InfoPath.1)"
222.165.133.198 - - [23/Feb/2010:16:44:16 -0800] "GET / HTTP/1.1" 200 163 "http://jasoncmartin.com/" "Mozilla/4.0 (compatible; MSIE 6.0; Windows NT 5.0; APC; .NET CLR 1.0.3705; .NET CLR 1.1.4322; .NET CLR 2.0.50215; InfoPath.1)"
119.176.60.91 - - [23/Feb/2010:16:44:17 -0800] "GET / HTTP/1.0" 200 163 "http://jasoncmartin.com/" "Mozilla/4.0 (compatible; MSIE 6.0; Windows NT 5.0; APC; .NET CLR 1.0.3705; .NET CLR 1.1.4322; .NET CLR 2.0.50215; InfoPath.1)"
41.226.15.235 - - [23/Feb/2010:16:44:21 -0800] "GET / HTTP/1.1" 200 163 "http://jasoncmartin.com/" "Mozilla/4.0 (compatible; MSIE 6.0; Windows NT 5.0; APC; .NET CLR 1.0.3705; .NET CLR 1.1.4322; .NET CLR 2.0.50215; InfoPath.1)"
69.243.186.12 - - [23/Feb/2010:16:44:24 -0800] "GET http://jasoncmartin.com/ HTTP/1.0" 200 163 "http://jasoncmartin.com/" "Mozilla/4.0 (compatible; MSIE 6.0; Windows NT 5.0; APC; .NET CLR 1.0.3705; .NET CLR 1.1.4322; .NET CLR 2.0.50215; InfoPath.1)"
200.206.186.12 - - [23/Feb/2010:16:44:40 -0800] "GET / HTTP/1.0" 200 163 "http://jasoncmartin.com/" "Mozilla/4.0 (compatible; MSIE 6.0; Windows NT 5.0; APC; .NET CLR 1.0.3705; .NET CLR 1.1.4322; .NET CLR 2.0.50215; InfoPath.1)"
193.87.173.106 - - [23/Feb/2010:16:44:52 -0800] "GET / HTTP/1.0" 200 163 "http://jasoncmartin.com/" "Mozilla/4.0 (compatible; MSIE 6.0; Windows NT 5.0; APC; .NET CLR 1.0.3705; .NET CLR 1.1.4322; .NET CLR 2.0.50215; InfoPath.1)"
68.32.89.84 - - [23/Feb/2010:16:45:07 -0800] "GET http://jasoncmartin.com/ HTTP/1.0" 200 163 "http://jasoncmartin.com/" "Mozilla/4.0 (compatible; MSIE 6.0; Windows NT 5.0; APC; .NET CLR 1.0.3705; .NET CLR 1.1.4322; .NET CLR 2.0.50215; InfoPath.1)"
77.238.122.101 - - [23/Feb/2010:16:45:10 -0800] "GET / HTTP/1.0" 200 163 "http://jasoncmartin.com/" "Mozilla/4.0 (compatible; MSIE 6.0; Windows NT 5.0; APC; .NET CLR 1.0.3705; .NET CLR 1.1.4322; .NET CLR 2.0.50215; InfoPath.1)"
41.215.44.42 - - [23/Feb/2010:16:45:56 -0800] "GET / HTTP/1.1" 200 163 "http://jasoncmartin.com/" "Mozilla/4.0 (compatible; MSIE 6.0; Windows NT 5.0; APC; .NET CLR 1.0.3705; .NET CLR 1.1.4322; .NET CLR 2.0.50215; InfoPath.1)"
93.157.3.162 - - [23/Feb/2010:16:46:00 -0800] "GET / HTTP/1.0" 200 163 "http://jasoncmartin.com/" "Mozilla/4.0 (compatible; MSIE 6.0; Windows NT 5.0; APC; .NET CLR 1.0.3705; .NET CLR 1.1.4322; .NET CLR 2.0.50215; InfoPath.1)"
164.78.248.57 - - [23/Feb/2010:16:46:02 -0800] "GET / HTTP/1.1" 200 163 "http://jasoncmartin.com/" "Mozilla/4.0 (compatible; MSIE 6.0; Windows NT 5.0; APC; .NET CLR 1.0.3705; .NET CLR 1.1.4322; .NET CLR 2.0.50215; InfoPath.1)"
141.89.251.245 - - [23/Feb/2010:16:46:18 -0800] "GET / HTTP/1.0" 200 163 "http://jasoncmartin.com/" "Mozilla/4.0 (compatible; MSIE 6.0; Windows NT 5.0; APC; .NET CLR 1.0.3705; .NET CLR 1.1.4322; .NET CLR 2.0.50215; InfoPath.1)"
78.86.134.72 - - [23/Feb/2010:16:47:04 -0800] "GET /favicon.ico HTTP/1.1" 302 355 "-" "NetNewsWire/3.2 (Mac OS X; http://www.newsgator.com/Individuals/NetNewsWire/)"
209.85.238.242 - - [23/Feb/2010:17:09:33 -0800] "GET /feed/ HTTP/1.1" 302 355 "-" "Feedfetcher-Google; (+http://www.google.com/feedfetcher.html; 1 subscribers; feed-id=10831477631497958243)"
209.85.238.242 - - [23/Feb/2010:17:09:34 -0800] "GET / HTTP/1.1" 304 - "-" "Feedfetcher-Google; (+http://www.google.com/feedfetcher.html; 1 subscribers; feed-id=10831477631497958243)"
67.195.111.245 - - [23/Feb/2010:17:41:47 -0800] "GET /robots.txt HTTP/1.0" 302 355 "-" "Mozilla/5.0 (compatible; Yahoo! Slurp; http://help.yahoo.com/help/us/ysearch/slurp)"
67.195.111.245 - - [23/Feb/2010:17:41:47 -0800] "GET / HTTP/1.0" 200 163 "-" "Mozilla/5.0 (compatible; Yahoo! Slurp; http://help.yahoo.com/help/us/ysearch/slurp)"
67.195.111.245 - - [23/Feb/2010:17:41:48 -0800] "GET /2008/10/ HTTP/1.0" 302 355 "-" "Mozilla/5.0 (compatible; Yahoo! Slurp/3.0; http://help.yahoo.com/help/us/ysearch/slurp)"
67.195.111.245 - - [23/Feb/2010:17:41:48 -0800] "GET / HTTP/1.0" 200 163 "-" "Mozilla/5.0 (compatible; Yahoo! Slurp/3.0; http://help.yahoo.com/help/us/ysearch/slurp)"
207.46.195.224 - - [23/Feb/2010:18:51:20 -0800] "GET /robots.txt HTTP/1.1" 302 355 "-" "msnbot/2.0b (+http://search.msn.com/msnbot.htm)"
207.46.195.224 - - [23/Feb/2010:18:51:20 -0800] "GET / HTTP/1.1" 200 163 "-" "msnbot/2.0b (+http://search.msn.com/msnbot.htm)"
203.6.203.76 - - [23/Feb/2010:19:59:32 -0800] "GET / HTTP/1.0" 200 163 "-" "-"
209.85.238.242 - - [23/Feb/2010:20:09:42 -0800] "GET /feed/ HTTP/1.1" 302 355 "-" "Feedfetcher-Google; (+http://www.google.com/feedfetcher.html; 1 subscribers; feed-id=10831477631497958243)"
209.85.238.242 - - [23/Feb/2010:20:09:43 -0800] "GET / HTTP/1.1" 304 - "-" "Feedfetcher-Google; (+http://www.google.com/feedfetcher.html; 1 subscribers; feed-id=10831477631497958243)"
93.157.3.162 - - [23/Feb/2010:20:37:28 -0800] "GET / HTTP/1.0" 200 163 "http://jasoncmartin.com/" "Mozilla/4.0 (compatible; MSIE 6.0; Windows NT 5.2; WOW64; SV1; .NET CLR 2.0.50727)"
210.212.148.35 - - [23/Feb/2010:20:38:23 -0800] "GET / HTTP/1.1" 200 163 "http://jasoncmartin.com/" "Mozilla/4.0 (compatible; MSIE 6.0; Windows NT 5.2; WOW64; SV1; .NET CLR 2.0.50727)"
123.203.21.137 - - [23/Feb/2010:20:38:47 -0800] "GET http://jasoncmartin.com/ HTTP/1.0" 200 163 "http://jasoncmartin.com/" "Mozilla/4.0 (compatible; MSIE 6.0; Windows NT 5.2; WOW64; SV1; .NET CLR 2.0.50727)"
189.45.111.146 - - [23/Feb/2010:20:38:54 -0800] "GET / HTTP/1.0" 200 163 "http://jasoncmartin.com/" "Mozilla/4.0 (compatible; MSIE 6.0; Windows NT 5.2; WOW64; SV1; .NET CLR 2.0.50727)"
98.215.126.150 - - [23/Feb/2010:20:39:31 -0800] "GET http://jasoncmartin.com/ HTTP/1.0" 200 163 "http://jasoncmartin.com/" "Mozilla/4.0 (compatible; MSIE 6.0; Windows NT 5.2; WOW64; SV1; .NET CLR 2.0.50727)"
68.36.49.215 - - [23/Feb/2010:20:39:33 -0800] "GET http://jasoncmartin.com/ HTTP/1.0" 200 163 "http://jasoncmartin.com/" "Mozilla/4.0 (compatible; MSIE 6.0; Windows NT 5.2; WOW64; SV1; .NET CLR 2.0.50727)"
64.34.165.204 - - [23/Feb/2010:20:39:55 -0800] "GET / HTTP/1.1" 200 163 "http://jasoncmartin.com/" "Mozilla/4.0 (compatible; MSIE 6.0; Windows NT 5.2; WOW64; SV1; .NET CLR 2.0.50727)"
201.23.88.18 - - [23/Feb/2010:20:40:26 -0800] "GET / HTTP/1.0" 200 163 "http://jasoncmartin.com/" "Mozilla/4.0 (compatible; MSIE 6.0; Windows NT 5.2; WOW64; SV1; .NET CLR 2.0.50727)"
123.203.21.137 - - [23/Feb/2010:20:40:41 -0800] "GET http://jasoncmartin.com/ HTTP/1.0" 200 163 "http://jasoncmartin.com/" "Mozilla/4.0 (compatible; MSIE 6.0; Windows NT 5.2; WOW64; SV1; .NET CLR 2.0.50727)"
121.137.137.193 - - [23/Feb/2010:20:40:49 -0800] "GET / HTTP/1.1" 200 163 "http://jasoncmartin.com/" "Mozilla/4.0 (compatible; MSIE 6.0; Windows NT 5.2; WOW64; SV1; .NET CLR 2.0.50727)"
93.174.138.137 - - [23/Feb/2010:20:41:08 -0800] "GET / HTTP/1.0" 200 163 "http://jasoncmartin.com/" "Mozilla/4.0 (compatible; MSIE 6.0; Windows NT 5.2; WOW64; SV1; .NET CLR 2.0.50727)"
80.74.110.149 - - [23/Feb/2010:20:41:41 -0800] "GET / HTTP/1.1" 200 163 "http://jasoncmartin.com/" "Mozilla/4.0 (compatible; MSIE 6.0; Windows NT 5.2; WOW64; SV1; .NET CLR 2.0.50727)"
69.139.17.42 - - [23/Feb/2010:20:41:43 -0800] "GET http://jasoncmartin.com/ HTTP/1.0" 200 163 "http://jasoncmartin.com/" "Mozilla/4.0 (compatible; MSIE 6.0; Windows NT 5.2; WOW64; SV1; .NET CLR 2.0.50727)"
80.94.82.55 - - [23/Feb/2010:20:41:53 -0800] "GET / HTTP/1.0" 200 163 "http://jasoncmartin.com/" "Mozilla/4.0 (compatible; MSIE 6.0; Windows NT 5.2; WOW64; SV1; .NET CLR 2.0.50727)"
192.251.226.206 - - [23/Feb/2010:20:42:57 -0800] "GET / HTTP/1.1" 200 163 "http://jasoncmartin.com/" "Mozilla/4.0 (compatible; MSIE 6.0; Windows NT 5.2; WOW64; SV1; .NET CLR 2.0.50727)"
120.138.118.234 - - [23/Feb/2010:20:43:39 -0800] "GET / HTTP/1.0" 200 163 "http://jasoncmartin.com/" "Mozilla/4.0 (compatible; MSIE 6.0; Windows NT 5.2; WOW64; SV1; .NET CLR 2.0.50727)"
216.244.47.14 - - [23/Feb/2010:20:43:49 -0800] "GET / HTTP/1.1" 200 163 "http://jasoncmartin.com/" "Mozilla/4.0 (compatible; MSIE 6.0; Windows NT 5.2; WOW64; SV1; .NET CLR 2.0.50727)"
208.115.111.245 - - [23/Feb/2010:22:07:25 -0800] "GET /robots.txt HTTP/1.1" 302 355 "-" "Mozilla/5.0 (compatible; DotBot/1.1; http://www.dotnetdotcom.org/, crawler@dotnetdotcom.org)"
208.115.111.245 - - [23/Feb/2010:22:07:26 -0800] "GET / HTTP/1.1" 200 163 "-" "Mozilla/5.0 (compatible; DotBot/1.1; http://www.dotnetdotcom.org/, crawler@dotnetdotcom.org)"
69.58.178.27 - - [23/Feb/2010:22:13:23 -0800] "GET /robots.txt HTTP/1.1" 302 359 "-" "Mozilla/5.0 (X11; U; Linux i686; en-US; rv:1.9.1.3; ips-agent) Gecko/20090824 Fedora/1.0.7-1.1.fc4 Firefox/3.5.3"
69.58.178.27 - - [23/Feb/2010:22:13:24 -0800] "GET / HTTP/1.1" 200 163 "-" "Mozilla/5.0 (X11; U; Linux i686; en-US; rv:1.9.1.3; ips-agent) Gecko/20090824 Fedora/1.0.7-1.1.fc4 Firefox/3.5.3"
69.58.178.27 - - [23/Feb/2010:22:13:25 -0800] "GET / HTTP/1.1" 200 163 "-" "BlackBerry9000/4.6.0.167 Profile/MIDP-2.0 Configuration/CLDC-1.1 VendorID/102 ips-agent"
123.125.66.104 - - [23/Feb/2010:23:03:46 -0800] "GET /robots.txt HTTP/1.1" 302 355 "-" "Baiduspider+(+http://www.baidu.com/search/spider.htm)"
123.125.66.108 - - [23/Feb/2010:23:03:47 -0800] "GET / HTTP/1.1" 200 163 "-" "Baiduspider+(+http://www.baidu.com/search/spider.htm)"
209.85.238.242 - - [23/Feb/2010:23:09:52 -0800] "GET /feed/ HTTP/1.1" 302 355 "-" "Feedfetcher-Google; (+http://www.google.com/feedfetcher.html; 1 subscribers; feed-id=10831477631497958243)"
209.85.238.242 - - [23/Feb/2010:23:09:53 -0800] "GET / HTTP/1.1" 304 - "-" "Feedfetcher-Google; (+http://www.google.com/feedfetcher.html; 1 subscribers; feed-id=10831477631497958243)"
207.46.195.237 - - [23/Feb/2010:23:20:39 -0800] "GET /robots.txt HTTP/1.1" 302 355 "-" "msnbot/2.0b (+http://search.msn.com/msnbot.htm)"
207.46.195.237 - - [23/Feb/2010:23:20:39 -0800] "GET / HTTP/1.1" 200 163 "-" "msnbot/2.0b (+http://search.msn.com/msnbot.htm)"
207.46.195.237 - - [24/Feb/2010:00:01:07 -0800] "GET /robots.txt HTTP/1.1" 302 355 "-" "msnbot/2.0b (+http://search.msn.com/msnbot.htm)"
207.46.195.237 - - [24/Feb/2010:00:01:07 -0800] "GET / HTTP/1.1" 200 163 "-" "msnbot/2.0b (+http://search.msn.com/msnbot.htm)"
