95.55.158.224 - - [11/Feb/2010:15:06:56 -0800] "GET /index.php/Phoo/Reply/id/27/albumid/1 HTTP/1.0" 200 148 "http://ferality.net/index.php/Phoo/Reply/id/27/albumid/1" "Mozilla/5.0 (Windows; U; Windows NT 5.1; en-US; rv:1.7.2) Gecko/20040804 Netscape/7.2 (ax)"
95.55.158.224 - - [11/Feb/2010:15:06:58 -0800] "GET / HTTP/1.0" 200 148 "http://ferality.net/" "Mozilla/5.0 (Windows; U; Windows NT 5.1; en-US; rv:1.7.2) Gecko/20040804 Netscape/7.2 (ax)"
95.55.158.224 - - [11/Feb/2010:15:07:16 -0800] "GET / HTTP/1.0" 200 148 "http://ferality.net/" "Mozilla/5.0 (Windows; U; Windows NT 5.1; en-US; rv:1.7.2) Gecko/20040804 Netscape/7.2 (ax)"
59.51.60.169 - - [11/Feb/2010:15:17:30 -0800] "GET /index.php/photos/album/1/photo/2.html HTTP/1.1" 200 148 "-" "Mozilla/4.0 (compatible; MSIE 6.0; Windows NT 5.1; SV1)"
78.129.167.195 - - [11/Feb/2010:15:32:01 -0800] "GET /index.php/photos/album/1/photo/2.html HTTP/1.1" 200 148 "-" "SimilarPages/Nutch-1.0-dev (SimilarPages Nutch Crawler; http://www.similarpages.com; info@similarpages.com)"
78.129.167.195 - - [11/Feb/2010:16:00:34 -0800] "GET /index.php/photos/album/1/photo/2.html HTTP/1.1" 200 148 "-" "Mozilla/5.0 (compatible; Bluebot/1.0; +http://bluecurve.codeplex.com/)"
212.138.69.24 - - [11/Feb/2010:16:10:24 -0800] "GET /index.php/photos/album/1/photo/2.html HTTP/1.1" 200 148 "-" "Mozilla/4.0 (compatible; MSIE 5.0; Windows 3.1)"
78.129.167.195 - - [11/Feb/2010:16:31:48 -0800] "GET /index.php/photos/album/1/photo/2.html HTTP/1.1" 200 148 "-" "Mozilla/5.0 (Macintosh; U; Intel Mac OS X 10_5_6; fr-ca) AppleWebKit/528.16 (KHTML, like Gecko) Version/4.0 Safari/528.16"
207.44.220.36 - - [11/Feb/2010:16:32:39 -0800] "GET /index.php/photos/album/1/photo/2.html HTTP/1.0" 200 148 "-" "-"
114.80.93.71 - - [11/Feb/2010:16:38:06 -0800] "GET / HTTP/1.1" 200 148 "-" "Mozilla/4.0 (compatible; MSIE 6.0; Windows NT 5.1)"
72.44.48.77 - - [11/Feb/2010:16:44:44 -0800] "GET /robots.txt HTTP/1.1" 302 347 "-" "Mozilla/5.0 (compatible; spbot/1.2; +http://www.seoprofiler.com/bot/ )"
72.44.48.77 - - [11/Feb/2010:16:44:45 -0800] "GET / HTTP/1.1" 200 148 "-" "Mozilla/5.0 (compatible; spbot/1.2; +http://www.seoprofiler.com/bot/ )"
72.44.48.77 - - [11/Feb/2010:16:44:45 -0800] "GET / HTTP/1.1" 200 148 "-" "Mozilla/5.0 (compatible; spbot/1.2; +http://www.seoprofiler.com/bot/ )"
78.129.167.195 - - [11/Feb/2010:17:03:19 -0800] "GET /index.php/photos/album/1/photo/2.html HTTP/1.1" 200 148 "-" "Mozilla/4.0 (compatible; MSIE 6.0; AOL 9.0; Windows NT 5.1; SV1; .NET CLR 1.1.4322; HbTools 4.7.7)"
174.129.131.200 - - [11/Feb/2010:17:21:19 -0800] "GET /robots.txt HTTP/1.1" 302 347 "-" "Mozilla/5.0 (compatible; spbot/1.2; +http://www.seoprofiler.com/bot/ )"
174.129.131.200 - - [11/Feb/2010:17:21:19 -0800] "GET / HTTP/1.1" 200 148 "-" "Mozilla/5.0 (compatible; spbot/1.2; +http://www.seoprofiler.com/bot/ )"
174.129.131.200 - - [11/Feb/2010:17:21:25 -0800] "GET / HTTP/1.1" 200 148 "-" "Mozilla/5.0 (compatible; spbot/1.2; +http://www.seoprofiler.com/bot/ )"
78.129.167.195 - - [11/Feb/2010:17:35:08 -0800] "GET /index.php/photos/album/1/photo/2.html HTTP/1.1" 200 148 "-" "Mozilla/4.0 (compatible; MSIE 7.0; Windows NT 5.1; .NET CLR 1.1.4322; .NET CLR 2.0.50727; .NET CLR 1.0.3705; MSN Optimized;CA; .NET CLR 3.0.04506.30; .NET CLR 3.0.04506.648; MSN Optimized;CA)"
174.129.96.51 - - [11/Feb/2010:17:41:03 -0800] "GET /robots.txt HTTP/1.1" 302 347 "-" "Mozilla/5.0 (compatible; spbot/1.2; +http://www.seoprofiler.com/bot/ )"
174.129.96.51 - - [11/Feb/2010:17:41:04 -0800] "GET / HTTP/1.1" 200 148 "-" "Mozilla/5.0 (compatible; spbot/1.2; +http://www.seoprofiler.com/bot/ )"
174.129.96.51 - - [11/Feb/2010:17:41:04 -0800] "GET / HTTP/1.1" 200 148 "-" "Mozilla/5.0 (compatible; spbot/1.2; +http://www.seoprofiler.com/bot/ )"
201.226.192.14 - - [11/Feb/2010:17:47:32 -0800] "GET /index.php/photos/album/1/photo/2.html HTTP/1.1" 200 148 "-" "Mozilla/4.0 (compatible; MSIE 6.0; Windows NT 5.1; SV1)"
124.115.6.16 - - [11/Feb/2010:18:00:12 -0800] "GET /robots.txt HTTP/1.1" 302 347 "-" "Sosospider+(+http://help.soso.com/webspider.htm)"
78.129.167.195 - - [11/Feb/2010:18:06:29 -0800] "GET /index.php/photos/album/1/photo/2.html HTTP/1.1" 200 148 "-" "Mozilla/5.0 (Windows; U; Windows NT 5.1; fr; rv:1.9b5) Gecko/2008032620 Firefox/2.0.0.12;MEGAUPLOAD 1.0"
204.236.211.119 - - [11/Feb/2010:18:07:03 -0800] "GET /robots.txt HTTP/1.1" 302 347 "-" "Mozilla/5.0 (compatible; spbot/1.2; +http://www.seoprofiler.com/bot/ )"
204.236.211.119 - - [11/Feb/2010:18:07:03 -0800] "GET / HTTP/1.1" 200 148 "-" "Mozilla/5.0 (compatible; spbot/1.2; +http://www.seoprofiler.com/bot/ )"
204.236.211.119 - - [11/Feb/2010:18:07:04 -0800] "GET / HTTP/1.1" 200 148 "-" "Mozilla/5.0 (compatible; spbot/1.2; +http://www.seoprofiler.com/bot/ )"
174.129.72.244 - - [11/Feb/2010:18:09:00 -0800] "GET /robots.txt HTTP/1.1" 302 347 "-" "Mozilla/5.0 (compatible; spbot/1.2; +http://www.seoprofiler.com/bot/ )"
174.129.72.244 - - [11/Feb/2010:18:09:01 -0800] "GET / HTTP/1.1" 200 148 "-" "Mozilla/5.0 (compatible; spbot/1.2; +http://www.seoprofiler.com/bot/ )"
174.129.72.244 - - [11/Feb/2010:18:09:01 -0800] "GET / HTTP/1.1" 200 148 "-" "Mozilla/5.0 (compatible; spbot/1.2; +http://www.seoprofiler.com/bot/ )"
204.236.244.231 - - [11/Feb/2010:18:27:25 -0800] "GET /robots.txt HTTP/1.1" 302 347 "-" "Mozilla/5.0 (compatible; spbot/1.2; +http://www.seoprofiler.com/bot/ )"
204.236.244.231 - - [11/Feb/2010:18:27:25 -0800] "GET / HTTP/1.1" 200 148 "-" "Mozilla/5.0 (compatible; spbot/1.2; +http://www.seoprofiler.com/bot/ )"
204.236.244.231 - - [11/Feb/2010:18:27:26 -0800] "GET / HTTP/1.1" 200 148 "-" "Mozilla/5.0 (compatible; spbot/1.2; +http://www.seoprofiler.com/bot/ )"
78.129.167.195 - - [11/Feb/2010:18:37:13 -0800] "GET /index.php/photos/album/1/photo/2.html HTTP/1.1" 200 148 "-" "Mozilla/4.0 (compatible; MSIE 6.0; Windows NT 5.1; SV1; .NET CLR 2.0.50727; .NET CLR 3.0.04506.648; .NET CLR 3.5.21022)"
203.199.50.19 - - [11/Feb/2010:19:03:21 -0800] "GET /index.php/photos/album/1/photo/2.html HTTP/1.1" 200 148 "-" "Mozilla/4.0 (compatible; MSIE 6.0; Windows NT 5.1; SV1)"
78.129.167.195 - - [11/Feb/2010:19:07:30 -0800] "GET /index.php/photos/album/1/photo/2.html HTTP/1.1" 200 148 "-" "Mozilla/5.0 (Windows; U; Windows NT 5.1; en-US; rv:1.7.10) Gecko/20050716 Firefox/1.0 StumbleUpon/1.999"
78.129.167.195 - - [11/Feb/2010:19:36:00 -0800] "GET /index.php/photos/album/1/photo/2.html HTTP/1.1" 200 148 "-" "Mozilla/4.0 (compatible; MSIE 6.0; Windows NT 5.1; SV1; Every Toolbar; .NET CLR 1.1.4322; HbTools 4.7.7)"
67.202.62.167 - - [11/Feb/2010:19:41:24 -0800] "GET /robots.txt HTTP/1.1" 302 347 "-" "Mozilla/5.0 (compatible; spbot/1.2; +http://www.seoprofiler.com/bot/ )"
67.202.62.167 - - [11/Feb/2010:19:41:24 -0800] "GET / HTTP/1.1" 200 148 "-" "Mozilla/5.0 (compatible; spbot/1.2; +http://www.seoprofiler.com/bot/ )"
67.202.62.167 - - [11/Feb/2010:19:41:25 -0800] "GET / HTTP/1.1" 200 148 "-" "Mozilla/5.0 (compatible; spbot/1.2; +http://www.seoprofiler.com/bot/ )"
75.151.98.75 - - [11/Feb/2010:19:45:00 -0800] "GET /~harold HTTP/1.1" 301 380 "-" "Mozilla/4.0 (compatible; MSIE 8.0; Windows NT 6.0; Trident/4.0; SLCC1; .NET CLR 2.0.50727; Media Center PC 5.0; InfoPath.2; MS-RTC LM 8; .NET CLR 3.5.30729; .NET CLR 3.0.30729)"
75.151.98.75 - - [11/Feb/2010:19:45:00 -0800] "GET /~harold/ HTTP/1.1" 200 205 "-" "Mozilla/4.0 (compatible; MSIE 8.0; Windows NT 6.0; Trident/4.0; SLCC1; .NET CLR 2.0.50727; Media Center PC 5.0; InfoPath.2; MS-RTC LM 8; .NET CLR 3.5.30729; .NET CLR 3.0.30729)"
75.151.98.75 - - [11/Feb/2010:19:45:00 -0800] "GET /favicon.ico HTTP/1.1" 200 441 "-" "Mozilla/4.0 (compatible; MSIE 8.0; Windows NT 6.0; Trident/4.0; SLCC1; .NET CLR 2.0.50727; Media Center PC 5.0; InfoPath.2; MS-RTC LM 8; .NET CLR 3.5.30729; .NET CLR 3.0.30729)"
75.151.98.75 - - [11/Feb/2010:19:45:02 -0800] "GET /~harold/stats HTTP/1.1" 301 386 "http://ferality.net/~harold/" "Mozilla/4.0 (compatible; MSIE 8.0; Windows NT 6.0; Trident/4.0; SLCC1; .NET CLR 2.0.50727; Media Center PC 5.0; InfoPath.2; MS-RTC LM 8; .NET CLR 3.5.30729; .NET CLR 3.0.30729)"
75.151.98.75 - - [11/Feb/2010:19:45:02 -0800] "GET /~harold/stats/ HTTP/1.1" 200 1186 "http://ferality.net/~harold/" "Mozilla/4.0 (compatible; MSIE 8.0; Windows NT 6.0; Trident/4.0; SLCC1; .NET CLR 2.0.50727; Media Center PC 5.0; InfoPath.2; MS-RTC LM 8; .NET CLR 3.5.30729; .NET CLR 3.0.30729)"
75.151.98.75 - - [11/Feb/2010:19:45:03 -0800] "GET /favicon.ico HTTP/1.1" 200 441 "-" "Mozilla/4.0 (compatible; MSIE 8.0; Windows NT 6.0; Trident/4.0; SLCC1; .NET CLR 2.0.50727; Media Center PC 5.0; InfoPath.2; MS-RTC LM 8; .NET CLR 3.5.30729; .NET CLR 3.0.30729)"
75.151.98.75 - - [11/Feb/2010:19:45:06 -0800] "GET /~harold/stats/top/total/words/ HTTP/1.1" 200 9793 "http://ferality.net/~harold/stats/" "Mozilla/4.0 (compatible; MSIE 8.0; Windows NT 6.0; Trident/4.0; SLCC1; .NET CLR 2.0.50727; Media Center PC 5.0; InfoPath.2; MS-RTC LM 8; .NET CLR 3.5.30729; .NET CLR 3.0.30729)"
75.151.98.75 - - [11/Feb/2010:19:45:30 -0800] "GET /~harold/stats/users/Shadowsil/ HTTP/1.1" 200 980 "http://ferality.net/~harold/stats/top/total/words/" "Mozilla/4.0 (compatible; MSIE 8.0; Windows NT 6.0; Trident/4.0; SLCC1; .NET CLR 2.0.50727; Media Center PC 5.0; InfoPath.2; MS-RTC LM 8; .NET CLR 3.5.30729; .NET CLR 3.0.30729)"
75.151.98.75 - - [11/Feb/2010:19:45:45 -0800] "GET /~harold/stats/top/daily/words/ HTTP/1.1" 200 5867 "http://ferality.net/~harold/stats/" "Mozilla/4.0 (compatible; MSIE 8.0; Windows NT 6.0; Trident/4.0; SLCC1; .NET CLR 2.0.50727; Media Center PC 5.0; InfoPath.2; MS-RTC LM 8; .NET CLR 3.5.30729; .NET CLR 3.0.30729)"
75.151.98.75 - - [11/Feb/2010:19:45:53 -0800] "GET /~harold/stats/top/weekly/words/ HTTP/1.1" 200 8654 "http://ferality.net/~harold/stats/" "Mozilla/4.0 (compatible; MSIE 8.0; Windows NT 6.0; Trident/4.0; SLCC1; .NET CLR 2.0.50727; Media Center PC 5.0; InfoPath.2; MS-RTC LM 8; .NET CLR 3.5.30729; .NET CLR 3.0.30729)"
75.151.98.75 - - [11/Feb/2010:19:45:58 -0800] "GET /~harold/stats/top/monthly/words/ HTTP/1.1" 200 9783 "http://ferality.net/~harold/stats/" "Mozilla/4.0 (compatible; MSIE 8.0; Windows NT 6.0; Trident/4.0; SLCC1; .NET CLR 2.0.50727; Media Center PC 5.0; InfoPath.2; MS-RTC LM 8; .NET CLR 3.5.30729; .NET CLR 3.0.30729)"
75.151.98.75 - - [11/Feb/2010:19:46:01 -0800] "GET /~harold/stats/users/ HTTP/1.1" 200 4312 "http://ferality.net/~harold/stats/" "Mozilla/4.0 (compatible; MSIE 8.0; Windows NT 6.0; Trident/4.0; SLCC1; .NET CLR 2.0.50727; Media Center PC 5.0; InfoPath.2; MS-RTC LM 8; .NET CLR 3.5.30729; .NET CLR 3.0.30729)"
75.151.98.75 - - [11/Feb/2010:19:46:12 -0800] "GET /~harold/stats/misc/ HTTP/1.1" 200 12987 "http://ferality.net/~harold/stats/" "Mozilla/4.0 (compatible; MSIE 8.0; Windows NT 6.0; Trident/4.0; SLCC1; .NET CLR 2.0.50727; Media Center PC 5.0; InfoPath.2; MS-RTC LM 8; .NET CLR 3.5.30729; .NET CLR 3.0.30729)"
78.129.167.195 - - [11/Feb/2010:20:04:18 -0800] "GET /index.php/photos/album/1/photo/2.html HTTP/1.1" 200 148 "-" "IGGSEYBOT/Nutch-0.9 (Crawler Bot of Iggsey.com; HTTP://WWW.iggsey.com; Info_at_iggsey.com)"
174.129.93.123 - - [11/Feb/2010:20:15:26 -0800] "GET /robots.txt HTTP/1.1" 302 347 "-" "Mozilla/5.0 (compatible; spbot/1.2; +http://www.seoprofiler.com/bot/ )"
174.129.93.123 - - [11/Feb/2010:20:15:27 -0800] "GET / HTTP/1.1" 200 148 "-" "Mozilla/5.0 (compatible; spbot/1.2; +http://www.seoprofiler.com/bot/ )"
174.129.93.123 - - [11/Feb/2010:20:15:27 -0800] "GET / HTTP/1.1" 200 148 "-" "Mozilla/5.0 (compatible; spbot/1.2; +http://www.seoprofiler.com/bot/ )"
75.101.209.28 - - [11/Feb/2010:20:21:33 -0800] "GET /robots.txt HTTP/1.1" 302 347 "-" "Mozilla/5.0 (compatible; spbot/1.2; +http://www.seoprofiler.com/bot/ )"
75.101.209.28 - - [11/Feb/2010:20:21:33 -0800] "GET / HTTP/1.1" 200 148 "-" "Mozilla/5.0 (compatible; spbot/1.2; +http://www.seoprofiler.com/bot/ )"
75.101.209.28 - - [11/Feb/2010:20:21:34 -0800] "GET / HTTP/1.1" 200 148 "-" "Mozilla/5.0 (compatible; spbot/1.2; +http://www.seoprofiler.com/bot/ )"
124.154.74.9 - - [11/Feb/2010:20:21:35 -0800] "GET /index.php/photos/album/1/photo/2.html HTTP/1.1" 200 148 "-" "Mozilla/4.0 (compatible; MSIE 6.0; Windows NT 5.1; SV1)"
216.104.15.130 - - [11/Feb/2010:20:22:58 -0800] "GET /index.php/photos/album/1/photo/2.html HTTP/1.0" 200 148 "-" "Mozilla/4.0 (compatible; MSIE 6.0; Windows NT 5.1)"
78.129.167.195 - - [11/Feb/2010:20:32:44 -0800] "GET /index.php/photos/album/1/photo/2.html HTTP/1.1" 200 148 "-" "Mozilla/5.0 (Windows; U; Windows NT 5.1; fr; rv:1.8.1.14) Gecko/20080404 Firefox/2.0.0.14 ImageShackToolbar/4.4.3"
124.115.6.16 - - [11/Feb/2010:20:46:33 -0800] "GET /robots.txt HTTP/1.1" 302 351 "-" "Sosospider+(+http://help.soso.com/webspider.htm)"
75.101.241.159 - - [11/Feb/2010:20:58:16 -0800] "GET /robots.txt HTTP/1.1" 302 347 "-" "Mozilla/5.0 (compatible; spbot/1.2; +http://www.seoprofiler.com/bot/ )"
75.101.241.159 - - [11/Feb/2010:20:58:16 -0800] "GET / HTTP/1.1" 200 148 "-" "Mozilla/5.0 (compatible; spbot/1.2; +http://www.seoprofiler.com/bot/ )"
75.101.241.159 - - [11/Feb/2010:20:58:17 -0800] "GET / HTTP/1.1" 200 148 "-" "Mozilla/5.0 (compatible; spbot/1.2; +http://www.seoprofiler.com/bot/ )"
78.129.167.195 - - [11/Feb/2010:21:01:35 -0800] "GET /index.php/photos/album/1/photo/2.html HTTP/1.1" 200 148 "-" "Opera/9.21 (Macintosh; Intel Mac OS X; U; en)"
75.101.197.161 - - [11/Feb/2010:21:14:29 -0800] "GET /robots.txt HTTP/1.1" 302 347 "-" "Mozilla/5.0 (compatible; spbot/1.2; +http://www.seoprofiler.com/bot/ )"
75.101.197.161 - - [11/Feb/2010:21:14:29 -0800] "GET / HTTP/1.1" 200 148 "-" "Mozilla/5.0 (compatible; spbot/1.2; +http://www.seoprofiler.com/bot/ )"
75.101.197.161 - - [11/Feb/2010:21:14:30 -0800] "GET / HTTP/1.1" 200 148 "-" "Mozilla/5.0 (compatible; spbot/1.2; +http://www.seoprofiler.com/bot/ )"
78.129.167.195 - - [11/Feb/2010:21:30:36 -0800] "GET /index.php/photos/album/1/photo/2.html HTTP/1.1" 200 148 "-" "Mozilla/4.0 (compatible; MSIE 6.0; Windows NT 5.1; SV1; Mozilla/4.0 (compatible; MSIE 6.0; Windows NT 5.1; SV1) ; .NET CLR 2.0.50727; .NET CLR 3.0.04506.30; .NET CLR 3.0.04506.590; .NET CLR 3.0.04506.648; .NET CLR 3.5.21022)"
64.34.165.204 - - [11/Feb/2010:21:40:26 -0800] "GET /index.php/photos/album/1/photo/2.html HTTP/1.1" 200 148 "-" "Mozilla/4.0 (compatible; MSIE 6.0; Windows NT 5.1; SV1)"
78.129.167.195 - - [11/Feb/2010:22:00:16 -0800] "GET /index.php/photos/album/1/photo/2.html HTTP/1.1" 200 148 "-" "Mozilla/5.0 (Windows; U; Windows NT 6.0; ru; rv:1.9.0.4) Gecko/2008102920 Firefox/3.0.4"
78.129.167.195 - - [11/Feb/2010:22:30:11 -0800] "GET /index.php/photos/album/1/photo/2.html HTTP/1.1" 200 148 "-" "Mozilla/4.0 (compatible; MSIE 6.0; Windows ME) Opera 7.53 [en]"
174.129.127.87 - - [11/Feb/2010:22:33:51 -0800] "GET /robots.txt HTTP/1.1" 302 347 "-" "Mozilla/5.0 (compatible; spbot/1.2; +http://www.seoprofiler.com/bot/ )"
174.129.127.87 - - [11/Feb/2010:22:33:51 -0800] "GET / HTTP/1.1" 200 148 "-" "Mozilla/5.0 (compatible; spbot/1.2; +http://www.seoprofiler.com/bot/ )"
174.129.127.87 - - [11/Feb/2010:22:33:51 -0800] "GET / HTTP/1.1" 200 148 "-" "Mozilla/5.0 (compatible; spbot/1.2; +http://www.seoprofiler.com/bot/ )"
204.236.245.5 - - [11/Feb/2010:22:42:32 -0800] "GET /robots.txt HTTP/1.1" 302 347 "-" "Mozilla/5.0 (compatible; spbot/1.2; +http://www.seoprofiler.com/bot/ )"
204.236.245.5 - - [11/Feb/2010:22:42:32 -0800] "GET / HTTP/1.1" 200 148 "-" "Mozilla/5.0 (compatible; spbot/1.2; +http://www.seoprofiler.com/bot/ )"
204.236.245.5 - - [11/Feb/2010:22:42:33 -0800] "GET / HTTP/1.1" 200 148 "-" "Mozilla/5.0 (compatible; spbot/1.2; +http://www.seoprofiler.com/bot/ )"
124.244.9.82 - - [11/Feb/2010:22:57:00 -0800] "GET /index.php/photos/album/1/photo/2.html HTTP/1.1" 200 148 "-" "Mozilla/4.0 (compatible; MSIE 6.0; Windows NT 5.1; SV1)"
78.129.167.195 - - [11/Feb/2010:22:59:40 -0800] "GET /index.php/photos/album/1/photo/2.html HTTP/1.1" 200 148 "-" "Mozilla/4.0 (compatible; MSIE 6.0; Windows NT 5.1; fr) Opera 9.10"
67.202.42.161 - - [11/Feb/2010:23:21:01 -0800] "GET /robots.txt HTTP/1.1" 302 347 "-" "Mozilla/5.0 (compatible; spbot/1.2; +http://www.seoprofiler.com/bot/ )"
67.202.42.161 - - [11/Feb/2010:23:21:02 -0800] "GET / HTTP/1.1" 200 148 "-" "Mozilla/5.0 (compatible; spbot/1.2; +http://www.seoprofiler.com/bot/ )"
67.202.42.161 - - [11/Feb/2010:23:21:02 -0800] "GET / HTTP/1.1" 200 148 "-" "Mozilla/5.0 (compatible; spbot/1.2; +http://www.seoprofiler.com/bot/ )"
78.129.167.195 - - [11/Feb/2010:23:29:12 -0800] "GET /index.php/photos/album/1/photo/2.html HTTP/1.1" 200 148 "-" "Mozilla/4.0 (compatible; MSIE 6.0; Windows NT 5.1; SV1; Every Toolbar; .NET CLR 1.1.4322; .NET CLR 2.0.50727)"
174.129.59.49 - - [11/Feb/2010:23:43:14 -0800] "GET /robots.txt HTTP/1.1" 302 347 "-" "Mozilla/5.0 (compatible; spbot/1.2; +http://www.seoprofiler.com/bot/ )"
174.129.59.49 - - [11/Feb/2010:23:43:15 -0800] "GET / HTTP/1.1" 200 148 "-" "Mozilla/5.0 (compatible; spbot/1.2; +http://www.seoprofiler.com/bot/ )"
174.129.59.49 - - [11/Feb/2010:23:43:15 -0800] "GET / HTTP/1.1" 200 148 "-" "Mozilla/5.0 (compatible; spbot/1.2; +http://www.seoprofiler.com/bot/ )"
78.129.167.195 - - [12/Feb/2010:00:00:42 -0800] "GET /index.php/photos/album/1/photo/2.html HTTP/1.1" 200 148 "-" "Mozilla/5.0 (Windows; U; Windows NT 5.1; en-US; rv:1.8.1.10) Gecko/20071116 K-Meleon/1.1.3"
75.101.215.253 - - [12/Feb/2010:00:03:39 -0800] "GET /robots.txt HTTP/1.1" 302 347 "-" "Mozilla/5.0 (compatible; spbot/1.2; +http://www.seoprofiler.com/bot/ )"
75.101.215.253 - - [12/Feb/2010:00:03:40 -0800] "GET / HTTP/1.1" 200 148 "-" "Mozilla/5.0 (compatible; spbot/1.2; +http://www.seoprofiler.com/bot/ )"
75.101.215.253 - - [12/Feb/2010:00:03:40 -0800] "GET / HTTP/1.1" 200 148 "-" "Mozilla/5.0 (compatible; spbot/1.2; +http://www.seoprofiler.com/bot/ )"
174.129.140.41 - - [12/Feb/2010:00:13:25 -0800] "GET /robots.txt HTTP/1.1" 302 347 "-" "Mozilla/5.0 (compatible; spbot/1.2; +http://www.seoprofiler.com/bot/ )"
174.129.140.41 - - [12/Feb/2010:00:13:26 -0800] "GET / HTTP/1.1" 200 148 "-" "Mozilla/5.0 (compatible; spbot/1.2; +http://www.seoprofiler.com/bot/ )"
174.129.140.41 - - [12/Feb/2010:00:13:26 -0800] "GET / HTTP/1.1" 200 148 "-" "Mozilla/5.0 (compatible; spbot/1.2; +http://www.seoprofiler.com/bot/ )"
163.29.124.125 - - [12/Feb/2010:00:16:07 -0800] "GET /index.php/photos/album/1/photo/2.html HTTP/1.1" 200 148 "-" "Mozilla/4.0 (compatible; MSIE 6.0; Windows NT 5.1; SV1)"
64.56.66.210 - - [12/Feb/2010:00:17:32 -0800] "GET /robots.txt HTTP/1.0" 302 347 "http://ferality.net/robots.txt" "Mozilla/4.0 (compatible; MSIE 6.0; Windows NT 5.1; SV1; .NET CLR 2.0.50727)"
64.56.66.210 - - [12/Feb/2010:00:17:32 -0800] "GET / HTTP/1.0" 200 148 "http://ferality.net/" "Mozilla/4.0 (compatible; MSIE 6.0; Windows NT 5.1; SV1; .NET CLR 2.0.50727)"
123.125.66.23 - - [12/Feb/2010:00:18:39 -0800] "GET /robots.txt HTTP/1.1" 302 347 "-" "Baiduspider+(+http://www.baidu.com/search/spider.htm)"
123.125.66.112 - - [12/Feb/2010:00:18:39 -0800] "GET / HTTP/1.1" 200 148 "-" "Baiduspider+(+http://www.baidu.com/search/spider.htm)"
75.101.214.102 - - [12/Feb/2010:00:28:34 -0800] "GET /robots.txt HTTP/1.1" 302 347 "-" "Mozilla/5.0 (compatible; spbot/1.2; +http://www.seoprofiler.com/bot/ )"
75.101.214.102 - - [12/Feb/2010:00:28:34 -0800] "GET / HTTP/1.1" 200 148 "-" "Mozilla/5.0 (compatible; spbot/1.2; +http://www.seoprofiler.com/bot/ )"
75.101.214.102 - - [12/Feb/2010:00:28:35 -0800] "GET / HTTP/1.1" 200 148 "-" "Mozilla/5.0 (compatible; spbot/1.2; +http://www.seoprofiler.com/bot/ )"
78.129.167.195 - - [12/Feb/2010:00:32:03 -0800] "GET /index.php/photos/album/1/photo/2.html HTTP/1.1" 200 148 "-" "Mozilla/5.0 (Macintosh; U; Intel Mac OS X 10.5; de; rv:1.9.0.6) Gecko/2009011912 Firefox/3.0.6"
78.129.167.195 - - [12/Feb/2010:01:04:20 -0800] "GET /index.php/photos/album/1/photo/2.html HTTP/1.1" 200 148 "-" "Mozilla/4.0 (compatible; MSIE 8.0; Windows NT 6.0; Trident/4.0; SLCC1; .NET CLR 2.0.50727; Media Center PC 5.0; .NET CLR 3.5.21022; .NET CLR 3.5.30729; .NET CLR 3.0.30618; yie8)"
78.129.167.195 - - [12/Feb/2010:01:35:37 -0800] "GET /index.php/photos/album/1/photo/2.html HTTP/1.1" 200 148 "-" "Mozilla/4.0 (compatible; MSIE 7.0; Windows NT 5.1; Mozilla/4.0 (compatible; MSIE 6.0; Windows NT 5.1; SV1) ; InfoPath.1; .NET CLR 2.0.50727)"
72.44.53.29 - - [12/Feb/2010:01:51:47 -0800] "GET /robots.txt HTTP/1.1" 302 347 "-" "Mozilla/5.0 (compatible; spbot/1.2; +http://www.seoprofiler.com/bot/ )"
72.44.53.29 - - [12/Feb/2010:01:51:48 -0800] "GET / HTTP/1.1" 200 148 "-" "Mozilla/5.0 (compatible; spbot/1.2; +http://www.seoprofiler.com/bot/ )"
72.44.53.29 - - [12/Feb/2010:01:51:48 -0800] "GET / HTTP/1.1" 200 148 "-" "Mozilla/5.0 (compatible; spbot/1.2; +http://www.seoprofiler.com/bot/ )"
220.255.7.13 - - [12/Feb/2010:01:57:31 -0800] "GET /index.php/photos/album/1/photo/2.html HTTP/1.1" 200 148 "-" "Mozilla/4.0 (compatible;)"
78.129.167.195 - - [12/Feb/2010:02:07:25 -0800] "GET /index.php/photos/album/1/photo/2.html HTTP/1.1" 200 148 "-" "Mozilla/5.0 (Macintosh; U; Intel Mac OS X 10.5; en-US; rv:1.9.0.5) Gecko/2008120121 Firefox/3.0.5"
78.129.167.195 - - [12/Feb/2010:02:40:30 -0800] "GET /index.php/photos/album/1/photo/2.html HTTP/1.1" 200 148 "-" "Mozilla/4.0 (compatible; MSIE 7.0; Windows NT 5.1; SV1; Wanadoo 7.1; .NET CLR 1.0.3705; .NET CLR 1.1.4322)"
201.243.56.116 - - [12/Feb/2010:02:48:04 -0800] "GET /index.php/photos/album/1/photo/2.html HTTP/1.1" 200 148 "-" "Mozilla/4.0 (compatible; MSIE 6.0; Windows NT 5.1; SV1)"
78.129.167.195 - - [12/Feb/2010:03:11:46 -0800] "GET /index.php/photos/album/1/photo/2.html HTTP/1.1" 200 148 "-" "Mozilla/5.0 (X11; U; Linux i686; en-US; rv:1.9.0.5) Gecko/2008120121 Firefox/3.0.5"
75.101.179.141 - - [12/Feb/2010:03:20:23 -0800] "GET /robots.txt HTTP/1.1" 302 347 "-" "Mozilla/5.0 (compatible; spbot/1.2; +http://www.seoprofiler.com/bot/ )"
75.101.179.141 - - [12/Feb/2010:03:20:23 -0800] "GET / HTTP/1.1" 200 148 "-" "Mozilla/5.0 (compatible; spbot/1.2; +http://www.seoprofiler.com/bot/ )"
75.101.179.141 - - [12/Feb/2010:03:20:24 -0800] "GET / HTTP/1.1" 200 148 "-" "Mozilla/5.0 (compatible; spbot/1.2; +http://www.seoprofiler.com/bot/ )"
78.129.167.195 - - [12/Feb/2010:03:41:38 -0800] "GET /index.php/photos/album/1/photo/2.html HTTP/1.1" 200 148 "-" "Mozilla/5.0 (Windows; U; Windows NT 5.0; en-US; rv:1.7.8) Gecko/20050511 Firefox/1.0.4"
216.129.119.10 - - [12/Feb/2010:03:55:42 -0800] "GET /robots.txt HTTP/1.1" 302 351 "-" "Mozilla/5.0 (Twiceler-0.9 http://www.cuil.com/twiceler/robot.html)"
218.25.59.161 - - [12/Feb/2010:04:01:49 -0800] "GET /index.php/photos/album/1/photo/2.html HTTP/1.1" 200 148 "-" "Mozilla/4.0 (compatible; MSIE 6.0; Windows NT 5.1; SV1)"
78.129.167.195 - - [12/Feb/2010:04:12:39 -0800] "GET /index.php/photos/album/1/photo/2.html HTTP/1.1" 200 148 "-" "sproose/0.1-alpha (sproose crawler; http://www.sproose.com/bot.html; crawler@sproose.com)"
174.129.159.143 - - [12/Feb/2010:04:18:39 -0800] "GET /robots.txt HTTP/1.1" 302 347 "-" "Mozilla/5.0 (compatible; spbot/1.2; +http://www.seoprofiler.com/bot/ )"
174.129.159.143 - - [12/Feb/2010:04:18:39 -0800] "GET / HTTP/1.1" 200 148 "-" "Mozilla/5.0 (compatible; spbot/1.2; +http://www.seoprofiler.com/bot/ )"
174.129.159.143 - - [12/Feb/2010:04:18:40 -0800] "GET / HTTP/1.1" 200 148 "-" "Mozilla/5.0 (compatible; spbot/1.2; +http://www.seoprofiler.com/bot/ )"
78.129.167.195 - - [12/Feb/2010:04:42:52 -0800] "GET /index.php/photos/album/1/photo/2.html HTTP/1.1" 200 148 "-" "Mozilla/5.0 (X11; U; Linux i686 (x86_64); fr-FR; rv:1.8.1) Gecko/20061024 Firefox/2.0 (Swiftfox)"
66.249.71.77 - - [12/Feb/2010:04:47:37 -0800] "GET /robots.txt HTTP/1.1" 302 347 "-" "Mozilla/5.0 (compatible; Googlebot/2.1; +http://www.google.com/bot.html)"
66.249.71.77 - - [12/Feb/2010:04:47:38 -0800] "GET / HTTP/1.1" 200 148 "-" "Mozilla/5.0 (compatible; Googlebot/2.1; +http://www.google.com/bot.html)"
66.249.71.77 - - [12/Feb/2010:04:47:38 -0800] "GET /~vd/bedpics/index.html HTTP/1.1" 302 347 "-" "Mozilla/5.0 (compatible; Googlebot/2.1; +http://www.google.com/bot.html)"
66.249.71.77 - - [12/Feb/2010:04:47:38 -0800] "GET / HTTP/1.1" 200 148 "-" "Mozilla/5.0 (compatible; Googlebot/2.1; +http://www.google.com/bot.html)"
78.129.167.195 - - [12/Feb/2010:05:14:33 -0800] "GET /index.php/photos/album/1/photo/2.html HTTP/1.1" 200 148 "-" "Mozilla/4.0 (compatible; MSIE 6.0; Windows NT 5.1; SV1; .NET CLR 2.0.50727; InfoPath.1)"
75.101.204.87 - - [12/Feb/2010:05:15:18 -0800] "GET /robots.txt HTTP/1.1" 302 347 "-" "Mozilla/5.0 (compatible; spbot/1.2; +http://www.seoprofiler.com/bot/ )"
75.101.204.87 - - [12/Feb/2010:05:15:18 -0800] "GET / HTTP/1.1" 200 148 "-" "Mozilla/5.0 (compatible; spbot/1.2; +http://www.seoprofiler.com/bot/ )"
75.101.204.87 - - [12/Feb/2010:05:15:19 -0800] "GET / HTTP/1.1" 200 148 "-" "Mozilla/5.0 (compatible; spbot/1.2; +http://www.seoprofiler.com/bot/ )"
222.189.183.67 - - [12/Feb/2010:05:16:28 -0800] "GET /index.php/photos/album/1/photo/2.html HTTP/1.1" 200 148 "-" "Mozilla/4.0 (compatible; MSIE 6.0; Windows NT 5.1; SV1)"
78.129.167.195 - - [12/Feb/2010:05:47:21 -0800] "GET /index.php/photos/album/1/photo/2.html HTTP/1.1" 200 148 "-" "Mozilla/5.0 (Windows; U; Windows NT 5.1; es-AR; rv:1.8.1.12) Gecko/20080201 Firefox/2.0.0.12"
174.129.64.213 - - [12/Feb/2010:05:58:59 -0800] "GET /robots.txt HTTP/1.1" 302 347 "-" "Mozilla/5.0 (compatible; spbot/1.2; +http://www.seoprofiler.com/bot/ )"
174.129.64.213 - - [12/Feb/2010:05:58:59 -0800] "GET / HTTP/1.1" 200 148 "-" "Mozilla/5.0 (compatible; spbot/1.2; +http://www.seoprofiler.com/bot/ )"
174.129.64.213 - - [12/Feb/2010:05:59:00 -0800] "GET / HTTP/1.1" 200 148 "-" "Mozilla/5.0 (compatible; spbot/1.2; +http://www.seoprofiler.com/bot/ )"
174.129.83.241 - - [12/Feb/2010:06:13:39 -0800] "GET /robots.txt HTTP/1.1" 302 347 "-" "Mozilla/5.0 (compatible; spbot/1.2; +http://www.seoprofiler.com/bot/ )"
174.129.83.241 - - [12/Feb/2010:06:13:39 -0800] "GET / HTTP/1.1" 200 148 "-" "Mozilla/5.0 (compatible; spbot/1.2; +http://www.seoprofiler.com/bot/ )"
174.129.83.241 - - [12/Feb/2010:06:13:40 -0800] "GET / HTTP/1.1" 200 148 "-" "Mozilla/5.0 (compatible; spbot/1.2; +http://www.seoprofiler.com/bot/ )"
78.129.167.195 - - [12/Feb/2010:06:23:28 -0800] "GET /index.php/photos/album/1/photo/2.html HTTP/1.1" 200 148 "-" "Mozilla/5.0 (X11; U; Linux i686 (x86_64); en-US; rv:1.8.1.17) Gecko/20080829 Firefox/2.0.0.17"
119.176.60.91 - - [12/Feb/2010:06:32:42 -0800] "GET /index.php/photos/album/1/photo/2.html HTTP/1.1" 200 148 "-" "Mozilla/4.0 (compatible; MSIE 6.0; Windows NT 5.1; SV1)"
67.202.29.142 - - [12/Feb/2010:06:45:03 -0800] "GET /robots.txt HTTP/1.1" 302 347 "-" "Mozilla/5.0 (compatible; spbot/1.2; +http://www.seoprofiler.com/bot/ )"
67.202.29.142 - - [12/Feb/2010:06:45:03 -0800] "GET / HTTP/1.1" 200 148 "-" "Mozilla/5.0 (compatible; spbot/1.2; +http://www.seoprofiler.com/bot/ )"
67.202.29.142 - - [12/Feb/2010:06:45:04 -0800] "GET / HTTP/1.1" 200 148 "-" "Mozilla/5.0 (compatible; spbot/1.2; +http://www.seoprofiler.com/bot/ )"
78.129.167.195 - - [12/Feb/2010:06:59:28 -0800] "GET /index.php/photos/album/1/photo/2.html HTTP/1.1" 200 148 "-" "Mozilla/5.0 (X11; U; Linux i686; en-US; rv:1.8.1.6) Gecko/20070208 Mandriva/2.0.0.6-4mdv2007.1 (2007.1) Firefox/2.0.0.6-d"
78.129.167.195 - - [12/Feb/2010:07:35:09 -0800] "GET /index.php/photos/album/1/photo/2.html HTTP/1.1" 200 148 "-" "Mozilla/4.0 (compatible; MSIE 7.0; Windows NT 6.0; SIMBAR={FBC1BAEC-F767-11DC-ADDC-001C25539274}; SLCC1; .NET CLR 2.0.50727; Media Center PC 5.0; .NET CLR 3.0.30618)"
204.236.212.231 - - [12/Feb/2010:07:40:52 -0800] "GET /robots.txt HTTP/1.1" 302 347 "-" "Mozilla/5.0 (compatible; spbot/1.2; +http://www.seoprofiler.com/bot/ )"
204.236.212.231 - - [12/Feb/2010:07:40:53 -0800] "GET / HTTP/1.1" 200 148 "-" "Mozilla/5.0 (compatible; spbot/1.2; +http://www.seoprofiler.com/bot/ )"
204.236.212.231 - - [12/Feb/2010:07:40:53 -0800] "GET / HTTP/1.1" 200 148 "-" "Mozilla/5.0 (compatible; spbot/1.2; +http://www.seoprofiler.com/bot/ )"
121.242.99.235 - - [12/Feb/2010:07:49:03 -0800] "GET /index.php/photos/album/1/photo/2.html HTTP/1.1" 200 148 "-" "Mozilla/4.0 (compatible; MSIE 6.0; Windows NT 5.1; SV1)"
174.129.136.94 - - [12/Feb/2010:07:58:12 -0800] "GET /robots.txt HTTP/1.1" 302 347 "-" "Mozilla/5.0 (compatible; spbot/1.2; +http://www.seoprofiler.com/bot/ )"
174.129.136.94 - - [12/Feb/2010:07:58:12 -0800] "GET / HTTP/1.1" 200 148 "-" "Mozilla/5.0 (compatible; spbot/1.2; +http://www.seoprofiler.com/bot/ )"
174.129.136.94 - - [12/Feb/2010:07:58:13 -0800] "GET / HTTP/1.1" 200 148 "-" "Mozilla/5.0 (compatible; spbot/1.2; +http://www.seoprofiler.com/bot/ )"
78.129.167.195 - - [12/Feb/2010:08:11:16 -0800] "GET /index.php/photos/album/1/photo/2.html HTTP/1.1" 200 148 "-" "Mozilla/4.0 (compatible; MSIE 6.0; Windows NT 5.2; .NET CLR 1.1.4322)"
67.218.116.132 - - [12/Feb/2010:08:26:08 -0800] "GET /robots.txt HTTP/1.1" 302 347 "-" "Mozilla/5.0 (Twiceler-0.9 http://www.cuil.com/twiceler/robot.html)"
204.236.241.141 - - [12/Feb/2010:08:43:06 -0800] "GET /robots.txt HTTP/1.1" 302 347 "-" "Mozilla/5.0 (compatible; spbot/1.2; +http://www.seoprofiler.com/bot/ )"
204.236.241.141 - - [12/Feb/2010:08:43:06 -0800] "GET / HTTP/1.1" 200 148 "-" "Mozilla/5.0 (compatible; spbot/1.2; +http://www.seoprofiler.com/bot/ )"
204.236.241.141 - - [12/Feb/2010:08:43:07 -0800] "GET / HTTP/1.1" 200 148 "-" "Mozilla/5.0 (compatible; spbot/1.2; +http://www.seoprofiler.com/bot/ )"
78.129.167.195 - - [12/Feb/2010:08:45:38 -0800] "GET /index.php/photos/album/1/photo/2.html HTTP/1.1" 200 148 "-" "Mozilla/4.0 (compatible; MSIE 6.0; Windows NT 5.1; SV1; InfoPath.2; .NET CLR 1.1.4322; .NET CLR 2.0.50727; .NET CLR 3.0.04506.30)"
174.129.82.216 - - [12/Feb/2010:08:59:50 -0800] "GET /robots.txt HTTP/1.1" 302 347 "-" "Mozilla/5.0 (compatible; spbot/1.2; +http://www.seoprofiler.com/bot/ )"
174.129.82.216 - - [12/Feb/2010:08:59:51 -0800] "GET / HTTP/1.1" 200 148 "-" "Mozilla/5.0 (compatible; spbot/1.2; +http://www.seoprofiler.com/bot/ )"
174.129.82.216 - - [12/Feb/2010:08:59:51 -0800] "GET / HTTP/1.1" 200 148 "-" "Mozilla/5.0 (compatible; spbot/1.2; +http://www.seoprofiler.com/bot/ )"
116.7.27.147 - - [12/Feb/2010:09:04:28 -0800] "GET /index.php/photos/album/1/photo/2.html HTTP/1.1" 200 148 "-" "Mozilla/4.0 (compatible; MSIE 6.0; Windows NT 5.1; SV1)"
67.202.11.26 - - [12/Feb/2010:09:13:36 -0800] "GET /robots.txt HTTP/1.1" 302 347 "-" "Mozilla/5.0 (compatible; spbot/1.2; +http://www.seoprofiler.com/bot/ )"
67.202.11.26 - - [12/Feb/2010:09:13:36 -0800] "GET / HTTP/1.1" 200 148 "-" "Mozilla/5.0 (compatible; spbot/1.2; +http://www.seoprofiler.com/bot/ )"
67.202.11.26 - - [12/Feb/2010:09:13:36 -0800] "GET / HTTP/1.1" 200 148 "-" "Mozilla/5.0 (compatible; spbot/1.2; +http://www.seoprofiler.com/bot/ )"
78.129.167.195 - - [12/Feb/2010:09:16:54 -0800] "GET /index.php/photos/album/1/photo/2.html HTTP/1.1" 200 148 "-" "Mozilla/5.0 (Windows; U; Windows NT 5.1; da; rv:1.9.0.1) Gecko/2008070208 Firefox/3.0.1"
78.129.167.195 - - [12/Feb/2010:09:46:23 -0800] "GET /index.php/photos/album/1/photo/2.html HTTP/1.1" 200 148 "-" "Mozilla/5.0 (X11; U; Linux i686; fr; rv:1.7.11) Gecko/20050729"
174.129.107.185 - - [12/Feb/2010:10:07:14 -0800] "GET /robots.txt HTTP/1.1" 302 347 "-" "Mozilla/5.0 (compatible; spbot/1.2; +http://www.seoprofiler.com/bot/ )"
174.129.107.185 - - [12/Feb/2010:10:07:14 -0800] "GET / HTTP/1.1" 200 148 "-" "Mozilla/5.0 (compatible; spbot/1.2; +http://www.seoprofiler.com/bot/ )"
174.129.107.185 - - [12/Feb/2010:10:07:15 -0800] "GET / HTTP/1.1" 200 148 "-" "Mozilla/5.0 (compatible; spbot/1.2; +http://www.seoprofiler.com/bot/ )"
174.129.172.253 - - [12/Feb/2010:10:12:24 -0800] "GET /robots.txt HTTP/1.1" 302 347 "-" "Mozilla/5.0 (compatible; spbot/1.2; +http://www.seoprofiler.com/bot/ )"
174.129.172.253 - - [12/Feb/2010:10:12:25 -0800] "GET / HTTP/1.1" 200 148 "-" "Mozilla/5.0 (compatible; spbot/1.2; +http://www.seoprofiler.com/bot/ )"
174.129.172.253 - - [12/Feb/2010:10:12:25 -0800] "GET / HTTP/1.1" 200 148 "-" "Mozilla/5.0 (compatible; spbot/1.2; +http://www.seoprofiler.com/bot/ )"
78.129.167.195 - - [12/Feb/2010:10:16:19 -0800] "GET /index.php/photos/album/1/photo/2.html HTTP/1.1" 200 148 "-" "Mozilla/5.0 (Windows; U; Windows NT 5.1; nl; rv:1.9.0.5) Gecko/2008120122 Firefox/3.0.5"
193.1.185.82 - - [12/Feb/2010:10:18:38 -0800] "GET /index.php/photos/album/1/photo/2.html HTTP/1.1" 200 148 "-" "Mozilla/4.0 (compatible; MSIE 6.0; Windows NT 5.1; SV1)"
204.236.211.119 - - [12/Feb/2010:10:18:40 -0800] "GET /robots.txt HTTP/1.1" 302 347 "-" "Mozilla/5.0 (compatible; spbot/1.2; +http://www.seoprofiler.com/bot/ )"
204.236.211.119 - - [12/Feb/2010:10:18:40 -0800] "GET / HTTP/1.1" 200 148 "-" "Mozilla/5.0 (compatible; spbot/1.2; +http://www.seoprofiler.com/bot/ )"
204.236.211.119 - - [12/Feb/2010:10:18:41 -0800] "GET / HTTP/1.1" 200 148 "-" "Mozilla/5.0 (compatible; spbot/1.2; +http://www.seoprofiler.com/bot/ )"
72.44.53.29 - - [12/Feb/2010:10:23:36 -0800] "GET /robots.txt HTTP/1.1" 302 347 "-" "Mozilla/5.0 (compatible; spbot/1.2; +http://www.seoprofiler.com/bot/ )"
72.44.53.29 - - [12/Feb/2010:10:23:36 -0800] "GET / HTTP/1.1" 200 148 "-" "Mozilla/5.0 (compatible; spbot/1.2; +http://www.seoprofiler.com/bot/ )"
72.44.53.29 - - [12/Feb/2010:10:23:37 -0800] "GET / HTTP/1.1" 200 148 "-" "Mozilla/5.0 (compatible; spbot/1.2; +http://www.seoprofiler.com/bot/ )"
78.129.167.195 - - [12/Feb/2010:10:46:44 -0800] "GET /index.php/photos/album/1/photo/2.html HTTP/1.1" 200 148 "-" "Mozilla/5.0 (Windows; U; Windows NT 5.1; fr; rv:1.8.0.1) Gecko/20060111 firefox/.................. Firefox/1.5.0.1"
78.129.167.195 - - [12/Feb/2010:11:18:24 -0800] "GET /index.php/photos/album/1/photo/2.html HTTP/1.1" 200 148 "-" "Mozilla/4.0 (compatible; MSIE 6.0; Windows NT 5.1; SV1; snprtz|S04713965500017#17|isdn; .NET CLR 1.1.4322; HbTools 4.7.0)"
94.75.214.129 - - [12/Feb/2010:11:32:55 -0800] "GET /index.php/photos/album/1/photo/2.html HTTP/1.0" 200 148 "-" "-"
78.129.167.195 - - [12/Feb/2010:11:51:04 -0800] "GET /index.php/photos/album/1/photo/2.html HTTP/1.1" 200 148 "-" "Mozilla/5.0 (Windows; U; Windows NT 6.0; fr; rv:1.9.0.6) Gecko/2009011913 Firefox/2.0.0.14 GTB5 (.NET CLR 3.5.30729)"
62.75.218.97 - - [12/Feb/2010:11:58:15 -0800] "GET /robots.txt HTTP/1.0" 302 347 "-" "OpenAcoon v4.1.0 (www.openacoon.de)"
62.75.218.97 - - [12/Feb/2010:11:58:16 -0800] "GET / HTTP/1.0" 200 148 "-" "OpenAcoon v4.1.0 (www.openacoon.de)"
75.101.179.141 - - [12/Feb/2010:12:15:34 -0800] "GET /robots.txt HTTP/1.1" 302 347 "-" "Mozilla/5.0 (compatible; spbot/1.2; +http://www.seoprofiler.com/bot/ )"
75.101.179.141 - - [12/Feb/2010:12:15:35 -0800] "GET / HTTP/1.1" 200 148 "-" "Mozilla/5.0 (compatible; spbot/1.2; +http://www.seoprofiler.com/bot/ )"
75.101.179.141 - - [12/Feb/2010:12:15:35 -0800] "GET / HTTP/1.1" 200 148 "-" "Mozilla/5.0 (compatible; spbot/1.2; +http://www.seoprofiler.com/bot/ )"
78.129.167.195 - - [12/Feb/2010:12:22:35 -0800] "GET /index.php/photos/album/1/photo/2.html HTTP/1.1" 200 148 "-" "Mozilla/4.0 (compatible; MSIE 6.0; Windows NT 5.1; SV1; WP EmbeddedWB 14.55; .NET CLR 1.1.4322; .NET CLR 2.0.50215; InfoPath.1)"
202.197.64.12 - - [12/Feb/2010:12:45:55 -0800] "GET /index.php/photos/album/1/photo/2.html HTTP/1.1" 200 148 "-" "Mozilla/4.0 (compatible; MSIE 6.0; Windows NT 5.1; SV1)"
204.236.212.138 - - [12/Feb/2010:12:46:44 -0800] "GET /robots.txt HTTP/1.1" 302 347 "-" "Mozilla/5.0 (compatible; spbot/1.2; +http://www.seoprofiler.com/bot/ )"
204.236.212.138 - - [12/Feb/2010:12:46:45 -0800] "GET / HTTP/1.1" 200 148 "-" "Mozilla/5.0 (compatible; spbot/1.2; +http://www.seoprofiler.com/bot/ )"
204.236.212.138 - - [12/Feb/2010:12:46:45 -0800] "GET / HTTP/1.1" 200 148 "-" "Mozilla/5.0 (compatible; spbot/1.2; +http://www.seoprofiler.com/bot/ )"
78.129.167.195 - - [12/Feb/2010:12:53:24 -0800] "GET /index.php/photos/album/1/photo/2.html HTTP/1.1" 200 148 "-" "Opera/7.54 (Windows NT 5.1; U) [en]"
78.129.167.195 - - [12/Feb/2010:13:24:19 -0800] "GET /index.php/photos/album/1/photo/2.html HTTP/1.1" 200 148 "-" "Mozilla/4.0 (compatible; MSIE 6.0; Windows NT 5.0)"
75.151.98.75 - - [12/Feb/2010:13:30:00 -0800] "GET /~harold HTTP/1.1" 301 380 "-" "Mozilla/4.0 (compatible; MSIE 8.0; Windows NT 6.0; Trident/4.0; SLCC1; .NET CLR 2.0.50727; Media Center PC 5.0; InfoPath.2; MS-RTC LM 8; .NET CLR 3.5.30729; .NET CLR 3.0.30729)"
75.151.98.75 - - [12/Feb/2010:13:30:01 -0800] "GET /~harold/ HTTP/1.1" 200 205 "-" "Mozilla/4.0 (compatible; MSIE 8.0; Windows NT 6.0; Trident/4.0; SLCC1; .NET CLR 2.0.50727; Media Center PC 5.0; InfoPath.2; MS-RTC LM 8; .NET CLR 3.5.30729; .NET CLR 3.0.30729)"
75.151.98.75 - - [12/Feb/2010:13:30:02 -0800] "GET /~harold/stats HTTP/1.1" 301 386 "http://ferality.net/~harold/" "Mozilla/4.0 (compatible; MSIE 8.0; Windows NT 6.0; Trident/4.0; SLCC1; .NET CLR 2.0.50727; Media Center PC 5.0; InfoPath.2; MS-RTC LM 8; .NET CLR 3.5.30729; .NET CLR 3.0.30729)"
75.151.98.75 - - [12/Feb/2010:13:30:03 -0800] "GET /~harold/stats/ HTTP/1.1" 200 1186 "http://ferality.net/~harold/" "Mozilla/4.0 (compatible; MSIE 8.0; Windows NT 6.0; Trident/4.0; SLCC1; .NET CLR 2.0.50727; Media Center PC 5.0; InfoPath.2; MS-RTC LM 8; .NET CLR 3.5.30729; .NET CLR 3.0.30729)"
75.151.98.75 - - [12/Feb/2010:13:30:05 -0800] "GET /~harold/stats/top/daily/words/ HTTP/1.1" 200 5368 "http://ferality.net/~harold/stats/" "Mozilla/4.0 (compatible; MSIE 8.0; Windows NT 6.0; Trident/4.0; SLCC1; .NET CLR 2.0.50727; Media Center PC 5.0; InfoPath.2; MS-RTC LM 8; .NET CLR 3.5.30729; .NET CLR 3.0.30729)"
75.151.98.75 - - [12/Feb/2010:13:30:12 -0800] "GET /~harold/stats/top/total/words/ HTTP/1.1" 200 9857 "http://ferality.net/~harold/stats/" "Mozilla/4.0 (compatible; MSIE 8.0; Windows NT 6.0; Trident/4.0; SLCC1; .NET CLR 2.0.50727; Media Center PC 5.0; InfoPath.2; MS-RTC LM 8; .NET CLR 3.5.30729; .NET CLR 3.0.30729)"
75.151.98.75 - - [12/Feb/2010:13:33:14 -0800] "GET /~harold/stats/onchan/ HTTP/1.1" 200 5217 "http://ferality.net/~harold/stats/" "Mozilla/4.0 (compatible; MSIE 8.0; Windows NT 6.0; Trident/4.0; SLCC1; .NET CLR 2.0.50727; Media Center PC 5.0; InfoPath.2; MS-RTC LM 8; .NET CLR 3.5.30729; .NET CLR 3.0.30729)"
75.151.98.75 - - [12/Feb/2010:13:33:45 -0800] "GET /~harold/stats/top/monthly/words/ HTTP/1.1" 200 9809 "http://ferality.net/~harold/stats/" "Mozilla/4.0 (compatible; MSIE 8.0; Windows NT 6.0; Trident/4.0; SLCC1; .NET CLR 2.0.50727; Media Center PC 5.0; InfoPath.2; MS-RTC LM 8; .NET CLR 3.5.30729; .NET CLR 3.0.30729)"
174.129.72.66 - - [12/Feb/2010:13:49:16 -0800] "GET /robots.txt HTTP/1.1" 302 347 "-" "Mozilla/5.0 (compatible; spbot/1.2; +http://www.seoprofiler.com/bot/ )"
174.129.72.66 - - [12/Feb/2010:13:49:16 -0800] "GET / HTTP/1.1" 200 148 "-" "Mozilla/5.0 (compatible; spbot/1.2; +http://www.seoprofiler.com/bot/ )"
174.129.72.66 - - [12/Feb/2010:13:49:17 -0800] "GET / HTTP/1.1" 200 148 "-" "Mozilla/5.0 (compatible; spbot/1.2; +http://www.seoprofiler.com/bot/ )"
78.129.167.195 - - [12/Feb/2010:13:55:38 -0800] "GET /index.php/photos/album/1/photo/2.html HTTP/1.1" 200 148 "-" "Mozilla/4.0 (compatible; MSIE 7.0; Windows NT 5.1; FunWebProducts; .NET CLR 1.0.3705; .NET CLR 1.1.4322; Media Center PC 4.0; .NET CLR 2.0.50727; InfoPath.1)"
68.114.238.197 - - [12/Feb/2010:14:01:47 -0800] "GET /index.php/photos/album/1/photo/2.html HTTP/1.1" 200 148 "-" "Mozilla/4.0 (compatible; MSIE 6.0; Windows NT 5.1; SV1)"
212.138.47.13 - - [12/Feb/2010:14:24:18 -0800] "GET /index.php/photos/album/1/photo/2.html HTTP/1.1" 200 148 "-" "Mozilla/4.0 (compatible;)"
78.129.167.195 - - [12/Feb/2010:14:27:01 -0800] "GET /index.php/photos/album/1/photo/2.html HTTP/1.1" 200 148 "-" "Mozilla/4.0 (compatible; MSIE 6.0; Windows NT 5.1; GTB6)"
212.138.47.13 - - [12/Feb/2010:14:27:13 -0800] "GET /index.php/photos/album/1/photo/2.html HTTP/1.1" 200 148 "-" "Mozilla/4.0 (compatible;)"
120.28.64.78 - - [12/Feb/2010:14:38:57 -0800] "GET /index.php/photos/album/1/photo/2.html HTTP/1.1" 200 148 "-" "Mozilla/4.0 (compatible;)"
204.236.241.141 - - [12/Feb/2010:14:49:47 -0800] "GET /robots.txt HTTP/1.1" 302 347 "-" "Mozilla/5.0 (compatible; spbot/1.2; +http://www.seoprofiler.com/bot/ )"
204.236.241.141 - - [12/Feb/2010:14:49:48 -0800] "GET / HTTP/1.1" 200 148 "-" "Mozilla/5.0 (compatible; spbot/1.2; +http://www.seoprofiler.com/bot/ )"
204.236.241.141 - - [12/Feb/2010:14:49:48 -0800] "GET / HTTP/1.1" 200 148 "-" "Mozilla/5.0 (compatible; spbot/1.2; +http://www.seoprofiler.com/bot/ )"
78.129.167.195 - - [12/Feb/2010:14:56:39 -0800] "GET /index.php/photos/album/1/photo/2.html HTTP/1.1" 200 148 "-" "User-Agent: Mozilla/4.0 (compatible; MSIE 7.0; Windows NT 6.0; GTB5; SLCC1; .NET CLR 2.0.50727; Media Center PC 5.0; .NET CLR 3.0.04506; OfficeLiveConnector.1.3; OfficeLivePatch.0.0; Orange 8.0)"
67.202.42.161 - - [12/Feb/2010:15:02:09 -0800] "GET /robots.txt HTTP/1.1" 302 347 "-" "Mozilla/5.0 (compatible; spbot/1.2; +http://www.seoprofiler.com/bot/ )"
67.202.42.161 - - [12/Feb/2010:15:02:09 -0800] "GET / HTTP/1.1" 200 148 "-" "Mozilla/5.0 (compatible; spbot/1.2; +http://www.seoprofiler.com/bot/ )"
67.202.42.161 - - [12/Feb/2010:15:02:10 -0800] "GET / HTTP/1.1" 200 148 "-" "Mozilla/5.0 (compatible; spbot/1.2; +http://www.seoprofiler.com/bot/ )"
93.62.4.207 - - [12/Feb/2010:15:17:00 -0800] "GET /index.php/photos/album/1/photo/2.html HTTP/1.1" 200 148 "-" "Mozilla/4.0 (compatible; MSIE 6.0; Windows NT 5.1; SV1)"
78.129.167.195 - - [12/Feb/2010:15:25:45 -0800] "GET /index.php/photos/album/1/photo/2.html HTTP/1.1" 200 148 "-" "Mozilla/4.0 (compatible; MSIE 8.0; Windows NT 5.1; Trident/4.0; Mozilla/4.0 (compatible; MSIE 6.0; Windows NT 5.1; SV1) ; .NET CLR 2.0.50727; .NET CLR 3.0.04506.648; .NET CLR 3.5.21022)"
208.80.193.36 - - [12/Feb/2010:15:53:35 -0800] "GET / HTTP/1.0" 200 148 "-" "Mozilla/4.0 (compatible; MSIE 7.0b; Windows NT 5.1; .NET CLR 2.0.50727; InfoPath.2)"
78.129.167.195 - - [12/Feb/2010:15:55:06 -0800] "GET /index.php/photos/album/1/photo/2.html HTTP/1.1" 200 148 "-" "Mozilla/5.0 (X11; U; Linux i686; en-US; rv:1.8.1.12) Gecko/20080312 SeaMonkey/1.1.8"
212.138.69.19 - - [12/Feb/2010:15:56:39 -0800] "GET /index.php/photos/album/1/photo/2.html HTTP/1.1" 200 148 "-" "Mozilla/4.0 (compatible;)"
78.129.167.195 - - [12/Feb/2010:16:25:40 -0800] "GET /index.php/photos/album/1/photo/2.html HTTP/1.1" 200 148 "-" "Mozilla/4.0 (compatible; MSIE 6.0; Windows 98; .NET CLR 1.1.4322; .NET CLR 2.0.50727)"
86.111.223.180 - - [12/Feb/2010:16:32:44 -0800] "GET /index.php/photos/album/1/photo/2.html HTTP/1.1" 200 148 "-" "Mozilla/4.0 (compatible; MSIE 6.0; Windows NT 5.1; SV1)"
69.60.247.16 - - [12/Feb/2010:16:50:27 -0800] "GET /~harold HTTP/1.1" 301 380 "-" "Mozilla/5.0 (Windows; U; Windows NT 6.0; en-US; rv:1.9.1.7) Gecko/20091221 Firefox/3.5.7"
69.60.247.16 - - [12/Feb/2010:16:50:27 -0800] "GET /~harold/ HTTP/1.1" 200 205 "-" "Mozilla/5.0 (Windows; U; Windows NT 6.0; en-US; rv:1.9.1.7) Gecko/20091221 Firefox/3.5.7"
69.60.247.16 - - [12/Feb/2010:16:50:27 -0800] "GET /favicon.ico HTTP/1.1" 200 441 "-" "Mozilla/5.0 (Windows; U; Windows NT 6.0; en-US; rv:1.9.1.7) Gecko/20091221 Firefox/3.5.7"
69.60.247.16 - - [12/Feb/2010:16:50:30 -0800] "GET /~harold/stats HTTP/1.1" 301 386 "http://ferality.net/~harold/" "Mozilla/5.0 (Windows; U; Windows NT 6.0; en-US; rv:1.9.1.7) Gecko/20091221 Firefox/3.5.7"
69.60.247.16 - - [12/Feb/2010:16:50:30 -0800] "GET /~harold/stats/ HTTP/1.1" 200 1186 "http://ferality.net/~harold/" "Mozilla/5.0 (Windows; U; Windows NT 6.0; en-US; rv:1.9.1.7) Gecko/20091221 Firefox/3.5.7"
69.60.247.16 - - [12/Feb/2010:16:50:35 -0800] "GET /~harold/stats/top/total/words/ HTTP/1.1" 200 9870 "http://ferality.net/~harold/stats/" "Mozilla/5.0 (Windows; U; Windows NT 6.0; en-US; rv:1.9.1.7) Gecko/20091221 Firefox/3.5.7"
69.60.247.16 - - [12/Feb/2010:16:51:11 -0800] "GET /~harold/stats/onchan/ HTTP/1.1" 200 5370 "http://ferality.net/~harold/stats/top/total/words/" "Mozilla/5.0 (Windows; U; Windows NT 6.0; en-US; rv:1.9.1.7) Gecko/20091221 Firefox/3.5.7"
78.129.167.195 - - [12/Feb/2010:16:55:06 -0800] "GET /index.php/photos/album/1/photo/2.html HTTP/1.1" 200 148 "-" "LTH Browser 3.02a (compatible; mozilla2; Windows NT 5.1; SV1)"
72.44.49.238 - - [12/Feb/2010:17:09:35 -0800] "GET /robots.txt HTTP/1.1" 302 347 "-" "Mozilla/5.0 (compatible; spbot/1.2; +http://www.seoprofiler.com/bot/ )"
72.44.49.238 - - [12/Feb/2010:17:09:36 -0800] "GET / HTTP/1.1" 200 148 "-" "Mozilla/5.0 (compatible; spbot/1.2; +http://www.seoprofiler.com/bot/ )"
72.44.49.238 - - [12/Feb/2010:17:09:36 -0800] "GET / HTTP/1.1" 200 148 "-" "Mozilla/5.0 (compatible; spbot/1.2; +http://www.seoprofiler.com/bot/ )"
98.162.206.111 - - [12/Feb/2010:17:16:01 -0800] "GET http://ferality.net/index.php/photos/album/1/photo/2.html HTTP/1.1" 200 148 "-" "Mozilla/4.0 (compatible; MSIE 6.0; Windows NT 5.1; SV1)"
78.129.167.195 - - [12/Feb/2010:17:24:12 -0800] "GET /index.php/photos/album/1/photo/2.html HTTP/1.1" 200 148 "-" "Mozilla/5.0 (Windows; U; Windows NT 6.1; en-US; rv:1.9.0.6) Gecko/2009011913 Firefox/3.0.6 (.NET CLR 3.5.30729)"
174.129.103.67 - - [12/Feb/2010:17:37:13 -0800] "GET /robots.txt HTTP/1.1" 302 347 "-" "Mozilla/5.0 (compatible; spbot/1.2; +http://www.seoprofiler.com/bot/ )"
174.129.103.67 - - [12/Feb/2010:17:37:14 -0800] "GET / HTTP/1.1" 200 148 "-" "Mozilla/5.0 (compatible; spbot/1.2; +http://www.seoprofiler.com/bot/ )"
174.129.103.67 - - [12/Feb/2010:17:37:14 -0800] "GET / HTTP/1.1" 200 148 "-" "Mozilla/5.0 (compatible; spbot/1.2; +http://www.seoprofiler.com/bot/ )"
212.138.113.10 - - [12/Feb/2010:17:41:06 -0800] "GET /index.php/photos/album/1/photo/2.html HTTP/1.1" 200 148 "-" "Mozilla/4.0 (compatible;)"
78.129.167.195 - - [12/Feb/2010:17:53:12 -0800] "GET /index.php/photos/album/1/photo/2.html HTTP/1.1" 200 148 "-" "Mozilla/5.0 (Windows; U; Windows NT 5.1; en-GB; rv:1.9.0.10) Gecko/2009042316 Firefox/3.0.10"
41.226.15.235 - - [12/Feb/2010:17:58:37 -0800] "GET /index.php/photos/album/1/photo/2.html HTTP/1.1" 200 148 "-" "Mozilla/4.0 (compatible; MSIE 6.0; Windows NT 5.1; SV1)"
78.129.167.195 - - [12/Feb/2010:18:23:22 -0800] "GET /index.php/photos/album/1/photo/2.html HTTP/1.1" 200 148 "-" "Mozilla/5.0 (Windows; U; Windows NT 5.1; bg; rv:1.9.0.5) Gecko/2008120122 Firefox/3.0.5"
78.129.167.195 - - [12/Feb/2010:18:53:29 -0800] "GET /index.php/photos/album/1/photo/2.html HTTP/1.1" 200 148 "-" "Mozilla/4.0 (compatible; MSIE 6.0; Windows NT 5.1; SV1; Mozilla/4.0 (compatible; MSIE 6.0; Windows NT 5.1; SV1) ; .NET CLR 2.0.50727; .NET CLR 1.1.4322)"
203.253.146.175 - - [12/Feb/2010:19:15:20 -0800] "GET /index.php/photos/album/1/photo/2.html HTTP/1.1" 200 148 "-" "Mozilla/4.0 (compatible; MSIE 6.0; Windows NT 5.1; SV1)"
78.129.167.195 - - [12/Feb/2010:19:23:11 -0800] "GET /index.php/photos/album/1/photo/2.html HTTP/1.1" 200 148 "-" "Mozilla/5.0 (Windows; U; Windows NT 5.0; en-US; rv:1.8.1.8) Gecko/20071008 Firefox/2.0.0.8"
212.138.113.10 - - [12/Feb/2010:19:33:13 -0800] "GET /index.php/photos/album/1/photo/2.html HTTP/1.1" 200 148 "-" "Mozilla/4.0 (compatible;)"
78.129.167.195 - - [12/Feb/2010:19:52:48 -0800] "GET /index.php/photos/album/1/photo/2.html HTTP/1.1" 200 148 "-" "Mozilla/4.0 (compatible; MSIE 6.0; Windows NT 5.2; SV1; .NET CLR 1.1.4322; Girafabot [girafa.com])"
68.50.65.0 - - [12/Feb/2010:20:23:13 -0800] "GET http://ferality.net/index.php/photos/album/1/photo/2.html HTTP/1.1" 200 148 "-" "Mozilla/4.0 (compatible; MSIE 6.0; Windows NT 5.1; SV1)"
78.129.167.195 - - [12/Feb/2010:20:23:17 -0800] "GET /index.php/photos/album/1/photo/2.html HTTP/1.1" 200 148 "-" "Mozilla/4.0 (compatible; MSIE 7.0; Windows NT 5.1; SIMBAR={FF67E028-A27C-11DD-8479-0019216AEAEB}; Orange 7.4 ; NaviWoo1.1; .NET CLR 1.0.3705; .NET CLR 1.1.4322; Media Center PC 4.0; .NET CLR 2.0.50727)"
212.1.100.26 - - [12/Feb/2010:20:33:51 -0800] "GET /index.php/photos/album/1/photo/2.html HTTP/1.0" 200 148 "-" "Mozila/0.1A (compatible; MSIE 0.1A; Windows 3.11FW)"
78.129.167.195 - - [12/Feb/2010:20:53:38 -0800] "GET /index.php/photos/album/1/photo/2.html HTTP/1.1" 200 148 "-" "Mozilla/5.0 (Macintosh; U; Intel Mac OS X; fr; rv:1.8.1.7) Gecko/20070914 Firefox/2.0.0.7"
212.138.69.18 - - [12/Feb/2010:21:20:23 -0800] "GET /index.php/photos/album/1/photo/2.html HTTP/1.1" 200 148 "-" "Mozilla/4.0 (compatible;)"
78.129.167.195 - - [12/Feb/2010:21:22:06 -0800] "GET /index.php/photos/album/1/photo/2.html HTTP/1.1" 200 148 "-" "Mozilla/5.0 (Macintosh; U; PPC Mac OS X; fr) AppleWebKit/420+ (KHTML, like Gecko) Safari/419.3"
174.129.126.38 - - [12/Feb/2010:21:23:33 -0800] "GET /robots.txt HTTP/1.1" 302 347 "-" "Mozilla/5.0 (compatible; spbot/1.2; +http://www.seoprofiler.com/bot/ )"
174.129.126.38 - - [12/Feb/2010:21:23:34 -0800] "GET / HTTP/1.1" 200 148 "-" "Mozilla/5.0 (compatible; spbot/1.2; +http://www.seoprofiler.com/bot/ )"
174.129.126.38 - - [12/Feb/2010:21:23:34 -0800] "GET / HTTP/1.1" 200 148 "-" "Mozilla/5.0 (compatible; spbot/1.2; +http://www.seoprofiler.com/bot/ )"
202.197.64.12 - - [12/Feb/2010:21:51:22 -0800] "GET /index.php/photos/album/1/photo/2.html HTTP/1.1" 200 148 "-" "Mozilla/4.0 (compatible; MSIE 6.0; Windows NT 5.1; SV1)"
78.129.167.195 - - [12/Feb/2010:21:51:42 -0800] "GET /index.php/photos/album/1/photo/2.html HTTP/1.1" 200 148 "-" "Mozilla/4.0 (compatible; MSIE 6.0; Windows NT 5.1; SV1; Arcor 5.006; .NET CLR 1.1.4322)"
78.129.167.195 - - [12/Feb/2010:22:22:44 -0800] "GET /index.php/photos/album/1/photo/2.html HTTP/1.1" 200 148 "-" "Mozilla/4.0 (compatible; MSIE 6.0; Windows NT 5.0; DigExt; FREE)"
75.101.234.148 - - [12/Feb/2010:22:31:11 -0800] "GET /robots.txt HTTP/1.1" 302 347 "-" "Mozilla/5.0 (compatible; spbot/1.2; +http://www.seoprofiler.com/bot/ )"
75.101.234.148 - - [12/Feb/2010:22:31:11 -0800] "GET / HTTP/1.1" 200 148 "-" "Mozilla/5.0 (compatible; spbot/1.2; +http://www.seoprofiler.com/bot/ )"
75.101.234.148 - - [12/Feb/2010:22:31:12 -0800] "GET / HTTP/1.1" 200 148 "-" "Mozilla/5.0 (compatible; spbot/1.2; +http://www.seoprofiler.com/bot/ )"
174.129.146.92 - - [12/Feb/2010:22:46:23 -0800] "GET /robots.txt HTTP/1.1" 302 347 "-" "Mozilla/5.0 (compatible; spbot/1.2; +http://www.seoprofiler.com/bot/ )"
