94.169.4.175 - - [28/Jan/2010:22:13:08 -0800] "GET /~harold HTTP/1.1" 301 380 "-" "Mozilla/5.0 (Windows; U; Windows NT 6.1; en-US) AppleWebKit/532.5 (KHTML, like Gecko) Chrome/4.0.249.78 Safari/532.5"
94.169.4.175 - - [28/Jan/2010:22:13:08 -0800] "GET /~harold/ HTTP/1.1" 200 205 "-" "Mozilla/5.0 (Windows; U; Windows NT 6.1; en-US) AppleWebKit/532.5 (KHTML, like Gecko) Chrome/4.0.249.78 Safari/532.5"
94.169.4.175 - - [28/Jan/2010:22:13:09 -0800] "GET /favicon.ico HTTP/1.1" 200 441 "-" "Mozilla/5.0 (Windows; U; Windows NT 6.1; en-US) AppleWebKit/532.5 (KHTML, like Gecko) Chrome/4.0.249.78 Safari/532.5"
94.169.4.175 - - [28/Jan/2010:22:13:12 -0800] "GET /~harold/stats HTTP/1.1" 301 386 "http://ferality.net/~harold/" "Mozilla/5.0 (Windows; U; Windows NT 6.1; en-US) AppleWebKit/532.5 (KHTML, like Gecko) Chrome/4.0.249.78 Safari/532.5"
94.169.4.175 - - [28/Jan/2010:22:13:12 -0800] "GET /~harold/stats/ HTTP/1.1" 200 1186 "http://ferality.net/~harold/" "Mozilla/5.0 (Windows; U; Windows NT 6.1; en-US) AppleWebKit/532.5 (KHTML, like Gecko) Chrome/4.0.249.78 Safari/532.5"
94.169.4.175 - - [28/Jan/2010:22:13:21 -0800] "GET /~harold/stats/onchan/ HTTP/1.1" 200 5853 "http://ferality.net/~harold/stats/" "Mozilla/5.0 (Windows; U; Windows NT 6.1; en-US) AppleWebKit/532.5 (KHTML, like Gecko) Chrome/4.0.249.78 Safari/532.5"
78.129.167.195 - - [28/Jan/2010:22:26:18 -0800] "GET /index.php/photos/album/1/photo/2.html HTTP/1.1" 200 148 "-" "Mozilla/5.0 (Windows; U; Windows NT 5.0; es-ES; rv:1.7.12) Gecko/20050919 Firefox/1.0.7"
190.86.183.147 - - [28/Jan/2010:22:28:35 -0800] "GET /index.php/photos/album/1/photo/2.html HTTP/1.1" 200 148 "-" "Mozilla/4.0 (compatible; MSIE 6.0; Windows NT 5.1; SV1)"
75.132.218.144 - - [28/Jan/2010:22:34:52 -0800] "GET /links/test.php HTTP/1.1" 302 - "-" "Mozilla/5.0 (Windows; U; Windows NT 6.1; en-US; rv:1.9.1.7) Gecko/20091221 Firefox/3.5.7"
209.216.189.147 - - [28/Jan/2010:22:38:42 -0800] "GET /~harold HTTP/1.1" 301 380 "-" "Mozilla/5.0 (Windows; U; Windows NT 5.1; en-US; rv:1.9.1.7) Gecko/20091221 Firefox/3.5.7 (.NET CLR 3.5.30729)"
209.216.189.147 - - [28/Jan/2010:22:38:42 -0800] "GET /~harold/ HTTP/1.1" 200 205 "-" "Mozilla/5.0 (Windows; U; Windows NT 5.1; en-US; rv:1.9.1.7) Gecko/20091221 Firefox/3.5.7 (.NET CLR 3.5.30729)"
209.216.189.147 - - [28/Jan/2010:22:38:43 -0800] "GET /favicon.ico HTTP/1.1" 200 441 "-" "Mozilla/5.0 (Windows; U; Windows NT 5.1; en-US; rv:1.9.1.7) Gecko/20091221 Firefox/3.5.7 (.NET CLR 3.5.30729)"
209.216.189.147 - - [28/Jan/2010:22:38:45 -0800] "GET /~harold/stats HTTP/1.1" 301 386 "http://ferality.net/~harold/" "Mozilla/5.0 (Windows; U; Windows NT 5.1; en-US; rv:1.9.1.7) Gecko/20091221 Firefox/3.5.7 (.NET CLR 3.5.30729)"
209.216.189.147 - - [28/Jan/2010:22:38:45 -0800] "GET /~harold/stats/ HTTP/1.1" 200 1186 "http://ferality.net/~harold/" "Mozilla/5.0 (Windows; U; Windows NT 5.1; en-US; rv:1.9.1.7) Gecko/20091221 Firefox/3.5.7 (.NET CLR 3.5.30729)"
209.216.189.147 - - [28/Jan/2010:22:38:48 -0800] "GET /~harold/stats/misc/ HTTP/1.1" 200 12679 "http://ferality.net/~harold/stats/" "Mozilla/5.0 (Windows; U; Windows NT 5.1; en-US; rv:1.9.1.7) Gecko/20091221 Firefox/3.5.7 (.NET CLR 3.5.30729)"
93.182.188.57 - - [28/Jan/2010:22:52:22 -0800] "GET /index.php/photos/album/1/photo/2.html HTTP/1.0" 200 148 "-" "Mozilla/4.0 (compatible; MSIE 6.0; Windows NT 5.1; SV1)"
78.129.167.195 - - [28/Jan/2010:23:00:07 -0800] "GET /index.php/photos/album/1/photo/2.html HTTP/1.1" 200 148 "-" "Mozilla/5.0 (Windows; U; Windows NT 5.1; fr-FR; rv:1.9.0.5) Gecko/2008120122 Firefox/3.0.5"
209.216.189.147 - - [28/Jan/2010:23:28:15 -0800] "GET /~harold/ HTTP/1.1" 304 - "-" "Mozilla/5.0 (Windows; U; Windows NT 5.1; en-US) AppleWebKit/532.5 (KHTML, like Gecko) Chrome/4.0.249.78 Safari/532.5"
209.216.189.147 - - [28/Jan/2010:23:28:25 -0800] "GET /~harold/stats/ HTTP/1.1" 200 1186 "http://ferality.net/~harold/" "Mozilla/5.0 (Windows; U; Windows NT 5.1; en-US) AppleWebKit/532.5 (KHTML, like Gecko) Chrome/4.0.249.78 Safari/532.5"
209.216.189.147 - - [28/Jan/2010:23:28:29 -0800] "GET /~harold/stats/misc/ HTTP/1.1" 200 12679 "http://ferality.net/~harold/stats/" "Mozilla/5.0 (Windows; U; Windows NT 5.1; en-US) AppleWebKit/532.5 (KHTML, like Gecko) Chrome/4.0.249.78 Safari/532.5"
78.129.167.195 - - [28/Jan/2010:23:32:52 -0800] "GET /index.php/photos/album/1/photo/2.html HTTP/1.1" 200 148 "-" "Mozilla/4.0 (compatible; MSIE 7.0; Windows NT 5.1; .NET CLR 1.1.4322; SpamBlockerUtility 4.8.4; .NET CLR 2.0.50727; Dealio Toolbar 3.1.1)"
78.129.167.195 - - [29/Jan/2010:00:07:32 -0800] "GET /index.php/photos/album/1/photo/2.html HTTP/1.1" 200 148 "-" "Mozilla/5.0 (Windows; U; Windows NT 5.1; en-US; rv:1.8.1.10) Gecko/20071115 Firefox/2.0.0.10"
78.129.167.195 - - [29/Jan/2010:00:41:09 -0800] "GET /index.php/photos/album/1/photo/2.html HTTP/1.1" 200 148 "-" "Mozilla/5.0 (X11; U; Linux i686; en-US; rv:1.8) Gecko/20051224 Debian/1.5.dfsg-3 Firefox/1.5"
142.32.208.232 - - [29/Jan/2010:00:41:44 -0800] "GET /index.php/photos/album/1/photo/2.html HTTP/1.0" 200 148 "-" "Mozilla/4.0 (compatible; MSIE 6.0; Windows NT 5.1; SV1)"
74.222.4.218 - - [29/Jan/2010:01:07:51 -0800] "GET /robots.txt HTTP/1.0" 302 347 "http://ferality.net/robots.txt" "Mozilla/4.0 (compatible; MSIE 6.0; Windows NT 5.1; SV1; .NET CLR 2.0.50727)"
74.222.4.218 - - [29/Jan/2010:01:07:51 -0800] "GET / HTTP/1.0" 200 148 "http://ferality.net/" "Mozilla/4.0 (compatible; MSIE 6.0; Windows NT 5.1; SV1; .NET CLR 2.0.50727)"
78.129.167.195 - - [29/Jan/2010:01:15:51 -0800] "GET /index.php/photos/album/1/photo/2.html HTTP/1.1" 200 148 "-" "Mozilla/4.0 (compatible; MSIE 7.0; AOL 9.0; Windows NT 5.1; .NET CLR 1.1.4322; .NET CLR 2.0.50727; .NET CLR 3.0.04506.30; .NET CLR 3.0.04506.648)"
95.132.207.155 - - [29/Jan/2010:01:21:48 -0800] "GET /index.php/photos/album/1/photo/2.html HTTP/1.1" 200 148 "-" "Mozilla/4.0 (compatible; MSIE 6.0; Windows NT 5.1; SV1)"
209.216.189.147 - - [29/Jan/2010:01:25:16 -0800] "GET /~harold/stats HTTP/1.1" 301 386 "http://jasoncmartin.com/~harold/" "Mozilla/5.0 (Windows; U; Windows NT 5.1; en-US; rv:1.9.1.7) Gecko/20091221 Firefox/3.5.7 (.NET CLR 3.5.30729)"
209.216.189.147 - - [29/Jan/2010:01:25:16 -0800] "GET /~harold/stats/ HTTP/1.1" 200 1186 "http://jasoncmartin.com/~harold/" "Mozilla/5.0 (Windows; U; Windows NT 5.1; en-US; rv:1.9.1.7) Gecko/20091221 Firefox/3.5.7 (.NET CLR 3.5.30729)"
209.216.189.147 - - [29/Jan/2010:01:25:16 -0800] "GET /favicon.ico HTTP/1.1" 200 441 "-" "Mozilla/5.0 (Windows; U; Windows NT 5.1; en-US; rv:1.9.1.7) Gecko/20091221 Firefox/3.5.7 (.NET CLR 3.5.30729)"
209.216.189.147 - - [29/Jan/2010:01:25:18 -0800] "GET /~harold/stats/misc/ HTTP/1.1" 200 12604 "http://ferality.net/~harold/stats/" "Mozilla/5.0 (Windows; U; Windows NT 5.1; en-US; rv:1.9.1.7) Gecko/20091221 Firefox/3.5.7 (.NET CLR 3.5.30729)"
209.216.189.147 - - [29/Jan/2010:01:25:48 -0800] "GET /~harold/stats/onchan/ HTTP/1.1" 200 5907 "http://ferality.net/~harold/stats/misc/" "Mozilla/5.0 (Windows; U; Windows NT 5.1; en-US; rv:1.9.1.7) Gecko/20091221 Firefox/3.5.7 (.NET CLR 3.5.30729)"
209.216.189.147 - - [29/Jan/2010:01:26:05 -0800] "GET /~harold/stats/users/jack/ HTTP/1.1" 200 980 "http://ferality.net/~harold/stats/onchan/" "Mozilla/5.0 (Windows; U; Windows NT 5.1; en-US; rv:1.9.1.7) Gecko/20091221 Firefox/3.5.7 (.NET CLR 3.5.30729)"
209.216.189.147 - - [29/Jan/2010:01:26:14 -0800] "GET /~harold/stats/users/ HTTP/1.1" 200 3748 "http://ferality.net/~harold/stats/users/jack/" "Mozilla/5.0 (Windows; U; Windows NT 5.1; en-US; rv:1.9.1.7) Gecko/20091221 Firefox/3.5.7 (.NET CLR 3.5.30729)"
209.216.189.147 - - [29/Jan/2010:01:26:18 -0800] "GET /~harold/stats/users/sharkbomb/ HTTP/1.1" 200 980 "http://ferality.net/~harold/stats/users/" "Mozilla/5.0 (Windows; U; Windows NT 5.1; en-US; rv:1.9.1.7) Gecko/20091221 Firefox/3.5.7 (.NET CLR 3.5.30729)"
209.216.189.147 - - [29/Jan/2010:01:26:22 -0800] "GET /favicon.ico HTTP/1.1" 200 441 "-" "Mozilla/5.0 (Windows; U; Windows NT 5.1; en-US; rv:1.9.1.7) Gecko/20091221 Firefox/3.5.7 (.NET CLR 3.5.30729)"
78.129.167.195 - - [29/Jan/2010:01:48:31 -0800] "GET /index.php/photos/album/1/photo/2.html HTTP/1.1" 200 148 "-" "Mozilla/5.0 (X11; U; Linux x86_64; fr; rv:1.8.0.3) Gecko/20060512 Ubuntu/dapper Firefox/1.5.0.3"
78.129.167.195 - - [29/Jan/2010:02:21:49 -0800] "GET /index.php/photos/album/1/photo/2.html HTTP/1.1" 200 148 "-" "Mozilla/4.0 (compatible; MSIE 6.0; Windows NT 5.1; FREE; SV1; Wanadoo 6.2; MathPlayer 2.0)"
220.189.208.188 - - [29/Jan/2010:02:36:33 -0800] "GET /index.php/photos/album/1/photo/2.html HTTP/1.1" 200 148 "-" "Mozilla/4.0 (compatible; MSIE 6.0; Windows NT 5.1; SV1)"
78.129.167.195 - - [29/Jan/2010:02:55:49 -0800] "GET /index.php/photos/album/1/photo/2.html HTTP/1.1" 200 148 "-" "Mozilla/4.0 (compatible; MSIE 6.0; Windows NT 5.1; Wanadoo 5.6; .NET CLR 1.1.4322)"
77.94.32.33 - - [29/Jan/2010:02:57:25 -0800] "GET /index.php/photos/album/1/photo/2.html HTTP/1.0" 200 148 "-" "Mozilla/4.0 (compatible; MSIE 6.0; Windows NT 5.1; SV1)"
209.205.91.35 - - [29/Jan/2010:03:00:13 -0800] "GET / HTTP/1.1" 200 148 "http://www.legalx.net" "Mozilla/5.0 (compatible; LegalContentAnalysis/1.0; http://www.legalx.net)"
216.129.119.10 - - [29/Jan/2010:03:28:43 -0800] "GET /robots.txt HTTP/1.0" 302 351 "-" "Mozilla/5.0 (Twiceler-0.9 http://www.cuil.com/twiceler/robot.html)"
78.129.167.195 - - [29/Jan/2010:03:29:34 -0800] "GET /index.php/photos/album/1/photo/2.html HTTP/1.1" 200 148 "-" "Mozilla/4.0 (compatible; MSIE 6.0; Windows NT 5.1; SV1; iebar; acc=none; (none); .NET CLR 1.1.4322)"
221.238.17.245 - - [29/Jan/2010:03:52:36 -0800] "GET /index.php/photos/album/1/photo/2.html HTTP/1.1" 200 148 "-" "Mozilla/4.0 (compatible; MSIE 6.0; Windows NT 5.1; SV1)"
78.129.167.195 - - [29/Jan/2010:04:03:02 -0800] "GET /index.php/photos/album/1/photo/2.html HTTP/1.1" 200 148 "-" "NutchCVS/0.7 (Nutch; http://lucene.apache.org/nutch/bot.html; nutch-agent@lucene.apache.org)"
78.129.167.195 - - [29/Jan/2010:04:38:29 -0800] "GET /index.php/photos/album/1/photo/2.html HTTP/1.1" 200 148 "-" "Mozilla/5.0 (Windows; U; Windows NT 5.0; fr; rv:1.7.12) Gecko/20050915"
200.238.83.49 - - [29/Jan/2010:05:09:08 -0800] "GET /index.php/photos/album/1/photo/2.html HTTP/1.1" 200 148 "-" "Mozilla/4.0 (compatible; MSIE 6.0; Windows NT 5.1; SV1)"
78.129.167.195 - - [29/Jan/2010:05:11:33 -0800] "GET /index.php/photos/album/1/photo/2.html HTTP/1.1" 200 148 "-" "Mozilla/5.0 (Windows; U; Windows NT 5.1; it; rv:1.9.0.10) Gecko/2009042316 Firefox/3.0.10"
123.125.156.138 - - [29/Jan/2010:05:16:57 -0800] "GET /index.php/photos/album/1/photo/2.html HTTP/1.1" 200 148 "-" "Mozilla/4.0 (compatible; MSIE 6.0; Windows NT 5.1; SV1)"
150.70.84.49 - - [29/Jan/2010:05:21:27 -0800] "GET /index.php/photos/album/1/photo/2.html HTTP/1.0" 200 148 "-" "Mozilla/4.0 (compatible; MSIE 6.0; Windows NT 5.1)"
78.129.167.195 - - [29/Jan/2010:05:46:31 -0800] "GET /index.php/photos/album/1/photo/2.html HTTP/1.1" 200 148 "-" "Mozilla/4.0 (compatible; MSIE 6.0; Windows NT 5.0; FunWebProducts; .NET CLR 1.1.4322)"
78.129.167.195 - - [29/Jan/2010:06:21:34 -0800] "GET /index.php/photos/album/1/photo/2.html HTTP/1.1" 200 148 "-" "Mozilla/5.0 (Windows; U; Windows NT 5.1; fr; rv:1.8.1.6) Gecko/20070725 Firefox/2.0.0.6;MEGAUPLOAD 1.0"
201.45.250.146 - - [29/Jan/2010:06:22:39 -0800] "GET /index.php/photos/album/1/photo/2.html HTTP/1.0" 200 148 "-" "Mozilla/4.0 (compatible; MSIE 6.0; Windows NT 5.1; SV1)"
78.129.167.195 - - [29/Jan/2010:06:55:43 -0800] "GET /index.php/photos/album/1/photo/2.html HTTP/1.1" 200 148 "-" "Mozilla/4.0 (compatible; GoogleToolbar 5.0.2124.6042; Windows XP 5.1; MSIE 7.0.5730.13)"
124.115.6.16 - - [29/Jan/2010:07:27:37 -0800] "GET /robots.txt HTTP/1.1" 302 351 "-" "Sosospider+(+http://help.soso.com/webspider.htm)"
78.129.167.195 - - [29/Jan/2010:07:29:04 -0800] "GET /index.php/photos/album/1/photo/2.html HTTP/1.1" 200 148 "-" "Mozilla/5.0 (Macintosh; U; PPC Mac OS X Mach-O; fr; rv:1.8) Gecko/20051107 Firefox/1.5"
218.201.21.181 - - [29/Jan/2010:07:38:25 -0800] "GET /index.php/photos/album/1/photo/2.html HTTP/1.1" 200 148 "-" "Mozilla/4.0 (compatible; MSIE 6.0; Windows NT 5.1; SV1)"
210.6.45.218 - - [29/Jan/2010:07:38:29 -0800] "GET /index.php/photos/album/1/photo/2.html HTTP/1.1" 200 148 "-" "Mozilla/4.0 (compatible; MSIE 6.0; Windows NT 5.1; SV1)"
78.129.167.195 - - [29/Jan/2010:08:02:39 -0800] "GET /index.php/photos/album/1/photo/2.html HTTP/1.1" 200 148 "-" "Mozilla/4.0 (compatible; MSIE 7.0; Windows NT 5.1; (R1 1.5); InfoPath.2; .NET CLR 2.0.50727; MSN Optimized;FR; .NET CLR 1.1.4322; MSN Optimized;FR)"
78.129.167.195 - - [29/Jan/2010:08:35:26 -0800] "GET /index.php/photos/album/1/photo/2.html HTTP/1.1" 200 148 "-" "SAMSUNG-GT-M8800"
123.175.73.13 - - [29/Jan/2010:08:54:02 -0800] "GET /index.php/photos/album/1/photo/2.html HTTP/1.1" 200 148 "-" "Mozilla/4.0 (compatible; MSIE 6.0; Windows NT 5.1; SV1)"
78.129.167.195 - - [29/Jan/2010:09:09:49 -0800] "GET /index.php/photos/album/1/photo/2.html HTTP/1.1" 200 148 "-" "Mozilla/4.0 (compatible; MSIE 6.0; Windows NT 5.1; Q312461; SV1; (R1 1.3); (R1 1.5))"
78.129.167.195 - - [29/Jan/2010:09:44:47 -0800] "GET /index.php/photos/album/1/photo/2.html HTTP/1.1" 200 148 "-" "Mozilla/5.0 (Windows; U; Windows NT 5.1; de; rv:1.9.0.1) Gecko/2008070208 Firefox/3.0.1 (.NET CLR 3.5.30729)"
209.216.189.146 - - [29/Jan/2010:09:52:31 -0800] "GET /~harold/readme.txt HTTP/1.1" 302 347 "-" "Mozilla/5.0 (Windows; U; Windows NT 5.1; en-US; rv:1.9.1.7) Gecko/20091221 Firefox/3.5.7"
209.216.189.146 - - [29/Jan/2010:09:52:34 -0800] "GET / HTTP/1.1" 200 148 "-" "Mozilla/5.0 (Windows; U; Windows NT 5.1; en-US; rv:1.9.1.7) Gecko/20091221 Firefox/3.5.7"
209.216.189.146 - - [29/Jan/2010:09:52:35 -0800] "GET /favicon.ico HTTP/1.1" 200 441 "-" "Mozilla/5.0 (Windows; U; Windows NT 5.1; en-US; rv:1.9.1.7) Gecko/20091221 Firefox/3.5.7"
209.216.189.146 - - [29/Jan/2010:09:52:57 -0800] "GET /~harold/readme.txt HTTP/1.1" 302 347 "-" "Mozilla/5.0 (Windows; U; Windows NT 5.1; en-US; rv:1.9.1.7) Gecko/20091221 Firefox/3.5.7"
209.216.189.146 - - [29/Jan/2010:09:52:57 -0800] "GET / HTTP/1.1" 200 148 "-" "Mozilla/5.0 (Windows; U; Windows NT 5.1; en-US; rv:1.9.1.7) Gecko/20091221 Firefox/3.5.7"
209.216.189.146 - - [29/Jan/2010:09:53:12 -0800] "GET /~harold/stats.txt HTTP/1.1" 200 7963 "-" "Mozilla/5.0 (Windows; U; Windows NT 5.1; en-US; rv:1.9.1.7) Gecko/20091221 Firefox/3.5.7"
82.114.160.31 - - [29/Jan/2010:09:54:28 -0800] "GET /index.php/photos/album/1/photo/2.html HTTP/1.1" 200 148 "-" "Mozilla/4.0 (compatible; MSIE 6.0; Windows NT 5.1; SV1)"
65.55.207.50 - - [29/Jan/2010:10:05:49 -0800] "GET /robots.txt HTTP/1.1" 302 347 "-" "msnbot/2.0b (+http://search.msn.com/msnbot.htm)"
65.55.207.50 - - [29/Jan/2010:10:05:49 -0800] "GET / HTTP/1.1" 200 148 "-" "msnbot/2.0b (+http://search.msn.com/msnbot.htm)"
65.55.207.50 - - [29/Jan/2010:10:06:38 -0800] "GET / HTTP/1.1" 200 148 "-" "msnbot/2.0b (+http://search.msn.com/msnbot.htm)"
77.88.66.251 - - [29/Jan/2010:10:09:20 -0800] "GET /index.php/photos/album/1/photo/2.html HTTP/1.1" 200 148 "-" "Mozilla/4.0 (compatible; MSIE 6.0; Windows NT 5.1; SV1)"
78.129.167.195 - - [29/Jan/2010:10:18:14 -0800] "GET /index.php/photos/album/1/photo/2.html HTTP/1.1" 200 148 "-" "Mozilla/4.0 (compatible; MSIE 8.0; Windows NT 6.1; Trident/4.0; GTB6; SLCC2; .NET CLR 2.0.50727; .NET CLR 3.5.30729; .NET CLR 3.0.30729; Media Center PC 6.0; Tablet PC 2.0; OfficeLiveConnector.1.3; OfficeLivePatch.0.0)"
78.129.167.195 - - [29/Jan/2010:10:50:56 -0800] "GET /index.php/photos/album/1/photo/2.html HTTP/1.1" 200 148 "-" "Mozilla/5.0 (Windows; U; Windows NT 5.1; en-US; rv:1.7.5) Gecko/20041217"
209.216.189.146 - - [29/Jan/2010:10:59:44 -0800] "GET /~harold/stats.txt HTTP/1.1" 304 - "-" "Mozilla/5.0 (Windows; U; Windows NT 5.1; en-US; rv:1.9.1.7) Gecko/20091221 Firefox/3.5.7"
209.216.189.146 - - [29/Jan/2010:10:59:48 -0800] "GET /~harold HTTP/1.1" 301 380 "-" "Mozilla/5.0 (Windows; U; Windows NT 5.1; en-US; rv:1.9.1.7) Gecko/20091221 Firefox/3.5.7"
209.216.189.146 - - [29/Jan/2010:10:59:49 -0800] "GET /~harold/ HTTP/1.1" 200 205 "-" "Mozilla/5.0 (Windows; U; Windows NT 5.1; en-US; rv:1.9.1.7) Gecko/20091221 Firefox/3.5.7"
209.216.189.146 - - [29/Jan/2010:10:59:50 -0800] "GET /~harold/stats HTTP/1.1" 301 386 "http://ferality.net/~harold/" "Mozilla/5.0 (Windows; U; Windows NT 5.1; en-US; rv:1.9.1.7) Gecko/20091221 Firefox/3.5.7"
209.216.189.146 - - [29/Jan/2010:10:59:51 -0800] "GET /~harold/stats/ HTTP/1.1" 200 1186 "http://ferality.net/~harold/" "Mozilla/5.0 (Windows; U; Windows NT 5.1; en-US; rv:1.9.1.7) Gecko/20091221 Firefox/3.5.7"
209.216.189.146 - - [29/Jan/2010:10:59:57 -0800] "GET /~harold/stats/onchan/ HTTP/1.1" 200 5907 "http://ferality.net/~harold/stats/" "Mozilla/5.0 (Windows; U; Windows NT 5.1; en-US; rv:1.9.1.7) Gecko/20091221 Firefox/3.5.7"
209.216.189.146 - - [29/Jan/2010:10:59:59 -0800] "GET /~harold/stats/users/joshua/ HTTP/1.1" 200 980 "http://ferality.net/~harold/stats/onchan/" "Mozilla/5.0 (Windows; U; Windows NT 5.1; en-US; rv:1.9.1.7) Gecko/20091221 Firefox/3.5.7"
209.216.189.146 - - [29/Jan/2010:11:00:06 -0800] "GET /~harold/stats/users/joshua/ HTTP/1.1" 304 - "http://ferality.net/~harold/stats/onchan/" "Mozilla/5.0 (Windows; U; Windows NT 5.1; en-US; rv:1.9.1.7) Gecko/20091221 Firefox/3.5.7"
209.216.189.146 - - [29/Jan/2010:11:00:37 -0800] "GET /~harold/stats/top/total/words/ HTTP/1.1" 200 7890 "http://ferality.net/~harold/stats/users/joshua/" "Mozilla/5.0 (Windows; U; Windows NT 5.1; en-US; rv:1.9.1.7) Gecko/20091221 Firefox/3.5.7"
209.216.189.146 - - [29/Jan/2010:11:00:40 -0800] "GET /~harold/stats/users/radu/ HTTP/1.1" 200 980 "http://ferality.net/~harold/stats/top/total/words/" "Mozilla/5.0 (Windows; U; Windows NT 5.1; en-US; rv:1.9.1.7) Gecko/20091221 Firefox/3.5.7"
209.216.189.146 - - [29/Jan/2010:11:00:43 -0800] "GET /~harold/stats/users/ HTTP/1.1" 200 3748 "http://ferality.net/~harold/stats/users/radu/" "Mozilla/5.0 (Windows; U; Windows NT 5.1; en-US; rv:1.9.1.7) Gecko/20091221 Firefox/3.5.7"
209.216.189.146 - - [29/Jan/2010:11:00:47 -0800] "GET /~harold/stats/users/CmdBeavis/ HTTP/1.1" 200 980 "http://ferality.net/~harold/stats/users/" "Mozilla/5.0 (Windows; U; Windows NT 5.1; en-US; rv:1.9.1.7) Gecko/20091221 Firefox/3.5.7"
200.199.123.117 - - [29/Jan/2010:11:24:31 -0800] "GET /index.php/photos/album/1/photo/2.html HTTP/1.0" 200 148 "-" "Mozilla/4.0 (compatible; MSIE 6.0; Windows NT 5.1; SV1)"
78.129.167.195 - - [29/Jan/2010:11:24:57 -0800] "GET /index.php/photos/album/1/photo/2.html HTTP/1.1" 200 148 "-" "Mozilla/5.0 (Windows; U; Windows NT 5.1; fr; rv:1.8.1.14) Gecko/20080404 Firefox/2.0.0.14 webaroo/1.2"
209.216.189.146 - - [29/Jan/2010:11:33:10 -0800] "GET /~harold/stats/misc/ HTTP/1.1" 200 10351 "http://ferality.net/~harold/stats/" "Mozilla/5.0 (Windows; U; Windows NT 5.1; en-US; rv:1.9.1.7) Gecko/20091221 Firefox/3.5.7"
209.216.189.146 - - [29/Jan/2010:11:33:59 -0800] "GET /~harold/stats/users/Caliban_/ HTTP/1.1" 200 980 "http://ferality.net/~harold/stats/misc/" "Mozilla/5.0 (Windows; U; Windows NT 5.1; en-US; rv:1.9.1.7) Gecko/20091221 Firefox/3.5.7"
209.216.189.146 - - [29/Jan/2010:11:41:49 -0800] "GET /~harold/stats/users/hdizzle/ HTTP/1.1" 200 980 "http://ferality.net/~harold/stats/onchan/" "Mozilla/5.0 (Windows; U; Windows NT 5.1; en-US; rv:1.9.1.7) Gecko/20091221 Firefox/3.5.7"
78.129.167.195 - - [29/Jan/2010:11:57:37 -0800] "GET /index.php/photos/album/1/photo/2.html HTTP/1.1" 200 148 "-" "Mozilla/5.0 (Windows; U; Windows NT 5.1; fr-FR; rv:1.7.11) Gecko/20050728"
121.242.99.235 - - [29/Jan/2010:12:10:04 -0800] "GET /index.php/photos/album/1/photo/2.html HTTP/1.1" 200 148 "-" "Mozilla/4.0 (compatible; MSIE 6.0; Windows NT 5.1; SV1)"
78.129.167.195 - - [29/Jan/2010:12:30:24 -0800] "GET /index.php/photos/album/1/photo/2.html HTTP/1.1" 200 148 "-" "Mozilla/4.0 (compatible; MSIE 7.0; Windows NT 5.1; Mozilla/4.0 (compatible; MSIE 6.0; Windows NT 5.1; SV1) ; .NET CLR 1.1.4322; .NET CLR 2.0.50727; MEGAUPLOAD 2.0)"
85.112.95.11 - - [29/Jan/2010:12:37:58 -0800] "GET /index.php/photos/album/1/photo/2.html HTTP/1.1" 200 148 "-" "Mozilla/4.0 (compatible; MSIE 6.0; Windows NT 5.1; SV1)"
78.129.167.195 - - [29/Jan/2010:13:02:17 -0800] "GET /index.php/photos/album/1/photo/2.html HTTP/1.1" 200 148 "-" "Mozilla/5.0 (Windows; U; Windows NT 5.2; fr; rv:1.8.1.10) Gecko/20071115 Firefox/2.0.0.10"
67.218.116.132 - - [29/Jan/2010:13:03:44 -0800] "GET /robots.txt HTTP/1.0" 302 347 "-" "Mozilla/5.0 (Twiceler-0.9 http://www.cuil.com/twiceler/robot.html)"
78.129.167.195 - - [29/Jan/2010:13:33:54 -0800] "GET /index.php/photos/album/1/photo/2.html HTTP/1.1" 200 148 "-" "Mozilla/4.0 (compatible; MSIE 6.0; Windows NT 5.1; SV1; MathPlayer 2.10; .NET CLR 2.0.50727)"
114.80.93.71 - - [29/Jan/2010:13:36:25 -0800] "GET / HTTP/1.1" 200 148 "-" "Mozilla/4.0 (compatible; MSIE 6.0; Windows NT 5.1)"
202.116.160.89 - - [29/Jan/2010:13:49:37 -0800] "POST /index.php HTTP/1.1" 200 148 "http://ferality.net" "Mozilla/4.0 (compatible; MSIE 5.01; Windows NT 5.0)"
94.181.10.228 - - [29/Jan/2010:13:53:40 -0800] "GET /index.php/photos/album/1/photo/2.html HTTP/1.1" 200 148 "-" "Mozilla/4.0 (compatible; MSIE 6.0; Windows NT 5.1; SV1)"
78.129.167.195 - - [29/Jan/2010:14:05:08 -0800] "GET /index.php/photos/album/1/photo/2.html HTTP/1.1" 200 148 "-" "Mozilla/4.0 (compatible; MSIE 6.0; Windows NT 5.1; SV1; SIMBAR={0B9CCCD1-DCC4-49C3-8FEA-862E8EB689B7}; .NET CLR 2.0.50727)"
209.216.189.147 - - [29/Jan/2010:14:19:27 -0800] "GET /~harold/ HTTP/1.1" 304 - "-" "Mozilla/5.0 (Windows; U; Windows NT 5.1; en-US) AppleWebKit/532.5 (KHTML, like Gecko) Chrome/4.0.249.78 Safari/532.5"
209.216.189.147 - - [29/Jan/2010:14:19:29 -0800] "GET /~harold/stats/ HTTP/1.1" 200 1186 "http://ferality.net/~harold/" "Mozilla/5.0 (Windows; U; Windows NT 5.1; en-US) AppleWebKit/532.5 (KHTML, like Gecko) Chrome/4.0.249.78 Safari/532.5"
209.216.189.147 - - [29/Jan/2010:14:19:32 -0800] "GET /~harold/stats/users/ HTTP/1.1" 200 3748 "http://ferality.net/~harold/stats/" "Mozilla/5.0 (Windows; U; Windows NT 5.1; en-US) AppleWebKit/532.5 (KHTML, like Gecko) Chrome/4.0.249.78 Safari/532.5"
209.216.189.147 - - [29/Jan/2010:14:19:35 -0800] "GET /~harold/stats/users/orb/ HTTP/1.1" 200 980 "http://ferality.net/~harold/stats/users/" "Mozilla/5.0 (Windows; U; Windows NT 5.1; en-US) AppleWebKit/532.5 (KHTML, like Gecko) Chrome/4.0.249.78 Safari/532.5"
69.7.17.68 - - [29/Jan/2010:14:20:24 -0800] "GET /~harold/stats/users/orb/ HTTP/1.1" 200 980 "-" "Mozilla/5.0 (Windows; U; Windows NT 5.1; en-US) AppleWebKit/532.0 (KHTML, like Gecko) Chrome/3.0.195.38 Safari/532.0"
69.7.17.68 - - [29/Jan/2010:14:20:24 -0800] "GET /favicon.ico HTTP/1.1" 200 441 "-" "Mozilla/5.0 (Windows; U; Windows NT 5.1; en-US) AppleWebKit/532.0 (KHTML, like Gecko) Chrome/3.0.195.38 Safari/532.0"
67.132.104.62 - - [29/Jan/2010:14:20:26 -0800] "GET /~harold/stats/users/orb/ HTTP/1.1" 200 980 "-" "Mozilla/5.0 (Macintosh; U; Intel Mac OS X 10.6; en-US; rv:1.9.1.7) Gecko/20091221 Firefox/3.5.7"
67.132.104.62 - - [29/Jan/2010:14:20:26 -0800] "GET /favicon.ico HTTP/1.1" 200 441 "-" "Mozilla/5.0 (Macintosh; U; Intel Mac OS X 10.6; en-US; rv:1.9.1.7) Gecko/20091221 Firefox/3.5.7"
67.132.104.62 - - [29/Jan/2010:14:20:48 -0800] "GET /~harold/stats/ HTTP/1.1" 200 1186 "-" "Mozilla/5.0 (Macintosh; U; Intel Mac OS X 10.6; en-US; rv:1.9.1.7) Gecko/20091221 Firefox/3.5.7"
67.132.104.62 - - [29/Jan/2010:14:20:52 -0800] "GET /~harold/stats/onchan/ HTTP/1.1" 200 5981 "http://ferality.net/~harold/stats/" "Mozilla/5.0 (Macintosh; U; Intel Mac OS X 10.6; en-US; rv:1.9.1.7) Gecko/20091221 Firefox/3.5.7"
75.151.98.75 - - [29/Jan/2010:14:21:14 -0800] "GET /~harold/stats/users/orb/ HTTP/1.1" 200 980 "-" "Mozilla/4.0 (compatible; MSIE 8.0; Windows NT 6.0; Trident/4.0; SLCC1; .NET CLR 2.0.50727; Media Center PC 5.0; InfoPath.2; MS-RTC LM 8; .NET CLR 3.5.30729; .NET CLR 3.0.30729)"
67.132.104.62 - - [29/Jan/2010:14:21:14 -0800] "GET /~harold/stats/users/towelz0r/ HTTP/1.1" 200 980 "http://ferality.net/~harold/stats/onchan/" "Mozilla/5.0 (Macintosh; U; Intel Mac OS X 10.6; en-US; rv:1.9.1.7) Gecko/20091221 Firefox/3.5.7"
75.151.98.75 - - [29/Jan/2010:14:21:14 -0800] "GET /favicon.ico HTTP/1.1" 200 441 "-" "Mozilla/4.0 (compatible; MSIE 8.0; Windows NT 6.0; Trident/4.0; SLCC1; .NET CLR 2.0.50727; Media Center PC 5.0; InfoPath.2; MS-RTC LM 8; .NET CLR 3.5.30729; .NET CLR 3.0.30729)"
65.89.160.244 - - [29/Jan/2010:14:21:18 -0800] "GET /~harold/stats/users/orb/ HTTP/1.1" 200 980 "-" "Mozilla/5.0 (Windows; U; Windows NT 5.1; en-US; rv:1.9.1.5) Gecko/20091102 Firefox/3.5.5"
65.89.160.244 - - [29/Jan/2010:14:21:18 -0800] "GET /favicon.ico HTTP/1.1" 200 441 "-" "Mozilla/5.0 (Windows; U; Windows NT 5.1; en-US; rv:1.9.1.5) Gecko/20091102 Firefox/3.5.5"
65.89.160.244 - - [29/Jan/2010:14:21:23 -0800] "GET /~harold/stats/users/ HTTP/1.1" 200 3748 "http://ferality.net/~harold/stats/users/orb/" "Mozilla/5.0 (Windows; U; Windows NT 5.1; en-US; rv:1.9.1.5) Gecko/20091102 Firefox/3.5.5"
65.89.160.244 - - [29/Jan/2010:14:21:27 -0800] "GET /~harold/stats/users/radu/ HTTP/1.1" 200 980 "http://ferality.net/~harold/stats/users/" "Mozilla/5.0 (Windows; U; Windows NT 5.1; en-US; rv:1.9.1.5) Gecko/20091102 Firefox/3.5.5"
65.89.160.244 - - [29/Jan/2010:14:21:29 -0800] "GET /~harold/stats/top/total/words/ HTTP/1.1" 200 8397 "http://ferality.net/~harold/stats/users/radu/" "Mozilla/5.0 (Windows; U; Windows NT 5.1; en-US; rv:1.9.1.5) Gecko/20091102 Firefox/3.5.5"
75.151.98.75 - - [29/Jan/2010:14:21:44 -0800] "GET /~harold/stats/top/total/words/ HTTP/1.1" 200 8397 "http://ferality.net/~harold/stats/users/orb/" "Mozilla/4.0 (compatible; MSIE 8.0; Windows NT 6.0; Trident/4.0; SLCC1; .NET CLR 2.0.50727; Media Center PC 5.0; InfoPath.2; MS-RTC LM 8; .NET CLR 3.5.30729; .NET CLR 3.0.30729)"
75.151.98.75 - - [29/Jan/2010:14:21:45 -0800] "GET /favicon.ico HTTP/1.1" 200 441 "-" "Mozilla/4.0 (compatible; MSIE 8.0; Windows NT 6.0; Trident/4.0; SLCC1; .NET CLR 2.0.50727; Media Center PC 5.0; InfoPath.2; MS-RTC LM 8; .NET CLR 3.5.30729; .NET CLR 3.0.30729)"
67.132.104.62 - - [29/Jan/2010:14:21:53 -0800] "GET /~harold/stats/top/total/words/ HTTP/1.1" 200 8397 "http://ferality.net/~harold/stats/" "Mozilla/5.0 (Macintosh; U; Intel Mac OS X 10.6; en-US; rv:1.9.1.7) Gecko/20091221 Firefox/3.5.7"
65.89.160.244 - - [29/Jan/2010:14:21:56 -0800] "GET /~harold/stats/onchan/ HTTP/1.1" 200 5947 "http://ferality.net/~harold/stats/top/total/words/" "Mozilla/5.0 (Windows; U; Windows NT 5.1; en-US; rv:1.9.1.5) Gecko/20091102 Firefox/3.5.5"
65.89.160.244 - - [29/Jan/2010:14:22:01 -0800] "GET /~harold/stats/misc/ HTTP/1.1" 200 12889 "http://ferality.net/~harold/stats/onchan/" "Mozilla/5.0 (Windows; U; Windows NT 5.1; en-US; rv:1.9.1.5) Gecko/20091102 Firefox/3.5.5"
75.151.98.75 - - [29/Jan/2010:14:22:10 -0800] "GET /~harold/stats/users/ HTTP/1.1" 200 3748 "http://ferality.net/~harold/stats/users/orb/" "Mozilla/4.0 (compatible; MSIE 8.0; Windows NT 6.0; Trident/4.0; SLCC1; .NET CLR 2.0.50727; Media Center PC 5.0; InfoPath.2; MS-RTC LM 8; .NET CLR 3.5.30729; .NET CLR 3.0.30729)"
75.151.98.75 - - [29/Jan/2010:14:22:14 -0800] "GET /~harold/stats/users/SnowBlind/ HTTP/1.1" 200 980 "http://ferality.net/~harold/stats/users/" "Mozilla/4.0 (compatible; MSIE 8.0; Windows NT 6.0; Trident/4.0; SLCC1; .NET CLR 2.0.50727; Media Center PC 5.0; InfoPath.2; MS-RTC LM 8; .NET CLR 3.5.30729; .NET CLR 3.0.30729)"
75.151.98.75 - - [29/Jan/2010:14:22:17 -0800] "GET /~harold/stats/misc/ HTTP/1.1" 200 12889 "http://ferality.net/~harold/stats/users/SnowBlind/" "Mozilla/4.0 (compatible; MSIE 8.0; Windows NT 6.0; Trident/4.0; SLCC1; .NET CLR 2.0.50727; Media Center PC 5.0; InfoPath.2; MS-RTC LM 8; .NET CLR 3.5.30729; .NET CLR 3.0.30729)"
67.132.104.62 - - [29/Jan/2010:14:22:23 -0800] "GET /~harold/stats/misc/ HTTP/1.1" 200 12889 "http://ferality.net/~harold/stats/" "Mozilla/5.0 (Macintosh; U; Intel Mac OS X 10.6; en-US; rv:1.9.1.7) Gecko/20091221 Firefox/3.5.7"
75.151.98.75 - - [29/Jan/2010:14:22:26 -0800] "GET /~harold/ HTTP/1.1" 200 205 "http://ferality.net/~harold/stats/users/SnowBlind/" "Mozilla/4.0 (compatible; MSIE 8.0; Windows NT 6.0; Trident/4.0; SLCC1; .NET CLR 2.0.50727; Media Center PC 5.0; InfoPath.2; MS-RTC LM 8; .NET CLR 3.5.30729; .NET CLR 3.0.30729)"
75.151.98.75 - - [29/Jan/2010:14:22:30 -0800] "GET /~harold/stats HTTP/1.1" 301 386 "http://ferality.net/~harold/" "Mozilla/4.0 (compatible; MSIE 8.0; Windows NT 6.0; Trident/4.0; SLCC1; .NET CLR 2.0.50727; Media Center PC 5.0; InfoPath.2; MS-RTC LM 8; .NET CLR 3.5.30729; .NET CLR 3.0.30729)"
75.151.98.75 - - [29/Jan/2010:14:22:30 -0800] "GET /~harold/stats/ HTTP/1.1" 200 1186 "http://ferality.net/~harold/" "Mozilla/4.0 (compatible; MSIE 8.0; Windows NT 6.0; Trident/4.0; SLCC1; .NET CLR 2.0.50727; Media Center PC 5.0; InfoPath.2; MS-RTC LM 8; .NET CLR 3.5.30729; .NET CLR 3.0.30729)"
75.151.98.75 - - [29/Jan/2010:14:22:32 -0800] "GET /~harold/stats/onchan/ HTTP/1.1" 200 5947 "http://ferality.net/~harold/stats/" "Mozilla/4.0 (compatible; MSIE 8.0; Windows NT 6.0; Trident/4.0; SLCC1; .NET CLR 2.0.50727; Media Center PC 5.0; InfoPath.2; MS-RTC LM 8; .NET CLR 3.5.30729; .NET CLR 3.0.30729)"
75.151.98.75 - - [29/Jan/2010:14:22:39 -0800] "GET /~harold/stats/top/daily/words/ HTTP/1.1" 200 5621 "http://ferality.net/~harold/stats/" "Mozilla/4.0 (compatible; MSIE 8.0; Windows NT 6.0; Trident/4.0; SLCC1; .NET CLR 2.0.50727; Media Center PC 5.0; InfoPath.2; MS-RTC LM 8; .NET CLR 3.5.30729; .NET CLR 3.0.30729)"
75.151.98.75 - - [29/Jan/2010:14:22:45 -0800] "GET /~harold/stats/top/weekly/words/ HTTP/1.1" 200 8360 "http://ferality.net/~harold/stats/" "Mozilla/4.0 (compatible; MSIE 8.0; Windows NT 6.0; Trident/4.0; SLCC1; .NET CLR 2.0.50727; Media Center PC 5.0; InfoPath.2; MS-RTC LM 8; .NET CLR 3.5.30729; .NET CLR 3.0.30729)"
75.151.98.75 - - [29/Jan/2010:14:22:50 -0800] "GET /~harold/stats/top/monthly/words/ HTTP/1.1" 200 8362 "http://ferality.net/~harold/stats/" "Mozilla/4.0 (compatible; MSIE 8.0; Windows NT 6.0; Trident/4.0; SLCC1; .NET CLR 2.0.50727; Media Center PC 5.0; InfoPath.2; MS-RTC LM 8; .NET CLR 3.5.30729; .NET CLR 3.0.30729)"
209.216.189.147 - - [29/Jan/2010:14:22:51 -0800] "GET /~harold/stats.txt HTTP/1.1" 200 7963 "-" "Mozilla/5.0 (Windows; U; Windows NT 5.1; en-US) AppleWebKit/532.5 (KHTML, like Gecko) Chrome/4.0.249.78 Safari/532.5"
67.132.104.62 - - [29/Jan/2010:14:23:31 -0800] "GET / HTTP/1.1" 200 148 "-" "Mozilla/5.0 (Macintosh; U; Intel Mac OS X 10.6; en-US; rv:1.9.1.7) Gecko/20091221 Firefox/3.5.7"
65.89.160.244 - - [29/Jan/2010:14:23:32 -0800] "GET /~harold/stats/top/total/words/ HTTP/1.1" 304 - "http://ferality.net/~harold/stats/misc/" "Mozilla/5.0 (Windows; U; Windows NT 5.1; en-US; rv:1.9.1.5) Gecko/20091102 Firefox/3.5.5"
65.89.160.244 - - [29/Jan/2010:14:23:36 -0800] "GET /~harold/stats/top/total/graphs/ HTTP/1.1" 200 23134 "http://ferality.net/~harold/stats/top/total/words/" "Mozilla/5.0 (Windows; U; Windows NT 5.1; en-US; rv:1.9.1.5) Gecko/20091102 Firefox/3.5.5"
71.231.152.134 - - [29/Jan/2010:14:23:50 -0800] "GET /~harold/stats.txt HTTP/1.1" 200 7963 "-" "Mozilla/5.0 (Macintosh; U; PPC Mac OS X Mach-O; en-US; rv:1.9a1) Gecko/20060626 Minefield/3.0a1"
71.231.152.134 - - [29/Jan/2010:14:23:51 -0800] "GET /favicon.ico HTTP/1.1" 200 441 "-" "Mozilla/5.0 (Macintosh; U; PPC Mac OS X Mach-O; en-US; rv:1.9a1) Gecko/20060626 Minefield/3.0a1"
71.231.152.134 - - [29/Jan/2010:14:24:43 -0800] "GET /~harold/stats/top/total/words/ HTTP/1.1" 200 8397 "-" "Mozilla/5.0 (Macintosh; U; PPC Mac OS X Mach-O; en-US; rv:1.9a1) Gecko/20060626 Minefield/3.0a1"
67.132.104.62 - - [29/Jan/2010:14:24:49 -0800] "GET /~harold/stats/misc/ HTTP/1.1" 304 - "http://ferality.net/~harold/stats/" "Mozilla/5.0 (Macintosh; U; Intel Mac OS X 10.6; en-US; rv:1.9.1.7) Gecko/20091221 Firefox/3.5.7"
71.231.152.134 - - [29/Jan/2010:14:24:52 -0800] "GET /~harold/stats/users/jack/ HTTP/1.1" 200 980 "-" "Mozilla/5.0 (Macintosh; U; PPC Mac OS X Mach-O; en-US; rv:1.9a1) Gecko/20060626 Minefield/3.0a1"
67.132.104.62 - - [29/Jan/2010:14:24:54 -0800] "GET /~harold/stats/misc/ HTTP/1.1" 304 - "http://ferality.net/~harold/stats/" "Mozilla/5.0 (Macintosh; U; Intel Mac OS X 10.6; en-US; rv:1.9.1.7) Gecko/20091221 Firefox/3.5.7"
71.231.152.134 - - [29/Jan/2010:14:25:40 -0800] "GET /~harold/stats/top/daily/words/ HTTP/1.1" 200 5621 "-" "Mozilla/5.0 (Macintosh; U; PPC Mac OS X Mach-O; en-US; rv:1.9a1) Gecko/20060626 Minefield/3.0a1"
71.231.152.134 - - [29/Jan/2010:14:25:47 -0800] "GET /~harold/stats/misc/ HTTP/1.1" 200 12889 "-" "Mozilla/5.0 (Macintosh; U; PPC Mac OS X Mach-O; en-US; rv:1.9a1) Gecko/20060626 Minefield/3.0a1"
65.89.160.244 - - [29/Jan/2010:14:26:20 -0800] "GET /~harold/stats/top/daily/words/ HTTP/1.1" 200 5621 "http://ferality.net/~harold/stats/top/total/words/" "Mozilla/5.0 (Windows; U; Windows NT 5.1; en-US; rv:1.9.1.5) Gecko/20091102 Firefox/3.5.5"
67.132.104.62 - - [29/Jan/2010:14:26:51 -0800] "GET /~harold/stats/misc/ HTTP/1.1" 200 13253 "http://ferality.net/~harold/stats/" "Mozilla/5.0 (Macintosh; U; Intel Mac OS X 10.6; en-US; rv:1.9.1.7) Gecko/20091221 Firefox/3.5.7"
67.132.104.62 - - [29/Jan/2010:14:28:43 -0800] "GET /~harold/stats/misc/ HTTP/1.1" 304 - "http://ferality.net/~harold/stats/" "Mozilla/5.0 (Macintosh; U; Intel Mac OS X 10.6; en-US; rv:1.9.1.7) Gecko/20091221 Firefox/3.5.7"
67.132.104.62 - - [29/Jan/2010:14:28:47 -0800] "GET /~harold/stats/misc/ HTTP/1.1" 304 - "http://ferality.net/~harold/stats/" "Mozilla/5.0 (Macintosh; U; Intel Mac OS X 10.6; en-US; rv:1.9.1.7) Gecko/20091221 Firefox/3.5.7"
67.132.104.62 - - [29/Jan/2010:14:28:49 -0800] "GET /~harold/stats/misc/ HTTP/1.1" 304 - "http://ferality.net/~harold/stats/" "Mozilla/5.0 (Macintosh; U; Intel Mac OS X 10.6; en-US; rv:1.9.1.7) Gecko/20091221 Firefox/3.5.7"
67.132.104.62 - - [29/Jan/2010:14:28:50 -0800] "GET /~harold/stats/misc/ HTTP/1.1" 200 13253 "http://ferality.net/~harold/stats/" "Mozilla/5.0 (Macintosh; U; Intel Mac OS X 10.6; en-US; rv:1.9.1.7) Gecko/20091221 Firefox/3.5.7"
65.89.160.244 - - [29/Jan/2010:14:29:18 -0800] "GET /~harold/stats/top/daily/words/ HTTP/1.1" 304 - "http://ferality.net/~harold/stats/top/total/words/" "Mozilla/5.0 (Windows; U; Windows NT 5.1; en-US; rv:1.9.1.5) Gecko/20091102 Firefox/3.5.5"
65.89.160.244 - - [29/Jan/2010:14:29:22 -0800] "GET /~harold/stats/top/daily/graphs/ HTTP/1.1" 200 18360 "http://ferality.net/~harold/stats/top/daily/words/" "Mozilla/5.0 (Windows; U; Windows NT 5.1; en-US; rv:1.9.1.5) Gecko/20091102 Firefox/3.5.5"
65.89.160.244 - - [29/Jan/2010:14:29:25 -0800] "GET /~harold/stats/top/weekly/words/ HTTP/1.1" 200 8359 "http://ferality.net/~harold/stats/top/daily/words/" "Mozilla/5.0 (Windows; U; Windows NT 5.1; en-US; rv:1.9.1.5) Gecko/20091102 Firefox/3.5.5"
65.89.160.244 - - [29/Jan/2010:14:29:31 -0800] "GET /~harold/stats/misc/ HTTP/1.1" 200 13253 "http://ferality.net/~harold/stats/top/daily/words/" "Mozilla/5.0 (Windows; U; Windows NT 5.1; en-US; rv:1.9.1.5) Gecko/20091102 Firefox/3.5.5"
67.132.104.62 - - [29/Jan/2010:14:30:43 -0800] "GET /~harold/stats/misc/ HTTP/1.1" 304 - "http://ferality.net/~harold/stats/" "Mozilla/5.0 (Macintosh; U; Intel Mac OS X 10.6; en-US; rv:1.9.1.7) Gecko/20091221 Firefox/3.5.7"
67.132.104.62 - - [29/Jan/2010:14:30:46 -0800] "GET /~harold/stats/misc/ HTTP/1.1" 304 - "http://ferality.net/~harold/stats/" "Mozilla/5.0 (Macintosh; U; Intel Mac OS X 10.6; en-US; rv:1.9.1.7) Gecko/20091221 Firefox/3.5.7"
67.132.104.62 - - [29/Jan/2010:14:30:48 -0800] "GET /~harold/stats/misc/ HTTP/1.1" 304 - "http://ferality.net/~harold/stats/" "Mozilla/5.0 (Macintosh; U; Intel Mac OS X 10.6; en-US; rv:1.9.1.7) Gecko/20091221 Firefox/3.5.7"
67.132.104.62 - - [29/Jan/2010:14:30:49 -0800] "GET /~harold/stats/misc/ HTTP/1.1" 304 - "http://ferality.net/~harold/stats/" "Mozilla/5.0 (Macintosh; U; Intel Mac OS X 10.6; en-US; rv:1.9.1.7) Gecko/20091221 Firefox/3.5.7"
67.132.104.62 - - [29/Jan/2010:14:30:50 -0800] "GET /~harold/stats/misc/ HTTP/1.1" 304 - "http://ferality.net/~harold/stats/" "Mozilla/5.0 (Macintosh; U; Intel Mac OS X 10.6; en-US; rv:1.9.1.7) Gecko/20091221 Firefox/3.5.7"
65.89.160.244 - - [29/Jan/2010:14:32:44 -0800] "GET /~harold/stats/misc/ HTTP/1.1" 200 13491 "http://ferality.net/~harold/stats/top/daily/words/" "Mozilla/5.0 (Windows; U; Windows NT 5.1; en-US; rv:1.9.1.5) Gecko/20091102 Firefox/3.5.5"
65.89.160.244 - - [29/Jan/2010:14:33:35 -0800] "GET /~harold/stats/misc/ HTTP/1.1" 304 - "http://ferality.net/~harold/stats/top/daily/words/" "Mozilla/5.0 (Windows; U; Windows NT 5.1; en-US; rv:1.9.1.5) Gecko/20091102 Firefox/3.5.5"
65.89.160.244 - - [29/Jan/2010:14:33:37 -0800] "GET /~harold/stats/misc/ HTTP/1.1" 304 - "http://ferality.net/~harold/stats/top/daily/words/" "Mozilla/5.0 (Windows; U; Windows NT 5.1; en-US; rv:1.9.1.5) Gecko/20091102 Firefox/3.5.5"
65.89.160.244 - - [29/Jan/2010:14:33:39 -0800] "GET /~harold/stats/misc/ HTTP/1.1" 304 - "http://ferality.net/~harold/stats/top/daily/words/" "Mozilla/5.0 (Windows; U; Windows NT 5.1; en-US; rv:1.9.1.5) Gecko/20091102 Firefox/3.5.5"
65.89.160.244 - - [29/Jan/2010:14:33:41 -0800] "GET /~harold/stats/misc/ HTTP/1.1" 304 - "http://ferality.net/~harold/stats/top/daily/words/" "Mozilla/5.0 (Windows; U; Windows NT 5.1; en-US; rv:1.9.1.5) Gecko/20091102 Firefox/3.5.5"
65.89.160.244 - - [29/Jan/2010:14:35:14 -0800] "GET /~harold/stats/misc/ HTTP/1.1" 304 - "http://ferality.net/~harold/stats/top/daily/words/" "Mozilla/5.0 (Windows; U; Windows NT 5.1; en-US; rv:1.9.1.5) Gecko/20091102 Firefox/3.5.5"
65.89.160.244 - - [29/Jan/2010:14:35:15 -0800] "GET /~harold/stats/misc/ HTTP/1.1" 304 - "http://ferality.net/~harold/stats/top/daily/words/" "Mozilla/5.0 (Windows; U; Windows NT 5.1; en-US; rv:1.9.1.5) Gecko/20091102 Firefox/3.5.5"
67.132.104.62 - - [29/Jan/2010:14:36:40 -0800] "GET /~harold/stats/misc/ HTTP/1.1" 200 13862 "http://ferality.net/~harold/stats/" "Mozilla/5.0 (Macintosh; U; Intel Mac OS X 10.6; en-US; rv:1.9.1.7) Gecko/20091221 Firefox/3.5.7"
65.89.160.244 - - [29/Jan/2010:14:36:50 -0800] "GET /~harold/stats/misc/ HTTP/1.1" 200 13862 "http://ferality.net/~harold/stats/top/daily/words/" "Mozilla/5.0 (Windows; U; Windows NT 5.1; en-US; rv:1.9.1.5) Gecko/20091102 Firefox/3.5.5"
78.129.167.195 - - [29/Jan/2010:14:37:10 -0800] "GET /index.php/photos/album/1/photo/2.html HTTP/1.1" 200 148 "-" "Mozilla/5.0 (X11; U; Linux i686; pt-BR;Alexa; rv:1.8.1.13) Gecko/20080325 Ubuntu/7.10 (gutsy) Firefox/2.0.0.13"
65.89.160.244 - - [29/Jan/2010:14:44:33 -0800] "GET /~harold/stats/top/daily/words/ HTTP/1.1" 200 5866 "http://ferality.net/~harold/stats/top/total/words/" "Mozilla/5.0 (Windows; U; Windows NT 5.1; en-US; rv:1.9.1.5) Gecko/20091102 Firefox/3.5.5"
65.89.160.244 - - [29/Jan/2010:14:44:38 -0800] "GET /~harold/stats/misc/ HTTP/1.1" 200 14070 "http://ferality.net/~harold/stats/top/daily/words/" "Mozilla/5.0 (Windows; U; Windows NT 5.1; en-US; rv:1.9.1.5) Gecko/20091102 Firefox/3.5.5"
65.89.160.244 - - [29/Jan/2010:14:48:59 -0800] "GET /~harold/stats/top/daily/words/ HTTP/1.1" 200 5865 "http://ferality.net/~harold/stats/top/total/words/" "Mozilla/5.0 (Windows; U; Windows NT 5.1; en-US; rv:1.9.1.5) Gecko/20091102 Firefox/3.5.5"
65.89.160.244 - - [29/Jan/2010:14:49:01 -0800] "GET /~harold/stats/misc/ HTTP/1.1" 200 14070 "http://ferality.net/~harold/stats/top/daily/words/" "Mozilla/5.0 (Windows; U; Windows NT 5.1; en-US; rv:1.9.1.5) Gecko/20091102 Firefox/3.5.5"
65.89.160.244 - - [29/Jan/2010:14:58:54 -0800] "GET /~harold/stats/misc/ HTTP/1.1" 200 15264 "http://ferality.net/~harold/stats/top/daily/words/" "Mozilla/5.0 (Windows; U; Windows NT 5.1; en-US; rv:1.9.1.5) Gecko/20091102 Firefox/3.5.5"
203.82.73.198 - - [29/Jan/2010:15:00:33 -0800] "GET /index.php/photos/album/1/photo/2.html HTTP/1.1" 200 148 "-" "Mozilla/4.0 (compatible;)"
65.89.160.244 - - [29/Jan/2010:15:02:09 -0800] "GET /~harold/stats/misc/ HTTP/1.1" 200 15264 "http://ferality.net/~harold/stats/top/daily/words/" "Mozilla/5.0 (Windows; U; Windows NT 5.1; en-US; rv:1.9.1.5) Gecko/20091102 Firefox/3.5.5"
78.129.167.195 - - [29/Jan/2010:15:08:15 -0800] "GET /index.php/photos/album/1/photo/2.html HTTP/1.1" 200 148 "-" "Mozilla/4.0 (compatible; MSIE 7.0; Windows NT 6.0; Trident/4.0; GTB6; SLCC1; .NET CLR 2.0.50727; Media Center PC 5.0; .NET CLR 3.5.21022; InfoPath.2; .NET CLR 3.5.30729; .NET CLR 3.0.30729)"
89.179.8.3 - - [29/Jan/2010:15:08:39 -0800] "GET /index.php/photos/album/1/photo/2.html HTTP/1.0" 200 148 "-" "Mozilla/4.0 (compatible; MSIE 6.0; Windows NT 5.1; SV1)"
65.89.160.244 - - [29/Jan/2010:15:17:45 -0800] "GET /~harold/stats/misc/ HTTP/1.1" 200 15264 "http://ferality.net/~harold/stats/top/daily/words/" "Mozilla/5.0 (Windows; U; Windows NT 5.1; en-US; rv:1.9.1.5) Gecko/20091102 Firefox/3.5.5"
65.89.160.244 - - [29/Jan/2010:15:17:52 -0800] "GET /~harold/stats/top/daily/words/ HTTP/1.1" 200 5853 "http://ferality.net/~harold/stats/top/total/words/" "Mozilla/5.0 (Windows; U; Windows NT 5.1; en-US; rv:1.9.1.5) Gecko/20091102 Firefox/3.5.5"
65.89.160.244 - - [29/Jan/2010:15:17:54 -0800] "GET /~harold/stats/top/daily/words/ HTTP/1.1" 304 - "http://ferality.net/~harold/stats/top/total/words/" "Mozilla/5.0 (Windows; U; Windows NT 5.1; en-US; rv:1.9.1.5) Gecko/20091102 Firefox/3.5.5"
65.89.160.244 - - [29/Jan/2010:15:23:56 -0800] "GET /~harold/stats/misc/ HTTP/1.1" 200 15264 "http://ferality.net/~harold/stats/top/daily/words/" "Mozilla/5.0 (Windows; U; Windows NT 5.1; en-US; rv:1.9.1.5) Gecko/20091102 Firefox/3.5.5"
67.132.104.62 - - [29/Jan/2010:15:31:47 -0800] "GET /~harold/stats/top/total/words/ HTTP/1.1" 200 8404 "http://ferality.net/~harold/stats/" "Mozilla/5.0 (Macintosh; U; Intel Mac OS X 10.6; en-US; rv:1.9.1.7) Gecko/20091221 Firefox/3.5.7"
67.132.104.62 - - [29/Jan/2010:15:31:51 -0800] "GET /favicon.ico HTTP/1.1" 200 441 "-" "Mozilla/5.0 (Macintosh; U; Intel Mac OS X 10.6; en-US; rv:1.9.1.7) Gecko/20091221 Firefox/3.5.7"
67.132.104.62 - - [29/Jan/2010:15:33:22 -0800] "GET /~harold/stats/top/daily/words/ HTTP/1.1" 200 5867 "http://ferality.net/~harold/stats/" "Mozilla/5.0 (Macintosh; U; Intel Mac OS X 10.6; en-US; rv:1.9.1.7) Gecko/20091221 Firefox/3.5.7"
67.132.104.62 - - [29/Jan/2010:15:33:44 -0800] "GET /~harold/stats/users/towelz0r/ HTTP/1.1" 200 980 "http://ferality.net/~harold/stats/top/daily/words/" "Mozilla/5.0 (Macintosh; U; Intel Mac OS X 10.6; en-US; rv:1.9.1.7) Gecko/20091221 Firefox/3.5.7"
67.132.104.62 - - [29/Jan/2010:15:33:52 -0800] "GET /~harold/stats/top/weekly/words/ HTTP/1.1" 200 8367 "http://ferality.net/~harold/stats/top/daily/words/" "Mozilla/5.0 (Macintosh; U; Intel Mac OS X 10.6; en-US; rv:1.9.1.7) Gecko/20091221 Firefox/3.5.7"
67.132.104.62 - - [29/Jan/2010:15:34:02 -0800] "GET /~harold/stats/top/weekly/idle/ HTTP/1.1" 200 9527 "http://ferality.net/~harold/stats/top/weekly/words/" "Mozilla/5.0 (Macintosh; U; Intel Mac OS X 10.6; en-US; rv:1.9.1.7) Gecko/20091221 Firefox/3.5.7"
78.129.167.195 - - [29/Jan/2010:15:40:49 -0800] "GET /index.php/photos/album/1/photo/2.html HTTP/1.1" 200 148 "-" "Opera/9.63 (X11; Linux x86_64; U; fr) Presto/2.1.1"
78.129.167.195 - - [29/Jan/2010:16:12:46 -0800] "GET /index.php/photos/album/1/photo/2.html HTTP/1.1" 200 148 "-" "Mozilla/5.0 (Windows; U; Windows NT 5.0; en-US; rv:1.7.9) Gecko/20050711 Firefox/1.0.5"
96.57.154.179 - - [29/Jan/2010:16:24:04 -0800] "GET /index.php/photos/album/1/photo/2.html HTTP/1.1" 200 148 "-" "Mozilla/4.0 (compatible; MSIE 6.0; Windows NT 5.1; SV1)"
78.129.167.195 - - [29/Jan/2010:16:44:21 -0800] "GET /index.php/photos/album/1/photo/2.html HTTP/1.1" 200 148 "-" "Mozilla/5.0 (X11; U; Linux i686 (x86_64); en-US; rv:1.8) Gecko/20051111 Firefox/1.5"
208.80.193.42 - - [29/Jan/2010:17:11:14 -0800] "GET / HTTP/1.0" 200 148 "-" "Mozilla/4.0 (compatible; MSIE 6.0; Windows NT 5.1; YPC 3.0.3; .NET CLR 1.0.3705)"
78.129.167.195 - - [29/Jan/2010:17:18:06 -0800] "GET /index.php/photos/album/1/photo/2.html HTTP/1.1" 200 148 "-" "Mozilla/5.0 (Windows; U; Windows NT 5.1; en-US; rv:1.8.1.6) Gecko/20070725 Firefox/2.0.0.6;MEGAUPLOAD 1.0"
85.112.95.11 - - [29/Jan/2010:17:41:10 -0800] "GET /index.php/photos/album/1/photo/2.html HTTP/1.1" 200 148 "-" "Mozilla/4.0 (compatible; MSIE 6.0; Windows NT 5.1; SV1)"
78.129.167.195 - - [29/Jan/2010:17:51:43 -0800] "GET /index.php/photos/album/1/photo/2.html HTTP/1.1" 200 148 "-" "Mozilla/4.0 (compatible; MSIE 6.0; Windows NT 5.1; SV1; InfoPath.1; .NET CLR 2.0.50727; .NET CLR 1.1.4322; .NET CLR 3.0.04506.30)"
67.132.104.62 - - [29/Jan/2010:17:53:26 -0800] "GET /~harold/stats/ HTTP/1.1" 200 1186 "-" "Mozilla/5.0 (Macintosh; U; Intel Mac OS X 10.6; en-US; rv:1.9.1.7) Gecko/20091221 Firefox/3.5.7"
67.132.104.62 - - [29/Jan/2010:17:53:28 -0800] "GET /~harold/stats/misc/ HTTP/1.1" 200 15616 "http://ferality.net/~harold/stats/" "Mozilla/5.0 (Macintosh; U; Intel Mac OS X 10.6; en-US; rv:1.9.1.7) Gecko/20091221 Firefox/3.5.7"
67.132.104.62 - - [29/Jan/2010:17:53:50 -0800] "GET /~harold/stats/top/daily/words/ HTTP/1.1" 200 6095 "http://ferality.net/~harold/stats/" "Mozilla/5.0 (Macintosh; U; Intel Mac OS X 10.6; en-US; rv:1.9.1.7) Gecko/20091221 Firefox/3.5.7"
78.129.167.195 - - [29/Jan/2010:18:24:46 -0800] "GET /index.php/photos/album/1/photo/2.html HTTP/1.1" 200 148 "-" "Mozilla/5.0 (Windows; U; Windows NT 5.1; fr; rv:1.9.0.10) Gecko/2009042316 Firefox/3.0.10 GTB5"
209.216.189.147 - - [29/Jan/2010:18:54:02 -0800] "GET /~harold/ HTTP/1.1" 304 - "-" "Mozilla/5.0 (Windows; U; Windows NT 5.1; en-US) AppleWebKit/532.5 (KHTML, like Gecko) Chrome/4.0.249.78 Safari/532.5"
209.216.189.147 - - [29/Jan/2010:18:54:03 -0800] "GET /~harold/stats/ HTTP/1.1" 200 1186 "http://ferality.net/~harold/" "Mozilla/5.0 (Windows; U; Windows NT 5.1; en-US) AppleWebKit/532.5 (KHTML, like Gecko) Chrome/4.0.249.78 Safari/532.5"
209.216.189.147 - - [29/Jan/2010:18:54:08 -0800] "GET /~harold/stats/misc/ HTTP/1.1" 200 15574 "http://ferality.net/~harold/stats/" "Mozilla/5.0 (Windows; U; Windows NT 5.1; en-US) AppleWebKit/532.5 (KHTML, like Gecko) Chrome/4.0.249.78 Safari/532.5"
78.129.167.195 - - [29/Jan/2010:18:57:57 -0800] "GET /index.php/photos/album/1/photo/2.html HTTP/1.1" 200 148 "-" "Mozilla/5.0 (compatible; Webscan v0.1; +http://otc.dyndns.org/webscan/)"
78.129.167.195 - - [29/Jan/2010:19:30:44 -0800] "GET /index.php/photos/album/1/photo/2.html HTTP/1.1" 200 148 "-" "Mozilla/5.0 (Windows; U; Windows NT 5.0; hu; rv:1.8.0.1) Gecko/20060111 Firefox/1.5.0.1"
78.129.167.195 - - [29/Jan/2010:20:04:35 -0800] "GET /index.php/photos/album/1/photo/2.html HTTP/1.1" 200 148 "-" "Mozilla/4.0 (compatible; MSIE 7.0; Windows NT 5.1; (R1 1.3); .NET CLR 1.1.4322)"
221.214.27.253 - - [29/Jan/2010:20:17:15 -0800] "GET /index.php/photos/album/1/photo/2.html HTTP/1.0" 200 148 "-" "Mozilla/4.0 (compatible; MSIE 6.0; Windows NT 5.1; SV1)"
78.129.167.195 - - [29/Jan/2010:20:39:29 -0800] "GET /index.php/photos/album/1/photo/2.html HTTP/1.1" 200 148 "-" "Mozilla/4.0 (compatible; MSIE 6.0; Windows NT 5.1; SV1; Orange 8.0; .NET CLR 2.0.50727)"
78.129.167.195 - - [29/Jan/2010:21:15:50 -0800] "GET /index.php/photos/album/1/photo/2.html HTTP/1.1" 200 148 "-" "Mozilla/5.0 (Windows; U; Windows NT 5.1; en-US; rv:1.7.12) Gecko/20050915"
123.125.66.48 - - [29/Jan/2010:21:18:08 -0800] "GET /robots.txt HTTP/1.1" 302 347 "-" "Baiduspider+(+http://www.baidu.com/search/spider.htm)"
58.211.218.74 - - [29/Jan/2010:21:35:32 -0800] "GET /index.php/photos/album/1/photo/2.html HTTP/1.1" 200 148 "-" "Mozilla/4.0 (compatible; MSIE 6.0; Windows NT 5.1; SV1)"
78.129.167.195 - - [29/Jan/2010:21:51:24 -0800] "GET /index.php/photos/album/1/photo/2.html HTTP/1.1" 200 148 "-" "Mozilla/5.0 (Macintosh; U; Intel Mac OS X 10.5; en-GB; rv:1.9.0.5) Gecko/2008120121 Firefox/3.0.5"
78.129.167.195 - - [29/Jan/2010:22:26:29 -0800] "GET /index.php/photos/album/1/photo/2.html HTTP/1.1" 200 148 "-" "Mozilla/4.0 (compatible; MSIE 6.0; Windows NT 5.1; Q312469)"
82.114.160.37 - - [29/Jan/2010:22:56:35 -0800] "GET /index.php/photos/album/1/photo/2.html HTTP/1.1" 200 148 "-" "Mozilla/4.0 (compatible; MSIE 6.0; Windows NT 5.1; SV1)"
78.129.167.195 - - [29/Jan/2010:23:01:40 -0800] "GET /index.php/photos/album/1/photo/2.html HTTP/1.1" 200 148 "-" "Mozilla/5.0 (Macintosh; U; PPC Mac OS X Mach-O; en-US; rv:1.8.0.8) Gecko/20061025 Firefox/1.5.0.8"
78.129.167.195 - - [29/Jan/2010:23:37:00 -0800] "GET /index.php/photos/album/1/photo/2.html HTTP/1.1" 200 148 "-" "Mozilla/4.0 (compatible; MSIE 7.0; Windows NT 5.1; iOpus-I-M; .NET CLR 1.1.4322; .NET CLR 2.0.50727; InfoPath.1)"
93.158.148.31 - - [30/Jan/2010:04:59:12 -0800] "GET /robots.txt HTTP/1.1" 302 351 "-" "Yandex/1.01.001 (compatible; Win16; I)"
78.129.167.195 - - [30/Jan/2010:05:14:48 -0800] "GET /index.php/photos/album/1/photo/2.html HTTP/1.1" 200 148 "-" "Mozilla/5.0 (Macintosh; U; Intel Mac OS X; fr) AppleWebKit/418.9.1 (KHTML, like Gecko) Safari/419.3"
200.96.49.4 - - [30/Jan/2010:05:36:33 -0800] "GET /index.php/photos/album/1/photo/2.html HTTP/1.0" 200 148 "-" "Mozilla/4.0 (compatible; MSIE 6.0; Windows NT 5.1; SV1)"
78.129.167.195 - - [30/Jan/2010:05:48:51 -0800] "GET /index.php/photos/album/1/photo/2.html HTTP/1.1" 200 148 "-" "Mozilla/4.0 (compatible; MSIE 7.0; Windows NT 5.1; MAXTHON 2.0)"
78.129.167.195 - - [30/Jan/2010:06:23:19 -0800] "GET /index.php/photos/album/1/photo/2.html HTTP/1.1" 200 148 "-" "Mozilla/5.0 (Macintosh; U; Intel Mac OS X 10_5_6; en-us) AppleWebKit/525.27.1 (KHTML, like Gecko) Version/3.2.1 Safari/525.27.1"
220.224.225.70 - - [30/Jan/2010:06:52:16 -0800] "GET /index.php/photos/album/1/photo/2.html HTTP/1.1" 200 148 "-" "Mozilla/4.0 (compatible; MSIE 6.0; Windows NT 5.1; SV1)"
78.129.167.195 - - [30/Jan/2010:06:56:41 -0800] "GET /index.php/photos/album/1/photo/2.html HTTP/1.1" 200 148 "-" "Mozilla/4.0 (compatible; MSIE 6.0; Windows NT 5.1; Avant Browser; Avant Browser; InfoPath.2)"
211.138.124.202 - - [30/Jan/2010:07:00:47 -0800] "GET /index.php/photos/album/1/photo/2.html HTTP/1.1" 200 148 "-" "Mozilla/4.0 (compatible; MSIE 6.0; Windows NT 5.1; SV1)"
