70.36.103.42 - - [29/Jan/2010:00:59:27 -0800] "GET /robots.txt HTTP/1.0" 302 353 "http://evilfuckers.org/robots.txt" "Mozilla/4.0 (compatible; MSIE 6.0; Windows NT 5.1; SV1; .NET CLR 2.0.50727)"
70.36.103.42 - - [29/Jan/2010:00:59:27 -0800] "GET / HTTP/1.0" 200 151 "http://evilfuckers.org/" "Mozilla/4.0 (compatible; MSIE 6.0; Windows NT 5.1; SV1; .NET CLR 2.0.50727)"
123.125.66.42 - - [29/Jan/2010:01:15:43 -0800] "GET /robots.txt HTTP/1.1" 302 353 "-" "Baiduspider+(+http://www.baidu.com/search/spider.htm)"
123.125.66.27 - - [29/Jan/2010:01:15:43 -0800] "GET / HTTP/1.1" 200 151 "-" "Baiduspider+(+http://www.baidu.com/search/spider.htm)"
93.158.148.31 - - [29/Jan/2010:02:06:20 -0800] "GET / HTTP/1.1" 200 151 "-" "Yandex/1.01.001 (compatible; Win16; I)"
216.129.119.12 - - [29/Jan/2010:02:20:44 -0800] "GET /robots.txt HTTP/1.0" 302 357 "-" "Mozilla/5.0 (Twiceler-0.9 http://www.cuil.com/twiceler/robot.html)"
65.55.216.55 - - [29/Jan/2010:03:27:47 -0800] "GET /robots.txt HTTP/1.1" 302 353 "-" "msnbot/2.0b (+http://search.msn.com/msnbot.htm)"
65.55.216.55 - - [29/Jan/2010:03:27:47 -0800] "GET / HTTP/1.1" 200 151 "-" "msnbot/2.0b (+http://search.msn.com/msnbot.htm)"
65.55.216.55 - - [29/Jan/2010:03:29:05 -0800] "GET / HTTP/1.1" 200 151 "-" "msnbot/2.0b (+http://search.msn.com/msnbot.htm)"
65.55.51.110 - - [29/Jan/2010:05:15:59 -0800] "GET /robots.txt HTTP/1.1" 302 353 "-" "msnbot/2.0b (+http://search.msn.com/msnbot.htm)"
65.55.51.110 - - [29/Jan/2010:05:15:59 -0800] "GET / HTTP/1.1" 200 151 "-" "msnbot/2.0b (+http://search.msn.com/msnbot.htm)"
123.150.187.133 - - [29/Jan/2010:06:40:37 -0800] "GET / HTTP/1.1" 200 151 "-" "Mozilla/4.0 (compatible; MSIE 6.0; Windows NT 5.1; SV1; QQDownload 1.7; TencentTraveler 4.0; CIBA; InfoPath.2; .NET CLR 2.0.50727"
208.80.193.40 - - [29/Jan/2010:10:22:01 -0800] "GET / HTTP/1.0" 200 151 "-" "Mozilla/4.0 (compatible; MSIE 7.0; Windows NT 5.1; YMPlus 1.7.0.8; .NET CLR 1.1.4322)"
216.129.119.12 - - [29/Jan/2010:10:52:08 -0800] "GET /robots.txt HTTP/1.0" 302 353 "-" "Mozilla/5.0 (Twiceler-0.9 http://www.cuil.com/twiceler/robot.html)"
208.80.193.37 - - [29/Jan/2010:16:34:05 -0800] "GET / HTTP/1.0" 200 151 "-" "Mozilla/4.0 (compatible; MSIE 6.0; America Online Browser 1.1; rev1.5; Windows NT 5.1; SV1; (R1 1.5); .NET CLR 2.0.50727)"
98.118.208.230 - - [29/Jan/2010:16:50:59 -0800] "GET / HTTP/1.0" 200 151 "-" "Mnogosearch-3.1.21"
69.46.28.206 - - [29/Jan/2010:19:33:27 -0800] "GET /orb.jpg HTTP/1.0" 302 357 "-" "-"
69.46.28.206 - - [29/Jan/2010:19:33:28 -0800] "GET / HTTP/1.0" 200 151 "-" "-"
65.55.115.151 - - [29/Jan/2010:20:17:20 -0800] "GET /robots.txt HTTP/1.1" 302 353 "-" "msnbot/2.0b (+http://search.msn.com/msnbot.htm)"
65.55.115.151 - - [29/Jan/2010:20:17:21 -0800] "GET / HTTP/1.1" 200 151 "-" "msnbot/2.0b (+http://search.msn.com/msnbot.htm)"
65.55.51.70 - - [30/Jan/2010:09:26:40 -0800] "GET /robots.txt HTTP/1.1" 302 353 "-" "msnbot/2.0b (+http://search.msn.com/msnbot.htm)"
65.55.51.70 - - [30/Jan/2010:09:26:40 -0800] "GET / HTTP/1.1" 200 151 "-" "msnbot/2.0b (+http://search.msn.com/msnbot.htm)"
216.129.119.12 - - [30/Jan/2010:10:48:15 -0800] "GET /robots.txt HTTP/1.0" 302 353 "-" "Mozilla/5.0 (Twiceler-0.9 http://www.cuil.com/twiceler/robot.html)"
66.7.243.146 - - [30/Jan/2010:11:49:48 -0800] "GET /misc/thingy.gif HTTP/1.1" 302 353 "http://comment.myspace.com/index.cfm?fuseaction=user.viewComments&friendID=55085965" "Mozilla/5.0 (Windows; U; Windows NT 5.1; en-US; rv:1.9.0.17) Gecko/2009122116 Firefox/3.0.17 (.NET CLR 3.5.30729)"
66.7.243.146 - - [30/Jan/2010:11:49:51 -0800] "GET / HTTP/1.1" 200 151 "http://comment.myspace.com/index.cfm?fuseaction=user.viewComments&friendID=55085965" "Mozilla/5.0 (Windows; U; Windows NT 5.1; en-US; rv:1.9.0.17) Gecko/2009122116 Firefox/3.0.17 (.NET CLR 3.5.30729)"
208.80.193.29 - - [30/Jan/2010:23:36:43 -0800] "GET / HTTP/1.0" 200 151 "-" "Mozilla/4.0 (compatible; MSIE 6.0; Windows NT 5.1; SV1; YPC 3.2.0; .NET CLR 1.1.4322; IEMB3; yplus 5.1.04b)"
70.36.100.226 - - [30/Jan/2010:23:53:47 -0800] "GET /robots.txt HTTP/1.0" 302 353 "http://evilfuckers.org/robots.txt" "Mozilla/4.0 (compatible; MSIE 6.0; Windows NT 5.1; SV1; .NET CLR 2.0.50727)"
70.36.100.226 - - [30/Jan/2010:23:53:47 -0800] "GET / HTTP/1.0" 200 151 "http://evilfuckers.org/" "Mozilla/4.0 (compatible; MSIE 6.0; Windows NT 5.1; SV1; .NET CLR 2.0.50727)"
220.181.7.108 - - [31/Jan/2010:00:24:31 -0800] "GET /robots.txt HTTP/1.1" 302 353 "-" "Baiduspider+(+http://www.baidu.com/search/spider.htm)"
220.181.7.23 - - [31/Jan/2010:00:24:31 -0800] "GET / HTTP/1.1" 200 151 "-" "Baiduspider+(+http://www.baidu.com/search/spider.htm)"
216.129.119.12 - - [31/Jan/2010:03:11:06 -0800] "GET /robots.txt HTTP/1.0" 302 357 "-" "Mozilla/5.0 (Twiceler-0.9 http://www.cuil.com/twiceler/robot.html)"
65.55.207.28 - - [31/Jan/2010:03:43:28 -0800] "GET /robots.txt HTTP/1.1" 302 353 "-" "msnbot/2.0b (+http://search.msn.com/msnbot.htm)"
65.55.207.28 - - [31/Jan/2010:03:43:28 -0800] "GET / HTTP/1.1" 200 151 "-" "msnbot/2.0b (+http://search.msn.com/msnbot.htm)"
65.55.207.28 - - [31/Jan/2010:03:44:15 -0800] "GET / HTTP/1.1" 200 151 "-" "msnbot/2.0b (+http://search.msn.com/msnbot.htm)"
208.80.193.35 - - [31/Jan/2010:05:39:27 -0800] "GET / HTTP/1.0" 200 151 "-" "Mozilla/4.0 (compatible; MSIE 6.0; Windows NT 5.1; SV1; .NET CLR 1.0.3705; .NET CLR 1.1.4322; Media Center PC 4.0; .NET CLR 2.0.50727; .NET CLR 3.0.04506.30; .NET CLR 3.5.20404)"
65.55.37.202 - - [31/Jan/2010:06:12:29 -0800] "GET /robots.txt HTTP/1.1" 302 353 "-" "msnbot/2.0b (+http://search.msn.com/msnbot.htm)"
65.55.37.202 - - [31/Jan/2010:06:12:29 -0800] "GET / HTTP/1.1" 200 151 "-" "msnbot/2.0b (+http://search.msn.com/msnbot.htm)"
123.150.187.133 - - [31/Jan/2010:09:35:27 -0800] "GET / HTTP/1.1" 200 151 "-" "Mozilla/4.0 (compatible; MSIE 6.0; Windows NT 5.1; SV1; QQDownload 1.7; TencentTraveler 4.0; CIBA; InfoPath.2; .NET CLR 2.0.50727"
216.129.119.12 - - [31/Jan/2010:11:40:49 -0800] "GET /robots.txt HTTP/1.0" 302 353 "-" "Mozilla/5.0 (Twiceler-0.9 http://www.cuil.com/twiceler/robot.html)"
95.108.150.235 - - [31/Jan/2010:16:57:36 -0800] "GET /robots.txt HTTP/1.1" 302 353 "-" "Yandex/1.01.001 (compatible; Win16; H)"
95.108.150.235 - - [31/Jan/2010:16:57:37 -0800] "GET /robots.txt HTTP/1.1" 302 357 "-" "Yandex/1.01.001 (compatible; Win16; H)"
95.108.150.235 - - [31/Jan/2010:16:57:39 -0800] "GET / HTTP/1.1" 200 151 "-" "Yandex/1.01.001 (compatible; Win16; H)"
95.108.150.235 - - [31/Jan/2010:16:57:40 -0800] "GET / HTTP/1.1" 200 151 "-" "Yandex/1.01.001 (compatible; Win16; H)"
95.108.150.235 - - [31/Jan/2010:16:57:41 -0800] "GET / HTTP/1.1" 200 151 "-" "Yandex/1.01.001 (compatible; Win16; H)"
95.108.150.235 - - [31/Jan/2010:16:57:42 -0800] "GET / HTTP/1.1" 200 151 "-" "Yandex/1.01.001 (compatible; Win16; H)"
220.181.7.13 - - [01/Feb/2010:01:07:50 -0800] "GET /robots.txt HTTP/1.1" 302 353 "-" "Baiduspider+(+http://www.baidu.com/search/spider.htm)"
216.129.119.12 - - [01/Feb/2010:02:25:19 -0800] "GET /robots.txt HTTP/1.0" 302 357 "-" "Mozilla/5.0 (Twiceler-0.9 http://www.cuil.com/twiceler/robot.html)"
65.55.207.78 - - [01/Feb/2010:03:23:12 -0800] "GET /robots.txt HTTP/1.1" 302 353 "-" "msnbot/2.0b (+http://search.msn.com/msnbot.htm)"
65.55.207.78 - - [01/Feb/2010:03:23:12 -0800] "GET / HTTP/1.1" 200 151 "-" "msnbot/2.0b (+http://search.msn.com/msnbot.htm)"
65.55.207.78 - - [01/Feb/2010:03:24:07 -0800] "GET /index.php/photos/album/1/photo/2.html HTTP/1.1" 200 151 "-" "msnbot/2.0b (+http://search.msn.com/msnbot.htm)"
216.129.119.12 - - [01/Feb/2010:10:52:31 -0800] "GET /robots.txt HTTP/1.0" 302 353 "-" "Mozilla/5.0 (Twiceler-0.9 http://www.cuil.com/twiceler/robot.html)"
208.80.193.37 - - [01/Feb/2010:12:38:23 -0800] "GET / HTTP/1.0" 200 151 "-" "Mozilla/4.0 (compatible; MSIE 6.0; AOL 9.0; Windows NT 5.1; SV1; (R1 1.5); .NET CLR 2.0.50727)"
195.128.18.19 - - [01/Feb/2010:15:02:51 -0800] "GET /robots.txt HTTP/1.0" 302 357 "-" "Mozilla/5.0 (compatible; aiHitBot/1.0; +http://www.aihit.com/)"
195.128.18.19 - - [01/Feb/2010:15:03:30 -0800] "GET / HTTP/1.0" 200 151 "-" "Mozilla/5.0 (compatible; aiHitBot/1.0; +http://www.aihit.com/)"
195.128.18.19 - - [01/Feb/2010:15:03:33 -0800] "GET / HTTP/1.0" 200 151 "-" "Mozilla/5.0 (compatible; aiHitBot/1.0; +http://www.aihit.com/)"
195.128.18.19 - - [01/Feb/2010:15:03:34 -0800] "GET /sitemap/ HTTP/1.0" 302 357 "-" "Mozilla/5.0 (compatible; aiHitBot/1.0; +http://www.aihit.com/)"
195.128.18.19 - - [01/Feb/2010:15:03:40 -0800] "GET /robots.txt HTTP/1.0" 302 353 "-" "Mozilla/5.0 (compatible; aiHitBot/1.0; +http://www.aihit.com/)"
195.128.18.19 - - [01/Feb/2010:15:03:43 -0800] "GET / HTTP/1.0" 200 151 "-" "Mozilla/5.0 (compatible; aiHitBot/1.0; +http://www.aihit.com/)"
195.128.18.19 - - [01/Feb/2010:15:04:20 -0800] "GET / HTTP/1.0" 200 151 "-" "Mozilla/5.0 (compatible; aiHitBot/1.0; +http://www.aihit.com/)"
195.128.18.19 - - [01/Feb/2010:15:04:23 -0800] "GET /sitemap.xml HTTP/1.0" 302 357 "-" "Mozilla/5.0 (compatible; aiHitBot/1.0; +http://www.aihit.com/)"
195.128.18.19 - - [01/Feb/2010:15:04:30 -0800] "GET /sitemap.xml.gz HTTP/1.0" 302 357 "-" "Mozilla/5.0 (compatible; aiHitBot/1.0; +http://www.aihit.com/)"
195.128.18.19 - - [01/Feb/2010:15:04:43 -0800] "GET /google_sitemap.xml HTTP/1.0" 302 357 "-" "Mozilla/5.0 (compatible; aiHitBot/1.0; +http://www.aihit.com/)"
195.128.18.19 - - [01/Feb/2010:15:04:46 -0800] "GET /google_sitemap.xml.gz HTTP/1.0" 302 357 "-" "Mozilla/5.0 (compatible; aiHitBot/1.0; +http://www.aihit.com/)"
195.128.18.19 - - [01/Feb/2010:15:04:50 -0800] "GET /favicon.ico HTTP/1.0" 200 574 "-" "Mozilla/5.0 (compatible; aiHitBot/1.0; +http://www.aihit.com/)"
208.80.193.30 - - [01/Feb/2010:19:24:59 -0800] "GET / HTTP/1.0" 200 151 "-" "Mozilla/4.0 (compatible; MSIE 6.0; Windows NT 5.1; SV1; Mailinfo [891134]; .NET CLR 1.1.4322; MEGAUPLOAD 1.0)"
194.72.238.61 - - [01/Feb/2010:21:44:44 -0800] "HEAD / HTTP/1.1" 200 - "http://www.netcraft.com/survey/" "Mozilla/4.0 (compatible; Netcraft Web Server Survey)"
194.72.238.61 - - [01/Feb/2010:21:44:44 -0800] "HEAD / HTTP/1.1" 200 - "http://www.netcraft.com/survey/" "Mozilla/4.0 (compatible; Netcraft Web Server Survey)"
220.181.7.102 - - [01/Feb/2010:23:43:09 -0800] "GET /robots.txt HTTP/1.1" 302 353 "-" "Baiduspider+(+http://www.baidu.com/search/spider.htm)"
65.55.106.230 - - [02/Feb/2010:00:22:27 -0800] "GET /robots.txt HTTP/1.1" 302 353 "-" "msnbot/2.0b (+http://search.msn.com/msnbot.htm)"
65.55.106.230 - - [02/Feb/2010:00:22:28 -0800] "GET / HTTP/1.1" 200 151 "-" "msnbot/2.0b (+http://search.msn.com/msnbot.htm)"
65.55.106.230 - - [02/Feb/2010:00:23:14 -0800] "GET /?C=S;O=A HTTP/1.1" 200 151 "-" "msnbot/2.0b (+http://search.msn.com/msnbot.htm)"
70.36.103.42 - - [02/Feb/2010:00:32:35 -0800] "GET /robots.txt HTTP/1.0" 302 353 "http://evilfuckers.org/robots.txt" "Mozilla/4.0 (compatible; MSIE 6.0; Windows NT 5.1; SV1; .NET CLR 2.0.50727)"
70.36.103.42 - - [02/Feb/2010:00:32:35 -0800] "GET / HTTP/1.0" 200 151 "http://evilfuckers.org/" "Mozilla/4.0 (compatible; MSIE 6.0; Windows NT 5.1; SV1; .NET CLR 2.0.50727)"
66.249.71.171 - - [02/Feb/2010:02:09:01 -0800] "GET /robots.txt HTTP/1.1" 302 353 "-" "Mozilla/5.0 (compatible; Googlebot/2.1; +http://www.google.com/bot.html)"
66.249.71.171 - - [02/Feb/2010:02:09:01 -0800] "GET / HTTP/1.1" 200 151 "-" "Mozilla/5.0 (compatible; Googlebot/2.1; +http://www.google.com/bot.html)"
66.249.71.171 - - [02/Feb/2010:02:09:02 -0800] "GET / HTTP/1.1" 200 151 "-" "Mozilla/5.0 (compatible; Googlebot/2.1; +http://www.google.com/bot.html)"
216.129.119.12 - - [02/Feb/2010:02:16:07 -0800] "GET /robots.txt HTTP/1.0" 302 357 "-" "Mozilla/5.0 (Twiceler-0.9 http://www.cuil.com/twiceler/robot.html)"
95.108.150.235 - - [02/Feb/2010:03:08:52 -0800] "GET /robots.txt HTTP/1.1" 302 357 "-" "Yandex/1.01.001 (compatible; Win16; H)"
95.108.150.235 - - [02/Feb/2010:03:08:53 -0800] "GET /robots.txt HTTP/1.1" 302 353 "-" "Yandex/1.01.001 (compatible; Win16; H)"
95.108.150.235 - - [02/Feb/2010:03:08:54 -0800] "GET / HTTP/1.1" 200 151 "-" "Yandex/1.01.001 (compatible; Win16; H)"
95.108.150.235 - - [02/Feb/2010:03:08:55 -0800] "GET / HTTP/1.1" 200 151 "-" "Yandex/1.01.001 (compatible; Win16; H)"
95.108.150.235 - - [02/Feb/2010:03:08:56 -0800] "GET / HTTP/1.1" 200 151 "-" "Yandex/1.01.001 (compatible; Win16; H)"
95.108.150.235 - - [02/Feb/2010:03:08:57 -0800] "GET / HTTP/1.1" 200 151 "-" "Yandex/1.01.001 (compatible; Win16; H)"
65.55.106.186 - - [02/Feb/2010:04:04:20 -0800] "GET /robots.txt HTTP/1.1" 302 353 "-" "msnbot/2.0b (+http://search.msn.com/msnbot.htm)"
65.55.106.186 - - [02/Feb/2010:04:04:20 -0800] "GET / HTTP/1.1" 200 151 "-" "msnbot/2.0b (+http://search.msn.com/msnbot.htm)"
65.55.106.186 - - [02/Feb/2010:04:05:10 -0800] "GET / HTTP/1.1" 200 151 "-" "msnbot/2.0b (+http://search.msn.com/msnbot.htm)"
193.47.80.50 - - [02/Feb/2010:08:30:55 -0800] "GET /robots.txt HTTP/1.1" 302 353 "-" "Mozilla/5.0 (compatible; Exabot/3.0; +http://www.exabot.com/go/robot)"
193.47.80.50 - - [02/Feb/2010:08:30:56 -0800] "GET / HTTP/1.1" 200 151 "-" "Mozilla/5.0 (compatible; Exabot/3.0; +http://www.exabot.com/go/robot)"
193.47.80.50 - - [02/Feb/2010:08:30:57 -0800] "GET / HTTP/1.1" 200 151 "-" "Mozilla/5.0 (compatible; Exabot/3.0; +http://www.exabot.com/go/robot)"
216.129.119.12 - - [02/Feb/2010:10:40:19 -0800] "GET /robots.txt HTTP/1.0" 302 353 "-" "Mozilla/5.0 (Twiceler-0.9 http://www.cuil.com/twiceler/robot.html)"
65.55.51.112 - - [02/Feb/2010:10:46:18 -0800] "GET /robots.txt HTTP/1.1" 302 353 "-" "msnbot/2.0b (+http://search.msn.com/msnbot.htm)"
65.55.51.112 - - [02/Feb/2010:10:46:18 -0800] "GET / HTTP/1.1" 200 151 "-" "msnbot/2.0b (+http://search.msn.com/msnbot.htm)"
123.150.187.133 - - [02/Feb/2010:13:08:21 -0800] "GET / HTTP/1.1" 200 151 "-" "Mozilla/4.0 (compatible; MSIE 6.0; Windows NT 5.1; SV1; QQDownload 1.7; TencentTraveler 4.0; CIBA; InfoPath.2; .NET CLR 2.0.50727"
220.181.7.101 - - [02/Feb/2010:22:12:22 -0800] "GET /robots.txt HTTP/1.1" 302 353 "-" "Baiduspider+(+http://www.baidu.com/search/spider.htm)"
220.181.7.36 - - [02/Feb/2010:22:12:25 -0800] "GET / HTTP/1.1" 200 151 "-" "Baiduspider+(+http://www.baidu.com/search/spider.htm)"
65.55.51.110 - - [03/Feb/2010:01:18:19 -0800] "GET /robots.txt HTTP/1.1" 302 353 "-" "msnbot/2.0b (+http://search.msn.com/msnbot.htm)"
65.55.51.110 - - [03/Feb/2010:01:18:19 -0800] "GET / HTTP/1.1" 200 151 "-" "msnbot/2.0b (+http://search.msn.com/msnbot.htm)"
65.55.51.110 - - [03/Feb/2010:01:18:59 -0800] "GET /index.php/photos/album/1/photo/3.html HTTP/1.1" 200 151 "-" "msnbot/2.0b (+http://search.msn.com/msnbot.htm)"
208.80.193.34 - - [03/Feb/2010:02:00:52 -0800] "GET / HTTP/1.0" 200 151 "-" "Mozilla/4.0 (compatible; MSIE 6.0; Windows NT 5.1; sbcydsl 3.12; SV1; YPC 3.2.0; .NET CLR 1.0.3705; Media Center PC 2.8; yplus 5.1.02b)"
216.129.119.12 - - [03/Feb/2010:02:21:01 -0800] "GET /robots.txt HTTP/1.0" 302 357 "-" "Mozilla/5.0 (Twiceler-0.9 http://www.cuil.com/twiceler/robot.html)"
66.219.58.34 - - [03/Feb/2010:03:25:31 -0800] "GET /robots.txt HTTP/1.1" 302 353 "-" "MLBot (www.metadatalabs.com/mlbot)"
66.219.58.34 - - [03/Feb/2010:03:25:31 -0800] "GET / HTTP/1.1" 200 151 "-" "MLBot (www.metadatalabs.com/mlbot)"
66.219.58.34 - - [03/Feb/2010:03:25:31 -0800] "GET / HTTP/1.1" 200 151 "-" "MLBot (www.metadatalabs.com/mlbot)"
85.25.124.167 - - [03/Feb/2010:03:37:30 -0800] "GET / HTTP/1.1" 200 151 "-" "Linguee Bot (http://www.linguee.com/bot; bot@linguee.com)"
208.80.193.34 - - [03/Feb/2010:08:01:07 -0800] "GET / HTTP/1.0" 200 151 "-" "Mozilla/4.0 (compatible; MSIE 6.0; Windows 98; PeoplePal 3.0; SpamBlockerUtility 4.8.4)"
66.249.71.151 - - [03/Feb/2010:10:09:38 -0800] "GET /robots.txt HTTP/1.1" 302 357 "-" "Mozilla/5.0 (compatible; Googlebot/2.1; +http://www.google.com/bot.html)"
66.249.71.151 - - [03/Feb/2010:10:09:38 -0800] "GET / HTTP/1.1" 200 151 "-" "Mozilla/5.0 (compatible; Googlebot/2.1; +http://www.google.com/bot.html)"
65.55.109.52 - - [03/Feb/2010:10:25:53 -0800] "GET / HTTP/1.1" 200 151 "-" "Mozilla/4.0 (compatible; MSIE 7.0; Windows NT 5.2; SLCC1; .NET CLR 1.1.4325; .NET CLR 2.0.40607; .NET CLR 3.0.04506.648)"
216.129.119.12 - - [03/Feb/2010:17:11:16 -0800] "GET /robots.txt HTTP/1.0" 302 353 "-" "Mozilla/5.0 (Twiceler-0.9 http://www.cuil.com/twiceler/robot.html)"
95.108.150.235 - - [03/Feb/2010:17:42:22 -0800] "GET /robots.txt HTTP/1.1" 302 353 "-" "Yandex/1.01.001 (compatible; Win16; H)"
95.108.150.235 - - [03/Feb/2010:17:42:24 -0800] "GET / HTTP/1.1" 200 151 "-" "Yandex/1.01.001 (compatible; Win16; H)"
95.108.150.235 - - [03/Feb/2010:17:42:25 -0800] "GET / HTTP/1.1" 200 151 "-" "Yandex/1.01.001 (compatible; Win16; H)"
95.108.150.235 - - [03/Feb/2010:17:42:26 -0800] "GET /robots.txt HTTP/1.1" 302 357 "-" "Yandex/1.01.001 (compatible; Win16; H)"
95.108.150.235 - - [03/Feb/2010:17:42:27 -0800] "GET / HTTP/1.1" 200 151 "-" "Yandex/1.01.001 (compatible; Win16; H)"
95.108.150.235 - - [03/Feb/2010:17:42:28 -0800] "GET / HTTP/1.1" 200 151 "-" "Yandex/1.01.001 (compatible; Win16; H)"
123.125.66.112 - - [03/Feb/2010:22:25:02 -0800] "GET /robots.txt HTTP/1.1" 302 353 "-" "Baiduspider+(+http://www.baidu.com/search/spider.htm)"
123.125.66.55 - - [03/Feb/2010:22:25:03 -0800] "GET / HTTP/1.1" 200 151 "-" "Baiduspider+(+http://www.baidu.com/search/spider.htm)"
67.195.114.28 - - [04/Feb/2010:00:17:16 -0800] "GET /robots.txt HTTP/1.0" 302 357 "-" "Mozilla/5.0 (compatible; Yahoo! Slurp; http://help.yahoo.com/help/us/ysearch/slurp)"
67.195.114.28 - - [04/Feb/2010:00:17:16 -0800] "GET / HTTP/1.0" 200 151 "-" "Mozilla/5.0 (compatible; Yahoo! Slurp; http://help.yahoo.com/help/us/ysearch/slurp)"
67.195.114.28 - - [04/Feb/2010:00:17:17 -0800] "GET / HTTP/1.0" 200 151 "-" "Mozilla/5.0 (compatible; Yahoo! Slurp/3.0; http://help.yahoo.com/help/us/ysearch/slurp)"
74.222.4.218 - - [04/Feb/2010:01:39:26 -0800] "GET /robots.txt HTTP/1.0" 302 353 "http://evilfuckers.org/robots.txt" "Mozilla/4.0 (compatible; MSIE 6.0; Windows NT 5.1; SV1; .NET CLR 2.0.50727)"
74.222.4.218 - - [04/Feb/2010:01:39:26 -0800] "GET / HTTP/1.0" 200 151 "http://evilfuckers.org/" "Mozilla/4.0 (compatible; MSIE 6.0; Windows NT 5.1; SV1; .NET CLR 2.0.50727)"
65.55.51.111 - - [04/Feb/2010:02:57:06 -0800] "GET /robots.txt HTTP/1.1" 302 353 "-" "msnbot/2.0b (+http://search.msn.com/msnbot.htm)"
65.55.51.111 - - [04/Feb/2010:02:57:06 -0800] "GET / HTTP/1.1" 200 151 "-" "msnbot/2.0b (+http://search.msn.com/msnbot.htm)"
65.55.51.111 - - [04/Feb/2010:02:58:01 -0800] "GET /index.php/photos/album/1/photo/3.html HTTP/1.1" 200 151 "-" "msnbot/2.0b (+http://search.msn.com/msnbot.htm)"
65.55.106.157 - - [04/Feb/2010:04:19:48 -0800] "GET /robots.txt HTTP/1.1" 302 353 "-" "msnbot/2.0b (+http://search.msn.com/msnbot.htm)"
65.55.106.157 - - [04/Feb/2010:04:19:48 -0800] "GET / HTTP/1.1" 200 151 "-" "msnbot/2.0b (+http://search.msn.com/msnbot.htm)"
65.55.106.157 - - [04/Feb/2010:04:20:32 -0800] "GET / HTTP/1.1" 200 151 "-" "msnbot/2.0b (+http://search.msn.com/msnbot.htm)"
219.143.225.3 - - [04/Feb/2010:05:48:11 -0800] "HEAD / HTTP/1.0" 200 - "-" "Mozilla/4.0(compatible;MSIE 5.00;Windows 98)"
65.55.207.76 - - [04/Feb/2010:08:33:54 -0800] "GET /robots.txt HTTP/1.1" 302 353 "-" "msnbot/2.0b (+http://search.msn.com/msnbot.htm)"
65.55.207.76 - - [04/Feb/2010:08:33:54 -0800] "GET / HTTP/1.1" 200 151 "-" "msnbot/2.0b (+http://search.msn.com/msnbot.htm)"
65.55.207.76 - - [04/Feb/2010:08:34:36 -0800] "GET /index.php/photos/album/1/photo/4.html HTTP/1.1" 200 151 "-" "msnbot/2.0b (+http://search.msn.com/msnbot.htm)"
93.158.148.31 - - [04/Feb/2010:09:14:55 -0800] "GET /robots.txt HTTP/1.1" 302 357 "-" "Yandex/1.01.001 (compatible; Win16; I)"
65.55.37.202 - - [04/Feb/2010:14:03:48 -0800] "GET /robots.txt HTTP/1.1" 302 353 "-" "msnbot/2.0b (+http://search.msn.com/msnbot.htm)"
65.55.37.202 - - [04/Feb/2010:14:03:48 -0800] "GET / HTTP/1.1" 200 151 "-" "msnbot/2.0b (+http://search.msn.com/msnbot.htm)"
65.55.37.202 - - [04/Feb/2010:14:04:28 -0800] "GET /index.php/photos/album/1/photo/3.html HTTP/1.1" 200 151 "-" "msnbot/2.0b (+http://search.msn.com/msnbot.htm)"
65.55.106.211 - - [04/Feb/2010:14:29:57 -0800] "GET /robots.txt HTTP/1.1" 302 353 "-" "msnbot/2.0b (+http://search.msn.com/msnbot.htm)"
65.55.106.211 - - [04/Feb/2010:14:29:57 -0800] "GET / HTTP/1.1" 200 151 "-" "msnbot/2.0b (+http://search.msn.com/msnbot.htm)"
65.55.106.211 - - [04/Feb/2010:14:30:37 -0800] "GET /index.php/photos/album/1/photo/5.html HTTP/1.1" 200 151 "-" "msnbot/2.0b (+http://search.msn.com/msnbot.htm)"
208.80.193.43 - - [04/Feb/2010:15:18:44 -0800] "GET / HTTP/1.0" 200 151 "-" "Mozilla/4.0 (compatible; MSIE 6.0; Windows NT 5.1; SV1; PrimusDSLEN; .NET CLR 1.1.4322)"
216.129.119.12 - - [04/Feb/2010:15:42:07 -0800] "GET /robots.txt HTTP/1.0" 302 357 "-" "Mozilla/5.0 (Twiceler-0.9 http://www.cuil.com/twiceler/robot.html)"
123.150.187.133 - - [04/Feb/2010:17:44:44 -0800] "GET / HTTP/1.1" 200 151 "-" "Mozilla/4.0 (compatible; MSIE 6.0; Windows NT 5.1; SV1; QQDownload 1.7; TencentTraveler 4.0; CIBA; InfoPath.2; .NET CLR 2.0.50727"
75.101.254.111 - - [04/Feb/2010:19:14:33 -0800] "GET /robots.txt HTTP/1.1" 302 353 "-" "Mozilla/5.0 (compatible; spbot/1.0; +http://www.seoprofiler.com/bot/ )"
75.101.254.111 - - [04/Feb/2010:19:14:33 -0800] "GET / HTTP/1.1" 200 151 "-" "Mozilla/5.0 (compatible; spbot/1.0; +http://www.seoprofiler.com/bot/ )"
75.101.254.111 - - [04/Feb/2010:19:14:34 -0800] "GET / HTTP/1.1" 200 151 "-" "Mozilla/5.0 (compatible; spbot/1.0; +http://www.seoprofiler.com/bot/ )"
174.129.72.66 - - [04/Feb/2010:21:12:18 -0800] "GET /robots.txt HTTP/1.1" 302 353 "-" "Mozilla/5.0 (compatible; spbot/1.0; +http://www.seoprofiler.com/bot/ )"
174.129.72.66 - - [04/Feb/2010:21:12:19 -0800] "GET / HTTP/1.1" 200 151 "-" "Mozilla/5.0 (compatible; spbot/1.0; +http://www.seoprofiler.com/bot/ )"
174.129.72.66 - - [04/Feb/2010:21:12:19 -0800] "GET / HTTP/1.1" 200 151 "-" "Mozilla/5.0 (compatible; spbot/1.0; +http://www.seoprofiler.com/bot/ )"
208.80.193.43 - - [04/Feb/2010:21:27:58 -0800] "GET / HTTP/1.0" 200 151 "-" "Mozilla/4.0 (compatible; MSIE 7.0; Windows NT 5.1; Comcast Install 1.0; Avant Browser; .NET CLR 1.1.4322; .NET CLR 2.0.50727; IEMB3; .NET CLR 3.0.04506.30)"
123.125.66.41 - - [04/Feb/2010:23:05:09 -0800] "GET /robots.txt HTTP/1.1" 302 353 "-" "Baiduspider+(+http://www.baidu.com/search/spider.htm)"
123.125.66.110 - - [04/Feb/2010:23:05:10 -0800] "GET / HTTP/1.1" 200 151 "-" "Baiduspider+(+http://www.baidu.com/search/spider.htm)"
216.129.119.12 - - [05/Feb/2010:00:55:43 -0800] "GET /robots.txt HTTP/1.0" 302 357 "-" "Mozilla/5.0 (Twiceler-0.9 http://www.cuil.com/twiceler/robot.html)"
64.246.165.140 - - [05/Feb/2010:03:14:14 -0800] "GET /robots.txt HTTP/1.0" 302 357 "-" "Mozilla/5.0 (Windows; U; Windows NT 5.1; en; rv:1.9.0.13) Gecko/2009073022 Firefox/3.5.2 (.NET CLR 3.5.30729) SurveyBot/2.3 (DomainTools)"
64.246.165.140 - - [05/Feb/2010:03:14:15 -0800] "GET / HTTP/1.1" 200 151 "http://whois.domaintools.com/evilfuckers.org" "Mozilla/5.0 (Windows; U; Windows NT 5.1; en; rv:1.9.0.13) Gecko/2009073022 Firefox/3.5.2 (.NET CLR 3.5.30729) SurveyBot/2.3 (DomainTools)"
65.55.51.70 - - [05/Feb/2010:03:34:25 -0800] "GET /robots.txt HTTP/1.1" 302 353 "-" "msnbot/2.0b (+http://search.msn.com/msnbot.htm)"
65.55.51.70 - - [05/Feb/2010:03:34:25 -0800] "GET / HTTP/1.1" 200 151 "-" "msnbot/2.0b (+http://search.msn.com/msnbot.htm)"
65.55.51.70 - - [05/Feb/2010:03:35:29 -0800] "GET /index.php/photos/album/1/photo/3.html HTTP/1.1" 200 151 "-" "msnbot/2.0b (+http://search.msn.com/msnbot.htm)"
174.129.191.9 - - [05/Feb/2010:07:44:59 -0800] "GET /robots.txt HTTP/1.1" 302 353 "-" "Mozilla/5.0 (compatible; spbot/1.0; +http://www.seoprofiler.com/bot/ )"
174.129.191.9 - - [05/Feb/2010:07:44:59 -0800] "GET / HTTP/1.1" 200 151 "-" "Mozilla/5.0 (compatible; spbot/1.0; +http://www.seoprofiler.com/bot/ )"
174.129.191.9 - - [05/Feb/2010:07:45:00 -0800] "GET / HTTP/1.1" 200 151 "-" "Mozilla/5.0 (compatible; spbot/1.0; +http://www.seoprofiler.com/bot/ )"
65.55.216.31 - - [05/Feb/2010:07:57:56 -0800] "GET /robots.txt HTTP/1.1" 302 353 "-" "msnbot/2.0b (+http://search.msn.com/msnbot.htm)"
65.55.216.31 - - [05/Feb/2010:07:57:56 -0800] "GET / HTTP/1.1" 200 151 "-" "msnbot/2.0b (+http://search.msn.com/msnbot.htm)"
65.55.216.31 - - [05/Feb/2010:07:58:36 -0800] "GET /register.php HTTP/1.1" 302 353 "-" "msnbot/2.0b (+http://search.msn.com/msnbot.htm)"
174.129.106.64 - - [05/Feb/2010:08:17:13 -0800] "GET /robots.txt HTTP/1.1" 302 353 "-" "Mozilla/5.0 (compatible; spbot/1.0; +http://www.seoprofiler.com/bot/ )"
174.129.106.64 - - [05/Feb/2010:08:17:13 -0800] "GET / HTTP/1.1" 200 151 "-" "Mozilla/5.0 (compatible; spbot/1.0; +http://www.seoprofiler.com/bot/ )"
174.129.106.64 - - [05/Feb/2010:08:17:14 -0800] "GET / HTTP/1.1" 200 151 "-" "Mozilla/5.0 (compatible; spbot/1.0; +http://www.seoprofiler.com/bot/ )"
216.129.119.12 - - [05/Feb/2010:11:50:33 -0800] "GET /robots.txt HTTP/1.0" 302 353 "-" "Mozilla/5.0 (Twiceler-0.9 http://www.cuil.com/twiceler/robot.html)"
174.129.171.75 - - [05/Feb/2010:12:04:00 -0800] "GET /robots.txt HTTP/1.1" 302 353 "-" "Mozilla/5.0 (compatible; spbot/1.0; +http://www.seoprofiler.com/bot/ )"
174.129.171.75 - - [05/Feb/2010:12:04:00 -0800] "GET / HTTP/1.1" 200 151 "-" "Mozilla/5.0 (compatible; spbot/1.0; +http://www.seoprofiler.com/bot/ )"
174.129.171.75 - - [05/Feb/2010:12:04:01 -0800] "GET / HTTP/1.1" 200 151 "-" "Mozilla/5.0 (compatible; spbot/1.0; +http://www.seoprofiler.com/bot/ )"
75.101.204.87 - - [05/Feb/2010:13:42:11 -0800] "GET /robots.txt HTTP/1.1" 302 353 "-" "Mozilla/5.0 (compatible; spbot/1.0; +http://www.seoprofiler.com/bot/ )"
75.101.204.87 - - [05/Feb/2010:13:42:11 -0800] "GET / HTTP/1.1" 200 151 "-" "Mozilla/5.0 (compatible; spbot/1.0; +http://www.seoprofiler.com/bot/ )"
75.101.204.87 - - [05/Feb/2010:13:42:12 -0800] "GET / HTTP/1.1" 200 151 "-" "Mozilla/5.0 (compatible; spbot/1.0; +http://www.seoprofiler.com/bot/ )"
38.99.97.46 - - [05/Feb/2010:13:55:50 -0800] "GET /robots.txt HTTP/1.1" 302 353 "-" "Mozilla/5.0 (compatible; ScoutJet; +http://www.scoutjet.com/)"
38.99.97.46 - - [05/Feb/2010:13:55:50 -0800] "GET / HTTP/1.1" 200 151 "-" "Mozilla/5.0 (compatible; ScoutJet; +http://www.scoutjet.com/)"
38.99.97.46 - - [05/Feb/2010:13:55:50 -0800] "GET / HTTP/1.1" 200 151 "-" "Mozilla/5.0 (compatible; ScoutJet; +http://www.scoutjet.com/)"
204.236.242.141 - - [05/Feb/2010:15:00:09 -0800] "GET /robots.txt HTTP/1.1" 302 353 "-" "Mozilla/5.0 (compatible; spbot/1.0; +http://www.seoprofiler.com/bot/ )"
204.236.242.141 - - [05/Feb/2010:15:00:09 -0800] "GET / HTTP/1.1" 200 151 "-" "Mozilla/5.0 (compatible; spbot/1.0; +http://www.seoprofiler.com/bot/ )"
204.236.242.141 - - [05/Feb/2010:15:00:09 -0800] "GET / HTTP/1.1" 200 151 "-" "Mozilla/5.0 (compatible; spbot/1.0; +http://www.seoprofiler.com/bot/ )"
72.44.43.229 - - [05/Feb/2010:15:06:53 -0800] "GET / HTTP/1.0" 200 151 "-" "Mozilla/5.0 (compatible; NetcraftSurveyAgent/1.0; +info@netcraft.com)"
213.122.174.227 - - [05/Feb/2010:15:49:28 -0800] "GET / HTTP/1.0" 200 151 "-" "Mozilla/5.0 (X11; U; Linux i686; pl-PL; rv:1.9.0.2) Gecko/20121223 Ubuntu/9.25 (jaunty) Firefox/3.8"
65.55.207.71 - - [05/Feb/2010:17:28:06 -0800] "GET /robots.txt HTTP/1.1" 302 353 "-" "msnbot/2.0b (+http://search.msn.com/msnbot.htm)"
65.55.207.71 - - [05/Feb/2010:17:28:06 -0800] "GET / HTTP/1.1" 200 151 "-" "msnbot/2.0b (+http://search.msn.com/msnbot.htm)"
65.55.207.71 - - [05/Feb/2010:17:29:04 -0800] "GET /user.php HTTP/1.1" 302 353 "-" "msnbot/2.0b (+http://search.msn.com/msnbot.htm)"
95.108.150.235 - - [05/Feb/2010:17:37:00 -0800] "GET /robots.txt HTTP/1.1" 302 353 "-" "Yandex/1.01.001 (compatible; Win16; H)"
95.108.150.235 - - [05/Feb/2010:17:37:01 -0800] "GET /robots.txt HTTP/1.1" 302 357 "-" "Yandex/1.01.001 (compatible; Win16; H)"
95.108.150.235 - - [05/Feb/2010:17:37:04 -0800] "GET / HTTP/1.1" 200 151 "-" "Yandex/1.01.001 (compatible; Win16; H)"
95.108.150.235 - - [05/Feb/2010:17:37:05 -0800] "GET / HTTP/1.1" 200 151 "-" "Yandex/1.01.001 (compatible; Win16; H)"
95.108.150.235 - - [05/Feb/2010:17:37:06 -0800] "GET / HTTP/1.1" 200 151 "-" "Yandex/1.01.001 (compatible; Win16; H)"
95.108.150.235 - - [05/Feb/2010:17:37:07 -0800] "GET / HTTP/1.1" 200 151 "-" "Yandex/1.01.001 (compatible; Win16; H)"
67.202.2.164 - - [05/Feb/2010:18:03:00 -0800] "GET /robots.txt HTTP/1.1" 302 353 "-" "Mozilla/5.0 (compatible; spbot/1.0; +http://www.seoprofiler.com/bot/ )"
67.202.2.164 - - [05/Feb/2010:18:03:00 -0800] "GET / HTTP/1.1" 200 151 "-" "Mozilla/5.0 (compatible; spbot/1.0; +http://www.seoprofiler.com/bot/ )"
67.202.2.164 - - [05/Feb/2010:18:03:01 -0800] "GET / HTTP/1.1" 200 151 "-" "Mozilla/5.0 (compatible; spbot/1.0; +http://www.seoprofiler.com/bot/ )"
69.46.28.206 - - [05/Feb/2010:19:57:35 -0800] "GET /orb.jpg HTTP/1.0" 302 357 "-" "-"
69.46.28.206 - - [05/Feb/2010:19:57:36 -0800] "GET / HTTP/1.0" 200 151 "-" "-"
208.115.111.245 - - [05/Feb/2010:20:11:36 -0800] "GET /robots.txt HTTP/1.1" 302 353 "-" "Mozilla/5.0 (compatible; DotBot/1.1; http://www.dotnetdotcom.org/, crawler@dotnetdotcom.org)"
208.115.111.245 - - [05/Feb/2010:20:11:37 -0800] "GET / HTTP/1.1" 200 151 "-" "Mozilla/5.0 (compatible; DotBot/1.1; http://www.dotnetdotcom.org/, crawler@dotnetdotcom.org)"
193.47.80.50 - - [05/Feb/2010:21:39:54 -0800] "GET /robots.txt HTTP/1.1" 302 353 "-" "Mozilla/5.0 (compatible; Exabot/3.0; +http://www.exabot.com/go/robot)"
193.47.80.50 - - [05/Feb/2010:21:39:55 -0800] "GET / HTTP/1.1" 200 151 "-" "Mozilla/5.0 (compatible; Exabot/3.0; +http://www.exabot.com/go/robot)"
193.47.80.50 - - [05/Feb/2010:21:39:55 -0800] "GET / HTTP/1.1" 200 151 "-" "Mozilla/5.0 (compatible; Exabot/3.0; +http://www.exabot.com/go/robot)"
123.125.66.109 - - [05/Feb/2010:23:02:28 -0800] "GET /robots.txt HTTP/1.1" 302 353 "-" "Baiduspider+(+http://www.baidu.com/search/spider.htm)"
123.125.66.25 - - [05/Feb/2010:23:02:32 -0800] "GET / HTTP/1.1" 200 151 "-" "Baiduspider+(+http://www.baidu.com/search/spider.htm)"
75.101.214.102 - - [06/Feb/2010:00:00:14 -0800] "GET /robots.txt HTTP/1.1" 302 353 "-" "Mozilla/5.0 (compatible; spbot/1.0; +http://www.seoprofiler.com/bot/ )"
75.101.214.102 - - [06/Feb/2010:00:00:15 -0800] "GET / HTTP/1.1" 200 151 "-" "Mozilla/5.0 (compatible; spbot/1.0; +http://www.seoprofiler.com/bot/ )"
75.101.214.102 - - [06/Feb/2010:00:00:15 -0800] "GET / HTTP/1.1" 200 151 "-" "Mozilla/5.0 (compatible; spbot/1.0; +http://www.seoprofiler.com/bot/ )"
67.202.41.44 - - [06/Feb/2010:00:03:56 -0800] "GET /robots.txt HTTP/1.1" 302 353 "-" "Mozilla/5.0 (compatible; spbot/1.0; +http://www.seoprofiler.com/bot/ )"
67.202.41.44 - - [06/Feb/2010:00:03:57 -0800] "GET / HTTP/1.1" 200 151 "-" "Mozilla/5.0 (compatible; spbot/1.0; +http://www.seoprofiler.com/bot/ )"
67.202.41.44 - - [06/Feb/2010:00:03:57 -0800] "GET / HTTP/1.1" 200 151 "-" "Mozilla/5.0 (compatible; spbot/1.0; +http://www.seoprofiler.com/bot/ )"
216.129.119.12 - - [06/Feb/2010:00:28:19 -0800] "GET /robots.txt HTTP/1.0" 302 357 "-" "Mozilla/5.0 (Twiceler-0.9 http://www.cuil.com/twiceler/robot.html)"
65.55.51.70 - - [06/Feb/2010:00:48:42 -0800] "GET /robots.txt HTTP/1.1" 302 353 "-" "msnbot/2.0b (+http://search.msn.com/msnbot.htm)"
65.55.51.70 - - [06/Feb/2010:00:48:42 -0800] "GET / HTTP/1.1" 200 151 "-" "msnbot/2.0b (+http://search.msn.com/msnbot.htm)"
65.55.51.70 - - [06/Feb/2010:00:49:20 -0800] "GET /index.php/photos/album/1/photo/3.html HTTP/1.1" 200 151 "-" "msnbot/2.0b (+http://search.msn.com/msnbot.htm)"
208.115.111.245 - - [06/Feb/2010:01:11:14 -0800] "GET / HTTP/1.1" 200 151 "-" "Mozilla/5.0 (compatible; DotBot/1.1; http://www.dotnetdotcom.org/, crawler@dotnetdotcom.org)"
74.222.4.218 - - [06/Feb/2010:01:17:55 -0800] "GET /robots.txt HTTP/1.0" 302 353 "http://evilfuckers.org/robots.txt" "Mozilla/4.0 (compatible; MSIE 6.0; Windows NT 5.1; SV1; .NET CLR 2.0.50727)"
74.222.4.218 - - [06/Feb/2010:01:17:55 -0800] "GET / HTTP/1.0" 200 151 "http://evilfuckers.org/" "Mozilla/4.0 (compatible; MSIE 6.0; Windows NT 5.1; SV1; .NET CLR 2.0.50727)"
174.129.127.87 - - [06/Feb/2010:03:59:47 -0800] "GET /robots.txt HTTP/1.1" 302 353 "-" "Mozilla/5.0 (compatible; spbot/1.0; +http://www.seoprofiler.com/bot/ )"
174.129.127.87 - - [06/Feb/2010:03:59:47 -0800] "GET / HTTP/1.1" 200 151 "-" "Mozilla/5.0 (compatible; spbot/1.0; +http://www.seoprofiler.com/bot/ )"
174.129.127.87 - - [06/Feb/2010:03:59:48 -0800] "GET / HTTP/1.1" 200 151 "-" "Mozilla/5.0 (compatible; spbot/1.0; +http://www.seoprofiler.com/bot/ )"
93.158.148.31 - - [06/Feb/2010:04:11:47 -0800] "GET /robots.txt HTTP/1.1" 302 357 "-" "Yandex/1.01.001 (compatible; Win16; I)"
174.129.140.41 - - [06/Feb/2010:04:15:14 -0800] "GET /robots.txt HTTP/1.1" 302 353 "-" "Mozilla/5.0 (compatible; spbot/1.0; +http://www.seoprofiler.com/bot/ )"
174.129.140.41 - - [06/Feb/2010:04:15:14 -0800] "GET / HTTP/1.1" 200 151 "-" "Mozilla/5.0 (compatible; spbot/1.0; +http://www.seoprofiler.com/bot/ )"
174.129.140.41 - - [06/Feb/2010:04:15:15 -0800] "GET / HTTP/1.1" 200 151 "-" "Mozilla/5.0 (compatible; spbot/1.0; +http://www.seoprofiler.com/bot/ )"
208.80.193.28 - - [06/Feb/2010:04:25:12 -0800] "GET / HTTP/1.0" 200 151 "-" "Mozilla/4.0 (compatible; MSIE 6.0; Windows NT 5.1; SV1; FunWebProducts; .NET CLR 1.1.4322; InfoPath.1; FDM)"
65.55.106.107 - - [06/Feb/2010:04:27:44 -0800] "GET /robots.txt HTTP/1.1" 302 353 "-" "msnbot/2.0b (+http://search.msn.com/msnbot.htm)"
65.55.106.107 - - [06/Feb/2010:04:27:45 -0800] "GET / HTTP/1.1" 200 151 "-" "msnbot/2.0b (+http://search.msn.com/msnbot.htm)"
65.55.106.107 - - [06/Feb/2010:04:28:37 -0800] "GET / HTTP/1.1" 200 151 "-" "msnbot/2.0b (+http://search.msn.com/msnbot.htm)"
93.158.148.31 - - [06/Feb/2010:04:44:24 -0800] "GET / HTTP/1.1" 200 151 "-" "Yandex/1.01.001 (compatible; Win16; I)"
75.101.241.159 - - [06/Feb/2010:05:43:09 -0800] "GET /robots.txt HTTP/1.1" 302 353 "-" "Mozilla/5.0 (compatible; spbot/1.0; +http://www.seoprofiler.com/bot/ )"
75.101.241.159 - - [06/Feb/2010:05:43:10 -0800] "GET / HTTP/1.1" 200 151 "-" "Mozilla/5.0 (compatible; spbot/1.0; +http://www.seoprofiler.com/bot/ )"
75.101.241.159 - - [06/Feb/2010:05:43:10 -0800] "GET / HTTP/1.1" 200 151 "-" "Mozilla/5.0 (compatible; spbot/1.0; +http://www.seoprofiler.com/bot/ )"
75.101.234.148 - - [06/Feb/2010:05:58:46 -0800] "GET /robots.txt HTTP/1.1" 302 353 "-" "Mozilla/5.0 (compatible; spbot/1.0; +http://www.seoprofiler.com/bot/ )"
75.101.234.148 - - [06/Feb/2010:05:58:46 -0800] "GET / HTTP/1.1" 200 151 "-" "Mozilla/5.0 (compatible; spbot/1.0; +http://www.seoprofiler.com/bot/ )"
75.101.234.148 - - [06/Feb/2010:05:58:47 -0800] "GET / HTTP/1.1" 200 151 "-" "Mozilla/5.0 (compatible; spbot/1.0; +http://www.seoprofiler.com/bot/ )"
174.129.65.79 - - [06/Feb/2010:06:28:10 -0800] "GET /robots.txt HTTP/1.1" 302 353 "-" "Mozilla/5.0 (compatible; spbot/1.0; +http://www.seoprofiler.com/bot/ )"
174.129.65.79 - - [06/Feb/2010:06:28:10 -0800] "GET / HTTP/1.1" 200 151 "-" "Mozilla/5.0 (compatible; spbot/1.0; +http://www.seoprofiler.com/bot/ )"
174.129.65.79 - - [06/Feb/2010:06:28:10 -0800] "GET / HTTP/1.1" 200 151 "-" "Mozilla/5.0 (compatible; spbot/1.0; +http://www.seoprofiler.com/bot/ )"
216.129.119.12 - - [06/Feb/2010:06:39:36 -0800] "GET /robots.txt HTTP/1.0" 302 353 "-" "Mozilla/5.0 (Twiceler-0.9 http://www.cuil.com/twiceler/robot.html)"
204.236.211.119 - - [06/Feb/2010:06:42:05 -0800] "GET /robots.txt HTTP/1.1" 302 353 "-" "Mozilla/5.0 (compatible; spbot/1.0; +http://www.seoprofiler.com/bot/ )"
204.236.211.119 - - [06/Feb/2010:06:42:05 -0800] "GET / HTTP/1.1" 200 151 "-" "Mozilla/5.0 (compatible; spbot/1.0; +http://www.seoprofiler.com/bot/ )"
204.236.211.119 - - [06/Feb/2010:06:42:09 -0800] "GET / HTTP/1.1" 200 151 "-" "Mozilla/5.0 (compatible; spbot/1.0; +http://www.seoprofiler.com/bot/ )"
75.101.168.14 - - [06/Feb/2010:09:05:25 -0800] "GET /robots.txt HTTP/1.1" 302 353 "-" "Mozilla/5.0 (compatible; spbot/1.0; +http://www.seoprofiler.com/bot/ )"
75.101.168.14 - - [06/Feb/2010:09:05:25 -0800] "GET / HTTP/1.1" 200 151 "-" "Mozilla/5.0 (compatible; spbot/1.0; +http://www.seoprofiler.com/bot/ )"
75.101.168.14 - - [06/Feb/2010:09:05:26 -0800] "GET / HTTP/1.1" 200 151 "-" "Mozilla/5.0 (compatible; spbot/1.0; +http://www.seoprofiler.com/bot/ )"
208.80.193.29 - - [06/Feb/2010:10:23:46 -0800] "GET / HTTP/1.0" 200 151 "-" "Mozilla/4.0 (compatible; MSIE 6.0; America Online Browser 1.1; Windows NT 5.1; {5BB8FCAF-1663-4613-9526-3CBA200A3E79}; SV1; .NET CLR 1.1.4322)"
174.129.163.50 - - [06/Feb/2010:11:07:28 -0800] "GET /robots.txt HTTP/1.1" 302 353 "-" "Mozilla/5.0 (compatible; spbot/1.0; +http://www.seoprofiler.com/bot/ )"
174.129.163.50 - - [06/Feb/2010:11:07:29 -0800] "GET / HTTP/1.1" 200 151 "-" "Mozilla/5.0 (compatible; spbot/1.0; +http://www.seoprofiler.com/bot/ )"
174.129.163.50 - - [06/Feb/2010:11:07:29 -0800] "GET / HTTP/1.1" 200 151 "-" "Mozilla/5.0 (compatible; spbot/1.0; +http://www.seoprofiler.com/bot/ )"
67.202.42.161 - - [06/Feb/2010:11:45:47 -0800] "GET /robots.txt HTTP/1.1" 302 353 "-" "Mozilla/5.0 (compatible; spbot/1.0; +http://www.seoprofiler.com/bot/ )"
67.202.42.161 - - [06/Feb/2010:11:45:47 -0800] "GET / HTTP/1.1" 200 151 "-" "Mozilla/5.0 (compatible; spbot/1.0; +http://www.seoprofiler.com/bot/ )"
67.202.42.161 - - [06/Feb/2010:11:45:48 -0800] "GET / HTTP/1.1" 200 151 "-" "Mozilla/5.0 (compatible; spbot/1.0; +http://www.seoprofiler.com/bot/ )"
72.44.57.92 - - [06/Feb/2010:12:28:39 -0800] "GET /robots.txt HTTP/1.1" 302 353 "-" "Mozilla/5.0 (compatible; spbot/1.0; +http://www.seoprofiler.com/bot/ )"
72.44.57.92 - - [06/Feb/2010:12:28:40 -0800] "GET / HTTP/1.1" 200 151 "-" "Mozilla/5.0 (compatible; spbot/1.0; +http://www.seoprofiler.com/bot/ )"
72.44.57.92 - - [06/Feb/2010:12:28:40 -0800] "GET / HTTP/1.1" 200 151 "-" "Mozilla/5.0 (compatible; spbot/1.0; +http://www.seoprofiler.com/bot/ )"
204.236.242.36 - - [06/Feb/2010:14:10:00 -0800] "GET /robots.txt HTTP/1.1" 302 353 "-" "Mozilla/5.0 (compatible; spbot/1.0; +http://www.seoprofiler.com/bot/ )"
204.236.242.36 - - [06/Feb/2010:14:10:00 -0800] "GET / HTTP/1.1" 200 151 "-" "Mozilla/5.0 (compatible; spbot/1.0; +http://www.seoprofiler.com/bot/ )"
204.236.242.36 - - [06/Feb/2010:14:10:02 -0800] "GET / HTTP/1.1" 200 151 "-" "Mozilla/5.0 (compatible; spbot/1.0; +http://www.seoprofiler.com/bot/ )"
75.101.254.111 - - [06/Feb/2010:19:35:16 -0800] "GET /robots.txt HTTP/1.1" 302 353 "-" "Mozilla/5.0 (compatible; spbot/1.0; +http://www.seoprofiler.com/bot/ )"
75.101.254.111 - - [06/Feb/2010:19:35:16 -0800] "GET / HTTP/1.1" 200 151 "-" "Mozilla/5.0 (compatible; spbot/1.0; +http://www.seoprofiler.com/bot/ )"
75.101.254.111 - - [06/Feb/2010:19:35:17 -0800] "GET / HTTP/1.1" 200 151 "-" "Mozilla/5.0 (compatible; spbot/1.0; +http://www.seoprofiler.com/bot/ )"
123.125.66.52 - - [06/Feb/2010:23:00:47 -0800] "GET /robots.txt HTTP/1.1" 302 353 "-" "Baiduspider+(+http://www.baidu.com/search/spider.htm)"
123.125.66.111 - - [06/Feb/2010:23:00:48 -0800] "GET / HTTP/1.1" 200 151 "-" "Baiduspider+(+http://www.baidu.com/search/spider.htm)"
123.150.187.133 - - [06/Feb/2010:23:10:50 -0800] "GET / HTTP/1.1" 200 151 "-" "Mozilla/4.0 (compatible; MSIE 6.0; Windows NT 5.1; SV1; QQDownload 1.7; TencentTraveler 4.0; CIBA; InfoPath.2; .NET CLR 2.0.50727"
216.129.119.12 - - [06/Feb/2010:23:53:36 -0800] "GET /robots.txt HTTP/1.0" 302 357 "-" "Mozilla/5.0 (Twiceler-0.9 http://www.cuil.com/twiceler/robot.html)"
216.129.119.12 - - [07/Feb/2010:06:01:19 -0800] "GET /robots.txt HTTP/1.0" 302 353 "-" "Mozilla/5.0 (Twiceler-0.9 http://www.cuil.com/twiceler/robot.html)"
75.101.241.159 - - [07/Feb/2010:08:29:25 -0800] "GET /robots.txt HTTP/1.1" 302 353 "-" "Mozilla/5.0 (compatible; spbot/1.0; +http://www.seoprofiler.com/bot/ )"
75.101.241.159 - - [07/Feb/2010:08:29:25 -0800] "GET / HTTP/1.1" 200 151 "-" "Mozilla/5.0 (compatible; spbot/1.0; +http://www.seoprofiler.com/bot/ )"
75.101.241.159 - - [07/Feb/2010:08:29:26 -0800] "GET / HTTP/1.1" 200 151 "-" "Mozilla/5.0 (compatible; spbot/1.0; +http://www.seoprofiler.com/bot/ )"
72.44.56.37 - - [07/Feb/2010:10:02:18 -0800] "GET /robots.txt HTTP/1.1" 302 353 "-" "Mozilla/5.0 (compatible; spbot/1.0; +http://www.seoprofiler.com/bot/ )"
72.44.56.37 - - [07/Feb/2010:10:02:18 -0800] "GET / HTTP/1.1" 200 151 "-" "Mozilla/5.0 (compatible; spbot/1.0; +http://www.seoprofiler.com/bot/ )"
72.44.56.37 - - [07/Feb/2010:10:02:19 -0800] "GET / HTTP/1.1" 200 151 "-" "Mozilla/5.0 (compatible; spbot/1.0; +http://www.seoprofiler.com/bot/ )"
72.44.54.185 - - [07/Feb/2010:11:12:32 -0800] "GET /robots.txt HTTP/1.1" 302 353 "-" "Mozilla/5.0 (compatible; spbot/1.0; +http://www.seoprofiler.com/bot/ )"
72.44.54.185 - - [07/Feb/2010:11:12:32 -0800] "GET / HTTP/1.1" 200 151 "-" "Mozilla/5.0 (compatible; spbot/1.0; +http://www.seoprofiler.com/bot/ )"
72.44.54.185 - - [07/Feb/2010:11:12:33 -0800] "GET / HTTP/1.1" 200 151 "-" "Mozilla/5.0 (compatible; spbot/1.0; +http://www.seoprofiler.com/bot/ )"
173.160.113.28 - - [07/Feb/2010:12:30:46 -0800] "GET / HTTP/1.0" 200 151 "-" "Mozilla/5.0 (Windows; U; Windows NT 5.1; en-US; rv:1.8.1.9) Gecko/20071025 Firefox/2.0.0.9"
173.160.113.28 - - [07/Feb/2010:12:30:48 -0800] "GET / HTTP/1.1" 200 151 "-" "Mozilla/5.0 (Windows; U; Windows NT 5.1; en-US; rv:1.8.1.9) Gecko/20071025 Firefox/2.0.0.9"
72.44.57.92 - - [07/Feb/2010:13:38:33 -0800] "GET /robots.txt HTTP/1.1" 302 353 "-" "Mozilla/5.0 (compatible; spbot/1.0; +http://www.seoprofiler.com/bot/ )"
72.44.57.92 - - [07/Feb/2010:13:38:34 -0800] "GET / HTTP/1.1" 200 151 "-" "Mozilla/5.0 (compatible; spbot/1.0; +http://www.seoprofiler.com/bot/ )"
72.44.57.92 - - [07/Feb/2010:13:38:34 -0800] "GET / HTTP/1.1" 200 151 "-" "Mozilla/5.0 (compatible; spbot/1.0; +http://www.seoprofiler.com/bot/ )"
65.55.106.180 - - [07/Feb/2010:16:08:24 -0800] "GET /robots.txt HTTP/1.1" 302 353 "-" "msnbot/2.0b (+http://search.msn.com/msnbot.htm)"
65.55.106.180 - - [07/Feb/2010:16:08:25 -0800] "GET / HTTP/1.1" 200 151 "-" "msnbot/2.0b (+http://search.msn.com/msnbot.htm)"
65.55.106.180 - - [07/Feb/2010:16:10:21 -0800] "GET /?C=N;O=D HTTP/1.1" 200 151 "-" "msnbot/2.0b (+http://search.msn.com/msnbot.htm)"
95.108.150.235 - - [07/Feb/2010:16:28:15 -0800] "GET /robots.txt HTTP/1.1" 302 353 "-" "Yandex/1.01.001 (compatible; Win16; H)"
95.108.150.235 - - [07/Feb/2010:16:28:16 -0800] "GET /robots.txt HTTP/1.1" 302 357 "-" "Yandex/1.01.001 (compatible; Win16; H)"
95.108.150.235 - - [07/Feb/2010:16:28:17 -0800] "GET / HTTP/1.1" 200 151 "-" "Yandex/1.01.001 (compatible; Win16; H)"
95.108.150.235 - - [07/Feb/2010:16:28:18 -0800] "GET / HTTP/1.1" 200 151 "-" "Yandex/1.01.001 (compatible; Win16; H)"
95.108.150.235 - - [07/Feb/2010:16:28:19 -0800] "GET / HTTP/1.1" 200 151 "-" "Yandex/1.01.001 (compatible; Win16; H)"
95.108.150.235 - - [07/Feb/2010:16:28:20 -0800] "GET / HTTP/1.1" 200 151 "-" "Yandex/1.01.001 (compatible; Win16; H)"
208.80.193.41 - - [07/Feb/2010:17:30:58 -0800] "GET / HTTP/1.0" 200 151 "-" "Mozilla/4.0 (compatible; MSIE 7.0; Windows NT 5.1; EmbeddedWB 14,52 from: http://www.bsalsa.com/ EmbeddedWB 14,52)"
65.55.216.32 - - [07/Feb/2010:17:33:49 -0800] "GET /robots.txt HTTP/1.1" 302 353 "-" "msnbot/2.0b (+http://search.msn.com/msnbot.htm)"
65.55.216.32 - - [07/Feb/2010:17:33:50 -0800] "GET / HTTP/1.1" 200 151 "-" "msnbot/2.0b (+http://search.msn.com/msnbot.htm)"
65.55.216.32 - - [07/Feb/2010:17:34:31 -0800] "GET /?C=N;O=D HTTP/1.1" 200 151 "-" "msnbot/2.0b (+http://search.msn.com/msnbot.htm)"
208.80.193.35 - - [07/Feb/2010:23:22:08 -0800] "GET / HTTP/1.0" 200 151 "-" "Mozilla/4.0 (compatible; MSIE 6.0; Windows NT 5.1; {991385D0-2DA1-D771-FB8E-8DC8812E25BC}; (R1 1.5))"
174.129.93.123 - - [07/Feb/2010:23:24:22 -0800] "GET /robots.txt HTTP/1.1" 302 353 "-" "Mozilla/5.0 (compatible; spbot/1.0; +http://www.seoprofiler.com/bot/ )"
174.129.93.123 - - [07/Feb/2010:23:24:23 -0800] "GET / HTTP/1.1" 200 151 "-" "Mozilla/5.0 (compatible; spbot/1.0; +http://www.seoprofiler.com/bot/ )"
174.129.93.123 - - [07/Feb/2010:23:24:23 -0800] "GET / HTTP/1.1" 200 151 "-" "Mozilla/5.0 (compatible; spbot/1.0; +http://www.seoprofiler.com/bot/ )"
123.125.66.18 - - [07/Feb/2010:23:58:36 -0800] "GET /robots.txt HTTP/1.1" 302 353 "-" "Baiduspider+(+http://www.baidu.com/search/spider.htm)"
123.125.66.112 - - [07/Feb/2010:23:58:36 -0800] "GET / HTTP/1.1" 200 151 "-" "Baiduspider+(+http://www.baidu.com/search/spider.htm)"
216.129.119.12 - - [08/Feb/2010:00:01:59 -0800] "GET /robots.txt HTTP/1.0" 302 357 "-" "Mozilla/5.0 (Twiceler-0.9 http://www.cuil.com/twiceler/robot.html)"
70.36.103.42 - - [08/Feb/2010:00:56:51 -0800] "GET /robots.txt HTTP/1.0" 302 353 "http://evilfuckers.org/robots.txt" "Mozilla/4.0 (compatible; MSIE 6.0; Windows NT 5.1; SV1; .NET CLR 2.0.50727)"
70.36.103.42 - - [08/Feb/2010:00:56:51 -0800] "GET / HTTP/1.0" 200 151 "http://evilfuckers.org/" "Mozilla/4.0 (compatible; MSIE 6.0; Windows NT 5.1; SV1; .NET CLR 2.0.50727)"
65.55.207.45 - - [08/Feb/2010:04:43:33 -0800] "GET /robots.txt HTTP/1.1" 302 353 "-" "msnbot/2.0b (+http://search.msn.com/msnbot.htm)"
65.55.207.45 - - [08/Feb/2010:04:43:33 -0800] "GET / HTTP/1.1" 200 151 "-" "msnbot/2.0b (+http://search.msn.com/msnbot.htm)"
65.55.207.45 - - [08/Feb/2010:04:44:29 -0800] "GET / HTTP/1.1" 200 151 "-" "msnbot/2.0b (+http://search.msn.com/msnbot.htm)"
216.129.119.12 - - [08/Feb/2010:06:10:11 -0800] "GET /robots.txt HTTP/1.0" 302 353 "-" "Mozilla/5.0 (Twiceler-0.9 http://www.cuil.com/twiceler/robot.html)"
65.55.115.151 - - [08/Feb/2010:13:08:48 -0800] "GET /robots.txt HTTP/1.1" 302 353 "-" "msnbot/2.0b (+http://search.msn.com/msnbot.htm)"
65.55.115.151 - - [08/Feb/2010:13:08:48 -0800] "GET / HTTP/1.1" 200 151 "-" "msnbot/2.0b (+http://search.msn.com/msnbot.htm)"
65.55.115.151 - - [08/Feb/2010:13:09:41 -0800] "GET /index.php/photos/album/1/photo/3.html HTTP/1.1" 200 151 "-" "msnbot/2.0b (+http://search.msn.com/msnbot.htm)"
67.202.34.132 - - [08/Feb/2010:13:49:58 -0800] "GET /robots.txt HTTP/1.1" 302 353 "-" "Mozilla/5.0 (compatible; spbot/1.0; +http://www.seoprofiler.com/bot/ )"
67.202.34.132 - - [08/Feb/2010:13:49:59 -0800] "GET / HTTP/1.1" 200 151 "-" "Mozilla/5.0 (compatible; spbot/1.0; +http://www.seoprofiler.com/bot/ )"
67.202.34.132 - - [08/Feb/2010:13:49:59 -0800] "GET / HTTP/1.1" 200 151 "-" "Mozilla/5.0 (compatible; spbot/1.0; +http://www.seoprofiler.com/bot/ )"
174.129.171.75 - - [08/Feb/2010:15:41:11 -0800] "GET /robots.txt HTTP/1.1" 302 353 "-" "Mozilla/5.0 (compatible; spbot/1.0; +http://www.seoprofiler.com/bot/ )"
174.129.171.75 - - [08/Feb/2010:15:41:11 -0800] "GET / HTTP/1.1" 200 151 "-" "Mozilla/5.0 (compatible; spbot/1.0; +http://www.seoprofiler.com/bot/ )"
174.129.171.75 - - [08/Feb/2010:15:41:12 -0800] "GET / HTTP/1.1" 200 151 "-" "Mozilla/5.0 (compatible; spbot/1.0; +http://www.seoprofiler.com/bot/ )"
75.101.197.161 - - [08/Feb/2010:16:00:59 -0800] "GET /robots.txt HTTP/1.1" 302 353 "-" "Mozilla/5.0 (compatible; spbot/1.0; +http://www.seoprofiler.com/bot/ )"
75.101.197.161 - - [08/Feb/2010:16:01:00 -0800] "GET / HTTP/1.1" 200 151 "-" "Mozilla/5.0 (compatible; spbot/1.0; +http://www.seoprofiler.com/bot/ )"
75.101.197.161 - - [08/Feb/2010:16:01:01 -0800] "GET / HTTP/1.1" 200 151 "-" "Mozilla/5.0 (compatible; spbot/1.0; +http://www.seoprofiler.com/bot/ )"
174.129.191.9 - - [08/Feb/2010:17:22:07 -0800] "GET /robots.txt HTTP/1.1" 302 353 "-" "Mozilla/5.0 (compatible; spbot/1.0; +http://www.seoprofiler.com/bot/ )"
174.129.191.9 - - [08/Feb/2010:17:22:07 -0800] "GET / HTTP/1.1" 200 151 "-" "Mozilla/5.0 (compatible; spbot/1.0; +http://www.seoprofiler.com/bot/ )"
174.129.191.9 - - [08/Feb/2010:17:22:08 -0800] "GET / HTTP/1.1" 200 151 "-" "Mozilla/5.0 (compatible; spbot/1.0; +http://www.seoprofiler.com/bot/ )"
38.107.191.115 - - [08/Feb/2010:18:06:34 -0800] "GET /robots.txt HTTP/1.1" 302 353 "-" "CCBot/1.0 (+http://www.commoncrawl.org/bot.html)"
38.107.191.115 - - [08/Feb/2010:18:06:34 -0800] "GET / HTTP/1.1" 200 151 "-" "CCBot/1.0 (+http://www.commoncrawl.org/bot.html)"
38.107.191.116 - - [08/Feb/2010:18:06:34 -0800] "GET / HTTP/1.1" 200 151 "-" "CCBot/1.0 (+http://www.commoncrawl.org/bot.html)"
66.219.58.34 - - [08/Feb/2010:19:15:08 -0800] "GET /robots.txt HTTP/1.1" 302 353 "-" "MLBot (www.metadatalabs.com/mlbot)"
66.219.58.34 - - [08/Feb/2010:19:15:08 -0800] "GET / HTTP/1.1" 200 151 "-" "MLBot (www.metadatalabs.com/mlbot)"
66.219.58.34 - - [08/Feb/2010:19:15:08 -0800] "GET / HTTP/1.1" 200 151 "-" "MLBot (www.metadatalabs.com/mlbot)"
67.195.111.235 - - [08/Feb/2010:21:12:42 -0800] "GET /robots.txt HTTP/1.0" 302 353 "-" "Mozilla/5.0 (compatible; Yahoo! Slurp; http://help.yahoo.com/help/us/ysearch/slurp)"
67.195.111.235 - - [08/Feb/2010:21:12:43 -0800] "GET / HTTP/1.0" 200 151 "-" "Mozilla/5.0 (compatible; Yahoo! Slurp; http://help.yahoo.com/help/us/ysearch/slurp)"
67.195.111.235 - - [08/Feb/2010:21:12:43 -0800] "GET / HTTP/1.0" 200 151 "-" "Mozilla/5.0 (compatible; Yahoo! Slurp/3.0; http://help.yahoo.com/help/us/ysearch/slurp)"
65.55.207.140 - - [08/Feb/2010:23:05:46 -0800] "GET /robots.txt HTTP/1.1" 302 353 "-" "msnbot/2.0b (+http://search.msn.com/msnbot.htm)"
65.55.207.140 - - [08/Feb/2010:23:05:46 -0800] "GET / HTTP/1.1" 200 151 "-" "msnbot/2.0b (+http://search.msn.com/msnbot.htm)"
123.150.187.133 - - [08/Feb/2010:23:06:23 -0800] "GET / HTTP/1.1" 200 151 "-" "Mozilla/4.0 (compatible; MSIE 6.0; Windows NT 5.1; SV1; QQDownload 1.7; TencentTraveler 4.0; CIBA; InfoPath.2; .NET CLR 2.0.50727"
65.55.207.140 - - [08/Feb/2010:23:06:33 -0800] "GET /index.php/photos/album/1/photo/1.html HTTP/1.1" 200 151 "-" "msnbot/2.0b (+http://search.msn.com/msnbot.htm)"
66.249.71.171 - - [08/Feb/2010:23:11:29 -0800] "GET /robots.txt HTTP/1.1" 302 353 "-" "Mozilla/5.0 (compatible; Googlebot/2.1; +http://www.google.com/bot.html)"
66.249.71.171 - - [08/Feb/2010:23:11:29 -0800] "GET / HTTP/1.1" 200 151 "-" "Mozilla/5.0 (compatible; Googlebot/2.1; +http://www.google.com/bot.html)"
66.249.71.171 - - [08/Feb/2010:23:11:29 -0800] "GET / HTTP/1.1" 200 151 "-" "Mozilla/5.0 (compatible; Googlebot/2.1; +http://www.google.com/bot.html)"
123.125.66.106 - - [08/Feb/2010:23:15:08 -0800] "GET /robots.txt HTTP/1.1" 302 353 "-" "Baiduspider+(+http://www.baidu.com/search/spider.htm)"
