123.125.66.29 - - [08/Feb/2010:23:15:09 -0800] "GET / HTTP/1.1" 200 151 "-" "Baiduspider+(+http://www.baidu.com/search/spider.htm)"
38.100.41.105 - - [09/Feb/2010:02:31:29 -0800] "GET / HTTP/1.1" 200 151 "-" "Mozilla/4.0 (compatible; MSIE 7.0; Windows NT 5.2)"
75.125.229.138 - - [09/Feb/2010:02:52:51 -0800] "GET / HTTP/1.1" 200 151 "-" "Mozilla/4.0 (compatible; MSIE 6.0; Windows NT 5.0; .NET CLR 1.0.3705)"
208.80.193.38 - - [09/Feb/2010:06:41:31 -0800] "GET / HTTP/1.0" 200 151 "-" "Mozilla/4.0 (compatible; MSIE 6.0; AOL 9.0; Windows NT 5.1; SV1; .NET CLR 1.0.3705; .NET CLR 1.1.4322; Media Center PC 4.0; .NET CLR 2.0.50727; Creative ZENcast v1.02.08)"
216.129.119.12 - - [09/Feb/2010:06:55:12 -0800] "GET /robots.txt HTTP/1.0" 302 353 "-" "Mozilla/5.0 (Twiceler-0.9 http://www.cuil.com/twiceler/robot.html)"
208.80.193.34 - - [09/Feb/2010:12:43:06 -0800] "GET / HTTP/1.0" 200 151 "-" "Mozilla/4.0 (compatible; MSIE 7.0; Windows NT 6.0; Arcor 5.006; SLCC1; .NET CLR 2.0.50727; Media Center PC 5.0; .NET CLR 3.0.04506)"
75.101.204.87 - - [09/Feb/2010:13:37:53 -0800] "GET /robots.txt HTTP/1.1" 302 353 "-" "Mozilla/5.0 (compatible; spbot/1.0; +http://www.seoprofiler.com/bot/ )"
75.101.204.87 - - [09/Feb/2010:13:37:53 -0800] "GET / HTTP/1.1" 200 151 "-" "Mozilla/5.0 (compatible; spbot/1.0; +http://www.seoprofiler.com/bot/ )"
75.101.204.87 - - [09/Feb/2010:13:37:53 -0800] "GET / HTTP/1.1" 200 151 "-" "Mozilla/5.0 (compatible; spbot/1.0; +http://www.seoprofiler.com/bot/ )"
75.101.241.159 - - [09/Feb/2010:13:40:45 -0800] "GET /robots.txt HTTP/1.1" 302 353 "-" "Mozilla/5.0 (compatible; spbot/1.0; +http://www.seoprofiler.com/bot/ )"
75.101.241.159 - - [09/Feb/2010:13:40:45 -0800] "GET / HTTP/1.1" 200 151 "-" "Mozilla/5.0 (compatible; spbot/1.0; +http://www.seoprofiler.com/bot/ )"
75.101.241.159 - - [09/Feb/2010:13:40:46 -0800] "GET / HTTP/1.1" 200 151 "-" "Mozilla/5.0 (compatible; spbot/1.0; +http://www.seoprofiler.com/bot/ )"
75.101.172.174 - - [09/Feb/2010:14:13:08 -0800] "GET /robots.txt HTTP/1.1" 302 353 "-" "Mozilla/5.0 (compatible; spbot/1.0; +http://www.seoprofiler.com/bot/ )"
75.101.172.174 - - [09/Feb/2010:14:13:08 -0800] "GET / HTTP/1.1" 200 151 "-" "Mozilla/5.0 (compatible; spbot/1.0; +http://www.seoprofiler.com/bot/ )"
75.101.172.174 - - [09/Feb/2010:14:13:09 -0800] "GET / HTTP/1.1" 200 151 "-" "Mozilla/5.0 (compatible; spbot/1.0; +http://www.seoprofiler.com/bot/ )"
95.108.150.235 - - [09/Feb/2010:16:39:25 -0800] "GET /robots.txt HTTP/1.1" 302 353 "-" "Yandex/1.01.001 (compatible; Win16; H)"
95.108.150.235 - - [09/Feb/2010:16:39:26 -0800] "GET /robots.txt HTTP/1.1" 302 357 "-" "Yandex/1.01.001 (compatible; Win16; H)"
95.108.150.235 - - [09/Feb/2010:16:39:28 -0800] "GET / HTTP/1.1" 200 151 "-" "Yandex/1.01.001 (compatible; Win16; H)"
95.108.150.235 - - [09/Feb/2010:16:39:29 -0800] "GET / HTTP/1.1" 200 151 "-" "Yandex/1.01.001 (compatible; Win16; H)"
95.108.150.235 - - [09/Feb/2010:16:39:30 -0800] "GET / HTTP/1.1" 200 151 "-" "Yandex/1.01.001 (compatible; Win16; H)"
95.108.150.235 - - [09/Feb/2010:16:39:34 -0800] "GET / HTTP/1.1" 200 151 "-" "Yandex/1.01.001 (compatible; Win16; H)"
69.46.28.206 - - [09/Feb/2010:19:32:06 -0800] "GET /orb.jpg HTTP/1.0" 302 357 "-" "-"
69.46.28.206 - - [09/Feb/2010:19:32:07 -0800] "GET / HTTP/1.0" 200 151 "-" "-"
123.125.66.110 - - [09/Feb/2010:23:34:08 -0800] "GET /robots.txt HTTP/1.1" 302 353 "-" "Baiduspider+(+http://www.baidu.com/search/spider.htm)"
123.125.66.27 - - [09/Feb/2010:23:34:09 -0800] "GET / HTTP/1.1" 200 151 "-" "Baiduspider+(+http://www.baidu.com/search/spider.htm)"
216.129.119.12 - - [10/Feb/2010:00:04:26 -0800] "GET /robots.txt HTTP/1.0" 302 357 "-" "Mozilla/5.0 (Twiceler-0.9 http://www.cuil.com/twiceler/robot.html)"
64.56.66.210 - - [10/Feb/2010:00:13:59 -0800] "GET /robots.txt HTTP/1.0" 302 353 "http://evilfuckers.org/robots.txt" "Mozilla/4.0 (compatible; MSIE 6.0; Windows NT 5.1; SV1; .NET CLR 2.0.50727)"
64.56.66.210 - - [10/Feb/2010:00:14:00 -0800] "GET / HTTP/1.0" 200 151 "http://evilfuckers.org/" "Mozilla/4.0 (compatible; MSIE 6.0; Windows NT 5.1; SV1; .NET CLR 2.0.50727)"
69.46.28.206 - - [10/Feb/2010:00:28:19 -0800] "GET /orb.jpg HTTP/1.0" 302 357 "-" "-"
69.46.28.206 - - [10/Feb/2010:00:28:20 -0800] "GET / HTTP/1.0" 200 151 "-" "-"
96.30.32.12 - - [10/Feb/2010:03:46:50 -0800] "GET /robots.txt HTTP/1.1" 302 353 "-" "Mozilla/4.0 (compatible; MSIE 7.0; Windows NT 5.1)"
96.30.32.12 - - [10/Feb/2010:03:46:50 -0800] "GET / HTTP/1.1" 200 151 "-" "Mozilla/4.0 (compatible; MSIE 7.0; Windows NT 5.1; .NET CLR 1.1.4322; .NET CLR 2.0.50727; .NET CLR 3.0.04506.30)"
96.30.32.12 - - [10/Feb/2010:03:46:51 -0800] "GET /sitemap.xml HTTP/1.1" 302 353 "-" "Mozilla/4.0 (compatible; MSIE 7.0; Windows NT 5.1)"
75.101.172.174 - - [10/Feb/2010:04:31:10 -0800] "GET /robots.txt HTTP/1.1" 302 353 "-" "Mozilla/5.0 (compatible; spbot/1.0; +http://www.seoprofiler.com/bot/ )"
75.101.172.174 - - [10/Feb/2010:04:31:11 -0800] "GET / HTTP/1.1" 200 151 "-" "Mozilla/5.0 (compatible; spbot/1.0; +http://www.seoprofiler.com/bot/ )"
75.101.172.174 - - [10/Feb/2010:04:31:11 -0800] "GET / HTTP/1.1" 200 151 "-" "Mozilla/5.0 (compatible; spbot/1.0; +http://www.seoprofiler.com/bot/ )"
65.55.207.25 - - [10/Feb/2010:05:23:30 -0800] "GET /robots.txt HTTP/1.1" 302 353 "-" "msnbot/2.0b (+http://search.msn.com/msnbot.htm)"
65.55.207.25 - - [10/Feb/2010:05:23:30 -0800] "GET / HTTP/1.1" 200 151 "-" "msnbot/2.0b (+http://search.msn.com/msnbot.htm)"
65.55.207.25 - - [10/Feb/2010:05:24:25 -0800] "GET / HTTP/1.1" 200 151 "-" "msnbot/2.0b (+http://search.msn.com/msnbot.htm)"
216.129.119.12 - - [10/Feb/2010:06:30:58 -0800] "GET /robots.txt HTTP/1.0" 302 353 "-" "Mozilla/5.0 (Twiceler-0.9 http://www.cuil.com/twiceler/robot.html)"
174.129.103.67 - - [10/Feb/2010:11:55:04 -0800] "GET /robots.txt HTTP/1.1" 302 353 "-" "Mozilla/5.0 (compatible; spbot/1.1; +http://www.seoprofiler.com/bot/ )"
174.129.103.67 - - [10/Feb/2010:11:55:04 -0800] "GET / HTTP/1.1" 200 151 "-" "Mozilla/5.0 (compatible; spbot/1.1; +http://www.seoprofiler.com/bot/ )"
174.129.103.67 - - [10/Feb/2010:11:55:05 -0800] "GET / HTTP/1.1" 200 151 "-" "Mozilla/5.0 (compatible; spbot/1.1; +http://www.seoprofiler.com/bot/ )"
95.108.142.138 - - [10/Feb/2010:20:05:59 -0800] "GET /robots.txt HTTP/1.1" 302 357 "-" "Yandex/1.01.001 (compatible; Win16; H)"
95.108.142.138 - - [10/Feb/2010:20:06:00 -0800] "GET / HTTP/1.1" 200 151 "-" "Yandex/1.01.001 (compatible; Win16; H)"
95.108.142.138 - - [10/Feb/2010:20:06:10 -0800] "GET / HTTP/1.1" 200 151 "-" "Yandex/1.01.001 (compatible; Win16; H)"
208.80.193.42 - - [10/Feb/2010:20:09:16 -0800] "GET / HTTP/1.0" 200 151 "-" "Mozilla/4.0 (compatible; MSIE 6.0; Qihoo 0.9.6)"
174.129.93.177 - - [10/Feb/2010:20:45:17 -0800] "GET /robots.txt HTTP/1.1" 302 353 "-" "Mozilla/5.0 (compatible; spbot/1.1; +http://www.seoprofiler.com/bot/ )"
174.129.93.177 - - [10/Feb/2010:20:45:17 -0800] "GET / HTTP/1.1" 200 151 "-" "Mozilla/5.0 (compatible; spbot/1.1; +http://www.seoprofiler.com/bot/ )"
174.129.93.177 - - [10/Feb/2010:20:45:18 -0800] "GET / HTTP/1.1" 200 151 "-" "Mozilla/5.0 (compatible; spbot/1.1; +http://www.seoprofiler.com/bot/ )"
123.125.66.39 - - [10/Feb/2010:23:46:43 -0800] "GET /robots.txt HTTP/1.1" 302 353 "-" "Baiduspider+(+http://www.baidu.com/search/spider.htm)"
123.125.66.22 - - [10/Feb/2010:23:46:47 -0800] "GET / HTTP/1.1" 200 151 "-" "Baiduspider+(+http://www.baidu.com/search/spider.htm)"
216.129.119.12 - - [11/Feb/2010:00:02:53 -0800] "GET /robots.txt HTTP/1.1" 302 357 "-" "Mozilla/5.0 (Twiceler-0.9 http://www.cuil.com/twiceler/robot.html)"
69.84.207.147 - - [11/Feb/2010:01:30:50 -0800] "GET / HTTP/1.1" 206 151 "-" "Mozilla/4.0 (compatible; MSIE 7.0;Windows NT 5.1;.NET CLR 1.1.4322;.NET CLR 2.0.50727;.NET CLR 3.0.04506.30)"
69.84.207.147 - - [11/Feb/2010:01:30:51 -0800] "GET / HTTP/1.1" 206 151 "-" "Mozilla/4.0 (compatible; MSIE 7.0;Windows NT 5.1;.NET CLR 1.1.4322;.NET CLR 2.0.50727;.NET CLR 3.0.04506.30)"
208.80.193.35 - - [11/Feb/2010:02:03:09 -0800] "GET / HTTP/1.0" 200 151 "-" "Mozilla/4.0 (compatible; MSIE 6.0; Windows NT 5.1; SV1; .NET CLR 1.0.3705; .NET CLR 1.1.4322; Media Center PC 4.0; .NET CLR 2.0.50727; HbTools 4.8.2)"
174.129.59.49 - - [11/Feb/2010:02:09:24 -0800] "GET /robots.txt HTTP/1.1" 302 353 "-" "Mozilla/5.0 (compatible; spbot/1.1; +http://www.seoprofiler.com/bot/ )"
174.129.59.49 - - [11/Feb/2010:02:09:24 -0800] "GET / HTTP/1.1" 200 151 "-" "Mozilla/5.0 (compatible; spbot/1.1; +http://www.seoprofiler.com/bot/ )"
174.129.59.49 - - [11/Feb/2010:02:09:25 -0800] "GET / HTTP/1.1" 200 151 "-" "Mozilla/5.0 (compatible; spbot/1.1; +http://www.seoprofiler.com/bot/ )"
174.129.93.123 - - [11/Feb/2010:02:28:01 -0800] "GET /robots.txt HTTP/1.1" 302 353 "-" "Mozilla/5.0 (compatible; spbot/1.1; +http://www.seoprofiler.com/bot/ )"
174.129.93.123 - - [11/Feb/2010:02:28:02 -0800] "GET / HTTP/1.1" 200 151 "-" "Mozilla/5.0 (compatible; spbot/1.1; +http://www.seoprofiler.com/bot/ )"
174.129.93.123 - - [11/Feb/2010:02:28:02 -0800] "GET / HTTP/1.1" 200 151 "-" "Mozilla/5.0 (compatible; spbot/1.1; +http://www.seoprofiler.com/bot/ )"
219.143.225.3 - - [11/Feb/2010:05:20:50 -0800] "HEAD / HTTP/1.0" 200 - "-" "Mozilla/4.0(compatible;MSIE 5.00;Windows 98)"
174.129.106.64 - - [11/Feb/2010:06:25:15 -0800] "GET /robots.txt HTTP/1.1" 302 353 "-" "Mozilla/5.0 (compatible; spbot/1.1; +http://www.seoprofiler.com/bot/ )"
174.129.106.64 - - [11/Feb/2010:06:25:15 -0800] "GET / HTTP/1.1" 200 151 "-" "Mozilla/5.0 (compatible; spbot/1.1; +http://www.seoprofiler.com/bot/ )"
174.129.106.64 - - [11/Feb/2010:06:25:16 -0800] "GET / HTTP/1.1" 200 151 "-" "Mozilla/5.0 (compatible; spbot/1.1; +http://www.seoprofiler.com/bot/ )"
216.129.119.12 - - [11/Feb/2010:06:28:51 -0800] "GET /robots.txt HTTP/1.1" 302 353 "-" "Mozilla/5.0 (Twiceler-0.9 http://www.cuil.com/twiceler/robot.html)"
174.129.84.116 - - [11/Feb/2010:07:57:26 -0800] "GET /robots.txt HTTP/1.1" 302 353 "-" "Mozilla/5.0 (compatible; spbot/1.1; +http://www.seoprofiler.com/bot/ )"
174.129.84.116 - - [11/Feb/2010:07:57:27 -0800] "GET / HTTP/1.1" 200 151 "-" "Mozilla/5.0 (compatible; spbot/1.1; +http://www.seoprofiler.com/bot/ )"
174.129.84.116 - - [11/Feb/2010:07:57:27 -0800] "GET / HTTP/1.1" 200 151 "-" "Mozilla/5.0 (compatible; spbot/1.1; +http://www.seoprofiler.com/bot/ )"
67.202.0.192 - - [11/Feb/2010:08:32:52 -0800] "GET /robots.txt HTTP/1.0" 302 353 "-" "taptubot *** please read http://www.taptu.com/corp/taptubot ***"
67.202.0.192 - - [11/Feb/2010:08:32:53 -0800] "GET / HTTP/1.0" 200 151 "-" "taptubot *** please read http://www.taptu.com/corp/taptubot ***"
67.202.0.192 - - [11/Feb/2010:08:33:02 -0800] "GET / HTTP/1.0" 200 151 "-" "Mozilla/5.0 (iPhone; U; CPU like Mac OS X; en) AppleWebKit/420+ (KHTML, like Gecko) Version/3.0 Mobile/1A543a Safari/419.3"
67.202.0.192 - - [11/Feb/2010:08:33:04 -0800] "GET /apple-touch-icon.png HTTP/1.0" 302 353 "-" "Mozilla/5.0 (iPhone; U; CPU like Mac OS X; en) AppleWebKit/420+ (KHTML, like Gecko) Version/3.0 Mobile/1A543a Safari/419.3"
67.202.0.192 - - [11/Feb/2010:08:33:05 -0800] "GET / HTTP/1.0" 200 151 "-" "Mozilla/5.0 (iPhone; U; CPU like Mac OS X; en) AppleWebKit/420+ (KHTML, like Gecko) Version/3.0 Mobile/1A543a Safari/419.3"
67.202.0.192 - - [11/Feb/2010:08:33:07 -0800] "GET / HTTP/1.0" 200 151 "-" "Mozilla/5.0 (iPhone; U; CPU like Mac OS X; en) AppleWebKit/420+ (KHTML, like Gecko) Version/3.0 Mobile/1A543a Safari/419.3"
67.202.0.192 - - [11/Feb/2010:08:33:11 -0800] "GET /iphone/ HTTP/1.0" 302 357 "-" "Mozilla/5.0 (iPhone; U; CPU like Mac OS X; en) AppleWebKit/420+ (KHTML, like Gecko) Version/3.0 Mobile/1A543a Safari/419.3"
67.202.0.192 - - [11/Feb/2010:08:33:12 -0800] "GET / HTTP/1.0" 200 151 "-" "Mozilla/5.0 (iPhone; U; CPU like Mac OS X; en) AppleWebKit/420+ (KHTML, like Gecko) Version/3.0 Mobile/1A543a Safari/419.3"
67.202.0.192 - - [11/Feb/2010:08:33:14 -0800] "GET /mobile/ HTTP/1.0" 302 357 "-" "Mozilla/5.0 (iPhone; U; CPU like Mac OS X; en) AppleWebKit/420+ (KHTML, like Gecko) Version/3.0 Mobile/1A543a Safari/419.3"
67.202.0.192 - - [11/Feb/2010:08:33:15 -0800] "GET / HTTP/1.0" 200 151 "-" "Mozilla/5.0 (iPhone; U; CPU like Mac OS X; en) AppleWebKit/420+ (KHTML, like Gecko) Version/3.0 Mobile/1A543a Safari/419.3"
67.202.0.192 - - [11/Feb/2010:08:33:17 -0800] "GET /m/ HTTP/1.0" 302 357 "-" "Mozilla/5.0 (iPhone; U; CPU like Mac OS X; en) AppleWebKit/420+ (KHTML, like Gecko) Version/3.0 Mobile/1A543a Safari/419.3"
67.202.0.192 - - [11/Feb/2010:08:33:19 -0800] "GET / HTTP/1.0" 200 151 "-" "Mozilla/5.0 (iPhone; U; CPU like Mac OS X; en) AppleWebKit/420+ (KHTML, like Gecko) Version/3.0 Mobile/1A543a Safari/419.3"
67.202.0.192 - - [11/Feb/2010:08:33:19 -0800] "GET /mobi/ HTTP/1.0" 302 357 "-" "Mozilla/5.0 (iPhone; U; CPU like Mac OS X; en) AppleWebKit/420+ (KHTML, like Gecko) Version/3.0 Mobile/1A543a Safari/419.3"
67.202.0.192 - - [11/Feb/2010:08:33:21 -0800] "GET / HTTP/1.0" 200 151 "-" "Mozilla/5.0 (iPhone; U; CPU like Mac OS X; en) AppleWebKit/420+ (KHTML, like Gecko) Version/3.0 Mobile/1A543a Safari/419.3"
67.202.0.192 - - [11/Feb/2010:08:33:24 -0800] "GET / HTTP/1.0" 200 151 "-" "Mozilla/5.0 (Windows; U; Windows NT 5.1; en-GB; rv:1.8.1.6; taptu-downloader) Gecko/20070725 Firefox/2.0.0.6"
72.44.56.37 - - [11/Feb/2010:10:11:09 -0800] "GET /robots.txt HTTP/1.1" 302 353 "-" "Mozilla/5.0 (compatible; spbot/1.2; +http://www.seoprofiler.com/bot/ )"
72.44.56.37 - - [11/Feb/2010:10:11:10 -0800] "GET / HTTP/1.1" 200 151 "-" "Mozilla/5.0 (compatible; spbot/1.2; +http://www.seoprofiler.com/bot/ )"
72.44.56.37 - - [11/Feb/2010:10:11:10 -0800] "GET / HTTP/1.1" 200 151 "-" "Mozilla/5.0 (compatible; spbot/1.2; +http://www.seoprofiler.com/bot/ )"
72.44.48.77 - - [11/Feb/2010:16:44:44 -0800] "GET /robots.txt HTTP/1.1" 302 353 "-" "Mozilla/5.0 (compatible; spbot/1.2; +http://www.seoprofiler.com/bot/ )"
72.44.48.77 - - [11/Feb/2010:16:44:44 -0800] "GET / HTTP/1.1" 200 151 "-" "Mozilla/5.0 (compatible; spbot/1.2; +http://www.seoprofiler.com/bot/ )"
72.44.48.77 - - [11/Feb/2010:16:44:48 -0800] "GET / HTTP/1.1" 200 151 "-" "Mozilla/5.0 (compatible; spbot/1.2; +http://www.seoprofiler.com/bot/ )"
95.108.142.138 - - [11/Feb/2010:16:59:16 -0800] "GET /robots.txt HTTP/1.1" 302 357 "-" "Yandex/1.01.001 (compatible; Win16; H)"
95.108.142.138 - - [11/Feb/2010:16:59:17 -0800] "GET / HTTP/1.1" 200 151 "-" "Yandex/1.01.001 (compatible; Win16; H)"
95.108.142.138 - - [11/Feb/2010:16:59:20 -0800] "GET / HTTP/1.1" 200 151 "-" "Yandex/1.01.001 (compatible; Win16; H)"
174.129.131.200 - - [11/Feb/2010:17:21:19 -0800] "GET /robots.txt HTTP/1.1" 302 353 "-" "Mozilla/5.0 (compatible; spbot/1.2; +http://www.seoprofiler.com/bot/ )"
174.129.131.200 - - [11/Feb/2010:17:21:20 -0800] "GET / HTTP/1.1" 200 151 "-" "Mozilla/5.0 (compatible; spbot/1.2; +http://www.seoprofiler.com/bot/ )"
174.129.131.200 - - [11/Feb/2010:17:21:22 -0800] "GET / HTTP/1.1" 200 151 "-" "Mozilla/5.0 (compatible; spbot/1.2; +http://www.seoprofiler.com/bot/ )"
93.158.148.31 - - [11/Feb/2010:19:11:52 -0800] "GET /robots.txt HTTP/1.1" 302 357 "-" "Yandex/1.01.001 (compatible; Win16; I)"
95.108.150.235 - - [11/Feb/2010:19:36:10 -0800] "GET /robots.txt HTTP/1.1" 302 353 "-" "Yandex/1.01.001 (compatible; Win16; H)"
95.108.150.235 - - [11/Feb/2010:19:36:11 -0800] "GET /robots.txt HTTP/1.1" 302 357 "-" "Yandex/1.01.001 (compatible; Win16; H)"
95.108.150.235 - - [11/Feb/2010:19:36:13 -0800] "GET / HTTP/1.1" 200 151 "-" "Yandex/1.01.001 (compatible; Win16; H)"
95.108.150.235 - - [11/Feb/2010:19:36:14 -0800] "GET / HTTP/1.1" 200 151 "-" "Yandex/1.01.001 (compatible; Win16; H)"
95.108.150.235 - - [11/Feb/2010:19:36:16 -0800] "GET / HTTP/1.1" 200 151 "-" "Yandex/1.01.001 (compatible; Win16; H)"
95.108.150.235 - - [11/Feb/2010:19:36:18 -0800] "GET / HTTP/1.1" 200 151 "-" "Yandex/1.01.001 (compatible; Win16; H)"
174.129.127.87 - - [11/Feb/2010:22:33:49 -0800] "GET /robots.txt HTTP/1.1" 302 353 "-" "Mozilla/5.0 (compatible; spbot/1.2; +http://www.seoprofiler.com/bot/ )"
174.129.127.87 - - [11/Feb/2010:22:33:49 -0800] "GET / HTTP/1.1" 200 151 "-" "Mozilla/5.0 (compatible; spbot/1.2; +http://www.seoprofiler.com/bot/ )"
174.129.127.87 - - [11/Feb/2010:22:33:50 -0800] "GET / HTTP/1.1" 200 151 "-" "Mozilla/5.0 (compatible; spbot/1.2; +http://www.seoprofiler.com/bot/ )"
67.202.42.161 - - [11/Feb/2010:23:21:01 -0800] "GET /robots.txt HTTP/1.1" 302 353 "-" "Mozilla/5.0 (compatible; spbot/1.2; +http://www.seoprofiler.com/bot/ )"
67.202.42.161 - - [11/Feb/2010:23:21:02 -0800] "GET / HTTP/1.1" 200 151 "-" "Mozilla/5.0 (compatible; spbot/1.2; +http://www.seoprofiler.com/bot/ )"
67.202.42.161 - - [11/Feb/2010:23:21:03 -0800] "GET / HTTP/1.1" 200 151 "-" "Mozilla/5.0 (compatible; spbot/1.2; +http://www.seoprofiler.com/bot/ )"
123.125.66.37 - - [11/Feb/2010:23:51:43 -0800] "GET /robots.txt HTTP/1.1" 302 353 "-" "Baiduspider+(+http://www.baidu.com/search/spider.htm)"
123.125.66.105 - - [11/Feb/2010:23:51:44 -0800] "GET / HTTP/1.1" 200 151 "-" "Baiduspider+(+http://www.baidu.com/search/spider.htm)"
74.222.4.82 - - [12/Feb/2010:00:07:55 -0800] "GET /robots.txt HTTP/1.0" 302 353 "http://evilfuckers.org/robots.txt" "Mozilla/4.0 (compatible; MSIE 6.0; Windows NT 5.1; SV1; .NET CLR 2.0.50727)"
74.222.4.82 - - [12/Feb/2010:00:07:55 -0800] "GET / HTTP/1.0" 200 151 "http://evilfuckers.org/" "Mozilla/4.0 (compatible; MSIE 6.0; Windows NT 5.1; SV1; .NET CLR 2.0.50727)"
174.129.140.41 - - [12/Feb/2010:00:13:26 -0800] "GET /robots.txt HTTP/1.1" 302 353 "-" "Mozilla/5.0 (compatible; spbot/1.2; +http://www.seoprofiler.com/bot/ )"
174.129.140.41 - - [12/Feb/2010:00:13:26 -0800] "GET / HTTP/1.1" 200 151 "-" "Mozilla/5.0 (compatible; spbot/1.2; +http://www.seoprofiler.com/bot/ )"
174.129.140.41 - - [12/Feb/2010:00:13:27 -0800] "GET / HTTP/1.1" 200 151 "-" "Mozilla/5.0 (compatible; spbot/1.2; +http://www.seoprofiler.com/bot/ )"
216.129.119.12 - - [12/Feb/2010:00:50:37 -0800] "GET /robots.txt HTTP/1.1" 302 357 "-" "Mozilla/5.0 (Twiceler-0.9 http://www.cuil.com/twiceler/robot.html)"
93.158.148.31 - - [12/Feb/2010:04:19:57 -0800] "GET / HTTP/1.1" 200 151 "-" "Yandex/1.01.001 (compatible; Win16; I)"
65.55.106.158 - - [12/Feb/2010:05:22:36 -0800] "GET /robots.txt HTTP/1.1" 302 353 "-" "msnbot/2.0b (+http://search.msn.com/msnbot.htm)"
65.55.106.158 - - [12/Feb/2010:05:22:37 -0800] "GET / HTTP/1.1" 200 151 "-" "msnbot/2.0b (+http://search.msn.com/msnbot.htm)"
65.55.106.158 - - [12/Feb/2010:05:23:26 -0800] "GET / HTTP/1.1" 200 151 "-" "msnbot/2.0b (+http://search.msn.com/msnbot.htm)"
67.202.29.142 - - [12/Feb/2010:06:45:03 -0800] "GET /robots.txt HTTP/1.1" 302 353 "-" "Mozilla/5.0 (compatible; spbot/1.2; +http://www.seoprofiler.com/bot/ )"
67.202.29.142 - - [12/Feb/2010:06:45:03 -0800] "GET / HTTP/1.1" 200 151 "-" "Mozilla/5.0 (compatible; spbot/1.2; +http://www.seoprofiler.com/bot/ )"
67.202.29.142 - - [12/Feb/2010:06:45:04 -0800] "GET / HTTP/1.1" 200 151 "-" "Mozilla/5.0 (compatible; spbot/1.2; +http://www.seoprofiler.com/bot/ )"
123.150.187.133 - - [12/Feb/2010:07:37:05 -0800] "GET / HTTP/1.1" 200 151 "-" "Mozilla/4.0 (compatible; MSIE 6.0; Windows NT 5.1; SV1; QQDownload 1.7; TencentTraveler 4.0; CIBA; InfoPath.2; .NET CLR 2.0.50727"
174.129.82.216 - - [12/Feb/2010:08:59:56 -0800] "GET /robots.txt HTTP/1.1" 302 353 "-" "Mozilla/5.0 (compatible; spbot/1.2; +http://www.seoprofiler.com/bot/ )"
174.129.82.216 - - [12/Feb/2010:08:59:56 -0800] "GET / HTTP/1.1" 200 151 "-" "Mozilla/5.0 (compatible; spbot/1.2; +http://www.seoprofiler.com/bot/ )"
174.129.82.216 - - [12/Feb/2010:08:59:57 -0800] "GET / HTTP/1.1" 200 151 "-" "Mozilla/5.0 (compatible; spbot/1.2; +http://www.seoprofiler.com/bot/ )"
67.202.11.26 - - [12/Feb/2010:09:13:33 -0800] "GET /robots.txt HTTP/1.1" 302 353 "-" "Mozilla/5.0 (compatible; spbot/1.2; +http://www.seoprofiler.com/bot/ )"
67.202.11.26 - - [12/Feb/2010:09:13:33 -0800] "GET / HTTP/1.1" 200 151 "-" "Mozilla/5.0 (compatible; spbot/1.2; +http://www.seoprofiler.com/bot/ )"
67.202.11.26 - - [12/Feb/2010:09:13:33 -0800] "GET / HTTP/1.1" 200 151 "-" "Mozilla/5.0 (compatible; spbot/1.2; +http://www.seoprofiler.com/bot/ )"
208.80.193.42 - - [12/Feb/2010:09:16:09 -0800] "GET / HTTP/1.0" 200 151 "-" "Mozilla/4.0 (compatible; MSIE 6.0; Windows NT 5.1; SIMBAR={0763B63A-983D-40B4-8ABF-7CFAC7A6F412}; .NET CLR 1.1.4322)"
204.236.211.119 - - [12/Feb/2010:10:18:39 -0800] "GET /robots.txt HTTP/1.1" 302 353 "-" "Mozilla/5.0 (compatible; spbot/1.2; +http://www.seoprofiler.com/bot/ )"
204.236.211.119 - - [12/Feb/2010:10:18:40 -0800] "GET / HTTP/1.1" 200 151 "-" "Mozilla/5.0 (compatible; spbot/1.2; +http://www.seoprofiler.com/bot/ )"
204.236.211.119 - - [12/Feb/2010:10:18:40 -0800] "GET / HTTP/1.1" 200 151 "-" "Mozilla/5.0 (compatible; spbot/1.2; +http://www.seoprofiler.com/bot/ )"
69.46.28.206 - - [12/Feb/2010:10:31:05 -0800] "GET /orb.jpg HTTP/1.0" 302 357 "-" "-"
69.46.28.206 - - [12/Feb/2010:10:31:05 -0800] "GET / HTTP/1.0" 200 151 "-" "-"
62.75.218.97 - - [12/Feb/2010:11:45:24 -0800] "GET /robots.txt HTTP/1.0" 302 353 "-" "OpenAcoon v4.1.0 (www.openacoon.de)"
62.75.218.97 - - [12/Feb/2010:11:45:25 -0800] "GET / HTTP/1.0" 200 151 "-" "OpenAcoon v4.1.0 (www.openacoon.de)"
75.101.179.141 - - [12/Feb/2010:12:15:35 -0800] "GET /robots.txt HTTP/1.1" 302 353 "-" "Mozilla/5.0 (compatible; spbot/1.2; +http://www.seoprofiler.com/bot/ )"
75.101.179.141 - - [12/Feb/2010:12:15:35 -0800] "GET / HTTP/1.1" 200 151 "-" "Mozilla/5.0 (compatible; spbot/1.2; +http://www.seoprofiler.com/bot/ )"
75.101.179.141 - - [12/Feb/2010:12:15:36 -0800] "GET / HTTP/1.1" 200 151 "-" "Mozilla/5.0 (compatible; spbot/1.2; +http://www.seoprofiler.com/bot/ )"
174.129.72.66 - - [12/Feb/2010:13:49:16 -0800] "GET /robots.txt HTTP/1.1" 302 353 "-" "Mozilla/5.0 (compatible; spbot/1.2; +http://www.seoprofiler.com/bot/ )"
174.129.72.66 - - [12/Feb/2010:13:49:19 -0800] "GET / HTTP/1.1" 200 151 "-" "Mozilla/5.0 (compatible; spbot/1.2; +http://www.seoprofiler.com/bot/ )"
174.129.72.66 - - [12/Feb/2010:13:49:20 -0800] "GET / HTTP/1.1" 200 151 "-" "Mozilla/5.0 (compatible; spbot/1.2; +http://www.seoprofiler.com/bot/ )"
208.80.193.31 - - [12/Feb/2010:15:20:08 -0800] "GET / HTTP/1.0" 200 151 "-" "Mozilla/4.0 (compatible; MSIE 6.0; Windows NT 5.1; Q312461; SV1; compaq)"
207.46.204.243 - - [12/Feb/2010:19:14:43 -0800] "GET /robots.txt HTTP/1.1" 302 353 "-" "msnbot/2.0b (+http://search.msn.com/msnbot.htm)"
207.46.204.243 - - [12/Feb/2010:19:14:43 -0800] "GET / HTTP/1.1" 200 151 "-" "msnbot/2.0b (+http://search.msn.com/msnbot.htm)"
174.129.126.38 - - [12/Feb/2010:21:23:33 -0800] "GET /robots.txt HTTP/1.1" 302 353 "-" "Mozilla/5.0 (compatible; spbot/1.2; +http://www.seoprofiler.com/bot/ )"
174.129.126.38 - - [12/Feb/2010:21:23:34 -0800] "GET / HTTP/1.1" 200 151 "-" "Mozilla/5.0 (compatible; spbot/1.2; +http://www.seoprofiler.com/bot/ )"
174.129.126.38 - - [12/Feb/2010:21:23:34 -0800] "GET / HTTP/1.1" 200 151 "-" "Mozilla/5.0 (compatible; spbot/1.2; +http://www.seoprofiler.com/bot/ )"
75.101.230.83 - - [12/Feb/2010:22:58:47 -0800] "GET /robots.txt HTTP/1.1" 302 353 "-" "Mozilla/5.0 (compatible; spbot/1.2; +http://www.seoprofiler.com/bot/ )"
75.101.230.83 - - [12/Feb/2010:22:58:47 -0800] "GET / HTTP/1.1" 200 151 "-" "Mozilla/5.0 (compatible; spbot/1.2; +http://www.seoprofiler.com/bot/ )"
75.101.230.83 - - [12/Feb/2010:22:58:48 -0800] "GET / HTTP/1.1" 200 151 "-" "Mozilla/5.0 (compatible; spbot/1.2; +http://www.seoprofiler.com/bot/ )"
123.125.66.41 - - [12/Feb/2010:23:47:54 -0800] "GET /robots.txt HTTP/1.1" 302 353 "-" "Baiduspider+(+http://www.baidu.com/search/spider.htm)"
123.125.66.30 - - [12/Feb/2010:23:47:55 -0800] "GET / HTTP/1.1" 200 151 "-" "Baiduspider+(+http://www.baidu.com/search/spider.htm)"
95.108.142.138 - - [13/Feb/2010:00:44:46 -0800] "GET /robots.txt HTTP/1.1" 302 357 "-" "Yandex/1.01.001 (compatible; Win16; H)"
95.108.142.138 - - [13/Feb/2010:00:44:47 -0800] "GET / HTTP/1.1" 200 151 "-" "Yandex/1.01.001 (compatible; Win16; H)"
95.108.142.138 - - [13/Feb/2010:00:44:50 -0800] "GET / HTTP/1.1" 200 151 "-" "Yandex/1.01.001 (compatible; Win16; H)"
75.101.197.161 - - [13/Feb/2010:01:19:59 -0800] "GET /robots.txt HTTP/1.1" 302 353 "-" "Mozilla/5.0 (compatible; spbot/1.2; +http://www.seoprofiler.com/bot/ )"
75.101.197.161 - - [13/Feb/2010:01:19:59 -0800] "GET / HTTP/1.1" 200 151 "-" "Mozilla/5.0 (compatible; spbot/1.2; +http://www.seoprofiler.com/bot/ )"
75.101.197.161 - - [13/Feb/2010:01:20:00 -0800] "GET / HTTP/1.1" 200 151 "-" "Mozilla/5.0 (compatible; spbot/1.2; +http://www.seoprofiler.com/bot/ )"
174.129.64.213 - - [13/Feb/2010:02:26:43 -0800] "GET /robots.txt HTTP/1.1" 302 353 "-" "Mozilla/5.0 (compatible; spbot/1.2; +http://www.seoprofiler.com/bot/ )"
174.129.64.213 - - [13/Feb/2010:02:26:44 -0800] "GET / HTTP/1.1" 200 151 "-" "Mozilla/5.0 (compatible; spbot/1.2; +http://www.seoprofiler.com/bot/ )"
174.129.64.213 - - [13/Feb/2010:02:26:45 -0800] "GET / HTTP/1.1" 200 151 "-" "Mozilla/5.0 (compatible; spbot/1.2; +http://www.seoprofiler.com/bot/ )"
216.129.119.12 - - [13/Feb/2010:03:22:36 -0800] "GET /robots.txt HTTP/1.1" 302 357 "-" "Mozilla/5.0 (Twiceler-0.9 http://www.cuil.com/twiceler/robot.html)"
75.101.214.102 - - [13/Feb/2010:04:19:36 -0800] "GET /robots.txt HTTP/1.1" 302 353 "-" "Mozilla/5.0 (compatible; spbot/1.2; +http://www.seoprofiler.com/bot/ )"
75.101.214.102 - - [13/Feb/2010:04:19:36 -0800] "GET / HTTP/1.1" 200 151 "-" "Mozilla/5.0 (compatible; spbot/1.2; +http://www.seoprofiler.com/bot/ )"
75.101.214.102 - - [13/Feb/2010:04:19:37 -0800] "GET / HTTP/1.1" 200 151 "-" "Mozilla/5.0 (compatible; spbot/1.2; +http://www.seoprofiler.com/bot/ )"
92.26.199.229 - - [13/Feb/2010:06:01:05 -0800] "GET /images/carina.jpg HTTP/1.1" 302 357 "-" "Mozilla/5.0 (X11; U; Linux i686; en-US; rv:1.8.1.22) Gecko/20090605 SeaMonkey/1.1.17 (Ubuntu-1.1.17+nobinonly-0ubuntu0.9.04.1)"
92.26.199.229 - - [13/Feb/2010:06:01:06 -0800] "GET / HTTP/1.1" 200 151 "-" "Mozilla/5.0 (X11; U; Linux i686; en-US; rv:1.8.1.22) Gecko/20090605 SeaMonkey/1.1.17 (Ubuntu-1.1.17+nobinonly-0ubuntu0.9.04.1)"
92.26.199.229 - - [13/Feb/2010:06:01:14 -0800] "GET / HTTP/1.1" 200 151 "-" "Mozilla/5.0 (X11; U; Linux i686; en-US; rv:1.8.1.22) Gecko/20090605 SeaMonkey/1.1.17 (Ubuntu-1.1.17+nobinonly-0ubuntu0.9.04.1)"
94.27.37.82 - - [13/Feb/2010:06:03:28 -0800] "GET / HTTP/1.0" 200 151 "-" "Mozilla/4.0 (compatible; MSIE 6.0; Windows NT 5.1; SV1)"
65.55.106.134 - - [13/Feb/2010:06:55:45 -0800] "GET /robots.txt HTTP/1.1" 302 353 "-" "msnbot/2.0b (+http://search.msn.com/msnbot.htm)"
65.55.106.134 - - [13/Feb/2010:06:55:45 -0800] "GET / HTTP/1.1" 200 151 "-" "msnbot/2.0b (+http://search.msn.com/msnbot.htm)"
65.55.106.134 - - [13/Feb/2010:06:56:26 -0800] "GET /index.php/photos/album/1.html HTTP/1.1" 200 151 "-" "msnbot/2.0b (+http://search.msn.com/msnbot.htm)"
207.46.204.240 - - [13/Feb/2010:08:19:11 -0800] "GET /robots.txt HTTP/1.1" 302 353 "-" "msnbot/2.0b (+http://search.msn.com/msnbot.htm)"
207.46.204.240 - - [13/Feb/2010:08:19:12 -0800] "GET / HTTP/1.1" 200 151 "-" "msnbot/2.0b (+http://search.msn.com/msnbot.htm)"
174.129.140.41 - - [13/Feb/2010:08:36:07 -0800] "GET /robots.txt HTTP/1.1" 302 353 "-" "Mozilla/5.0 (compatible; spbot/1.2; +http://www.seoprofiler.com/bot/ )"
174.129.140.41 - - [13/Feb/2010:08:36:07 -0800] "GET / HTTP/1.1" 200 151 "-" "Mozilla/5.0 (compatible; spbot/1.2; +http://www.seoprofiler.com/bot/ )"
174.129.140.41 - - [13/Feb/2010:08:36:08 -0800] "GET / HTTP/1.1" 200 151 "-" "Mozilla/5.0 (compatible; spbot/1.2; +http://www.seoprofiler.com/bot/ )"
75.101.215.253 - - [13/Feb/2010:09:36:13 -0800] "GET /robots.txt HTTP/1.1" 302 353 "-" "Mozilla/5.0 (compatible; spbot/1.2; +http://www.seoprofiler.com/bot/ )"
75.101.215.253 - - [13/Feb/2010:09:36:14 -0800] "GET / HTTP/1.1" 200 151 "-" "Mozilla/5.0 (compatible; spbot/1.2; +http://www.seoprofiler.com/bot/ )"
75.101.215.253 - - [13/Feb/2010:09:36:14 -0800] "GET / HTTP/1.1" 200 151 "-" "Mozilla/5.0 (compatible; spbot/1.2; +http://www.seoprofiler.com/bot/ )"
216.129.119.12 - - [13/Feb/2010:10:14:15 -0800] "GET /robots.txt HTTP/1.1" 302 353 "-" "Mozilla/5.0 (Twiceler-0.9 http://www.cuil.com/twiceler/robot.html)"
66.219.58.34 - - [13/Feb/2010:12:42:48 -0800] "GET /robots.txt HTTP/1.1" 302 353 "-" "MLBot (www.metadatalabs.com/mlbot)"
66.219.58.34 - - [13/Feb/2010:12:42:48 -0800] "GET / HTTP/1.1" 200 151 "-" "MLBot (www.metadatalabs.com/mlbot)"
66.219.58.34 - - [13/Feb/2010:12:42:48 -0800] "GET / HTTP/1.1" 200 151 "-" "MLBot (www.metadatalabs.com/mlbot)"
67.202.56.158 - - [13/Feb/2010:13:37:54 -0800] "GET /robots.txt HTTP/1.1" 302 353 "-" "Mozilla/5.0 (compatible; spbot/1.2; +http://www.seoprofiler.com/bot/ )"
67.202.56.158 - - [13/Feb/2010:13:37:54 -0800] "GET / HTTP/1.1" 200 151 "-" "Mozilla/5.0 (compatible; spbot/1.2; +http://www.seoprofiler.com/bot/ )"
67.202.56.158 - - [13/Feb/2010:13:37:54 -0800] "GET / HTTP/1.1" 200 151 "-" "Mozilla/5.0 (compatible; spbot/1.2; +http://www.seoprofiler.com/bot/ )"
174.129.153.52 - - [13/Feb/2010:13:49:33 -0800] "GET /robots.txt HTTP/1.1" 302 353 "-" "Mozilla/5.0 (compatible; spbot/1.2; +http://www.seoprofiler.com/bot/ )"
174.129.153.52 - - [13/Feb/2010:13:49:34 -0800] "GET / HTTP/1.1" 200 151 "-" "Mozilla/5.0 (compatible; spbot/1.2; +http://www.seoprofiler.com/bot/ )"
174.129.153.52 - - [13/Feb/2010:13:49:34 -0800] "GET / HTTP/1.1" 200 151 "-" "Mozilla/5.0 (compatible; spbot/1.2; +http://www.seoprofiler.com/bot/ )"
123.150.187.133 - - [13/Feb/2010:14:03:18 -0800] "GET / HTTP/1.1" 200 151 "-" "Mozilla/4.0 (compatible; MSIE 6.0; Windows NT 5.1; SV1; QQDownload 1.7; TencentTraveler 4.0; CIBA; InfoPath.2; .NET CLR 2.0.50727"
174.129.59.49 - - [13/Feb/2010:16:00:25 -0800] "GET /robots.txt HTTP/1.1" 302 353 "-" "Mozilla/5.0 (compatible; spbot/1.2; +http://www.seoprofiler.com/bot/ )"
174.129.59.49 - - [13/Feb/2010:16:00:25 -0800] "GET / HTTP/1.1" 200 151 "-" "Mozilla/5.0 (compatible; spbot/1.2; +http://www.seoprofiler.com/bot/ )"
174.129.59.49 - - [13/Feb/2010:16:00:26 -0800] "GET / HTTP/1.1" 200 151 "-" "Mozilla/5.0 (compatible; spbot/1.2; +http://www.seoprofiler.com/bot/ )"
95.108.150.235 - - [13/Feb/2010:17:00:59 -0800] "GET /robots.txt HTTP/1.1" 302 353 "-" "Yandex/1.01.001 (compatible; Win16; H)"
95.108.150.235 - - [13/Feb/2010:17:01:00 -0800] "GET /robots.txt HTTP/1.1" 302 357 "-" "Yandex/1.01.001 (compatible; Win16; H)"
95.108.150.235 - - [13/Feb/2010:17:01:01 -0800] "GET / HTTP/1.1" 200 151 "-" "Yandex/1.01.001 (compatible; Win16; H)"
95.108.150.235 - - [13/Feb/2010:17:01:02 -0800] "GET / HTTP/1.1" 200 151 "-" "Yandex/1.01.001 (compatible; Win16; H)"
95.108.150.235 - - [13/Feb/2010:17:01:03 -0800] "GET / HTTP/1.1" 200 151 "-" "Yandex/1.01.001 (compatible; Win16; H)"
95.108.150.235 - - [13/Feb/2010:17:01:04 -0800] "GET / HTTP/1.1" 200 151 "-" "Yandex/1.01.001 (compatible; Win16; H)"
207.46.204.229 - - [13/Feb/2010:22:19:28 -0800] "GET /robots.txt HTTP/1.1" 302 353 "-" "msnbot/2.0b (+http://search.msn.com/msnbot.htm)"
207.46.204.229 - - [13/Feb/2010:22:19:28 -0800] "GET / HTTP/1.1" 200 151 "-" "msnbot/2.0b (+http://search.msn.com/msnbot.htm)"
75.101.218.170 - - [13/Feb/2010:23:01:17 -0800] "GET /robots.txt HTTP/1.1" 302 353 "-" "Mozilla/5.0 (compatible; spbot/1.2; +http://www.seoprofiler.com/bot/ )"
75.101.218.170 - - [13/Feb/2010:23:01:17 -0800] "GET / HTTP/1.1" 200 151 "-" "Mozilla/5.0 (compatible; spbot/1.2; +http://www.seoprofiler.com/bot/ )"
75.101.218.170 - - [13/Feb/2010:23:01:18 -0800] "GET / HTTP/1.1" 200 151 "-" "Mozilla/5.0 (compatible; spbot/1.2; +http://www.seoprofiler.com/bot/ )"
81.223.254.34 - - [13/Feb/2010:23:07:59 -0800] "GET /robots.txt HTTP/1.1" 302 353 "-" "Mozilla/4.0 (compatible; MSIE 5.01; Windows NT)"
81.223.254.34 - - [13/Feb/2010:23:08:07 -0800] "GET / HTTP/1.1" 200 151 "-" "Mozilla/4.0 (compatible; MSIE 5.01; Windows NT)"
208.80.193.29 - - [13/Feb/2010:23:57:56 -0800] "GET / HTTP/1.0" 200 151 "-" "Mozilla/4.0 (compatible; MSIE 7.0; Windows NT 5.1; NN5.1.0.9)"
74.222.4.82 - - [14/Feb/2010:00:08:17 -0800] "GET /robots.txt HTTP/1.0" 302 353 "http://evilfuckers.org/robots.txt" "Mozilla/4.0 (compatible; MSIE 6.0; Windows NT 5.1; SV1; .NET CLR 2.0.50727)"
74.222.4.82 - - [14/Feb/2010:00:08:17 -0800] "GET / HTTP/1.0" 200 151 "http://evilfuckers.org/" "Mozilla/4.0 (compatible; MSIE 6.0; Windows NT 5.1; SV1; .NET CLR 2.0.50727)"
123.125.66.35 - - [14/Feb/2010:00:13:06 -0800] "GET /robots.txt HTTP/1.1" 302 353 "-" "Baiduspider+(+http://www.baidu.com/search/spider.htm)"
123.125.66.39 - - [14/Feb/2010:00:13:06 -0800] "GET / HTTP/1.1" 200 151 "-" "Baiduspider+(+http://www.baidu.com/search/spider.htm)"
216.129.119.12 - - [14/Feb/2010:00:18:39 -0800] "GET /robots.txt HTTP/1.1" 302 357 "-" "Mozilla/5.0 (Twiceler-0.9 http://www.cuil.com/twiceler/robot.html)"
75.101.204.87 - - [14/Feb/2010:04:01:11 -0800] "GET /robots.txt HTTP/1.1" 302 353 "-" "Mozilla/5.0 (compatible; spbot/1.2; +http://www.seoprofiler.com/bot/ )"
75.101.204.87 - - [14/Feb/2010:04:01:11 -0800] "GET / HTTP/1.1" 200 151 "-" "Mozilla/5.0 (compatible; spbot/1.2; +http://www.seoprofiler.com/bot/ )"
75.101.204.87 - - [14/Feb/2010:04:01:12 -0800] "GET / HTTP/1.1" 200 151 "-" "Mozilla/5.0 (compatible; spbot/1.2; +http://www.seoprofiler.com/bot/ )"
208.80.193.27 - - [14/Feb/2010:06:14:44 -0800] "GET / HTTP/1.0" 200 151 "-" "Mozilla/4.0 (compatible; MSIE 6.0; Windows NT 5.1; DigExt; SV1; .NET CLR 1.1.4322; Windows-Media-Player/10.00.00.3990)"
65.55.106.227 - - [14/Feb/2010:06:48:43 -0800] "GET /robots.txt HTTP/1.1" 302 353 "-" "msnbot/2.0b (+http://search.msn.com/msnbot.htm)"
65.55.106.227 - - [14/Feb/2010:06:48:44 -0800] "GET / HTTP/1.1" 200 151 "-" "msnbot/2.0b (+http://search.msn.com/msnbot.htm)"
65.55.106.227 - - [14/Feb/2010:06:49:26 -0800] "GET / HTTP/1.1" 200 151 "-" "msnbot/2.0b (+http://search.msn.com/msnbot.htm)"
204.236.197.86 - - [14/Feb/2010:07:03:15 -0800] "GET /robots.txt HTTP/1.1" 302 353 "-" "Mozilla/5.0 (compatible; spbot/1.2; +http://www.seoprofiler.com/bot/ )"
204.236.197.86 - - [14/Feb/2010:07:03:16 -0800] "GET / HTTP/1.1" 200 151 "-" "Mozilla/5.0 (compatible; spbot/1.2; +http://www.seoprofiler.com/bot/ )"
204.236.197.86 - - [14/Feb/2010:07:03:16 -0800] "GET / HTTP/1.1" 200 151 "-" "Mozilla/5.0 (compatible; spbot/1.2; +http://www.seoprofiler.com/bot/ )"
216.129.119.12 - - [14/Feb/2010:07:08:55 -0800] "GET /robots.txt HTTP/1.1" 302 353 "-" "Mozilla/5.0 (Twiceler-0.9 http://www.cuil.com/twiceler/robot.html)"
75.101.214.102 - - [14/Feb/2010:07:35:44 -0800] "GET /robots.txt HTTP/1.1" 302 353 "-" "Mozilla/5.0 (compatible; spbot/1.2; +http://www.seoprofiler.com/bot/ )"
75.101.214.102 - - [14/Feb/2010:07:35:44 -0800] "GET / HTTP/1.1" 200 151 "-" "Mozilla/5.0 (compatible; spbot/1.2; +http://www.seoprofiler.com/bot/ )"
75.101.214.102 - - [14/Feb/2010:07:35:45 -0800] "GET / HTTP/1.1" 200 151 "-" "Mozilla/5.0 (compatible; spbot/1.2; +http://www.seoprofiler.com/bot/ )"
65.55.51.115 - - [14/Feb/2010:08:39:13 -0800] "GET /robots.txt HTTP/1.1" 302 353 "-" "msnbot/2.0b (+http://search.msn.com/msnbot.htm)"
65.55.51.115 - - [14/Feb/2010:08:39:13 -0800] "GET / HTTP/1.1" 200 151 "-" "msnbot/2.0b (+http://search.msn.com/msnbot.htm)"
65.55.51.115 - - [14/Feb/2010:08:39:47 -0800] "GET /index.php/photos/album/1/photo/3.html HTTP/1.1" 200 151 "-" "msnbot/2.0b (+http://search.msn.com/msnbot.htm)"
174.129.106.91 - - [14/Feb/2010:13:02:06 -0800] "GET /robots.txt HTTP/1.1" 302 353 "-" "Mozilla/5.0 (compatible; spbot/1.2; +http://www.seoprofiler.com/bot/ )"
174.129.106.91 - - [14/Feb/2010:13:02:07 -0800] "GET / HTTP/1.1" 200 151 "-" "Mozilla/5.0 (compatible; spbot/1.2; +http://www.seoprofiler.com/bot/ )"
174.129.106.91 - - [14/Feb/2010:13:02:07 -0800] "GET / HTTP/1.1" 200 151 "-" "Mozilla/5.0 (compatible; spbot/1.2; +http://www.seoprofiler.com/bot/ )"
207.46.204.178 - - [14/Feb/2010:14:09:35 -0800] "GET /robots.txt HTTP/1.1" 302 353 "-" "msnbot/2.0b (+http://search.msn.com/msnbot.htm)"
207.46.204.178 - - [14/Feb/2010:14:09:35 -0800] "GET / HTTP/1.1" 200 151 "-" "msnbot/2.0b (+http://search.msn.com/msnbot.htm)"
193.47.80.50 - - [14/Feb/2010:14:44:05 -0800] "GET /robots.txt HTTP/1.1" 302 353 "-" "Mozilla/5.0 (compatible; Exabot/3.0; +http://www.exabot.com/go/robot)"
193.47.80.50 - - [14/Feb/2010:14:44:06 -0800] "GET / HTTP/1.1" 200 151 "-" "Mozilla/5.0 (compatible; Exabot/3.0; +http://www.exabot.com/go/robot)"
193.47.80.50 - - [14/Feb/2010:14:44:06 -0800] "GET / HTTP/1.1" 200 151 "-" "Mozilla/5.0 (compatible; Exabot/3.0; +http://www.exabot.com/go/robot)"
72.44.53.29 - - [14/Feb/2010:17:51:08 -0800] "GET /robots.txt HTTP/1.1" 302 353 "-" "Mozilla/5.0 (compatible; spbot/1.2; +http://www.seoprofiler.com/bot/ )"
72.44.53.29 - - [14/Feb/2010:17:51:09 -0800] "GET / HTTP/1.1" 200 151 "-" "Mozilla/5.0 (compatible; spbot/1.2; +http://www.seoprofiler.com/bot/ )"
72.44.53.29 - - [14/Feb/2010:17:51:10 -0800] "GET / HTTP/1.1" 200 151 "-" "Mozilla/5.0 (compatible; spbot/1.2; +http://www.seoprofiler.com/bot/ )"
75.101.219.131 - - [14/Feb/2010:21:16:44 -0800] "GET /robots.txt HTTP/1.1" 302 353 "-" "Mozilla/5.0 (compatible; spbot/1.2; +http://www.seoprofiler.com/bot/ )"
75.101.219.131 - - [14/Feb/2010:21:16:45 -0800] "GET / HTTP/1.1" 200 151 "-" "Mozilla/5.0 (compatible; spbot/1.2; +http://www.seoprofiler.com/bot/ )"
75.101.219.131 - - [14/Feb/2010:21:16:45 -0800] "GET / HTTP/1.1" 200 151 "-" "Mozilla/5.0 (compatible; spbot/1.2; +http://www.seoprofiler.com/bot/ )"
123.125.66.53 - - [15/Feb/2010:00:01:28 -0800] "GET /robots.txt HTTP/1.1" 302 353 "-" "Baiduspider+(+http://www.baidu.com/search/spider.htm)"
123.125.66.42 - - [15/Feb/2010:00:01:29 -0800] "GET / HTTP/1.1" 200 151 "-" "Baiduspider+(+http://www.baidu.com/search/spider.htm)"
216.129.119.12 - - [15/Feb/2010:00:02:31 -0800] "GET /robots.txt HTTP/1.1" 302 357 "-" "Mozilla/5.0 (Twiceler-0.9 http://www.cuil.com/twiceler/robot.html)"
69.46.28.206 - - [15/Feb/2010:05:28:38 -0800] "GET /orb.jpg HTTP/1.0" 302 357 "-" "-"
69.46.28.206 - - [15/Feb/2010:05:28:39 -0800] "GET / HTTP/1.0" 200 151 "-" "-"
207.46.195.235 - - [15/Feb/2010:06:01:45 -0800] "GET /robots.txt HTTP/1.1" 302 353 "-" "msnbot/2.0b (+http://search.msn.com/msnbot.htm)"
207.46.195.235 - - [15/Feb/2010:06:01:45 -0800] "GET / HTTP/1.1" 200 151 "-" "msnbot/2.0b (+http://search.msn.com/msnbot.htm)"
72.44.61.170 - - [15/Feb/2010:10:31:17 -0800] "GET /robots.txt HTTP/1.1" 302 353 "-" "Mozilla/5.0 (compatible; spbot/1.2; +http://www.seoprofiler.com/bot/ )"
72.44.61.170 - - [15/Feb/2010:10:31:17 -0800] "GET / HTTP/1.1" 200 151 "-" "Mozilla/5.0 (compatible; spbot/1.2; +http://www.seoprofiler.com/bot/ )"
72.44.61.170 - - [15/Feb/2010:10:31:18 -0800] "GET / HTTP/1.1" 200 151 "-" "Mozilla/5.0 (compatible; spbot/1.2; +http://www.seoprofiler.com/bot/ )"
66.249.71.171 - - [15/Feb/2010:11:41:00 -0800] "GET /robots.txt HTTP/1.1" 302 353 "-" "Mozilla/5.0 (compatible; Googlebot/2.1; +http://www.google.com/bot.html)"
66.249.71.171 - - [15/Feb/2010:11:41:00 -0800] "GET / HTTP/1.1" 200 151 "-" "Mozilla/5.0 (compatible; Googlebot/2.1; +http://www.google.com/bot.html)"
66.249.71.171 - - [15/Feb/2010:11:41:01 -0800] "GET / HTTP/1.1" 200 151 "-" "Mozilla/5.0 (compatible; Googlebot/2.1; +http://www.google.com/bot.html)"
208.80.193.27 - - [15/Feb/2010:15:10:37 -0800] "GET / HTTP/1.0" 200 151 "-" "Mozilla/4.0 (compatible; MSIE 6.0; Windows NT 5.1; SV1; FunWebProducts; SIMBAR={8B3D2D18-B29F-4850-A559-D17525EE1D95}; .NET CLR 1.1.4322; ZangoToolbar 4.8.2; MSN 9.0;MSN 9.1; MSNbMSNI; MSNmen-us; MSNcOTH)"
123.150.187.133 - - [15/Feb/2010:17:45:39 -0800] "GET / HTTP/1.1" 200 151 "-" "Mozilla/4.0 (compatible; MSIE 6.0; Windows NT 5.1; SV1; QQDownload 1.7; TencentTraveler 4.0; CIBA; InfoPath.2; .NET CLR 2.0.50727"
207.46.195.228 - - [15/Feb/2010:17:59:14 -0800] "GET /robots.txt HTTP/1.1" 302 353 "-" "msnbot/2.0b (+http://search.msn.com/msnbot.htm)"
207.46.195.228 - - [15/Feb/2010:17:59:15 -0800] "GET / HTTP/1.1" 200 151 "-" "msnbot/2.0b (+http://search.msn.com/msnbot.htm)"
67.195.111.235 - - [15/Feb/2010:21:15:21 -0800] "GET /robots.txt HTTP/1.0" 302 353 "-" "Mozilla/5.0 (compatible; Yahoo! Slurp; http://help.yahoo.com/help/us/ysearch/slurp)"
67.195.111.235 - - [15/Feb/2010:21:15:21 -0800] "GET / HTTP/1.0" 200 151 "-" "Mozilla/5.0 (compatible; Yahoo! Slurp; http://help.yahoo.com/help/us/ysearch/slurp)"
67.195.111.235 - - [15/Feb/2010:21:15:21 -0800] "GET / HTTP/1.0" 200 151 "-" "Mozilla/5.0 (compatible; Yahoo! Slurp/3.0; http://help.yahoo.com/help/us/ysearch/slurp)"
208.80.193.40 - - [15/Feb/2010:21:30:14 -0800] "GET / HTTP/1.0" 200 151 "-" "Mozilla/4.0 (compatible; MSIE 6.0; Windows NT 5.1; SV1; YPC 3.0.2; .NET CLR 2.0.50727)"
74.222.4.82 - - [15/Feb/2010:23:51:53 -0800] "GET /robots.txt HTTP/1.0" 302 353 "http://evilfuckers.org/robots.txt" "Mozilla/4.0 (compatible; MSIE 6.0; Windows NT 5.1; SV1; .NET CLR 2.0.50727)"
74.222.4.82 - - [15/Feb/2010:23:51:56 -0800] "GET / HTTP/1.0" 200 151 "http://evilfuckers.org/" "Mozilla/4.0 (compatible; MSIE 6.0; Windows NT 5.1; SV1; .NET CLR 2.0.50727)"
123.125.66.107 - - [16/Feb/2010:00:08:31 -0800] "GET /robots.txt HTTP/1.1" 302 353 "-" "Baiduspider+(+http://www.baidu.com/search/spider.htm)"
123.125.66.23 - - [16/Feb/2010:00:08:31 -0800] "GET / HTTP/1.1" 200 151 "-" "Baiduspider+(+http://www.baidu.com/search/spider.htm)"
216.129.119.12 - - [16/Feb/2010:00:59:41 -0800] "GET /robots.txt HTTP/1.1" 302 357 "-" "Mozilla/5.0 (Twiceler-0.9 http://www.cuil.com/twiceler/robot.html)"
95.108.150.235 - - [16/Feb/2010:03:58:53 -0800] "GET /robots.txt HTTP/1.1" 302 353 "-" "Yandex/1.01.001 (compatible; Win16; H)"
95.108.150.235 - - [16/Feb/2010:03:58:54 -0800] "GET /robots.txt HTTP/1.1" 302 357 "-" "Yandex/1.01.001 (compatible; Win16; H)"
95.108.150.235 - - [16/Feb/2010:03:58:55 -0800] "GET / HTTP/1.1" 200 151 "-" "Yandex/1.01.001 (compatible; Win16; H)"
95.108.150.235 - - [16/Feb/2010:03:58:56 -0800] "GET / HTTP/1.1" 200 151 "-" "Yandex/1.01.001 (compatible; Win16; H)"
95.108.150.235 - - [16/Feb/2010:03:58:57 -0800] "GET / HTTP/1.1" 200 151 "-" "Yandex/1.01.001 (compatible; Win16; H)"
95.108.150.235 - - [16/Feb/2010:03:58:58 -0800] "GET / HTTP/1.1" 200 151 "-" "Yandex/1.01.001 (compatible; Win16; H)"
66.219.58.34 - - [16/Feb/2010:05:27:12 -0800] "GET /robots.txt HTTP/1.1" 302 353 "-" "MLBot (www.metadatalabs.com/mlbot)"
66.219.58.34 - - [16/Feb/2010:05:27:12 -0800] "GET / HTTP/1.1" 200 151 "-" "MLBot (www.metadatalabs.com/mlbot)"
66.219.58.34 - - [16/Feb/2010:05:27:13 -0800] "GET / HTTP/1.1" 200 151 "-" "MLBot (www.metadatalabs.com/mlbot)"
65.55.107.181 - - [16/Feb/2010:06:59:39 -0800] "GET /robots.txt HTTP/1.1" 302 353 "-" "msnbot/2.0b (+http://search.msn.com/msnbot.htm)"
65.55.107.181 - - [16/Feb/2010:06:59:39 -0800] "GET / HTTP/1.1" 200 151 "-" "msnbot/2.0b (+http://search.msn.com/msnbot.htm)"
65.55.107.181 - - [16/Feb/2010:07:00:26 -0800] "GET / HTTP/1.1" 200 151 "-" "msnbot/2.0b (+http://search.msn.com/msnbot.htm)"
216.129.119.12 - - [16/Feb/2010:07:32:14 -0800] "GET /robots.txt HTTP/1.1" 302 353 "-" "Mozilla/5.0 (Twiceler-0.9 http://www.cuil.com/twiceler/robot.html)"
207.46.195.227 - - [16/Feb/2010:09:08:54 -0800] "GET /robots.txt HTTP/1.1" 302 353 "-" "msnbot/2.0b (+http://search.msn.com/msnbot.htm)"
207.46.195.227 - - [16/Feb/2010:09:08:54 -0800] "GET / HTTP/1.1" 200 151 "-" "msnbot/2.0b (+http://search.msn.com/msnbot.htm)"
207.46.199.41 - - [16/Feb/2010:16:49:02 -0800] "GET /robots.txt HTTP/1.1" 302 353 "-" "msnbot/2.0b (+http://search.msn.com/msnbot.htm)"
207.46.199.41 - - [16/Feb/2010:16:49:03 -0800] "GET / HTTP/1.1" 200 151 "-" "msnbot/2.0b (+http://search.msn.com/msnbot.htm)"
123.125.66.31 - - [17/Feb/2010:00:13:53 -0800] "GET /robots.txt HTTP/1.1" 302 353 "-" "Baiduspider+(+http://www.baidu.com/search/spider.htm)"
123.125.66.109 - - [17/Feb/2010:00:13:54 -0800] "GET / HTTP/1.1" 200 151 "-" "Baiduspider+(+http://www.baidu.com/search/spider.htm)"
216.129.119.12 - - [17/Feb/2010:00:16:46 -0800] "GET /robots.txt HTTP/1.1" 302 357 "-" "Mozilla/5.0 (Twiceler-0.9 http://www.cuil.com/twiceler/robot.html)"
207.46.199.37 - - [17/Feb/2010:02:09:34 -0800] "GET /robots.txt HTTP/1.1" 302 353 "-" "msnbot/2.0b (+http://search.msn.com/msnbot.htm)"
207.46.199.37 - - [17/Feb/2010:02:09:34 -0800] "GET / HTTP/1.1" 200 151 "-" "msnbot/2.0b (+http://search.msn.com/msnbot.htm)"
93.158.148.31 - - [17/Feb/2010:03:02:05 -0800] "GET /robots.txt HTTP/1.1" 302 357 "-" "Yandex/1.01.001 (compatible; Win16; I)"
64.246.161.190 - - [17/Feb/2010:03:27:31 -0800] "GET /robots.txt HTTP/1.0" 302 357 "-" "Mozilla/5.0 (Windows; U; Windows NT 5.1; en; rv:1.9.0.13) Gecko/2009073022 Firefox/3.5.2 (.NET CLR 3.5.30729) SurveyBot/2.3 (DomainTools)"
64.246.161.190 - - [17/Feb/2010:03:27:32 -0800] "GET / HTTP/1.1" 200 151 "http://whois.domaintools.com/evilfuckers.org" "Mozilla/5.0 (Windows; U; Windows NT 5.1; en; rv:1.9.0.13) Gecko/2009073022 Firefox/3.5.2 (.NET CLR 3.5.30729) SurveyBot/2.3 (DomainTools)"
93.158.148.31 - - [17/Feb/2010:04:23:04 -0800] "GET / HTTP/1.1" 200 151 "-" "Yandex/1.01.001 (compatible; Win16; I)"
208.80.193.42 - - [17/Feb/2010:05:31:57 -0800] "GET / HTTP/1.0" 200 151 "-" "Mozilla/4.0 (compatible; MSIE 6.0; Windows NT 5.1; {4C782700-B603-E9F6-7230-16054D597DC1}; Sgrunt|V110|29|S839718926|dial; Sgrunt|V110|29|S839718926|dialno; snprtz|T13537600000230|2600#Service Pack 2#2#5#1)"
216.129.119.12 - - [17/Feb/2010:07:05:33 -0800] "GET /robots.txt HTTP/1.1" 302 353 "-" "Mozilla/5.0 (Twiceler-0.9 http://www.cuil.com/twiceler/robot.html)"
65.55.106.109 - - [17/Feb/2010:08:42:01 -0800] "GET /robots.txt HTTP/1.1" 302 353 "-" "msnbot/2.0b (+http://search.msn.com/msnbot.htm)"
65.55.106.109 - - [17/Feb/2010:08:42:02 -0800] "GET / HTTP/1.1" 200 151 "-" "msnbot/2.0b (+http://search.msn.com/msnbot.htm)"
65.55.106.109 - - [17/Feb/2010:08:42:52 -0800] "GET /index.php/photos/album/1/photo/2.html HTTP/1.1" 200 151 "-" "msnbot/2.0b (+http://search.msn.com/msnbot.htm)"
85.17.211.164 - - [17/Feb/2010:08:49:47 -0800] "GET /robots.txt HTTP/1.1" 302 353 "-" "Mozilla/5.0 (Windows; U; Windows NT 5.0; ru; rv:1.8.0.10) Gecko/20070216 Firefox/1.5.0.10"
85.17.211.164 - - [17/Feb/2010:08:49:47 -0800] "GET / HTTP/1.1" 200 151 "-" "Mozilla/5.0 (Windows; U; Windows NT 5.0; ru; rv:1.8.0.10) Gecko/20070216 Firefox/1.5.0.10"
208.80.193.38 - - [17/Feb/2010:11:15:27 -0800] "GET / HTTP/1.0" 200 151 "-" "Mozilla/4.0 (compatible; MSIE 6.0; Windows NT 5.1; acc=ventura5; .NET CLR 1.1.4322)"
174.129.167.253 - - [17/Feb/2010:14:43:09 -0800] "GET / HTTP/1.0" 200 151 "-" "Mozilla/4.0 (compatible; MSIE 6.0; Windows NT 5.1; SV1; .NET CLR 1.1.4322; .NET CLR 2.0.50728)"
71.41.201.38 - - [17/Feb/2010:16:56:10 -0800] "GET /robots.txt HTTP/1.1" 302 353 "-" "MLBot (www.metadatalabs.com/mlbot)"
71.41.201.38 - - [17/Feb/2010:16:56:13 -0800] "GET / HTTP/1.1" 200 151 "-" "MLBot (www.metadatalabs.com/mlbot)"
71.41.201.38 - - [17/Feb/2010:16:56:13 -0800] "GET / HTTP/1.1" 200 151 "-" "MLBot (www.metadatalabs.com/mlbot)"
95.108.150.235 - - [17/Feb/2010:17:16:22 -0800] "GET /robots.txt HTTP/1.1" 302 353 "-" "Yandex/1.01.001 (compatible; Win16; H)"
95.108.150.235 - - [17/Feb/2010:17:16:23 -0800] "GET /robots.txt HTTP/1.1" 302 357 "-" "Yandex/1.01.001 (compatible; Win16; H)"
95.108.150.235 - - [17/Feb/2010:17:16:24 -0800] "GET / HTTP/1.1" 200 151 "-" "Yandex/1.01.001 (compatible; Win16; H)"
95.108.150.235 - - [17/Feb/2010:17:16:25 -0800] "GET / HTTP/1.1" 200 151 "-" "Yandex/1.01.001 (compatible; Win16; H)"
95.108.150.235 - - [17/Feb/2010:17:16:26 -0800] "GET / HTTP/1.1" 200 151 "-" "Yandex/1.01.001 (compatible; Win16; H)"
95.108.150.235 - - [17/Feb/2010:17:16:28 -0800] "GET / HTTP/1.1" 200 151 "-" "Yandex/1.01.001 (compatible; Win16; H)"
79.232.36.134 - - [17/Feb/2010:20:26:49 -0800] "GET / HTTP/1.1" 200 151 "-" "Mozilla/5.0 (compatible; seexie.com_bot/4.1; +http://www.seexie.com)"
207.46.204.233 - - [17/Feb/2010:23:29:18 -0800] "GET /robots.txt HTTP/1.1" 302 353 "-" "msnbot/2.0b (+http://search.msn.com/msnbot.htm)"
207.46.204.233 - - [17/Feb/2010:23:29:18 -0800] "GET / HTTP/1.1" 200 151 "-" "msnbot/2.0b (+http://search.msn.com/msnbot.htm)"
74.222.4.218 - - [17/Feb/2010:23:55:51 -0800] "GET /robots.txt HTTP/1.0" 302 353 "http://evilfuckers.org/robots.txt" "Mozilla/4.0 (compatible; MSIE 6.0; Windows NT 5.1; SV1; .NET CLR 2.0.50727)"
74.222.4.218 - - [17/Feb/2010:23:55:51 -0800] "GET / HTTP/1.0" 200 151 "http://evilfuckers.org/" "Mozilla/4.0 (compatible; MSIE 6.0; Windows NT 5.1; SV1; .NET CLR 2.0.50727)"
123.125.66.22 - - [18/Feb/2010:00:13:26 -0800] "GET /robots.txt HTTP/1.1" 302 353 "-" "Baiduspider+(+http://www.baidu.com/search/spider.htm)"
123.125.66.112 - - [18/Feb/2010:00:13:27 -0800] "GET / HTTP/1.1" 200 151 "-" "Baiduspider+(+http://www.baidu.com/search/spider.htm)"
216.129.119.12 - - [18/Feb/2010:00:13:46 -0800] "GET /robots.txt HTTP/1.1" 302 357 "-" "Mozilla/5.0 (Twiceler-0.9 http://www.cuil.com/twiceler/robot.html)"
219.143.225.3 - - [18/Feb/2010:05:15:44 -0800] "HEAD / HTTP/1.0" 200 - "-" "Mozilla/4.0(compatible;MSIE 5.00;Windows 98)"
65.55.106.207 - - [18/Feb/2010:05:37:59 -0800] "GET /robots.txt HTTP/1.1" 302 353 "-" "msnbot/2.0b (+http://search.msn.com/msnbot.htm)"
65.55.106.207 - - [18/Feb/2010:05:37:59 -0800] "GET / HTTP/1.1" 200 151 "-" "msnbot/2.0b (+http://search.msn.com/msnbot.htm)"
65.55.106.207 - - [18/Feb/2010:05:38:56 -0800] "GET /?C=S;O=A HTTP/1.1" 200 151 "-" "msnbot/2.0b (+http://search.msn.com/msnbot.htm)"
195.127.173.170 - - [18/Feb/2010:06:39:30 -0800] "GET / HTTP/1.1" 200 151 "-" "oBot"
216.129.119.12 - - [18/Feb/2010:07:04:31 -0800] "GET /robots.txt HTTP/1.1" 302 353 "-" "Mozilla/5.0 (Twiceler-0.9 http://www.cuil.com/twiceler/robot.html)"
65.55.207.119 - - [18/Feb/2010:07:20:15 -0800] "GET /robots.txt HTTP/1.1" 302 353 "-" "msnbot/2.0b (+http://search.msn.com/msnbot.htm)"
65.55.207.119 - - [18/Feb/2010:07:20:15 -0800] "GET / HTTP/1.1" 200 151 "-" "msnbot/2.0b (+http://search.msn.com/msnbot.htm)"
65.55.207.119 - - [18/Feb/2010:07:20:53 -0800] "GET / HTTP/1.1" 200 151 "-" "msnbot/2.0b (+http://search.msn.com/msnbot.htm)"
