216.145.14.142 - - [16/May/2010:06:00:46 -0700] "GET /robots.txt HTTP/1.0" 302 357 "-" "Mozilla/5.0 (Windows; U; Windows NT 5.1; en; rv:1.9.0.13) Gecko/2009073022 Firefox/3.5.2 (.NET CLR 3.5.30729) SurveyBot/2.3 (DomainTools)"
216.145.14.142 - - [16/May/2010:06:00:47 -0700] "GET / HTTP/1.1" 200 151 "http://whois.domaintools.com/evilfuckers.org" "Mozilla/5.0 (Windows; U; Windows NT 5.1; en; rv:1.9.0.13) Gecko/2009073022 Firefox/3.5.2 (.NET CLR 3.5.30729) SurveyBot/2.3 (DomainTools)"
208.80.193.40 - - [16/May/2010:06:04:38 -0700] "GET / HTTP/1.0" 200 151 "-" "Mozilla/4.0 (compatible; MSIE 7.0; Windows NT 5.1; FunWebProducts; Comcast Install 1.0; .NET CLR 1.1.4322; .NET CLR 2.0.50727; .NET CLR 3.0.04506.30)"
72.249.89.201 - - [16/May/2010:07:28:07 -0700] "GET /administrator/index.php HTTP/1.1" 302 357 "-" "Mozilla/5.0 (compatible; Googlebot/2.1; +http://www.google.com/bot.html)"
72.249.89.201 - - [16/May/2010:07:28:11 -0700] "GET /joomla/administrator/index.php HTTP/1.1" 302 357 "-" "Mozilla/5.0 (compatible; Googlebot/2.1; +http://www.google.com/bot.html)"
72.249.89.201 - - [16/May/2010:07:28:11 -0700] "GET /site/administrator/index.php HTTP/1.1" 302 357 "-" "Mozilla/5.0 (compatible; Googlebot/2.1; +http://www.google.com/bot.html)"
72.249.89.201 - - [16/May/2010:07:28:15 -0700] "GET /cms/administrator/index.php HTTP/1.1" 302 357 "-" "Mozilla/5.0 (compatible; Googlebot/2.1; +http://www.google.com/bot.html)"
72.249.89.201 - - [16/May/2010:07:28:18 -0700] "GET /content/administrator/index.php HTTP/1.1" 302 357 "-" "Mozilla/5.0 (compatible; Googlebot/2.1; +http://www.google.com/bot.html)"
72.249.89.201 - - [16/May/2010:07:28:18 -0700] "GET /home/administrator/index.php HTTP/1.1" 302 357 "-" "Mozilla/5.0 (compatible; Googlebot/2.1; +http://www.google.com/bot.html)"
72.249.89.201 - - [16/May/2010:07:28:21 -0700] "GET /main/administrator/index.php HTTP/1.1" 302 357 "-" "Mozilla/5.0 (compatible; Googlebot/2.1; +http://www.google.com/bot.html)"
72.249.89.201 - - [16/May/2010:07:28:21 -0700] "GET /portal/administrator/index.php HTTP/1.1" 302 357 "-" "Mozilla/5.0 (compatible; Googlebot/2.1; +http://www.google.com/bot.html)"
72.249.89.201 - - [16/May/2010:07:28:22 -0700] "GET /web/administrator/index.php HTTP/1.1" 302 357 "-" "Mozilla/5.0 (compatible; Googlebot/2.1; +http://www.google.com/bot.html)"
72.249.89.201 - - [16/May/2010:07:28:22 -0700] "GET /v1/administrator/index.php HTTP/1.1" 302 357 "-" "Mozilla/5.0 (compatible; Googlebot/2.1; +http://www.google.com/bot.html)"
72.249.89.201 - - [16/May/2010:07:28:22 -0700] "GET /v2/administrator/index.php HTTP/1.1" 302 357 "-" "Mozilla/5.0 (compatible; Googlebot/2.1; +http://www.google.com/bot.html)"
72.249.89.201 - - [16/May/2010:07:28:25 -0700] "GET /j/administrator/index.php HTTP/1.1" 302 357 "-" "Mozilla/5.0 (compatible; Googlebot/2.1; +http://www.google.com/bot.html)"
72.249.89.201 - - [16/May/2010:07:28:28 -0700] "GET /en/administrator/index.php HTTP/1.1" 302 357 "-" "Mozilla/5.0 (compatible; Googlebot/2.1; +http://www.google.com/bot.html)"
72.249.89.201 - - [16/May/2010:07:28:29 -0700] "GET /joom/administrator/index.php HTTP/1.1" 302 357 "-" "Mozilla/5.0 (compatible; Googlebot/2.1; +http://www.google.com/bot.html)"
72.249.89.201 - - [16/May/2010:07:28:29 -0700] "GET /Joomla/administrator/index.php HTTP/1.1" 302 357 "-" "Mozilla/5.0 (compatible; Googlebot/2.1; +http://www.google.com/bot.html)"
72.249.89.201 - - [16/May/2010:07:28:38 -0700] "GET /joomla1.5/administrator/index.php HTTP/1.1" 302 357 "-" "Mozilla/5.0 (compatible; Googlebot/2.1; +http://www.google.com/bot.html)"
72.249.89.201 - - [16/May/2010:07:28:38 -0700] "GET /joomla15/administrator/index.php HTTP/1.1" 302 357 "-" "Mozilla/5.0 (compatible; Googlebot/2.1; +http://www.google.com/bot.html)"
72.249.89.201 - - [16/May/2010:07:28:42 -0700] "GET /joomla2/administrator/index.php HTTP/1.1" 302 357 "-" "Mozilla/5.0 (compatible; Googlebot/2.1; +http://www.google.com/bot.html)"
72.249.89.201 - - [16/May/2010:07:28:42 -0700] "GET /joomla1/administrator/index.php HTTP/1.1" 302 357 "-" "Mozilla/5.0 (compatible; Googlebot/2.1; +http://www.google.com/bot.html)"
72.249.89.201 - - [16/May/2010:07:28:42 -0700] "GET /Site/administrator/index.php HTTP/1.1" 302 357 "-" "Mozilla/5.0 (compatible; Googlebot/2.1; +http://www.google.com/bot.html)"
72.249.89.201 - - [16/May/2010:07:28:42 -0700] "GET /site_old/administrator/index.php HTTP/1.1" 302 357 "-" "Mozilla/5.0 (compatible; Googlebot/2.1; +http://www.google.com/bot.html)"
72.249.89.201 - - [16/May/2010:07:28:43 -0700] "GET /Site_old/administrator/index.php HTTP/1.1" 302 357 "-" "Mozilla/5.0 (compatible; Googlebot/2.1; +http://www.google.com/bot.html)"
72.249.89.201 - - [16/May/2010:07:28:43 -0700] "GET /cms_old/administrator/index.php HTTP/1.1" 302 357 "-" "Mozilla/5.0 (compatible; Googlebot/2.1; +http://www.google.com/bot.html)"
72.249.89.201 - - [16/May/2010:07:28:53 -0700] "GET /CMS/administrator/index.php HTTP/1.1" 302 357 "-" "Mozilla/5.0 (compatible; Googlebot/2.1; +http://www.google.com/bot.html)"
72.249.89.201 - - [16/May/2010:07:28:56 -0700] "GET /test/administrator/index.php HTTP/1.1" 302 357 "-" "Mozilla/5.0 (compatible; Googlebot/2.1; +http://www.google.com/bot.html)"
72.249.89.201 - - [16/May/2010:07:28:57 -0700] "GET /backup/administrator/index.php HTTP/1.1" 302 357 "-" "Mozilla/5.0 (compatible; Googlebot/2.1; +http://www.google.com/bot.html)"
207.46.199.29 - - [16/May/2010:07:58:10 -0700] "GET /?C=S;O=A HTTP/1.1" 200 151 "-" "Mozilla/4.0 (compatible; MSIE 6.0; Windows NT 5.2; SV1; .NET CLR 1.1.4325; .NET CLR 2.0.40607; .NET CLR 3.0.30729)"
81.26.215.138 - - [16/May/2010:08:27:24 -0700] "GET /administrator/index.php HTTP/1.1" 302 357 "-" "Mozilla/5.0 (compatible; Googlebot/2.1; +http://www.google.com/bot.html)"
81.26.215.138 - - [16/May/2010:08:27:25 -0700] "GET /joomla/administrator/index.php HTTP/1.1" 302 357 "-" "Mozilla/5.0 (compatible; Googlebot/2.1; +http://www.google.com/bot.html)"
81.26.215.138 - - [16/May/2010:08:27:26 -0700] "GET /site/administrator/index.php HTTP/1.1" 302 357 "-" "Mozilla/5.0 (compatible; Googlebot/2.1; +http://www.google.com/bot.html)"
81.26.215.138 - - [16/May/2010:08:27:26 -0700] "GET /cms/administrator/index.php HTTP/1.1" 302 357 "-" "Mozilla/5.0 (compatible; Googlebot/2.1; +http://www.google.com/bot.html)"
81.26.215.138 - - [16/May/2010:08:27:27 -0700] "GET /content/administrator/index.php HTTP/1.1" 302 357 "-" "Mozilla/5.0 (compatible; Googlebot/2.1; +http://www.google.com/bot.html)"
81.26.215.138 - - [16/May/2010:08:27:27 -0700] "GET /home/administrator/index.php HTTP/1.1" 302 357 "-" "Mozilla/5.0 (compatible; Googlebot/2.1; +http://www.google.com/bot.html)"
81.26.215.138 - - [16/May/2010:08:27:28 -0700] "GET /main/administrator/index.php HTTP/1.1" 302 357 "-" "Mozilla/5.0 (compatible; Googlebot/2.1; +http://www.google.com/bot.html)"
81.26.215.138 - - [16/May/2010:08:27:28 -0700] "GET /portal/administrator/index.php HTTP/1.1" 302 357 "-" "Mozilla/5.0 (compatible; Googlebot/2.1; +http://www.google.com/bot.html)"
81.26.215.138 - - [16/May/2010:08:27:29 -0700] "GET /web/administrator/index.php HTTP/1.1" 302 357 "-" "Mozilla/5.0 (compatible; Googlebot/2.1; +http://www.google.com/bot.html)"
81.26.215.138 - - [16/May/2010:08:27:29 -0700] "GET /v1/administrator/index.php HTTP/1.1" 302 357 "-" "Mozilla/5.0 (compatible; Googlebot/2.1; +http://www.google.com/bot.html)"
81.26.215.138 - - [16/May/2010:08:27:29 -0700] "GET /v2/administrator/index.php HTTP/1.1" 302 357 "-" "Mozilla/5.0 (compatible; Googlebot/2.1; +http://www.google.com/bot.html)"
81.26.215.138 - - [16/May/2010:08:27:30 -0700] "GET /j/administrator/index.php HTTP/1.1" 302 357 "-" "Mozilla/5.0 (compatible; Googlebot/2.1; +http://www.google.com/bot.html)"
81.26.215.138 - - [16/May/2010:08:27:30 -0700] "GET /en/administrator/index.php HTTP/1.1" 302 357 "-" "Mozilla/5.0 (compatible; Googlebot/2.1; +http://www.google.com/bot.html)"
81.26.215.138 - - [16/May/2010:08:27:31 -0700] "GET /joom/administrator/index.php HTTP/1.1" 302 357 "-" "Mozilla/5.0 (compatible; Googlebot/2.1; +http://www.google.com/bot.html)"
81.26.215.138 - - [16/May/2010:08:27:31 -0700] "GET /Joomla/administrator/index.php HTTP/1.1" 302 357 "-" "Mozilla/5.0 (compatible; Googlebot/2.1; +http://www.google.com/bot.html)"
81.26.215.138 - - [16/May/2010:08:27:32 -0700] "GET /joomla1.5/administrator/index.php HTTP/1.1" 302 357 "-" "Mozilla/5.0 (compatible; Googlebot/2.1; +http://www.google.com/bot.html)"
81.26.215.138 - - [16/May/2010:08:27:32 -0700] "GET /joomla15/administrator/index.php HTTP/1.1" 302 357 "-" "Mozilla/5.0 (compatible; Googlebot/2.1; +http://www.google.com/bot.html)"
81.26.215.138 - - [16/May/2010:08:27:34 -0700] "GET /joomla2/administrator/index.php HTTP/1.1" 302 357 "-" "Mozilla/5.0 (compatible; Googlebot/2.1; +http://www.google.com/bot.html)"
81.26.215.138 - - [16/May/2010:08:27:34 -0700] "GET /joomla1/administrator/index.php HTTP/1.1" 302 357 "-" "Mozilla/5.0 (compatible; Googlebot/2.1; +http://www.google.com/bot.html)"
81.26.215.138 - - [16/May/2010:08:27:34 -0700] "GET /Site/administrator/index.php HTTP/1.1" 302 357 "-" "Mozilla/5.0 (compatible; Googlebot/2.1; +http://www.google.com/bot.html)"
81.26.215.138 - - [16/May/2010:08:27:35 -0700] "GET /site_old/administrator/index.php HTTP/1.1" 302 357 "-" "Mozilla/5.0 (compatible; Googlebot/2.1; +http://www.google.com/bot.html)"
81.26.215.138 - - [16/May/2010:08:27:35 -0700] "GET /Site_old/administrator/index.php HTTP/1.1" 302 357 "-" "Mozilla/5.0 (compatible; Googlebot/2.1; +http://www.google.com/bot.html)"
81.26.215.138 - - [16/May/2010:08:27:36 -0700] "GET /cms_old/administrator/index.php HTTP/1.1" 302 357 "-" "Mozilla/5.0 (compatible; Googlebot/2.1; +http://www.google.com/bot.html)"
81.26.215.138 - - [16/May/2010:08:27:36 -0700] "GET /joomla_old/administrator/index.php HTTP/1.1" 302 357 "-" "Mozilla/5.0 (compatible; Googlebot/2.1; +http://www.google.com/bot.html)"
81.26.215.138 - - [16/May/2010:08:27:37 -0700] "GET /CMS/administrator/index.php HTTP/1.1" 302 357 "-" "Mozilla/5.0 (compatible; Googlebot/2.1; +http://www.google.com/bot.html)"
81.26.215.138 - - [16/May/2010:08:27:37 -0700] "GET /test/administrator/index.php HTTP/1.1" 302 357 "-" "Mozilla/5.0 (compatible; Googlebot/2.1; +http://www.google.com/bot.html)"
81.26.215.138 - - [16/May/2010:08:27:38 -0700] "GET /backup/administrator/index.php HTTP/1.1" 302 357 "-" "Mozilla/5.0 (compatible; Googlebot/2.1; +http://www.google.com/bot.html)"
216.129.119.12 - - [16/May/2010:10:03:12 -0700] "GET /robots.txt HTTP/1.1" 302 353 "-" "Mozilla/5.0 (Twiceler-0.9 http://www.cuil.com/twiceler/robot.html)"
93.158.148.31 - - [16/May/2010:12:33:45 -0700] "GET /robots.txt HTTP/1.1" 302 357 "-" "Yandex/1.01.001 (compatible; Win16; I)"
74.222.4.219 - - [16/May/2010:17:33:37 -0700] "GET /robots.txt HTTP/1.0" 302 353 "http://evilfuckers.org/robots.txt" "Mozilla/4.0 (compatible; MSIE 8.0; Windows NT 5.1; SV1; .NET CLR 2.0.50727)"
74.222.4.219 - - [16/May/2010:17:33:48 -0700] "GET / HTTP/1.0" 200 151 "http://evilfuckers.org/" "Mozilla/4.0 (compatible; MSIE 8.0; Windows NT 5.1; SV1; .NET CLR 2.0.50727)"
123.150.187.133 - - [16/May/2010:19:06:54 -0700] "GET / HTTP/1.1" 200 151 "-" "Mozilla/4.0 (compatible; MSIE 6.0; Windows NT 5.1; SV1; QQDownload 1.7; TencentTraveler 4.0; CIBA; InfoPath.2; .NET CLR 2.0.50727"
93.158.148.31 - - [16/May/2010:20:08:48 -0700] "GET / HTTP/1.1" 200 151 "-" "Yandex/1.01.001 (compatible; Win16; I)"
216.129.119.12 - - [16/May/2010:23:01:54 -0700] "GET /robots.txt HTTP/1.1" 302 357 "-" "Mozilla/5.0 (Twiceler-0.9 http://www.cuil.com/twiceler/robot.html)"
93.158.148.31 - - [16/May/2010:23:43:26 -0700] "GET /cgi-bin/gwcirc/irc.cgi HTTP/1.1" 302 357 "-" "Yandex/1.01.001 (compatible; Win16; I)"
207.46.13.139 - - [17/May/2010:00:56:37 -0700] "GET /robots.txt HTTP/1.1" 302 353 "-" "msnbot/2.0b (+http://search.msn.com/msnbot.htm)"
207.46.13.139 - - [17/May/2010:00:56:37 -0700] "GET / HTTP/1.1" 200 151 "-" "msnbot/2.0b (+http://search.msn.com/msnbot.htm)"
207.46.13.139 - - [17/May/2010:00:57:23 -0700] "GET /user.php HTTP/1.1" 302 353 "-" "msnbot/2.0b (+http://search.msn.com/msnbot.htm)"
123.125.66.102 - - [17/May/2010:01:52:19 -0700] "GET /robots.txt HTTP/1.1" 302 353 "-" "Baiduspider+(+http://www.baidu.com/search/spider.htm)"
123.125.66.42 - - [17/May/2010:01:52:20 -0700] "GET / HTTP/1.1" 200 151 "-" "Baiduspider+(+http://www.baidu.com/search/spider.htm)"
122.163.117.49 - - [17/May/2010:02:00:12 -0700] "GET / HTTP/1.1" 200 151 "-" "-"
219.143.225.3 - - [17/May/2010:04:22:45 -0700] "GET / HTTP/1.0" 200 151 "-" "Mozilla/4.0(compatible;MSIE 5.00;Windows 98)"
64.79.89.130 - - [17/May/2010:05:53:37 -0700] "GET / HTTP/1.1" 200 151 "-" "Mozilla/5.0 (Windows; U; Windows NT 6.0; en-US; rv:1.9.2) Gecko/20100115 Firefox/3.6 (.NET CLR 3.5.30729)"
64.79.89.130 - - [17/May/2010:05:53:41 -0700] "GET /favicon.ico HTTP/1.1" 200 574 "-" "-"
207.46.13.95 - - [17/May/2010:07:30:56 -0700] "GET /robots.txt HTTP/1.1" 302 353 "-" "msnbot/2.0b (+http://search.msn.com/msnbot.htm)"
207.46.13.95 - - [17/May/2010:07:30:56 -0700] "GET / HTTP/1.1" 200 151 "-" "msnbot/2.0b (+http://search.msn.com/msnbot.htm)"
207.46.13.95 - - [17/May/2010:07:32:20 -0700] "GET / HTTP/1.1" 200 151 "-" "msnbot/2.0b (+http://search.msn.com/msnbot.htm)"
208.80.193.38 - - [17/May/2010:08:44:16 -0700] "GET / HTTP/1.0" 200 151 "-" "Mozilla/4.0 (compatible; MSIE 6.0; Windows NT 5.1; SV1; OptusNetDSL6; .NET CLR 1.0.3705)"
216.129.119.12 - - [17/May/2010:09:50:33 -0700] "GET /robots.txt HTTP/1.1" 302 353 "-" "Mozilla/5.0 (Twiceler-0.9 http://www.cuil.com/twiceler/robot.html)"
208.80.193.29 - - [17/May/2010:13:24:15 -0700] "GET / HTTP/1.0" 200 151 "-" "Mozilla/4.0 (compatible; MSIE 6.0; Windows NT 5.1; SV1; QS 4.2.1.0; .NET CLR 1.0.3705; .NET CLR 1.1.4322; .NET CLR 2.0.50727; InfoPath.1; .NET CLR 3.0.04506.30)"
95.108.150.235 - - [17/May/2010:16:07:25 -0700] "GET /robots.txt HTTP/1.1" 302 353 "-" "Yandex/1.01.001 (compatible; Win16; H)"
95.108.150.235 - - [17/May/2010:16:07:26 -0700] "GET /robots.txt HTTP/1.1" 302 357 "-" "Yandex/1.01.001 (compatible; Win16; H)"
95.108.150.235 - - [17/May/2010:16:07:27 -0700] "GET / HTTP/1.1" 200 151 "-" "Yandex/1.01.001 (compatible; Win16; H)"
95.108.150.235 - - [17/May/2010:16:07:28 -0700] "GET / HTTP/1.1" 200 151 "-" "Yandex/1.01.001 (compatible; Win16; H)"
95.108.150.235 - - [17/May/2010:16:07:29 -0700] "GET / HTTP/1.1" 200 151 "-" "Yandex/1.01.001 (compatible; Win16; H)"
95.108.150.235 - - [17/May/2010:16:07:39 -0700] "GET / HTTP/1.1" 200 151 "-" "Yandex/1.01.001 (compatible; Win16; H)"
66.219.58.43 - - [18/May/2010:01:23:34 -0700] "GET /robots.txt HTTP/1.1" 302 353 "-" "MLBot (www.metadatalabs.com/mlbot)"
66.219.58.43 - - [18/May/2010:01:23:34 -0700] "GET / HTTP/1.1" 200 151 "-" "MLBot (www.metadatalabs.com/mlbot)"
66.219.58.43 - - [18/May/2010:01:23:34 -0700] "GET / HTTP/1.1" 200 151 "-" "MLBot (www.metadatalabs.com/mlbot)"
123.125.66.116 - - [18/May/2010:02:00:08 -0700] "GET /robots.txt HTTP/1.1" 302 353 "-" "Baiduspider+(+http://www.baidu.com/search/spider.htm)"
123.125.66.114 - - [18/May/2010:02:00:09 -0700] "GET / HTTP/1.1" 200 151 "-" "Baiduspider+(+http://www.baidu.com/search/spider.htm)"
64.56.66.211 - - [18/May/2010:03:03:57 -0700] "GET /robots.txt HTTP/1.0" 302 353 "http://evilfuckers.org/robots.txt" "Mozilla/4.0 (compatible; MSIE 8.0; Windows NT 5.1; SV1; .NET CLR 2.0.50727)"
64.56.66.211 - - [18/May/2010:03:03:57 -0700] "GET / HTTP/1.0" 200 151 "http://evilfuckers.org/" "Mozilla/4.0 (compatible; MSIE 8.0; Windows NT 5.1; SV1; .NET CLR 2.0.50727)"
93.158.148.31 - - [18/May/2010:15:26:19 -0700] "GET /robots.txt HTTP/1.1" 302 357 "-" "Yandex/1.01.001 (compatible; Win16; I)"
208.80.193.42 - - [18/May/2010:16:36:12 -0700] "GET / HTTP/1.0" 200 151 "-" "Mozilla/4.0 (compatible; MSIE 5.5; Windows 98; Win 9x 4.90; PeoplePal 3.0; PeoplePal 6.1)"
89.123.13.249 - - [18/May/2010:16:48:01 -0700] "GET / HTTP/1.1" 200 151 "-" "Java/1.6.0_04"
89.123.13.249 - - [18/May/2010:17:26:50 -0700] "GET / HTTP/1.1" 200 151 "-" "Java/1.6.0_04"
76.226.219.237 - - [18/May/2010:19:39:09 -0700] "GET / HTTP/1.1" 200 151 "-" "Mozilla/4.0 (compatible; MSIE 6.0; Windows NT 5.1; SV1; InfoPath.2)"
76.226.219.237 - - [18/May/2010:19:39:11 -0700] "GET / HTTP/1.1" 200 151 "-" "Mozilla/4.0 (compatible; MSIE 6.0; Windows NT 5.1; SV1; InfoPath.2)"
207.46.204.229 - - [18/May/2010:21:02:04 -0700] "GET /robots.txt HTTP/1.1" 302 353 "-" "msnbot/2.0b (+http://search.msn.com/msnbot.htm)"
207.46.204.229 - - [18/May/2010:21:02:04 -0700] "GET / HTTP/1.1" 200 151 "-" "msnbot/2.0b (+http://search.msn.com/msnbot.htm)"
207.46.204.229 - - [18/May/2010:21:04:24 -0700] "GET /index.php/photos/album/1/photo/1.html HTTP/1.1" 200 151 "-" "msnbot/2.0b (+http://search.msn.com/msnbot.htm)"
208.80.193.30 - - [18/May/2010:21:13:29 -0700] "GET / HTTP/1.0" 200 151 "-" "Mozilla/4.0 (compatible; MSIE 7.0; Windows NT 5.1; {FBD47101-D4E6-11D8-946C-0048548C4AD5}; .NET CLR 1.1.4322)"
69.46.28.206 - - [18/May/2010:23:30:37 -0700] "GET /orb.jpg HTTP/1.0" 302 357 "-" "-"
69.46.28.206 - - [18/May/2010:23:30:38 -0700] "GET / HTTP/1.0" 200 151 "-" "-"
66.249.68.132 - - [19/May/2010:00:00:06 -0700] "GET /robots.txt HTTP/1.1" 302 353 "-" "Mozilla/5.0 (compatible; Googlebot/2.1; +http://www.google.com/bot.html)"
66.249.68.132 - - [19/May/2010:00:00:06 -0700] "GET / HTTP/1.1" 200 151 "-" "Mozilla/5.0 (compatible; Googlebot/2.1; +http://www.google.com/bot.html)"
66.249.68.132 - - [19/May/2010:00:00:07 -0700] "GET /index.php/photos/album/1.html HTTP/1.1" 200 151 "-" "Mozilla/5.0 (compatible; Googlebot/2.1; +http://www.google.com/bot.html)"
123.125.66.105 - - [19/May/2010:01:58:11 -0700] "GET /robots.txt HTTP/1.1" 302 353 "-" "Baiduspider+(+http://www.baidu.com/search/spider.htm)"
123.125.66.55 - - [19/May/2010:01:58:12 -0700] "GET / HTTP/1.1" 200 151 "-" "Baiduspider+(+http://www.baidu.com/search/spider.htm)"
66.249.68.132 - - [19/May/2010:05:41:41 -0700] "GET /index.php/photos/album/1/photo/2.html HTTP/1.1" 200 151 "-" "Mozilla/5.0 (compatible; Googlebot/2.1; +http://www.google.com/bot.html)"
95.108.150.235 - - [19/May/2010:05:56:50 -0700] "GET /robots.txt HTTP/1.1" 302 353 "-" "Yandex/1.01.001 (compatible; Win16; H)"
95.108.150.235 - - [19/May/2010:05:56:51 -0700] "GET /robots.txt HTTP/1.1" 302 357 "-" "Yandex/1.01.001 (compatible; Win16; H)"
95.108.150.235 - - [19/May/2010:05:56:52 -0700] "GET / HTTP/1.1" 200 151 "-" "Yandex/1.01.001 (compatible; Win16; H)"
95.108.150.235 - - [19/May/2010:05:56:53 -0700] "GET / HTTP/1.1" 200 151 "-" "Yandex/1.01.001 (compatible; Win16; H)"
95.108.150.235 - - [19/May/2010:05:56:54 -0700] "GET / HTTP/1.1" 200 151 "-" "Yandex/1.01.001 (compatible; Win16; H)"
95.108.150.235 - - [19/May/2010:05:56:55 -0700] "GET / HTTP/1.1" 200 151 "-" "Yandex/1.01.001 (compatible; Win16; H)"
66.249.68.132 - - [19/May/2010:08:32:44 -0700] "GET /index.php/photos/album/1/photo/1.html HTTP/1.1" 200 151 "-" "Mozilla/5.0 (compatible; Googlebot/2.1; +http://www.google.com/bot.html)"
216.129.119.12 - - [19/May/2010:13:55:17 -0700] "GET /robots.txt HTTP/1.1" 302 353 "-" "Mozilla/5.0 (Twiceler-0.9 http://www.cuil.com/twiceler/robot.html)"
174.121.75.26 - - [19/May/2010:18:01:42 -0700] "GET /robots.txt HTTP/1.0" 302 353 "-" "GeoHasher/Nutch-1.0 (GeoHasher Web Search Engine; geohasher.gotdns.org; geo_hasher at yahoo * com)"
174.121.75.26 - - [19/May/2010:18:01:42 -0700] "GET / HTTP/1.0" 200 151 "-" "GeoHasher/Nutch-1.0 (GeoHasher Web Search Engine; geohasher.gotdns.org; geo_hasher at yahoo * com)"
64.56.67.154 - - [20/May/2010:00:14:26 -0700] "GET /robots.txt HTTP/1.0" 302 353 "-" "url_test (larbin2.6.3@unspecified.mail)"
64.56.67.154 - - [20/May/2010:00:14:55 -0700] "GET / HTTP/1.0" 200 151 "-" "url_test larbin2.6.3@unspecified.mail"
208.80.193.35 - - [20/May/2010:01:05:49 -0700] "GET / HTTP/1.0" 200 151 "-" "Mozilla/4.0 (compatible; MSIE 7.0; Windows NT 5.1; SIMBAR={D43011B4-3613-4d94-8688-94990F3CC3BC}; FunWebProducts; YPC 3.2.0; .NET CLR 1.1.4322; .NET CLR 2.0.50727)"
123.125.66.40 - - [20/May/2010:02:03:36 -0700] "GET /robots.txt HTTP/1.1" 302 353 "-" "Baiduspider+(+http://www.baidu.com/search/spider.htm)"
123.125.66.24 - - [20/May/2010:02:03:37 -0700] "GET / HTTP/1.1" 200 151 "-" "Baiduspider+(+http://www.baidu.com/search/spider.htm)"
77.66.214.80 - - [20/May/2010:04:22:00 -0700] "GET /plugins/editors/tinymce/jscripts/tiny_mce/plugins/tinybrowser/tinybrowser.php?type=file&folder= HTTP/1.0" 302 353 "evilfuckers.org/plugins/editors/tinymce/jscripts/tiny_mce/plugins/tinybrowser/tinybrowser.php?type=file&folder=" "Mozilla/4.0 (compatible; MSIE 6.0; Windows 98; Win 9x 4.90)"
216.129.119.12 - - [20/May/2010:05:24:56 -0700] "GET /robots.txt HTTP/1.1" 302 357 "-" "Mozilla/5.0 (Twiceler-0.9 http://www.cuil.com/twiceler/robot.html)"
208.80.193.27 - - [20/May/2010:05:54:01 -0700] "GET / HTTP/1.0" 200 151 "-" "Mozilla/4.0 (compatible; MSIE 6.0; Windows NT 5.1; SV1; Hotbar 4.3.5.0; FunWebProducts; SpamBlockerUtility 4.8.4)"
95.108.142.138 - - [20/May/2010:06:38:48 -0700] "GET /robots.txt HTTP/1.1" 302 353 "-" "Yandex/1.01.001 (compatible; Win16; H)"
95.108.142.138 - - [20/May/2010:06:38:49 -0700] "GET /robots.txt HTTP/1.1" 302 357 "-" "Yandex/1.01.001 (compatible; Win16; H)"
95.108.142.138 - - [20/May/2010:06:38:50 -0700] "GET / HTTP/1.1" 200 151 "-" "Yandex/1.01.001 (compatible; Win16; H)"
95.108.142.138 - - [20/May/2010:06:38:51 -0700] "GET / HTTP/1.1" 200 151 "-" "Yandex/1.01.001 (compatible; Win16; H)"
95.108.142.138 - - [20/May/2010:06:38:52 -0700] "GET / HTTP/1.1" 200 151 "-" "Yandex/1.01.001 (compatible; Win16; H)"
95.108.142.138 - - [20/May/2010:06:38:54 -0700] "GET / HTTP/1.1" 200 151 "-" "Yandex/1.01.001 (compatible; Win16; H)"
219.143.225.3 - - [20/May/2010:06:59:15 -0700] "HEAD / HTTP/1.0" 200 - "-" "Mozilla/4.0(compatible;MSIE 5.00;Windows 98)"
69.46.28.206 - - [20/May/2010:11:34:15 -0700] "GET /orb.jpg HTTP/1.0" 302 357 "-" "-"
69.46.28.206 - - [20/May/2010:11:34:16 -0700] "GET / HTTP/1.0" 200 151 "-" "-"
82.72.20.231 - - [20/May/2010:14:08:38 -0700] "GET / HTTP/1.1" 200 151 "http://evilfuckers.org/" "Mozilla/5.0 (Windows; U; Windows NT 5.1; nl; rv:1.9.2.3) Gecko/20100401 Firefox/3.6.3"
82.72.20.231 - - [20/May/2010:14:08:38 -0700] "GET /favicon.ico HTTP/1.1" 200 574 "http://evilfuckers.org/" "Mozilla/5.0 (Windows; U; Windows NT 5.1; nl; rv:1.9.2.3) Gecko/20100401 Firefox/3.6.3"
93.158.148.31 - - [20/May/2010:15:18:31 -0700] "GET /robots.txt HTTP/1.1" 302 357 "-" "Yandex/1.01.001 (compatible; Win16; I)"
216.129.119.12 - - [20/May/2010:15:47:27 -0700] "GET /robots.txt HTTP/1.1" 302 353 "-" "Mozilla/5.0 (Twiceler-0.9 http://www.cuil.com/twiceler/robot.html)"
174.129.74.98 - - [20/May/2010:23:17:50 -0700] "GET /robots.txt HTTP/1.1" 302 353 "-" "Mozilla/5.0 (Macintosh; U; Intel Mac OS X 10.6; en-US; rv:1.9.2.3) Gecko/20100401 Firefox/3.6.3"
174.129.74.98 - - [20/May/2010:23:17:50 -0700] "GET / HTTP/1.1" 200 151 "-" "Mozilla/5.0 (Macintosh; U; Intel Mac OS X 10.6; en-US; rv:1.9.2.3) Gecko/20100401 Firefox/3.6.3"
174.129.74.98 - - [20/May/2010:23:22:13 -0700] "GET / HTTP/1.1" 200 151 "-" "Mozilla/5.0 (Macintosh; U; Intel Mac OS X 10.6; en-US; rv:1.9.2.3) Gecko/20100401 Firefox/3.6.3"
93.158.148.31 - - [20/May/2010:23:55:36 -0700] "GET / HTTP/1.1" 200 151 "-" "Yandex/1.01.001 (compatible; Win16; I)"
89.110.151.54 - - [21/May/2010:00:00:25 -0700] "GET / HTTP/1.0" 200 151 "-" "-"
123.125.66.47 - - [21/May/2010:02:03:07 -0700] "GET /robots.txt HTTP/1.1" 302 353 "-" "Baiduspider+(+http://www.baidu.com/search/spider.htm)"
123.125.66.34 - - [21/May/2010:02:03:08 -0700] "GET / HTTP/1.1" 200 151 "-" "Baiduspider+(+http://www.baidu.com/search/spider.htm)"
140.203.155.7 - - [21/May/2010:10:09:36 -0700] "GET / HTTP/1.0" 200 151 "-" "Mozilla/5.0 (compatible; sindice-fetcher/0.1.0 +http://sindice.com/developers/bot)"
66.219.58.38 - - [21/May/2010:11:01:33 -0700] "GET /robots.txt HTTP/1.1" 302 353 "-" "MLBot (www.metadatalabs.com/mlbot)"
66.219.58.38 - - [21/May/2010:11:01:34 -0700] "GET / HTTP/1.1" 200 151 "-" "MLBot (www.metadatalabs.com/mlbot)"
66.219.58.38 - - [21/May/2010:11:01:34 -0700] "GET / HTTP/1.1" 200 151 "-" "MLBot (www.metadatalabs.com/mlbot)"
208.80.193.35 - - [21/May/2010:12:04:18 -0700] "GET / HTTP/1.0" 200 151 "-" "Mozilla/4.0 (compatible; MSIE 7.0; Windows NT 5.1; Crazy Browser 2.0.0 Beta 1)"
81.26.209.38 - - [21/May/2010:12:19:10 -0700] "GET /awstats/awstats.pl HTTP/1.1" 302 357 "-" "Mozilla/5.0 (compatible; Googlebot/2.1; +http://www.google.com/bot.html)"
81.26.209.38 - - [21/May/2010:12:19:10 -0700] "GET /awstats6/awstats.pl HTTP/1.1" 302 357 "-" "Mozilla/5.0 (compatible; Googlebot/2.1; +http://www.google.com/bot.html)"
81.26.209.38 - - [21/May/2010:12:19:11 -0700] "GET /awstats6/cgi-bin/awstats.pl HTTP/1.1" 302 357 "-" "Mozilla/5.0 (compatible; Googlebot/2.1; +http://www.google.com/bot.html)"
81.26.209.38 - - [21/May/2010:12:19:11 -0700] "GET /cgi-bin/awstats6/6awstats.pl HTTP/1.1" 302 357 "-" "Mozilla/5.0 (compatible; Googlebot/2.1; +http://www.google.com/bot.html)"
81.26.209.38 - - [21/May/2010:12:19:12 -0700] "GET /awstat/awstats.pl HTTP/1.1" 302 357 "-" "Mozilla/5.0 (compatible; Googlebot/2.1; +http://www.google.com/bot.html)"
81.26.209.38 - - [21/May/2010:12:19:12 -0700] "GET /system-cgi/awstats.pl HTTP/1.1" 302 357 "-" "Mozilla/5.0 (compatible; Googlebot/2.1; +http://www.google.com/bot.html)"
81.26.209.38 - - [21/May/2010:12:19:13 -0700] "GET /cgi/awstats.pl HTTP/1.1" 302 357 "-" "Mozilla/5.0 (compatible; Googlebot/2.1; +http://www.google.com/bot.html)"
81.26.209.38 - - [21/May/2010:12:19:13 -0700] "GET /cp/awstats/awstats.pl HTTP/1.1" 302 357 "-" "Mozilla/5.0 (compatible; Googlebot/2.1; +http://www.google.com/bot.html)"
81.26.209.38 - - [21/May/2010:12:19:14 -0700] "GET /stats/awstats.pl HTTP/1.1" 302 357 "-" "Mozilla/5.0 (compatible; Googlebot/2.1; +http://www.google.com/bot.html)"
81.26.209.38 - - [21/May/2010:12:19:17 -0700] "GET /stats/cgi-bin/awstats.pl HTTP/1.1" 302 357 "-" "Mozilla/5.0 (compatible; Googlebot/2.1; +http://www.google.com/bot.html)"
81.26.209.38 - - [21/May/2010:12:19:18 -0700] "GET /stat/awstats.pl HTTP/1.1" 302 357 "-" "Mozilla/5.0 (compatible; Googlebot/2.1; +http://www.google.com/bot.html)"
81.26.209.38 - - [21/May/2010:12:19:21 -0700] "GET /awstats-cgi/awstats.pl HTTP/1.1" 302 357 "-" "Mozilla/5.0 (compatible; Googlebot/2.1; +http://www.google.com/bot.html)"
81.26.209.38 - - [21/May/2010:12:19:22 -0700] "GET /awstats/cgi-bin/awstats.pl HTTP/1.1" 302 357 "-" "Mozilla/5.0 (compatible; Googlebot/2.1; +http://www.google.com/bot.html)"
81.26.209.38 - - [21/May/2010:12:19:22 -0700] "GET /cgi-bin/awstat/awstats.pl HTTP/1.1" 302 357 "-" "Mozilla/5.0 (compatible; Googlebot/2.1; +http://www.google.com/bot.html)"
81.26.209.38 - - [21/May/2010:12:19:23 -0700] "GET /cgi-bin/awstats/awstats.pl HTTP/1.1" 302 357 "-" "Mozilla/5.0 (compatible; Googlebot/2.1; +http://www.google.com/bot.html)"
81.26.209.38 - - [21/May/2010:12:19:26 -0700] "GET /statistics/awstats.pl HTTP/1.1" 302 357 "-" "Mozilla/5.0 (compatible; Googlebot/2.1; +http://www.google.com/bot.html)"
81.26.209.38 - - [21/May/2010:12:19:27 -0700] "GET /statistic/awstats.pl HTTP/1.1" 302 357 "-" "Mozilla/5.0 (compatible; Googlebot/2.1; +http://www.google.com/bot.html)"
81.26.209.38 - - [21/May/2010:12:19:27 -0700] "GET /cgi-bin/awstats.pl HTTP/1.1" 302 357 "-" "Mozilla/5.0 (compatible; Googlebot/2.1; +http://www.google.com/bot.html)"
81.26.209.38 - - [21/May/2010:12:19:28 -0700] "GET /logs/awstats.pl HTTP/1.1" 302 357 "-" "Mozilla/5.0 (compatible; Googlebot/2.1; +http://www.google.com/bot.html)"
81.26.209.38 - - [21/May/2010:12:19:28 -0700] "GET /webstats/awstats.pl HTTP/1.1" 302 357 "-" "Mozilla/5.0 (compatible; Googlebot/2.1; +http://www.google.com/bot.html)"
81.26.209.38 - - [21/May/2010:12:19:28 -0700] "GET /awstats.pl HTTP/1.1" 302 357 "-" "Mozilla/5.0 (compatible; Googlebot/2.1; +http://www.google.com/bot.html)"
208.80.193.39 - - [21/May/2010:16:52:31 -0700] "GET / HTTP/1.0" 200 151 "-" "Mozilla/4.0 (compatible; MSIE 7.0; AOL 9.0; Windows NT 5.1; FunWebProducts; .NET CLR 1.1.4322; .NET CLR 2.0.50727; ZangoToolbar 4.8.3)"
216.129.119.12 - - [21/May/2010:23:03:48 -0700] "GET /robots.txt HTTP/1.1" 302 357 "-" "Mozilla/5.0 (Twiceler-0.9 http://www.cuil.com/twiceler/robot.html)"
95.108.150.235 - - [22/May/2010:00:17:36 -0700] "GET /robots.txt HTTP/1.1" 302 353 "-" "Yandex/1.01.001 (compatible; Win16; H)"
95.108.150.235 - - [22/May/2010:00:17:37 -0700] "GET /robots.txt HTTP/1.1" 302 357 "-" "Yandex/1.01.001 (compatible; Win16; H)"
95.108.150.235 - - [22/May/2010:00:17:38 -0700] "GET / HTTP/1.1" 200 151 "-" "Yandex/1.01.001 (compatible; Win16; H)"
95.108.150.235 - - [22/May/2010:00:17:39 -0700] "GET / HTTP/1.1" 200 151 "-" "Yandex/1.01.001 (compatible; Win16; H)"
95.108.150.235 - - [22/May/2010:00:17:40 -0700] "GET / HTTP/1.1" 200 151 "-" "Yandex/1.01.001 (compatible; Win16; H)"
95.108.150.235 - - [22/May/2010:00:17:41 -0700] "GET / HTTP/1.1" 200 151 "-" "Yandex/1.01.001 (compatible; Win16; H)"
216.129.119.12 - - [22/May/2010:00:26:29 -0700] "GET / HTTP/1.1" 200 151 "-" "Mozilla/5.0 (Twiceler-0.9 http://www.cuil.com/twiceler/robot.html)"
123.125.66.27 - - [22/May/2010:01:52:27 -0700] "GET /robots.txt HTTP/1.1" 302 353 "-" "Baiduspider+(+http://www.baidu.com/search/spider.htm)"
123.125.66.54 - - [22/May/2010:01:52:28 -0700] "GET / HTTP/1.1" 200 151 "-" "Baiduspider+(+http://www.baidu.com/search/spider.htm)"
66.242.19.27 - - [22/May/2010:04:55:56 -0700] "GET /awstats/awstats.pl HTTP/1.1" 302 357 "-" "Mozilla/5.0 (compatible; Googlebot/2.1; +http://www.google.com/bot.html)"
66.242.19.27 - - [22/May/2010:04:55:57 -0700] "GET /awstats6/awstats.pl HTTP/1.1" 302 357 "-" "Mozilla/5.0 (compatible; Googlebot/2.1; +http://www.google.com/bot.html)"
66.242.19.27 - - [22/May/2010:04:55:57 -0700] "GET /awstats6/cgi-bin/awstats.pl HTTP/1.1" 302 357 "-" "Mozilla/5.0 (compatible; Googlebot/2.1; +http://www.google.com/bot.html)"
66.242.19.27 - - [22/May/2010:04:55:57 -0700] "GET /cgi-bin/awstats6/6awstats.pl HTTP/1.1" 302 357 "-" "Mozilla/5.0 (compatible; Googlebot/2.1; +http://www.google.com/bot.html)"
66.242.19.27 - - [22/May/2010:04:55:57 -0700] "GET /awstat/awstats.pl HTTP/1.1" 302 357 "-" "Mozilla/5.0 (compatible; Googlebot/2.1; +http://www.google.com/bot.html)"
66.242.19.27 - - [22/May/2010:04:55:58 -0700] "GET /system-cgi/awstats.pl HTTP/1.1" 302 357 "-" "Mozilla/5.0 (compatible; Googlebot/2.1; +http://www.google.com/bot.html)"
66.242.19.27 - - [22/May/2010:04:55:58 -0700] "GET /cgi/awstats.pl HTTP/1.1" 302 357 "-" "Mozilla/5.0 (compatible; Googlebot/2.1; +http://www.google.com/bot.html)"
66.242.19.27 - - [22/May/2010:04:55:58 -0700] "GET /cp/awstats/awstats.pl HTTP/1.1" 302 357 "-" "Mozilla/5.0 (compatible; Googlebot/2.1; +http://www.google.com/bot.html)"
66.242.19.27 - - [22/May/2010:04:55:59 -0700] "GET /stats/awstats.pl HTTP/1.1" 302 357 "-" "Mozilla/5.0 (compatible; Googlebot/2.1; +http://www.google.com/bot.html)"
66.242.19.27 - - [22/May/2010:04:55:59 -0700] "GET /stats/cgi-bin/awstats.pl HTTP/1.1" 302 357 "-" "Mozilla/5.0 (compatible; Googlebot/2.1; +http://www.google.com/bot.html)"
66.242.19.27 - - [22/May/2010:04:55:59 -0700] "GET /stat/awstats.pl HTTP/1.1" 302 357 "-" "Mozilla/5.0 (compatible; Googlebot/2.1; +http://www.google.com/bot.html)"
66.242.19.27 - - [22/May/2010:04:56:00 -0700] "GET /awstats-cgi/awstats.pl HTTP/1.1" 302 357 "-" "Mozilla/5.0 (compatible; Googlebot/2.1; +http://www.google.com/bot.html)"
66.242.19.27 - - [22/May/2010:04:56:00 -0700] "GET /awstats/cgi-bin/awstats.pl HTTP/1.1" 302 357 "-" "Mozilla/5.0 (compatible; Googlebot/2.1; +http://www.google.com/bot.html)"
66.242.19.27 - - [22/May/2010:04:56:00 -0700] "GET /cgi-bin/awstat/awstats.pl HTTP/1.1" 302 357 "-" "Mozilla/5.0 (compatible; Googlebot/2.1; +http://www.google.com/bot.html)"
66.242.19.27 - - [22/May/2010:04:56:01 -0700] "GET /cgi-bin/awstats/awstats.pl HTTP/1.1" 302 357 "-" "Mozilla/5.0 (compatible; Googlebot/2.1; +http://www.google.com/bot.html)"
66.242.19.27 - - [22/May/2010:04:56:01 -0700] "GET /statistics/awstats.pl HTTP/1.1" 302 357 "-" "Mozilla/5.0 (compatible; Googlebot/2.1; +http://www.google.com/bot.html)"
66.242.19.27 - - [22/May/2010:04:56:01 -0700] "GET /statistic/awstats.pl HTTP/1.1" 302 357 "-" "Mozilla/5.0 (compatible; Googlebot/2.1; +http://www.google.com/bot.html)"
66.242.19.27 - - [22/May/2010:04:56:02 -0700] "GET /cgi-bin/awstats.pl HTTP/1.1" 302 357 "-" "Mozilla/5.0 (compatible; Googlebot/2.1; +http://www.google.com/bot.html)"
66.242.19.27 - - [22/May/2010:04:56:02 -0700] "GET /logs/awstats.pl HTTP/1.1" 302 357 "-" "Mozilla/5.0 (compatible; Googlebot/2.1; +http://www.google.com/bot.html)"
66.242.19.27 - - [22/May/2010:04:56:02 -0700] "GET /webstats/awstats.pl HTTP/1.1" 302 357 "-" "Mozilla/5.0 (compatible; Googlebot/2.1; +http://www.google.com/bot.html)"
66.242.19.27 - - [22/May/2010:04:56:02 -0700] "GET /awstats.pl HTTP/1.1" 302 357 "-" "Mozilla/5.0 (compatible; Googlebot/2.1; +http://www.google.com/bot.html)"
207.46.199.193 - - [22/May/2010:07:47:24 -0700] "GET /robots.txt HTTP/1.1" 302 353 "-" "msnbot/2.0b (+http://search.msn.com/msnbot.htm)"
207.46.199.193 - - [22/May/2010:07:47:24 -0700] "GET / HTTP/1.1" 200 151 "-" "msnbot/2.0b (+http://search.msn.com/msnbot.htm)"
66.249.67.182 - - [22/May/2010:09:33:04 -0700] "GET /robots.txt HTTP/1.1" 302 357 "-" "Mozilla/5.0 (compatible; Googlebot/2.1; +http://www.google.com/bot.html)"
66.249.67.182 - - [22/May/2010:09:33:04 -0700] "GET / HTTP/1.1" 200 151 "-" "Mozilla/5.0 (compatible; Googlebot/2.1; +http://www.google.com/bot.html)"
216.129.119.12 - - [22/May/2010:10:07:47 -0700] "GET /robots.txt HTTP/1.1" 302 353 "-" "Mozilla/5.0 (Twiceler-0.9 http://www.cuil.com/twiceler/robot.html)"
207.46.13.101 - - [22/May/2010:11:06:35 -0700] "GET /robots.txt HTTP/1.1" 302 353 "-" "msnbot/2.0b (+http://search.msn.com/msnbot.htm)"
207.46.13.101 - - [22/May/2010:11:06:35 -0700] "GET / HTTP/1.1" 200 151 "-" "msnbot/2.0b (+http://search.msn.com/msnbot.htm)"
207.46.13.101 - - [22/May/2010:11:07:24 -0700] "GET /index.php/photos/album/1.html HTTP/1.1" 200 151 "-" "msnbot/2.0b (+http://search.msn.com/msnbot.htm)"
194.153.113.7 - - [22/May/2010:13:35:29 -0700] "GET / HTTP/1.1" 200 151 "-" "oBot"
93.158.148.31 - - [22/May/2010:14:11:18 -0700] "GET /robots.txt HTTP/1.1" 302 357 "-" "Yandex/1.01.001 (compatible; Win16; I)"
38.105.83.13 - - [22/May/2010:16:03:10 -0700] "GET / HTTP/1.1" 200 151 "-" "Mozilla/4.0 (compatible; MSIE 7.0; Windows NT 5.2)"
208.80.193.27 - - [22/May/2010:22:38:03 -0700] "GET / HTTP/1.0" 200 151 "-" "Mozilla/4.0 (compatible; MSIE 7.0; Windows NT 5.1; FunWebProducts; (R1 1.3))"
216.129.119.12 - - [23/May/2010:00:24:08 -0700] "GET /robots.txt HTTP/1.1" 302 357 "-" "Mozilla/5.0 (Twiceler-0.9 http://www.cuil.com/twiceler/robot.html)"
208.80.193.41 - - [23/May/2010:03:30:30 -0700] "GET / HTTP/1.0" 200 151 "-" "Mozilla/4.0 (compatible; MSIE 7.0; Windows NT 5.1; FunWebProducts; .NET CLR 1.1.4322; .NET CLR 2.0.50727; IEMB3; ZangoToolbar 4.8.3; IEMB3)"
123.125.66.114 - - [23/May/2010:03:44:42 -0700] "GET /robots.txt HTTP/1.1" 302 353 "-" "Baiduspider+(+http://www.baidu.com/search/spider.htm)"
123.125.66.108 - - [23/May/2010:03:44:43 -0700] "GET / HTTP/1.1" 200 151 "-" "Baiduspider+(+http://www.baidu.com/search/spider.htm)"
207.46.199.201 - - [23/May/2010:07:33:45 -0700] "GET /robots.txt HTTP/1.1" 302 353 "-" "msnbot/2.0b (+http://search.msn.com/msnbot.htm)"
207.46.199.201 - - [23/May/2010:07:33:45 -0700] "GET / HTTP/1.1" 200 151 "-" "msnbot/2.0b (+http://search.msn.com/msnbot.htm)"
93.158.148.31 - - [23/May/2010:09:10:24 -0700] "GET /cgi-bin/gwcirc/irc.cgi HTTP/1.1" 302 357 "-" "Yandex/1.01.001 (compatible; Win16; I)"
216.129.119.12 - - [23/May/2010:10:57:37 -0700] "GET /robots.txt HTTP/1.1" 302 353 "-" "Mozilla/5.0 (Twiceler-0.9 http://www.cuil.com/twiceler/robot.html)"
88.214.203.12 - - [23/May/2010:11:34:27 -0700] "GET /robots.txt HTTP/1.1" 302 357 "http://www.hotrodcollector.com/robots.txt" "Mozilla/5.0 (compatible; Googlebot/2.1; +http://www.google.com/bot.html)"
88.214.203.12 - - [23/May/2010:11:34:27 -0700] "GET / HTTP/1.1" 200 151 "http://www.evilfuckers.org/robots.txt" "Mozilla/5.0 (compatible; Googlebot/2.1; +http://www.google.com/bot.html)"
69.46.28.206 - - [23/May/2010:19:02:23 -0700] "GET /orb.jpg HTTP/1.0" 302 357 "-" "-"
69.46.28.206 - - [23/May/2010:19:02:23 -0700] "GET / HTTP/1.0" 200 151 "-" "-"
65.55.51.110 - - [23/May/2010:19:34:16 -0700] "GET /robots.txt HTTP/1.1" 302 353 "-" "msnbot/2.0b (+http://search.msn.com/msnbot.htm)"
65.55.51.110 - - [23/May/2010:19:34:16 -0700] "GET / HTTP/1.1" 200 151 "-" "msnbot/2.0b (+http://search.msn.com/msnbot.htm)"
65.55.51.110 - - [23/May/2010:19:34:57 -0700] "GET /index.php/photos/album/1/photo/3.html HTTP/1.1" 200 151 "-" "msnbot/2.0b (+http://search.msn.com/msnbot.htm)"
69.46.28.206 - - [23/May/2010:19:46:45 -0700] "GET /orb.jpg HTTP/1.0" 302 357 "-" "-"
69.46.28.206 - - [23/May/2010:19:46:46 -0700] "GET / HTTP/1.0" 200 151 "-" "-"
95.108.150.235 - - [23/May/2010:21:44:09 -0700] "GET /robots.txt HTTP/1.1" 302 353 "-" "Yandex/1.01.001 (compatible; Win16; H)"
95.108.150.235 - - [23/May/2010:21:44:10 -0700] "GET /robots.txt HTTP/1.1" 302 357 "-" "Yandex/1.01.001 (compatible; Win16; H)"
95.108.150.235 - - [23/May/2010:21:44:11 -0700] "GET / HTTP/1.1" 200 151 "-" "Yandex/1.01.001 (compatible; Win16; H)"
95.108.150.235 - - [23/May/2010:21:44:12 -0700] "GET / HTTP/1.1" 200 151 "-" "Yandex/1.01.001 (compatible; Win16; H)"
95.108.150.235 - - [23/May/2010:21:44:13 -0700] "GET / HTTP/1.1" 200 151 "-" "Yandex/1.01.001 (compatible; Win16; H)"
95.108.150.235 - - [23/May/2010:21:44:14 -0700] "GET / HTTP/1.1" 200 151 "-" "Yandex/1.01.001 (compatible; Win16; H)"
216.129.119.12 - - [24/May/2010:01:14:08 -0700] "GET /robots.txt HTTP/1.1" 302 357 "-" "Mozilla/5.0 (Twiceler-0.9 http://www.cuil.com/twiceler/robot.html)"
123.125.66.51 - - [24/May/2010:04:04:06 -0700] "GET /robots.txt HTTP/1.1" 302 353 "-" "Baiduspider+(+http://www.baidu.com/search/spider.htm)"
123.125.66.55 - - [24/May/2010:04:04:10 -0700] "GET / HTTP/1.1" 200 151 "-" "Baiduspider+(+http://www.baidu.com/search/spider.htm)"
184.73.73.48 - - [24/May/2010:04:16:38 -0700] "GET /robots.txt HTTP/1.1" 302 353 "-" "Mozilla/5.0 (compatible; spbot/2.0.2; +http://www.seoprofiler.com/bot/ )"
184.73.73.48 - - [24/May/2010:04:16:38 -0700] "GET / HTTP/1.1" 200 151 "-" "Mozilla/5.0 (compatible; spbot/2.0.2; +http://www.seoprofiler.com/bot/ )"
184.73.73.48 - - [24/May/2010:04:16:39 -0700] "GET / HTTP/1.1" 200 151 "-" "Mozilla/5.0 (compatible; spbot/2.0.2; +http://www.seoprofiler.com/bot/ )"
219.143.225.3 - - [24/May/2010:04:23:06 -0700] "GET / HTTP/1.0" 200 151 "-" "Mozilla/4.0(compatible;MSIE 5.00;Windows 98)"
123.150.187.133 - - [24/May/2010:08:16:37 -0700] "GET / HTTP/1.1" 200 151 "-" "Mozilla/4.0 (compatible; MSIE 6.0; Windows NT 5.1; SV1; QQDownload 1.7; TencentTraveler 4.0; CIBA; InfoPath.2; .NET CLR 2.0.50727"
208.80.193.39 - - [24/May/2010:08:47:33 -0700] "GET / HTTP/1.0" 200 151 "-" "Mozilla/4.0 (compatible; MSIE 6.0; Windows NT 5.0; yie6_SBC; yplus 5.1.04b)"
208.80.193.42 - - [24/May/2010:13:41:38 -0700] "GET / HTTP/1.0" 200 151 "-" "Mozilla/4.0 (compatible; MSIE 6.0; Windows NT 5.1; SV1; FunWebProducts; yplus 5.6.03b)"
216.129.119.12 - - [24/May/2010:13:43:26 -0700] "GET /robots.txt HTTP/1.1" 302 353 "-" "Mozilla/5.0 (Twiceler-0.9 http://www.cuil.com/twiceler/robot.html)"
66.219.58.38 - - [24/May/2010:13:46:23 -0700] "GET /robots.txt HTTP/1.1" 302 353 "-" "MLBot (www.metadatalabs.com/mlbot)"
66.219.58.38 - - [24/May/2010:13:46:23 -0700] "GET / HTTP/1.1" 200 151 "-" "MLBot (www.metadatalabs.com/mlbot)"
66.219.58.38 - - [24/May/2010:13:46:24 -0700] "GET / HTTP/1.1" 200 151 "-" "MLBot (www.metadatalabs.com/mlbot)"
207.46.199.44 - - [24/May/2010:18:49:53 -0700] "GET /robots.txt HTTP/1.1" 302 353 "-" "msnbot/2.0b (+http://search.msn.com/msnbot.htm)"
207.46.199.44 - - [24/May/2010:18:49:53 -0700] "GET / HTTP/1.1" 200 151 "-" "msnbot/2.0b (+http://search.msn.com/msnbot.htm)"
207.46.199.44 - - [24/May/2010:18:50:55 -0700] "GET / HTTP/1.1" 200 151 "-" "msnbot/2.0b (+http://search.msn.com/msnbot.htm)"
93.158.148.31 - - [24/May/2010:19:03:51 -0700] "GET /robots.txt HTTP/1.1" 302 357 "-" "Yandex/1.01.001 (compatible; Win16; I)"
93.158.148.31 - - [24/May/2010:21:14:00 -0700] "GET / HTTP/1.1" 200 151 "-" "Yandex/1.01.001 (compatible; Win16; I)"
216.129.119.12 - - [24/May/2010:23:59:30 -0700] "GET /robots.txt HTTP/1.1" 302 357 "-" "Mozilla/5.0 (Twiceler-0.9 http://www.cuil.com/twiceler/robot.html)"
123.125.66.99 - - [25/May/2010:04:00:47 -0700] "GET /robots.txt HTTP/1.1" 302 353 "-" "Baiduspider+(+http://www.baidu.com/search/spider.htm)"
123.125.66.43 - - [25/May/2010:04:00:48 -0700] "GET / HTTP/1.1" 200 151 "-" "Baiduspider+(+http://www.baidu.com/search/spider.htm)"
93.158.148.31 - - [25/May/2010:17:58:05 -0700] "GET /robots.txt HTTP/1.1" 302 357 "-" "Yandex/1.01.001 (compatible; Win16; I)"
93.158.148.31 - - [25/May/2010:17:58:07 -0700] "GET / HTTP/1.1" 200 151 "-" "Yandex/1.01.001 (compatible; Win16; I)"
198.186.192.44 - - [25/May/2010:18:35:39 -0700] "GET / HTTP/1.1" 200 151 "-" "-"
208.80.193.42 - - [25/May/2010:19:39:53 -0700] "GET / HTTP/1.0" 200 151 "-" "Mozilla/4.0 (compatible; MSIE 7.0; Windows NT 5.1; Hotbar 4.4.2.0; .NET CLR 1.0.3705; .NET CLR 1.1.4322; .NET CLR 2.0.50727)"
216.129.119.12 - - [25/May/2010:23:41:42 -0700] "GET /robots.txt HTTP/1.1" 302 357 "-" "Mozilla/5.0 (Twiceler-0.9 http://www.cuil.com/twiceler/robot.html)"
208.80.193.28 - - [26/May/2010:00:20:29 -0700] "GET / HTTP/1.0" 200 151 "-" "Mozilla/4.0 (compatible; MSIE 6.0; Windows NT 5.1; {F9EF74A6-B702-A14F-ECE8-9A6A0B4278B5}; YPC 3.2.0; MSN 9.0;MSN 9.1; MSNbVZ02; MSNmen-us; MSNcOTH; MPLUS)"
64.246.165.180 - - [26/May/2010:02:33:54 -0700] "GET /robots.txt HTTP/1.0" 302 357 "-" "Mozilla/5.0 (Windows; U; Windows NT 5.1; en; rv:1.9.0.13) Gecko/2009073022 Firefox/3.5.2 (.NET CLR 3.5.30729) SurveyBot/2.3 (DomainTools)"
64.246.165.180 - - [26/May/2010:02:33:54 -0700] "GET / HTTP/1.1" 200 151 "http://whois.domaintools.com/evilfuckers.org" "Mozilla/5.0 (Windows; U; Windows NT 5.1; en; rv:1.9.0.13) Gecko/2009073022 Firefox/3.5.2 (.NET CLR 3.5.30729) SurveyBot/2.3 (DomainTools)"
123.125.66.102 - - [26/May/2010:04:06:27 -0700] "GET /robots.txt HTTP/1.1" 302 353 "-" "Baiduspider+(+http://www.baidu.com/search/spider.htm)"
123.150.187.133 - - [26/May/2010:10:02:38 -0700] "GET / HTTP/1.1" 200 151 "-" "Mozilla/4.0 (compatible; MSIE 6.0; Windows NT 5.1; SV1; QQDownload 1.7; TencentTraveler 4.0; CIBA; InfoPath.2; .NET CLR 2.0.50727"
216.129.119.12 - - [26/May/2010:10:43:53 -0700] "GET /robots.txt HTTP/1.1" 302 353 "-" "Mozilla/5.0 (Twiceler-0.9 http://www.cuil.com/twiceler/robot.html)"
64.79.89.138 - - [26/May/2010:10:46:16 -0700] "GET / HTTP/1.1" 200 151 "-" "MSIE 7.0"
64.79.89.138 - - [26/May/2010:10:46:17 -0700] "GET / HTTP/1.1" 200 151 "-" "Mozilla/4.0 (compatible; MSIE 7.0; Windows NT 6.0; WOW64; Trident/4.0; SLCC1; .NET CLR 2.0.50727; .NET CLR 3.0.30618; .NET CLR 3.5.30729)"
69.46.28.206 - - [26/May/2010:16:49:38 -0700] "GET /orb.jpg HTTP/1.0" 302 357 "-" "-"
69.46.28.206 - - [26/May/2010:16:49:39 -0700] "GET / HTTP/1.0" 200 151 "-" "-"
198.186.192.44 - - [26/May/2010:18:10:03 -0700] "GET / HTTP/1.1" 200 151 "-" "-"
198.186.192.44 - - [26/May/2010:18:36:59 -0700] "GET / HTTP/1.1" 200 151 "-" "-"
93.158.148.31 - - [26/May/2010:21:45:31 -0700] "GET /robots.txt HTTP/1.1" 302 357 "-" "Yandex/1.01.001 (compatible; Win16; I)"
216.129.119.12 - - [27/May/2010:00:37:12 -0700] "GET /robots.txt HTTP/1.1" 302 357 "-" "Mozilla/5.0 (Twiceler-0.9 http://www.cuil.com/twiceler/robot.html)"
216.129.119.44 - - [27/May/2010:00:38:24 -0700] "GET /robots.txt HTTP/1.1" 302 357 "-" "Mozilla/5.0 (Twiceler-0.9 http://www.cuil.com/twiceler/robot.html)"
93.158.148.31 - - [27/May/2010:05:14:59 -0700] "GET /cgi-bin/gwcirc/irc.cgi HTTP/1.1" 302 357 "-" "Yandex/1.01.001 (compatible; Win16; I)"
208.80.193.40 - - [27/May/2010:05:55:02 -0700] "GET / HTTP/1.0" 200 151 "-" "Mozilla/4.0 (compatible; MSIE 7.0; Windows NT 5.1; .NET CLR 1.0.3705; .NET CLR 1.1.4322; Media Center PC 4.0; SpamBlockerUtility 4.8.4; yplus 5.1.02b)"
219.143.225.3 - - [27/May/2010:07:02:24 -0700] "HEAD / HTTP/1.0" 200 - "-" "Mozilla/4.0(compatible;MSIE 5.00;Windows 98)"
89.149.254.50 - - [27/May/2010:10:05:42 -0700] "GET /templates/ HTTP/1.1" 302 353 "-" "Mozilla/5.0 (compatible; Googlebot/2.1; +http://www.google.com/bot.html)"
89.149.254.50 - - [27/May/2010:10:05:43 -0700] "GET / HTTP/1.1" 200 151 "-" "Mozilla/5.0 (compatible; Googlebot/2.1; +http://www.google.com/bot.html)"
208.80.193.39 - - [27/May/2010:10:34:35 -0700] "GET / HTTP/1.0" 200 151 "-" "Mozilla/4.0 (compatible; MSIE 6.0; Windows NT 5.1; SV1; IEMB3; (R1 1.5); MSIECrawler)"
216.129.119.12 - - [27/May/2010:13:25:38 -0700] "GET /robots.txt HTTP/1.1" 302 353 "-" "Mozilla/5.0 (Twiceler-0.9 http://www.cuil.com/twiceler/robot.html)"
174.121.75.26 - - [27/May/2010:15:19:57 -0700] "GET /robots.txt HTTP/1.0" 302 357 "-" "GeoHasher/Nutch-1.0 (GeoHasher Web Search Engine; geohasher.gotdns.org; geo_hasher at yahoo * com)"
174.121.75.26 - - [27/May/2010:15:19:57 -0700] "GET / HTTP/1.0" 200 151 "-" "GeoHasher/Nutch-1.0 (GeoHasher Web Search Engine; geohasher.gotdns.org; geo_hasher at yahoo * com)"
198.186.192.44 - - [27/May/2010:18:19:03 -0700] "GET / HTTP/1.1" 200 151 "-" "-"
198.186.192.44 - - [27/May/2010:18:48:41 -0700] "GET / HTTP/1.1" 200 151 "-" "-"
216.129.119.44 - - [28/May/2010:00:31:00 -0700] "GET /robots.txt HTTP/1.1" 302 357 "-" "Mozilla/5.0 (Twiceler-0.9 http://www.cuil.com/twiceler/robot.html)"
216.129.119.12 - - [28/May/2010:00:45:59 -0700] "GET /robots.txt HTTP/1.1" 302 357 "-" "Mozilla/5.0 (Twiceler-0.9 http://www.cuil.com/twiceler/robot.html)"
216.129.119.12 - - [28/May/2010:12:00:37 -0700] "GET /robots.txt HTTP/1.1" 302 353 "-" "Mozilla/5.0 (Twiceler-0.9 http://www.cuil.com/twiceler/robot.html)"
208.80.193.42 - - [28/May/2010:15:09:45 -0700] "GET / HTTP/1.0" 200 151 "-" "Mozilla/4.0 (compatible; MSIE 7.0; Windows NT 5.1; .NET CLR 1.1.4322; .NET CLR 2.0.50727; IEMB3; IEMB3; MSN 6.1; MSNbMSFT; MSNmen-us; MSNc00; v5m)"
98.233.36.222 - - [28/May/2010:16:53:05 -0700] "GET / HTTP/1.1" 200 151 "http://www.google.com/search?hl=en&client=safari&rls=en&q=jaws+needs+to+be+web+writable%2C+please+set+the+appropiate+permissions&aq=f&aqi=&aql=&oq=&gs_rfai=" "Mozilla/5.0 (Macintosh; U; Intel Mac OS X 10_6_3; en-us) AppleWebKit/531.22.7 (KHTML, like Gecko) Version/4.0.5 Safari/531.22.7"
98.233.36.222 - - [28/May/2010:16:53:05 -0700] "GET /favicon.ico HTTP/1.1" 200 574 "http://www.evilfuckers.org/" "Mozilla/5.0 (Macintosh; U; Intel Mac OS X 10_6_3; en-us) AppleWebKit/531.22.7 (KHTML, like Gecko) Version/4.0.5 Safari/531.22.7"
193.47.80.50 - - [28/May/2010:18:13:35 -0700] "GET /robots.txt HTTP/1.1" 302 353 "-" "Mozilla/5.0 (compatible; Exabot/3.0; +http://www.exabot.com/go/robot)"
193.47.80.50 - - [28/May/2010:18:13:36 -0700] "GET / HTTP/1.1" 200 151 "-" "Mozilla/5.0 (compatible; Exabot/3.0; +http://www.exabot.com/go/robot)"
193.47.80.50 - - [28/May/2010:18:13:36 -0700] "GET / HTTP/1.1" 200 151 "-" "Mozilla/5.0 (compatible; Exabot/3.0; +http://www.exabot.com/go/robot)"
198.186.192.44 - - [28/May/2010:18:21:25 -0700] "GET / HTTP/1.1" 200 151 "-" "-"
207.46.195.225 - - [28/May/2010:19:02:08 -0700] "GET /robots.txt HTTP/1.1" 302 353 "-" "msnbot/2.0b (+http://search.msn.com/msnbot.htm)"
207.46.195.225 - - [28/May/2010:19:02:08 -0700] "GET / HTTP/1.1" 200 151 "-" "msnbot/2.0b (+http://search.msn.com/msnbot.htm)"
207.46.195.225 - - [28/May/2010:19:02:51 -0700] "GET /register.php HTTP/1.1" 302 353 "-" "msnbot/2.0b (+http://search.msn.com/msnbot.htm)"
208.80.193.29 - - [28/May/2010:19:44:04 -0700] "GET / HTTP/1.0" 200 151 "-" "Mozilla/4.0 (compatible; MSIE 7.0; Windows NT 5.1; BT Openworld BB; YPC 3.2.0; .NET CLR 2.0.50727; .NET CLR 1.1.4322; yplus 5.3.04d)"
216.129.119.44 - - [29/May/2010:00:07:56 -0700] "GET /robots.txt HTTP/1.1" 302 357 "-" "Mozilla/5.0 (Twiceler-0.9 http://www.cuil.com/twiceler/robot.html)"
216.129.119.12 - - [29/May/2010:00:42:42 -0700] "GET /robots.txt HTTP/1.1" 302 357 "-" "Mozilla/5.0 (Twiceler-0.9 http://www.cuil.com/twiceler/robot.html)"
207.46.199.198 - - [29/May/2010:02:00:23 -0700] "GET /robots.txt HTTP/1.1" 302 353 "-" "msnbot/2.0b (+http://search.msn.com/msnbot.htm)"
207.46.199.198 - - [29/May/2010:02:00:23 -0700] "GET / HTTP/1.1" 200 151 "-" "msnbot/2.0b (+http://search.msn.com/msnbot.htm)"
123.237.229.166 - - [29/May/2010:02:16:17 -0700] "GET / HTTP/1.1" 200 151 "http://www.google.co.in/search?hl=en&source=hp&q=evilfucker&aq=f&aqi=&aql=&oq=&gs_rfai=" "Mozilla/4.0 (compatible; MSIE 7.0; Windows NT 5.1)"
123.237.229.166 - - [29/May/2010:02:16:20 -0700] "GET /favicon.ico HTTP/1.1" 200 574 "-" "Mozilla/4.0 (compatible; MSIE 7.0; Windows NT 5.1)"
123.150.187.133 - - [29/May/2010:06:01:30 -0700] "GET / HTTP/1.1" 200 151 "-" "Mozilla/4.0 (compatible; MSIE 6.0; Windows NT 5.1; SV1; QQDownload 1.7; TencentTraveler 4.0; CIBA; InfoPath.2; .NET CLR 2.0.50727"
67.195.37.108 - - [29/May/2010:07:46:28 -0700] "GET /robots.txt HTTP/1.0" 302 353 "-" "Mozilla/5.0 (compatible; Yahoo! Slurp; http://help.yahoo.com/help/us/ysearch/slurp)"
67.195.37.108 - - [29/May/2010:07:46:28 -0700] "GET / HTTP/1.0" 200 151 "-" "Mozilla/5.0 (compatible; Yahoo! Slurp; http://help.yahoo.com/help/us/ysearch/slurp)"
67.195.37.108 - - [29/May/2010:07:46:29 -0700] "GET / HTTP/1.0" 200 151 "-" "Mozilla/5.0 (compatible; Yahoo! Slurp/3.0; http://help.yahoo.com/help/us/ysearch/slurp)"
74.52.245.146 - - [29/May/2010:08:37:22 -0700] "GET / HTTP/1.0" 200 151 "-" "Mozilla/5.0 (X11; U; Linux i686; en-US; rv:1.7.5) Gecko/20041107 Firefox/1.0"
93.158.148.31 - - [29/May/2010:12:41:29 -0700] "GET /robots.txt HTTP/1.1" 302 357 "-" "Yandex/1.01.001 (compatible; Win16; I)"
207.46.199.25 - - [29/May/2010:13:48:10 -0700] "GET /index.php/photos/album/1/photo/5.html HTTP/1.1" 200 151 "-" "Mozilla/4.0 (compatible; MSIE 6.0; Windows NT 5.1; SLCC1; .NET CLR 1.1.4322; .NET CLR 2.0.40607; .NET CLR 3.0.30729)"
