95.108.150.235 - - [05/Mar/2010:17:26:46 -0800] "GET /robots.txt HTTP/1.1" 302 353 "-" "Yandex/1.01.001 (compatible; Win16; H)"
95.108.150.235 - - [05/Mar/2010:17:26:47 -0800] "GET /robots.txt HTTP/1.1" 302 357 "-" "Yandex/1.01.001 (compatible; Win16; H)"
95.108.150.235 - - [05/Mar/2010:17:26:48 -0800] "GET / HTTP/1.1" 200 151 "-" "Yandex/1.01.001 (compatible; Win16; H)"
95.108.150.235 - - [05/Mar/2010:17:26:49 -0800] "GET / HTTP/1.1" 200 151 "-" "Yandex/1.01.001 (compatible; Win16; H)"
95.108.150.235 - - [05/Mar/2010:17:26:50 -0800] "GET / HTTP/1.1" 200 151 "-" "Yandex/1.01.001 (compatible; Win16; H)"
95.108.150.235 - - [05/Mar/2010:17:26:51 -0800] "GET / HTTP/1.1" 200 151 "-" "Yandex/1.01.001 (compatible; Win16; H)"
207.46.199.55 - - [05/Mar/2010:18:23:23 -0800] "GET /robots.txt HTTP/1.1" 302 353 "-" "msnbot/2.0b (+http://search.msn.com/msnbot.htm)"
207.46.199.55 - - [05/Mar/2010:18:23:23 -0800] "GET / HTTP/1.1" 200 151 "-" "msnbot/2.0b (+http://search.msn.com/msnbot.htm)"
207.46.199.55 - - [05/Mar/2010:18:24:18 -0800] "GET /index.php/photos/album/1/photo/2.html HTTP/1.1" 200 151 "-" "msnbot/2.0b (+http://search.msn.com/msnbot.htm)"
74.52.245.146 - - [05/Mar/2010:22:12:09 -0800] "GET / HTTP/1.0" 200 151 "-" "Mozilla/5.0 (X11; U; Linux i686; en-US; rv:1.7.5) Gecko/20041107 Firefox/1.0"
123.125.66.31 - - [05/Mar/2010:23:21:19 -0800] "GET /robots.txt HTTP/1.1" 302 353 "-" "Baiduspider+(+http://www.baidu.com/search/spider.htm)"
123.125.66.23 - - [05/Mar/2010:23:21:20 -0800] "GET / HTTP/1.1" 200 151 "-" "Baiduspider+(+http://www.baidu.com/search/spider.htm)"
216.129.119.12 - - [06/Mar/2010:00:21:46 -0800] "GET /robots.txt HTTP/1.1" 302 357 "-" "Mozilla/5.0 (Twiceler-0.9 http://www.cuil.com/twiceler/robot.html)"
64.56.65.218 - - [06/Mar/2010:04:32:54 -0800] "GET /robots.txt HTTP/1.0" 302 353 "http://evilfuckers.org/robots.txt" "Mozilla/4.0 (compatible; MSIE 6.0; Windows NT 5.1; SV1; .NET CLR 2.0.50727)"
64.56.65.218 - - [06/Mar/2010:04:32:54 -0800] "GET / HTTP/1.0" 200 151 "http://evilfuckers.org/" "Mozilla/4.0 (compatible; MSIE 6.0; Windows NT 5.1; SV1; .NET CLR 2.0.50727)"
65.55.51.112 - - [06/Mar/2010:07:54:45 -0800] "GET /robots.txt HTTP/1.1" 302 353 "-" "msnbot/2.0b (+http://search.msn.com/msnbot.htm)"
65.55.51.112 - - [06/Mar/2010:07:54:45 -0800] "GET / HTTP/1.1" 200 151 "-" "msnbot/2.0b (+http://search.msn.com/msnbot.htm)"
65.55.51.112 - - [06/Mar/2010:07:55:45 -0800] "GET /index.php/photos/album/1/photo/3.html HTTP/1.1" 200 151 "-" "msnbot/2.0b (+http://search.msn.com/msnbot.htm)"
207.46.204.230 - - [06/Mar/2010:10:22:40 -0800] "GET /robots.txt HTTP/1.1" 302 353 "-" "msnbot/2.0b (+http://search.msn.com/msnbot.htm)"
207.46.204.230 - - [06/Mar/2010:10:22:40 -0800] "GET / HTTP/1.1" 200 151 "-" "msnbot/2.0b (+http://search.msn.com/msnbot.htm)"
207.46.204.230 - - [06/Mar/2010:10:23:47 -0800] "GET /?C=S;O=A HTTP/1.1" 200 151 "-" "msnbot/2.0b (+http://search.msn.com/msnbot.htm)"
216.129.119.12 - - [06/Mar/2010:10:56:38 -0800] "GET /robots.txt HTTP/1.1" 302 353 "-" "Mozilla/5.0 (Twiceler-0.9 http://www.cuil.com/twiceler/robot.html)"
208.80.193.41 - - [06/Mar/2010:14:00:35 -0800] "GET / HTTP/1.0" 200 151 "-" "Mozilla/4.0 (compatible; MSIE 7.0; Windows NT 5.1; {1EB3FCDA-D94D-479F-AE81-0614FE786823})"
91.205.96.13 - - [06/Mar/2010:14:38:37 -0800] "GET / HTTP/1.1" 200 151 "-" "Mozilla/5.0 (compatible; Purebot/1.1; +http://www.puritysearch.net/)"
91.205.96.13 - - [06/Mar/2010:14:38:38 -0800] "GET / HTTP/1.1" 200 151 "-" "Mozilla/5.0 (compatible; Purebot/1.1; +http://www.puritysearch.net/)"
91.205.96.13 - - [06/Mar/2010:14:38:38 -0800] "GET / HTTP/1.1" 200 151 "-" "Mozilla/5.0 (compatible; Purebot/1.1; +http://www.puritysearch.net/)"
91.205.96.13 - - [06/Mar/2010:14:38:38 -0800] "GET / HTTP/1.1" 200 151 "-" "Mozilla/5.0 (compatible; Purebot/1.1; +http://www.puritysearch.net/)"
207.46.195.231 - - [06/Mar/2010:16:49:51 -0800] "GET /robots.txt HTTP/1.1" 302 353 "-" "msnbot/2.0b (+http://search.msn.com/msnbot.htm)"
207.46.195.231 - - [06/Mar/2010:16:49:52 -0800] "GET / HTTP/1.1" 200 151 "-" "msnbot/2.0b (+http://search.msn.com/msnbot.htm)"
207.46.195.231 - - [06/Mar/2010:16:50:42 -0800] "GET / HTTP/1.1" 200 151 "-" "msnbot/2.0b (+http://search.msn.com/msnbot.htm)"
208.80.193.30 - - [06/Mar/2010:19:26:52 -0800] "GET / HTTP/1.0" 200 151 "-" "Mozilla/4.0 (compatible; MSIE 7.0; Windows NT 5.1; YPC 3.2.0; .NET CLR 1.1.4322; PeoplePal 6.1)"
123.125.66.99 - - [06/Mar/2010:23:18:19 -0800] "GET /robots.txt HTTP/1.1" 302 353 "-" "Baiduspider+(+http://www.baidu.com/search/spider.htm)"
60.234.151.100 - - [07/Mar/2010:00:14:04 -0800] "GET / HTTP/1.1" 200 151 "http://www.google.com/url?sa=D&q=http://evilfuckers.org/&usg=AFQjCNEYg6ArDh8oImuAG_igfdBDGeR1Yw" "Mozilla/5.0 (Windows; U; Windows NT 6.1; en-US) AppleWebKit/532.5 (KHTML, like Gecko) Chrome/4.0.249.89 Safari/532.5"
60.234.151.100 - - [07/Mar/2010:00:14:04 -0800] "GET /favicon.ico HTTP/1.1" 200 574 "-" "Mozilla/5.0 (Windows; U; Windows NT 6.1; en-US) AppleWebKit/532.5 (KHTML, like Gecko) Chrome/4.0.249.89 Safari/532.5"
216.129.119.12 - - [07/Mar/2010:00:30:28 -0800] "GET /robots.txt HTTP/1.1" 302 357 "-" "Mozilla/5.0 (Twiceler-0.9 http://www.cuil.com/twiceler/robot.html)"
24.137.88.193 - - [07/Mar/2010:02:16:27 -0800] "GET / HTTP/1.1" 200 151 "http://lobstervancouverprice.largestlobster.com" "Mozilla/4.0 (compatible; MSIE 6.0; Windows NT 5.1; SV1; .NET CLR 1.1.4322)"
79.232.54.24 - - [07/Mar/2010:06:04:20 -0800] "GET / HTTP/1.1" 200 151 "-" "Mozilla/5.0 (compatible; seexie.com_bot/4.1; +http://www.seexie.com)"
216.129.119.12 - - [07/Mar/2010:11:06:26 -0800] "GET /robots.txt HTTP/1.1" 302 353 "-" "Mozilla/5.0 (Twiceler-0.9 http://www.cuil.com/twiceler/robot.html)"
95.108.150.235 - - [07/Mar/2010:16:58:42 -0800] "GET /robots.txt HTTP/1.1" 302 353 "-" "Yandex/1.01.001 (compatible; Win16; H)"
95.108.150.235 - - [07/Mar/2010:16:58:43 -0800] "GET /robots.txt HTTP/1.1" 302 357 "-" "Yandex/1.01.001 (compatible; Win16; H)"
95.108.150.235 - - [07/Mar/2010:16:58:44 -0800] "GET / HTTP/1.1" 200 151 "-" "Yandex/1.01.001 (compatible; Win16; H)"
95.108.150.235 - - [07/Mar/2010:16:58:45 -0800] "GET / HTTP/1.1" 200 151 "-" "Yandex/1.01.001 (compatible; Win16; H)"
95.108.150.235 - - [07/Mar/2010:16:58:46 -0800] "GET / HTTP/1.1" 200 151 "-" "Yandex/1.01.001 (compatible; Win16; H)"
95.108.150.235 - - [07/Mar/2010:16:58:47 -0800] "GET / HTTP/1.1" 200 151 "-" "Yandex/1.01.001 (compatible; Win16; H)"
123.125.66.35 - - [07/Mar/2010:18:09:03 -0800] "GET /robots.txt HTTP/1.1" 302 353 "-" "Baiduspider+(+http://www.baidu.com/search/spider.htm)"
123.125.66.51 - - [07/Mar/2010:18:09:04 -0800] "GET / HTTP/1.1" 200 151 "-" "Baiduspider+(+http://www.baidu.com/search/spider.htm)"
93.158.148.31 - - [07/Mar/2010:19:10:30 -0800] "GET /robots.txt HTTP/1.1" 302 357 "-" "Yandex/1.01.001 (compatible; Win16; I)"
207.46.199.191 - - [07/Mar/2010:20:01:23 -0800] "GET /robots.txt HTTP/1.1" 302 353 "-" "msnbot/2.0b (+http://search.msn.com/msnbot.htm)"
207.46.199.191 - - [07/Mar/2010:20:01:23 -0800] "GET / HTTP/1.1" 200 151 "-" "msnbot/2.0b (+http://search.msn.com/msnbot.htm)"
123.150.187.133 - - [07/Mar/2010:20:39:18 -0800] "GET / HTTP/1.1" 200 151 "-" "Mozilla/4.0 (compatible; MSIE 6.0; Windows NT 5.1; SV1; QQDownload 1.7; TencentTraveler 4.0; CIBA; InfoPath.2; .NET CLR 2.0.50727"
82.8.190.16 - - [07/Mar/2010:21:03:25 -0800] "GET / HTTP/1.1" 200 151 "-" "Burf.org.uk UK"
207.46.199.182 - - [07/Mar/2010:22:12:15 -0800] "GET /robots.txt HTTP/1.1" 302 353 "-" "msnbot/2.0b (+http://search.msn.com/msnbot.htm)"
207.46.199.182 - - [07/Mar/2010:22:12:15 -0800] "GET / HTTP/1.1" 200 151 "-" "msnbot/2.0b (+http://search.msn.com/msnbot.htm)"
66.249.67.130 - - [07/Mar/2010:22:37:13 -0800] "GET /robots.txt HTTP/1.1" 302 353 "-" "SAMSUNG-SGH-E250/1.0 Profile/MIDP-2.0 Configuration/CLDC-1.1 UP.Browser/6.2.3.3.c.1.101 (GUI) MMP/2.0 (compatible; Googlebot-Mobile/2.1; +http://www.google.com/bot.html)"
66.249.67.130 - - [07/Mar/2010:22:37:13 -0800] "GET / HTTP/1.1" 200 151 "-" "SAMSUNG-SGH-E250/1.0 Profile/MIDP-2.0 Configuration/CLDC-1.1 UP.Browser/6.2.3.3.c.1.101 (GUI) MMP/2.0 (compatible; Googlebot-Mobile/2.1; +http://www.google.com/bot.html)"
66.249.67.130 - - [07/Mar/2010:22:37:13 -0800] "GET / HTTP/1.1" 200 151 "-" "SAMSUNG-SGH-E250/1.0 Profile/MIDP-2.0 Configuration/CLDC-1.1 UP.Browser/6.2.3.3.c.1.101 (GUI) MMP/2.0 (compatible; Googlebot-Mobile/2.1; +http://www.google.com/bot.html)"
216.129.119.12 - - [08/Mar/2010:00:29:27 -0800] "GET /robots.txt HTTP/1.1" 302 357 "-" "Mozilla/5.0 (Twiceler-0.9 http://www.cuil.com/twiceler/robot.html)"
208.80.193.38 - - [08/Mar/2010:02:10:20 -0800] "GET / HTTP/1.0" 200 151 "-" "Mozilla/4.0 (compatible; MSIE 6.0; Windows NT 5.1; {414E08C9-5189-CE53-C9AF-DF10DD9CB659}; .NET CLR 1.1.4322)"
219.143.225.3 - - [08/Mar/2010:03:29:43 -0800] "GET / HTTP/1.0" 200 151 "-" "Mozilla/4.0(compatible;MSIE 5.00;Windows 98)"
193.47.80.50 - - [08/Mar/2010:04:14:25 -0800] "GET /robots.txt HTTP/1.1" 302 353 "-" "Mozilla/5.0 (compatible; Exabot/3.0; +http://www.exabot.com/go/robot)"
193.47.80.50 - - [08/Mar/2010:04:14:25 -0800] "GET / HTTP/1.1" 200 151 "-" "Mozilla/5.0 (compatible; Exabot/3.0; +http://www.exabot.com/go/robot)"
193.47.80.50 - - [08/Mar/2010:04:14:26 -0800] "GET / HTTP/1.1" 200 151 "-" "Mozilla/5.0 (compatible; Exabot/3.0; +http://www.exabot.com/go/robot)"
93.158.148.31 - - [08/Mar/2010:06:18:07 -0800] "GET / HTTP/1.1" 200 151 "-" "Yandex/1.01.001 (compatible; Win16; I)"
74.222.4.82 - - [08/Mar/2010:07:20:39 -0800] "GET /robots.txt HTTP/1.0" 302 353 "http://evilfuckers.org/robots.txt" "Mozilla/4.0 (compatible; MSIE 6.0; Windows NT 5.1; SV1; .NET CLR 2.0.50727)"
74.222.4.82 - - [08/Mar/2010:07:20:39 -0800] "GET / HTTP/1.0" 200 151 "http://evilfuckers.org/" "Mozilla/4.0 (compatible; MSIE 6.0; Windows NT 5.1; SV1; .NET CLR 2.0.50727)"
208.80.193.27 - - [08/Mar/2010:07:40:14 -0800] "GET / HTTP/1.0" 200 151 "-" "Mozilla/4.0 (compatible; MSIE 6.0; Windows NT 5.1; SV1; .NET CLR 1.0.3705; .NET CLR 1.1.4322; Media Center PC 3.1; ZangoToolbar 4.8.2; .NET CLR 2.0.50727)"
66.249.67.130 - - [08/Mar/2010:09:26:18 -0800] "GET / HTTP/1.1" 200 151 "-" "Mozilla/5.0 (compatible; Googlebot/2.1; +http://www.google.com/bot.html)"
216.129.119.12 - - [08/Mar/2010:11:23:29 -0800] "GET /robots.txt HTTP/1.1" 302 353 "-" "Mozilla/5.0 (Twiceler-0.9 http://www.cuil.com/twiceler/robot.html)"
69.46.28.206 - - [08/Mar/2010:13:34:39 -0800] "GET /orb.jpg HTTP/1.0" 302 357 "-" "-"
69.46.28.206 - - [08/Mar/2010:13:34:40 -0800] "GET / HTTP/1.0" 200 151 "-" "-"
207.46.204.237 - - [08/Mar/2010:17:29:47 -0800] "GET /robots.txt HTTP/1.1" 302 353 "-" "msnbot/2.0b (+http://search.msn.com/msnbot.htm)"
207.46.204.237 - - [08/Mar/2010:17:29:48 -0800] "GET / HTTP/1.1" 200 151 "-" "msnbot/2.0b (+http://search.msn.com/msnbot.htm)"
207.46.204.237 - - [08/Mar/2010:17:30:44 -0800] "GET / HTTP/1.1" 200 151 "-" "msnbot/2.0b (+http://search.msn.com/msnbot.htm)"
123.125.66.105 - - [08/Mar/2010:17:47:54 -0800] "GET /robots.txt HTTP/1.1" 302 353 "-" "Baiduspider+(+http://www.baidu.com/search/spider.htm)"
123.125.66.44 - - [08/Mar/2010:17:47:55 -0800] "GET / HTTP/1.1" 200 151 "-" "Baiduspider+(+http://www.baidu.com/search/spider.htm)"
82.161.231.16 - - [08/Mar/2010:18:09:21 -0800] "GET / HTTP/1.0" 200 151 "-" "Mozilla/2.0 (compatible; MSIE 3.0B; Windows NT)"
207.46.199.37 - - [08/Mar/2010:18:26:24 -0800] "GET /robots.txt HTTP/1.1" 302 353 "-" "msnbot/2.0b (+http://search.msn.com/msnbot.htm)"
207.46.199.37 - - [08/Mar/2010:18:26:24 -0800] "GET / HTTP/1.1" 200 151 "-" "msnbot/2.0b (+http://search.msn.com/msnbot.htm)"
207.46.199.37 - - [08/Mar/2010:18:27:04 -0800] "GET /index.php/photos/album/1/photo/4.html HTTP/1.1" 200 151 "-" "msnbot/2.0b (+http://search.msn.com/msnbot.htm)"
24.138.67.66 - - [08/Mar/2010:20:27:42 -0800] "GET / HTTP/1.1" 200 151 "http://priceslobster.wholesalelivelobster.com" "Mozilla/4.0 (compatible; MSIE 6.0; Windows NT 5.1; SV1; .NET CLR 1.1.4322)"
66.219.58.39 - - [08/Mar/2010:23:41:05 -0800] "GET /robots.txt HTTP/1.1" 302 353 "-" "MLBot (www.metadatalabs.com/mlbot)"
66.219.58.39 - - [08/Mar/2010:23:41:05 -0800] "GET / HTTP/1.1" 200 151 "-" "MLBot (www.metadatalabs.com/mlbot)"
66.219.58.39 - - [08/Mar/2010:23:41:05 -0800] "GET / HTTP/1.1" 200 151 "-" "MLBot (www.metadatalabs.com/mlbot)"
216.129.119.12 - - [09/Mar/2010:00:33:57 -0800] "GET /robots.txt HTTP/1.1" 302 357 "-" "Mozilla/5.0 (Twiceler-0.9 http://www.cuil.com/twiceler/robot.html)"
207.46.204.184 - - [09/Mar/2010:01:27:52 -0800] "GET /robots.txt HTTP/1.1" 302 353 "-" "msnbot/2.0b (+http://search.msn.com/msnbot.htm)"
207.46.204.184 - - [09/Mar/2010:01:27:53 -0800] "GET / HTTP/1.1" 200 151 "-" "msnbot/2.0b (+http://search.msn.com/msnbot.htm)"
207.46.204.184 - - [09/Mar/2010:01:28:50 -0800] "GET /index.php/photos/album/1/photo/5.html HTTP/1.1" 200 151 "-" "msnbot/2.0b (+http://search.msn.com/msnbot.htm)"
78.140.138.39 - - [09/Mar/2010:03:14:28 -0800] "GET / HTTP/1.1" 200 151 "-" "Mozilla/5.0 (Windows; U; Windows NT 5.1; en-US; rv:1.9.0.5) Gecko/2008120122 Firefox/3.0.5"
64.56.66.210 - - [09/Mar/2010:11:41:32 -0800] "GET /robots.txt HTTP/1.0" 302 353 "http://evilfuckers.org/robots.txt" "Mozilla/4.0 (compatible; MSIE 6.0; Windows NT 5.1; SV1; .NET CLR 2.0.50727)"
64.56.66.210 - - [09/Mar/2010:11:41:32 -0800] "GET / HTTP/1.0" 200 151 "http://evilfuckers.org/" "Mozilla/4.0 (compatible; MSIE 6.0; Windows NT 5.1; SV1; .NET CLR 2.0.50727)"
174.129.107.57 - - [09/Mar/2010:14:59:22 -0800] "GET / HTTP/1.0" 200 151 "-" "Mozilla/5.0 (compatible; NetcraftSurveyAgent/1.0; +info@netcraft.com)"
208.80.193.38 - - [09/Mar/2010:15:25:56 -0800] "GET / HTTP/1.0" 200 151 "-" "Mozilla/4.0 (compatible; MSIE 6.0; Windows NT 5.1; SV1; Sgrunt|V109|19|S541720495|dial; Sgrunt|V110|29|S541720495|dial; XBE|29|S04017261391143; snprtz|S04716013660301)"
95.108.150.235 - - [09/Mar/2010:17:35:29 -0800] "GET /robots.txt HTTP/1.1" 302 357 "-" "Yandex/1.01.001 (compatible; Win16; H)"
95.108.150.235 - - [09/Mar/2010:17:35:30 -0800] "GET /robots.txt HTTP/1.1" 302 353 "-" "Yandex/1.01.001 (compatible; Win16; H)"
95.108.150.235 - - [09/Mar/2010:17:35:32 -0800] "GET / HTTP/1.1" 200 151 "-" "Yandex/1.01.001 (compatible; Win16; H)"
95.108.150.235 - - [09/Mar/2010:17:35:33 -0800] "GET / HTTP/1.1" 200 151 "-" "Yandex/1.01.001 (compatible; Win16; H)"
95.108.150.235 - - [09/Mar/2010:17:35:39 -0800] "GET / HTTP/1.1" 200 151 "-" "Yandex/1.01.001 (compatible; Win16; H)"
95.108.150.235 - - [09/Mar/2010:17:35:42 -0800] "GET / HTTP/1.1" 200 151 "-" "Yandex/1.01.001 (compatible; Win16; H)"
123.125.66.19 - - [09/Mar/2010:17:51:05 -0800] "GET /robots.txt HTTP/1.1" 302 353 "-" "Baiduspider+(+http://www.baidu.com/search/spider.htm)"
123.125.66.15 - - [09/Mar/2010:17:51:06 -0800] "GET / HTTP/1.1" 200 151 "-" "Baiduspider+(+http://www.baidu.com/search/spider.htm)"
208.80.193.30 - - [09/Mar/2010:20:49:23 -0800] "GET / HTTP/1.0" 200 151 "-" "Mozilla/4.0 (compatible; MSIE 7.0; Windows NT 5.1; FunWebProducts; NN5.1.2.1; YPC 3.2.0; InfoPath.1; yplus 5.1.04b)"
123.150.187.133 - - [09/Mar/2010:23:56:42 -0800] "GET / HTTP/1.1" 200 151 "-" "Mozilla/4.0 (compatible; MSIE 6.0; Windows NT 5.1; SV1; QQDownload 1.7; TencentTraveler 4.0; CIBA; InfoPath.2; .NET CLR 2.0.50727"
216.129.119.12 - - [10/Mar/2010:00:44:40 -0800] "GET /robots.txt HTTP/1.1" 302 357 "-" "Mozilla/5.0 (Twiceler-0.9 http://www.cuil.com/twiceler/robot.html)"
207.46.13.42 - - [10/Mar/2010:08:38:31 -0800] "GET /robots.txt HTTP/1.1" 302 353 "-" "msnbot/2.0b (+http://search.msn.com/msnbot.htm)"
207.46.13.42 - - [10/Mar/2010:08:38:31 -0800] "GET / HTTP/1.1" 200 151 "-" "msnbot/2.0b (+http://search.msn.com/msnbot.htm)"
207.46.13.42 - - [10/Mar/2010:08:39:41 -0800] "GET /register.php HTTP/1.1" 302 353 "-" "msnbot/2.0b (+http://search.msn.com/msnbot.htm)"
222.122.179.230 - - [10/Mar/2010:11:12:51 -0800] "GET / HTTP/1.1" 200 151 "http://www.evilfuckers.net" "Mozilla/5.0 (Windows; U; Windows NT 5.1; ko; rv:1.8.0.3) Gecko/20060426 Firefox/1.5.0.3"
222.122.179.230 - - [10/Mar/2010:11:12:51 -0800] "GET / HTTP/1.1" 200 151 "http://www.evilfuckers.net" "Mozilla/5.0 (Windows; U; Windows NT 5.1; ko; rv:1.8.0.3) Gecko/20060426 Firefox/1.5.0.3"
216.129.119.12 - - [10/Mar/2010:11:33:03 -0800] "GET /robots.txt HTTP/1.1" 302 353 "-" "Mozilla/5.0 (Twiceler-0.9 http://www.cuil.com/twiceler/robot.html)"
38.100.41.112 - - [10/Mar/2010:16:32:56 -0800] "GET / HTTP/1.1" 200 151 "-" "Mozilla/4.0 (compatible; MSIE 7.0; Windows NT 5.2)"
207.46.199.178 - - [10/Mar/2010:17:26:08 -0800] "GET /robots.txt HTTP/1.1" 302 353 "-" "msnbot/2.0b (+http://search.msn.com/msnbot.htm)"
207.46.199.178 - - [10/Mar/2010:17:26:08 -0800] "GET / HTTP/1.1" 200 151 "-" "msnbot/2.0b (+http://search.msn.com/msnbot.htm)"
38.107.191.119 - - [10/Mar/2010:17:49:36 -0800] "GET /robots.txt HTTP/1.1" 302 353 "-" "CCBot/1.0 (+http://www.commoncrawl.org/bot.html)"
38.107.191.119 - - [10/Mar/2010:17:49:37 -0800] "GET / HTTP/1.1" 200 151 "-" "CCBot/1.0 (+http://www.commoncrawl.org/bot.html)"
38.107.191.115 - - [10/Mar/2010:17:49:37 -0800] "GET / HTTP/1.1" 200 151 "-" "CCBot/1.0 (+http://www.commoncrawl.org/bot.html)"
38.107.191.117 - - [10/Mar/2010:17:49:45 -0800] "GET /robots.txt HTTP/1.1" 302 353 "-" "CCBot/1.0 (+http://www.commoncrawl.org/bot.html)"
207.46.204.193 - - [10/Mar/2010:18:38:26 -0800] "GET /robots.txt HTTP/1.1" 302 353 "-" "msnbot/2.0b (+http://search.msn.com/msnbot.htm)"
207.46.204.193 - - [10/Mar/2010:18:38:26 -0800] "GET / HTTP/1.1" 200 151 "-" "msnbot/2.0b (+http://search.msn.com/msnbot.htm)"
207.46.204.193 - - [10/Mar/2010:18:39:14 -0800] "GET / HTTP/1.1" 200 151 "-" "msnbot/2.0b (+http://search.msn.com/msnbot.htm)"
64.246.165.50 - - [10/Mar/2010:19:54:52 -0800] "GET /robots.txt HTTP/1.0" 302 357 "-" "Mozilla/5.0 (Windows; U; Windows NT 5.1; en; rv:1.9.0.13) Gecko/2009073022 Firefox/3.5.2 (.NET CLR 3.5.30729) SurveyBot/2.3 (DomainTools)"
64.246.165.50 - - [10/Mar/2010:19:54:52 -0800] "GET / HTTP/1.1" 200 151 "http://whois.domaintools.com/evilfuckers.org" "Mozilla/5.0 (Windows; U; Windows NT 5.1; en; rv:1.9.0.13) Gecko/2009073022 Firefox/3.5.2 (.NET CLR 3.5.30729) SurveyBot/2.3 (DomainTools)"
123.125.66.54 - - [10/Mar/2010:23:26:54 -0800] "GET /robots.txt HTTP/1.1" 302 353 "-" "Baiduspider+(+http://www.baidu.com/search/spider.htm)"
123.125.66.42 - - [10/Mar/2010:23:26:55 -0800] "GET / HTTP/1.1" 200 151 "-" "Baiduspider+(+http://www.baidu.com/search/spider.htm)"
216.129.119.12 - - [11/Mar/2010:00:17:38 -0800] "GET /robots.txt HTTP/1.1" 302 357 "-" "Mozilla/5.0 (Twiceler-0.9 http://www.cuil.com/twiceler/robot.html)"
74.222.4.82 - - [11/Mar/2010:02:42:57 -0800] "GET /robots.txt HTTP/1.0" 302 353 "http://evilfuckers.org/robots.txt" "Mozilla/4.0 (compatible; MSIE 6.0; Windows NT 5.1; SV1; .NET CLR 2.0.50727)"
74.222.4.82 - - [11/Mar/2010:02:42:57 -0800] "GET / HTTP/1.0" 200 151 "http://evilfuckers.org/" "Mozilla/4.0 (compatible; MSIE 6.0; Windows NT 5.1; SV1; .NET CLR 2.0.50727)"
208.80.193.41 - - [11/Mar/2010:04:42:56 -0800] "GET / HTTP/1.0" 200 151 "-" "Mozilla/4.0 (compatible; MSIE 6.0; Windows NT 5.1; SV1; FunWebProducts; SIMBAR={95F68F4A-E1BB-4DCA-907F-0E6F0F3EB6D6}; .NET CLR 1.1.4322; .NET CLR 2.0.50727)"
219.143.225.3 - - [11/Mar/2010:05:23:56 -0800] "HEAD / HTTP/1.0" 200 - "-" "Mozilla/4.0(compatible;MSIE 5.00;Windows 98)"
208.80.193.27 - - [11/Mar/2010:10:12:25 -0800] "GET / HTTP/1.0" 200 151 "-" "Mozilla/4.0 (compatible; MSIE 6.0; Windows NT 5.1; FunWebProducts; Congoo NetPass; Embedded Web Browser from: http://bsalsa.com/; (R1 1.5); ZangoToolbar 4.8.3; MSN 6.1; MSNbMSFT; MSNmen-au; MSNcOTH)"
207.46.13.132 - - [11/Mar/2010:11:00:20 -0800] "GET /robots.txt HTTP/1.1" 302 353 "-" "msnbot/2.0b (+http://search.msn.com/msnbot.htm)"
207.46.13.132 - - [11/Mar/2010:11:00:20 -0800] "GET / HTTP/1.1" 200 151 "-" "msnbot/2.0b (+http://search.msn.com/msnbot.htm)"
207.46.13.132 - - [11/Mar/2010:11:01:03 -0800] "GET /user.php HTTP/1.1" 302 353 "-" "msnbot/2.0b (+http://search.msn.com/msnbot.htm)"
216.129.119.12 - - [11/Mar/2010:11:41:34 -0800] "GET /robots.txt HTTP/1.1" 302 353 "-" "Mozilla/5.0 (Twiceler-0.9 http://www.cuil.com/twiceler/robot.html)"
204.236.204.107 - - [11/Mar/2010:11:56:05 -0800] "GET / HTTP/1.0" 200 151 "-" "Mozilla/5.0 (compatible; NetcraftSurveyAgent/1.0; +info@netcraft.com)"
95.108.150.235 - - [11/Mar/2010:15:59:36 -0800] "GET /robots.txt HTTP/1.1" 302 353 "-" "Yandex/1.01.001 (compatible; Win16; H)"
95.108.150.235 - - [11/Mar/2010:15:59:37 -0800] "GET /robots.txt HTTP/1.1" 302 357 "-" "Yandex/1.01.001 (compatible; Win16; H)"
95.108.150.235 - - [11/Mar/2010:15:59:38 -0800] "GET / HTTP/1.1" 200 151 "-" "Yandex/1.01.001 (compatible; Win16; H)"
95.108.150.235 - - [11/Mar/2010:15:59:39 -0800] "GET / HTTP/1.1" 200 151 "-" "Yandex/1.01.001 (compatible; Win16; H)"
95.108.150.235 - - [11/Mar/2010:15:59:40 -0800] "GET / HTTP/1.1" 200 151 "-" "Yandex/1.01.001 (compatible; Win16; H)"
95.108.150.235 - - [11/Mar/2010:15:59:41 -0800] "GET / HTTP/1.1" 200 151 "-" "Yandex/1.01.001 (compatible; Win16; H)"
75.125.229.138 - - [11/Mar/2010:16:59:07 -0800] "GET / HTTP/1.1" 200 151 "-" "Mozilla/4.0 (compatible; MSIE 6.0; Windows NT 5.0; .NET CLR 1.0.3705)"
70.16.155.194 - - [11/Mar/2010:19:04:44 -0800] "HEAD /phpmyadmin/scripts/setup.php HTTP/1.1" 302 - "-" "Mozilla/5.0 (Windows; U; Windows NT 5.1; en; rv:1.8.1.8) Gecko/20071008 Firefox/2.0.0.8"
66.219.58.41 - - [11/Mar/2010:19:13:13 -0800] "GET /robots.txt HTTP/1.1" 302 353 "-" "MLBot (www.metadatalabs.com/mlbot)"
66.219.58.41 - - [11/Mar/2010:19:13:13 -0800] "GET / HTTP/1.1" 200 151 "-" "MLBot (www.metadatalabs.com/mlbot)"
66.219.58.41 - - [11/Mar/2010:19:13:16 -0800] "GET / HTTP/1.1" 200 151 "-" "MLBot (www.metadatalabs.com/mlbot)"
93.158.148.31 - - [11/Mar/2010:21:06:25 -0800] "GET /robots.txt HTTP/1.1" 302 357 "-" "Yandex/1.01.001 (compatible; Win16; I)"
123.125.66.31 - - [11/Mar/2010:23:49:41 -0800] "GET /robots.txt HTTP/1.1" 302 353 "-" "Baiduspider+(+http://www.baidu.com/search/spider.htm)"
123.125.66.116 - - [11/Mar/2010:23:49:41 -0800] "GET / HTTP/1.1" 200 151 "-" "Baiduspider+(+http://www.baidu.com/search/spider.htm)"
216.129.119.12 - - [12/Mar/2010:00:37:25 -0800] "GET /robots.txt HTTP/1.1" 302 357 "-" "Mozilla/5.0 (Twiceler-0.9 http://www.cuil.com/twiceler/robot.html)"
207.46.195.234 - - [12/Mar/2010:02:45:23 -0800] "GET /robots.txt HTTP/1.1" 302 353 "-" "msnbot/2.0b (+http://search.msn.com/msnbot.htm)"
207.46.195.234 - - [12/Mar/2010:02:45:23 -0800] "GET / HTTP/1.1" 200 151 "-" "msnbot/2.0b (+http://search.msn.com/msnbot.htm)"
207.46.195.234 - - [12/Mar/2010:02:46:09 -0800] "GET /?C=N;O=D HTTP/1.1" 200 151 "-" "msnbot/2.0b (+http://search.msn.com/msnbot.htm)"
207.46.199.183 - - [12/Mar/2010:05:32:21 -0800] "GET /robots.txt HTTP/1.1" 302 353 "-" "msnbot/2.0b (+http://search.msn.com/msnbot.htm)"
207.46.199.183 - - [12/Mar/2010:05:32:21 -0800] "GET / HTTP/1.1" 200 151 "-" "msnbot/2.0b (+http://search.msn.com/msnbot.htm)"
74.86.12.72 - - [12/Mar/2010:05:58:05 -0800] "GET / HTTP/1.1" 200 151 "http://www.thegetpr.com/site/evilfuckers.org" "Mozilla/5.0 (Windows; U; Windows NT 5.1; en-US; rv:1.9.0.6) Gecko/2009011913 Firefox/3.0.6"
67.195.111.155 - - [12/Mar/2010:10:34:57 -0800] "GET /robots.txt HTTP/1.0" 302 353 "-" "Mozilla/5.0 (compatible; Yahoo! Slurp; http://help.yahoo.com/help/us/ysearch/slurp)"
67.195.111.155 - - [12/Mar/2010:10:34:57 -0800] "GET / HTTP/1.0" 200 151 "-" "Mozilla/5.0 (compatible; Yahoo! Slurp; http://help.yahoo.com/help/us/ysearch/slurp)"
67.195.111.155 - - [12/Mar/2010:10:34:57 -0800] "GET / HTTP/1.0" 200 151 "-" "Mozilla/5.0 (compatible; Yahoo! Slurp/3.0; http://help.yahoo.com/help/us/ysearch/slurp)"
216.129.119.12 - - [12/Mar/2010:11:42:28 -0800] "GET /robots.txt HTTP/1.1" 302 353 "-" "Mozilla/5.0 (Twiceler-0.9 http://www.cuil.com/twiceler/robot.html)"
184.73.34.211 - - [12/Mar/2010:14:11:37 -0800] "GET /robots.txt HTTP/1.1" 302 353 "-" "Mozilla/5.0 (compatible; spbot/2.0.1; +http://www.seoprofiler.com/bot/ )"
184.73.34.211 - - [12/Mar/2010:14:11:37 -0800] "GET / HTTP/1.1" 200 151 "-" "Mozilla/5.0 (compatible; spbot/2.0.1; +http://www.seoprofiler.com/bot/ )"
184.73.34.211 - - [12/Mar/2010:14:11:37 -0800] "GET / HTTP/1.1" 200 151 "-" "Mozilla/5.0 (compatible; spbot/2.0.1; +http://www.seoprofiler.com/bot/ )"
69.46.28.206 - - [12/Mar/2010:15:57:27 -0800] "GET /orb.jpg HTTP/1.0" 302 357 "-" "-"
69.46.28.206 - - [12/Mar/2010:15:57:28 -0800] "GET / HTTP/1.0" 200 151 "-" "-"
93.158.148.31 - - [12/Mar/2010:17:40:09 -0800] "GET / HTTP/1.1" 200 151 "-" "Yandex/1.01.001 (compatible; Win16; I)"
208.80.193.28 - - [12/Mar/2010:17:58:52 -0800] "GET / HTTP/1.0" 200 151 "-" "Mozilla/4.0 (compatible; MSIE 6.0; Windows NT 5.0; H010818; .NET CLR 1.1.4322)"
123.150.187.133 - - [12/Mar/2010:18:32:54 -0800] "GET / HTTP/1.1" 200 151 "-" "Mozilla/4.0 (compatible; MSIE 6.0; Windows NT 5.1; SV1; QQDownload 1.7; TencentTraveler 4.0; CIBA; InfoPath.2; .NET CLR 2.0.50727"
67.195.37.94 - - [12/Mar/2010:19:06:53 -0800] "GET /robots.txt HTTP/1.0" 302 357 "-" "Mozilla/5.0 (compatible; Yahoo! Slurp; http://help.yahoo.com/help/us/ysearch/slurp)"
67.195.37.94 - - [12/Mar/2010:19:06:54 -0800] "GET / HTTP/1.0" 200 151 "-" "Mozilla/5.0 (compatible; Yahoo! Slurp; http://help.yahoo.com/help/us/ysearch/slurp)"
67.195.37.94 - - [12/Mar/2010:19:06:54 -0800] "GET / HTTP/1.0" 200 151 "-" "Mozilla/5.0 (compatible; Yahoo! Slurp/3.0; http://help.yahoo.com/help/us/ysearch/slurp)"
207.46.199.46 - - [12/Mar/2010:19:19:16 -0800] "GET /robots.txt HTTP/1.1" 302 353 "-" "msnbot/2.0b (+http://search.msn.com/msnbot.htm)"
207.46.199.46 - - [12/Mar/2010:19:19:16 -0800] "GET / HTTP/1.1" 200 151 "-" "msnbot/2.0b (+http://search.msn.com/msnbot.htm)"
207.46.199.46 - - [12/Mar/2010:19:20:22 -0800] "GET / HTTP/1.1" 200 151 "-" "msnbot/2.0b (+http://search.msn.com/msnbot.htm)"
208.80.193.30 - - [12/Mar/2010:23:31:49 -0800] "GET / HTTP/1.0" 200 151 "-" "Mozilla/4.0 (compatible; MSIE 6.0; Windows NT 5.1; SV1; sensis)"
123.125.66.107 - - [12/Mar/2010:23:50:34 -0800] "GET /robots.txt HTTP/1.1" 302 353 "-" "Baiduspider+(+http://www.baidu.com/search/spider.htm)"
123.125.66.46 - - [12/Mar/2010:23:50:37 -0800] "GET / HTTP/1.1" 200 151 "-" "Baiduspider+(+http://www.baidu.com/search/spider.htm)"
64.56.66.210 - - [12/Mar/2010:23:57:44 -0800] "GET /robots.txt HTTP/1.0" 302 353 "http://evilfuckers.org/robots.txt" "Mozilla/4.0 (compatible; MSIE 6.0; Windows NT 5.1; SV1; .NET CLR 2.0.50727)"
64.56.66.210 - - [12/Mar/2010:23:57:44 -0800] "GET / HTTP/1.0" 200 151 "http://evilfuckers.org/" "Mozilla/4.0 (compatible; MSIE 6.0; Windows NT 5.1; SV1; .NET CLR 2.0.50727)"
216.129.119.12 - - [13/Mar/2010:00:13:15 -0800] "GET /robots.txt HTTP/1.1" 302 357 "-" "Mozilla/5.0 (Twiceler-0.9 http://www.cuil.com/twiceler/robot.html)"
38.107.191.117 - - [13/Mar/2010:01:22:33 -0800] "GET /robots.txt HTTP/1.1" 302 357 "-" "CCBot/1.0 (+http://www.commoncrawl.org/bot.html)"
38.107.191.117 - - [13/Mar/2010:01:22:36 -0800] "GET / HTTP/1.1" 200 151 "-" "CCBot/1.0 (+http://www.commoncrawl.org/bot.html)"
38.107.191.118 - - [13/Mar/2010:01:22:37 -0800] "GET / HTTP/1.1" 200 151 "-" "CCBot/1.0 (+http://www.commoncrawl.org/bot.html)"
65.55.216.53 - - [13/Mar/2010:05:23:04 -0800] "GET /robots.txt HTTP/1.1" 302 353 "-" "msnbot/2.0b (+http://search.msn.com/msnbot.htm)"
65.55.216.53 - - [13/Mar/2010:05:23:04 -0800] "GET / HTTP/1.1" 200 151 "-" "msnbot/2.0b (+http://search.msn.com/msnbot.htm)"
69.46.28.206 - - [13/Mar/2010:07:56:08 -0800] "GET /orb.jpg HTTP/1.0" 302 357 "-" "-"
69.46.28.206 - - [13/Mar/2010:07:56:08 -0800] "GET / HTTP/1.0" 200 151 "-" "-"
207.46.204.229 - - [13/Mar/2010:10:10:53 -0800] "GET /robots.txt HTTP/1.1" 302 353 "-" "msnbot/2.0b (+http://search.msn.com/msnbot.htm)"
207.46.204.229 - - [13/Mar/2010:10:10:54 -0800] "GET / HTTP/1.1" 200 151 "-" "msnbot/2.0b (+http://search.msn.com/msnbot.htm)"
207.46.204.229 - - [13/Mar/2010:10:11:51 -0800] "GET /index.php/photos/album/1/photo/1.html HTTP/1.1" 200 151 "-" "msnbot/2.0b (+http://search.msn.com/msnbot.htm)"
95.108.150.235 - - [13/Mar/2010:16:09:07 -0800] "GET /robots.txt HTTP/1.1" 302 353 "-" "Yandex/1.01.001 (compatible; Win16; H)"
95.108.150.235 - - [13/Mar/2010:16:09:08 -0800] "GET /robots.txt HTTP/1.1" 302 357 "-" "Yandex/1.01.001 (compatible; Win16; H)"
95.108.150.235 - - [13/Mar/2010:16:09:09 -0800] "GET / HTTP/1.1" 200 151 "-" "Yandex/1.01.001 (compatible; Win16; H)"
95.108.150.235 - - [13/Mar/2010:16:09:10 -0800] "GET / HTTP/1.1" 200 151 "-" "Yandex/1.01.001 (compatible; Win16; H)"
95.108.150.235 - - [13/Mar/2010:16:09:11 -0800] "GET / HTTP/1.1" 200 151 "-" "Yandex/1.01.001 (compatible; Win16; H)"
95.108.150.235 - - [13/Mar/2010:16:09:13 -0800] "GET / HTTP/1.1" 200 151 "-" "Yandex/1.01.001 (compatible; Win16; H)"
207.46.199.182 - - [13/Mar/2010:19:36:11 -0800] "GET /robots.txt HTTP/1.1" 302 353 "-" "msnbot/2.0b (+http://search.msn.com/msnbot.htm)"
207.46.199.182 - - [13/Mar/2010:19:36:12 -0800] "GET / HTTP/1.1" 200 151 "-" "msnbot/2.0b (+http://search.msn.com/msnbot.htm)"
193.47.80.50 - - [13/Mar/2010:23:00:44 -0800] "GET /robots.txt HTTP/1.1" 302 353 "-" "Mozilla/5.0 (compatible; Exabot/3.0; +http://www.exabot.com/go/robot)"
193.47.80.50 - - [13/Mar/2010:23:00:45 -0800] "GET / HTTP/1.1" 200 151 "-" "Mozilla/5.0 (compatible; Exabot/3.0; +http://www.exabot.com/go/robot)"
193.47.80.50 - - [13/Mar/2010:23:00:45 -0800] "GET / HTTP/1.1" 200 151 "-" "Mozilla/5.0 (compatible; Exabot/3.0; +http://www.exabot.com/go/robot)"
123.125.66.107 - - [13/Mar/2010:23:59:04 -0800] "GET /robots.txt HTTP/1.1" 302 353 "-" "Baiduspider+(+http://www.baidu.com/search/spider.htm)"
123.125.66.102 - - [13/Mar/2010:23:59:08 -0800] "GET / HTTP/1.1" 200 151 "-" "Baiduspider+(+http://www.baidu.com/search/spider.htm)"
216.129.119.12 - - [14/Mar/2010:00:18:43 -0800] "GET /robots.txt HTTP/1.1" 302 357 "-" "Mozilla/5.0 (Twiceler-0.9 http://www.cuil.com/twiceler/robot.html)"
65.55.207.21 - - [14/Mar/2010:03:08:59 -0700] "GET /robots.txt HTTP/1.1" 302 353 "-" "msnbot/2.0b (+http://search.msn.com/msnbot.htm)"
65.55.207.21 - - [14/Mar/2010:03:08:59 -0700] "GET / HTTP/1.1" 200 151 "-" "msnbot/2.0b (+http://search.msn.com/msnbot.htm)"
66.219.58.39 - - [14/Mar/2010:07:35:14 -0700] "GET /robots.txt HTTP/1.1" 302 353 "-" "MLBot (www.metadatalabs.com/mlbot)"
66.219.58.39 - - [14/Mar/2010:07:35:14 -0700] "GET / HTTP/1.1" 200 151 "-" "MLBot (www.metadatalabs.com/mlbot)"
66.219.58.39 - - [14/Mar/2010:07:35:14 -0700] "GET / HTTP/1.1" 200 151 "-" "MLBot (www.metadatalabs.com/mlbot)"
208.80.193.27 - - [14/Mar/2010:08:21:36 -0700] "GET / HTTP/1.0" 200 151 "-" "Mozilla/4.0 (compatible; MSIE 7.0; Windows NT 5.1; YPC 3.0.1; yie6_SBC; .NET CLR 1.1.4322; .NET CLR 2.0.50727; SpamBlockerUtility 4.8.0; MSN 6.1; MSNbMSFT; MSNmen-us; MSNc00; v5m)"
123.150.187.133 - - [14/Mar/2010:09:47:22 -0700] "GET / HTTP/1.1" 200 151 "-" "Mozilla/4.0 (compatible; MSIE 6.0; Windows NT 5.1; SV1; QQDownload 1.7; TencentTraveler 4.0; CIBA; InfoPath.2; .NET CLR 2.0.50727"
216.129.119.12 - - [14/Mar/2010:12:02:37 -0700] "GET /robots.txt HTTP/1.1" 302 353 "-" "Mozilla/5.0 (Twiceler-0.9 http://www.cuil.com/twiceler/robot.html)"
208.80.193.42 - - [14/Mar/2010:14:18:40 -0700] "GET / HTTP/1.0" 200 151 "-" "Mozilla/4.0 (compatible; MSIE 7.0; Windows NT 5.1; MathPlayer 2.0; FunWebProducts)"
207.46.199.199 - - [14/Mar/2010:20:04:56 -0700] "GET /robots.txt HTTP/1.1" 302 353 "-" "msnbot/2.0b (+http://search.msn.com/msnbot.htm)"
207.46.199.199 - - [14/Mar/2010:20:04:56 -0700] "GET / HTTP/1.1" 200 151 "-" "msnbot/2.0b (+http://search.msn.com/msnbot.htm)"
207.46.204.183 - - [14/Mar/2010:20:56:03 -0700] "GET /robots.txt HTTP/1.1" 302 353 "-" "msnbot/2.0b (+http://search.msn.com/msnbot.htm)"
207.46.204.183 - - [14/Mar/2010:20:56:04 -0700] "GET / HTTP/1.1" 200 151 "-" "msnbot/2.0b (+http://search.msn.com/msnbot.htm)"
207.46.204.183 - - [14/Mar/2010:20:56:54 -0700] "GET / HTTP/1.1" 200 151 "-" "msnbot/2.0b (+http://search.msn.com/msnbot.htm)"
123.125.66.39 - - [15/Mar/2010:00:58:24 -0700] "GET /robots.txt HTTP/1.1" 302 353 "-" "Baiduspider+(+http://www.baidu.com/search/spider.htm)"
123.125.66.55 - - [15/Mar/2010:00:58:24 -0700] "GET / HTTP/1.1" 200 151 "-" "Baiduspider+(+http://www.baidu.com/search/spider.htm)"
118.122.178.68 - - [15/Mar/2010:01:13:12 -0700] "GET / HTTP/1.1" 200 151 "-" "Mozilla/4.0 (compatible; MSIE 6.0; Windows NT 5.1; SV1; .NET CLR 1.1.4322)"
64.56.66.210 - - [15/Mar/2010:01:13:17 -0700] "GET /robots.txt HTTP/1.0" 302 353 "http://evilfuckers.org/robots.txt" "Mozilla/4.0 (compatible; MSIE 6.0; Windows NT 5.1; SV1; .NET CLR 2.0.50727)"
64.56.66.210 - - [15/Mar/2010:01:13:17 -0700] "GET / HTTP/1.0" 200 151 "http://evilfuckers.org/" "Mozilla/4.0 (compatible; MSIE 6.0; Windows NT 5.1; SV1; .NET CLR 2.0.50727)"
216.129.119.12 - - [15/Mar/2010:02:14:57 -0700] "GET /robots.txt HTTP/1.1" 302 357 "-" "Mozilla/5.0 (Twiceler-0.9 http://www.cuil.com/twiceler/robot.html)"
219.143.225.3 - - [15/Mar/2010:04:25:56 -0700] "GET / HTTP/1.0" 200 151 "-" "Mozilla/4.0(compatible;MSIE 5.00;Windows 98)"
216.129.119.12 - - [15/Mar/2010:13:01:11 -0700] "GET /robots.txt HTTP/1.1" 302 353 "-" "Mozilla/5.0 (Twiceler-0.9 http://www.cuil.com/twiceler/robot.html)"
216.38.216.220 - - [15/Mar/2010:13:50:46 -0700] "GET / HTTP/1.1" 200 151 "-" "Mozilla/5.0 (compatible; MSIE 7.0b; Windows NT 6.0)"
216.38.216.220 - - [15/Mar/2010:13:50:46 -0700] "GET / HTTP/1.1" 200 151 "-" "Mozilla/5.0 (compatible; MSIE 7.0b; Windows NT 6.0)"
216.38.216.220 - - [15/Mar/2010:14:25:51 -0700] "GET / HTTP/1.1" 200 151 "-" "Mozilla/5.0 (compatible; MSIE 7.0b; Windows NT 6.0)"
216.38.216.220 - - [15/Mar/2010:14:25:51 -0700] "GET / HTTP/1.1" 200 151 "-" "Mozilla/5.0 (compatible; MSIE 7.0b; Windows NT 6.0)"
95.108.150.235 - - [15/Mar/2010:17:13:32 -0700] "GET /robots.txt HTTP/1.1" 302 353 "-" "Yandex/1.01.001 (compatible; Win16; H)"
95.108.150.235 - - [15/Mar/2010:17:13:33 -0700] "GET /robots.txt HTTP/1.1" 302 357 "-" "Yandex/1.01.001 (compatible; Win16; H)"
95.108.150.235 - - [15/Mar/2010:17:13:34 -0700] "GET / HTTP/1.1" 200 151 "-" "Yandex/1.01.001 (compatible; Win16; H)"
95.108.150.235 - - [15/Mar/2010:17:13:35 -0700] "GET / HTTP/1.1" 200 151 "-" "Yandex/1.01.001 (compatible; Win16; H)"
95.108.150.235 - - [15/Mar/2010:17:13:36 -0700] "GET / HTTP/1.1" 200 151 "-" "Yandex/1.01.001 (compatible; Win16; H)"
95.108.150.235 - - [15/Mar/2010:17:13:37 -0700] "GET / HTTP/1.1" 200 151 "-" "Yandex/1.01.001 (compatible; Win16; H)"
208.80.193.27 - - [15/Mar/2010:22:09:49 -0700] "GET / HTTP/1.0" 200 151 "-" "Mozilla/4.0 (compatible; MSIE 7.0; Windows NT 5.1; .NET CLR 2.0.50727; .NET CLR 1.1.4322; IEMB3; .NET CLR 3.0.04506.30; IEMB3)"
123.125.66.15 - - [16/Mar/2010:00:19:20 -0700] "GET /robots.txt HTTP/1.1" 302 353 "-" "Baiduspider+(+http://www.baidu.com/search/spider.htm)"
123.125.66.16 - - [16/Mar/2010:00:19:21 -0700] "GET / HTTP/1.1" 200 151 "-" "Baiduspider+(+http://www.baidu.com/search/spider.htm)"
203.79.95.48 - - [16/Mar/2010:01:04:28 -0700] "GET / HTTP/1.1" 200 151 "-" "Mozilla/5.0 (Windows; U; Windows NT 6.1; en-GB; rv:1.9.2) Gecko/20100115 Firefox/3.6 (.NET CLR 3.5.30729)"
203.79.95.48 - - [16/Mar/2010:01:04:28 -0700] "GET /favicon.ico HTTP/1.1" 200 574 "-" "Mozilla/5.0 (Windows; U; Windows NT 6.1; en-GB; rv:1.9.2) Gecko/20100115 Firefox/3.6 (.NET CLR 3.5.30729)"
203.79.95.48 - - [16/Mar/2010:01:04:44 -0700] "GET / HTTP/1.1" 200 151 "-" "Mozilla/5.0 (Windows; U; Windows NT 6.1; en-GB; rv:1.9.2) Gecko/20100115 Firefox/3.6 (.NET CLR 3.5.30729)"
203.79.95.48 - - [16/Mar/2010:01:04:44 -0700] "GET /favicon.ico HTTP/1.1" 200 574 "-" "Mozilla/5.0 (Windows; U; Windows NT 6.1; en-GB; rv:1.9.2) Gecko/20100115 Firefox/3.6 (.NET CLR 3.5.30729)"
203.98.50.27 - - [16/Mar/2010:01:20:25 -0700] "GET / HTTP/1.1" 200 151 "-" "Mozilla/4.0 (compatible;)"
203.98.50.27 - - [16/Mar/2010:01:24:24 -0700] "GET / HTTP/1.1" 200 151 "-" "Mozilla/4.0 (compatible;)"
216.129.119.12 - - [16/Mar/2010:01:26:22 -0700] "GET /robots.txt HTTP/1.1" 302 357 "-" "Mozilla/5.0 (Twiceler-0.9 http://www.cuil.com/twiceler/robot.html)"
203.98.50.27 - - [16/Mar/2010:01:28:23 -0700] "GET / HTTP/1.1" 200 151 "-" "Mozilla/4.0 (compatible;)"
208.80.193.34 - - [16/Mar/2010:04:00:31 -0700] "GET / HTTP/1.0" 200 151 "-" "Mozilla/4.0 (compatible; MSIE 7.0; Windows NT 5.1; FunWebProducts; Mozilla/4.0 (compatible; MSIE 6.0; Windows NT 5.1; SV1) ; .NET CLR 1.1.4322; InfoPath.1; .NET CLR 2.0.50727; ZangoToolbar 4.8.3)"
66.249.65.234 - - [16/Mar/2010:07:59:23 -0700] "GET /robots.txt HTTP/1.1" 302 353 "-" "Mozilla/5.0 (compatible; Googlebot/2.1; +http://www.google.com/bot.html)"
66.249.65.234 - - [16/Mar/2010:07:59:23 -0700] "GET / HTTP/1.1" 200 151 "-" "Mozilla/5.0 (compatible; Googlebot/2.1; +http://www.google.com/bot.html)"
66.249.65.234 - - [16/Mar/2010:07:59:23 -0700] "GET / HTTP/1.1" 200 151 "-" "Mozilla/5.0 (compatible; Googlebot/2.1; +http://www.google.com/bot.html)"
216.129.119.12 - - [16/Mar/2010:12:22:30 -0700] "GET /robots.txt HTTP/1.1" 302 353 "-" "Mozilla/5.0 (Twiceler-0.9 http://www.cuil.com/twiceler/robot.html)"
93.158.148.31 - - [16/Mar/2010:16:55:03 -0700] "GET /robots.txt HTTP/1.1" 302 357 "-" "Yandex/1.01.001 (compatible; Win16; I)"
65.55.106.208 - - [16/Mar/2010:21:14:19 -0700] "GET /robots.txt HTTP/1.1" 302 353 "-" "msnbot/2.0b (+http://search.msn.com/msnbot.htm)"
65.55.106.208 - - [16/Mar/2010:21:14:19 -0700] "GET / HTTP/1.1" 200 151 "-" "msnbot/2.0b (+http://search.msn.com/msnbot.htm)"
207.46.13.89 - - [16/Mar/2010:21:32:26 -0700] "GET /robots.txt HTTP/1.1" 302 353 "-" "msnbot/2.0b (+http://search.msn.com/msnbot.htm)"
207.46.13.89 - - [16/Mar/2010:21:32:27 -0700] "GET / HTTP/1.1" 200 151 "-" "msnbot/2.0b (+http://search.msn.com/msnbot.htm)"
207.46.13.89 - - [16/Mar/2010:21:33:19 -0700] "GET / HTTP/1.1" 200 151 "-" "msnbot/2.0b (+http://search.msn.com/msnbot.htm)"
74.222.4.218 - - [16/Mar/2010:23:09:16 -0700] "GET /robots.txt HTTP/1.0" 302 353 "http://evilfuckers.org/robots.txt" "Mozilla/4.0 (compatible; MSIE 6.0; Windows NT 5.1; SV1; .NET CLR 2.0.50727)"
74.222.4.218 - - [16/Mar/2010:23:09:16 -0700] "GET / HTTP/1.0" 200 151 "http://evilfuckers.org/" "Mozilla/4.0 (compatible; MSIE 6.0; Windows NT 5.1; SV1; .NET CLR 2.0.50727)"
216.129.119.12 - - [17/Mar/2010:00:16:56 -0700] "GET /robots.txt HTTP/1.1" 302 357 "-" "Mozilla/5.0 (Twiceler-0.9 http://www.cuil.com/twiceler/robot.html)"
123.125.66.43 - - [17/Mar/2010:00:45:18 -0700] "GET /robots.txt HTTP/1.1" 302 353 "-" "Baiduspider+(+http://www.baidu.com/search/spider.htm)"
123.125.66.29 - - [17/Mar/2010:00:45:18 -0700] "GET / HTTP/1.1" 200 151 "-" "Baiduspider+(+http://www.baidu.com/search/spider.htm)"
93.158.148.31 - - [17/Mar/2010:04:56:00 -0700] "GET / HTTP/1.1" 200 151 "-" "Yandex/1.01.001 (compatible; Win16; I)"
71.41.201.37 - - [17/Mar/2010:06:41:11 -0700] "GET /robots.txt HTTP/1.1" 302 353 "-" "MLBot (www.metadatalabs.com/mlbot)"
71.41.201.37 - - [17/Mar/2010:06:41:11 -0700] "GET / HTTP/1.1" 200 151 "-" "MLBot (www.metadatalabs.com/mlbot)"
71.41.201.37 - - [17/Mar/2010:06:41:11 -0700] "GET / HTTP/1.1" 200 151 "-" "MLBot (www.metadatalabs.com/mlbot)"
72.11.87.42 - - [17/Mar/2010:07:24:57 -0700] "GET / HTTP/1.0" 200 151 "-" "Mozilla/5.0 (X11; U; Linux i686 (x86_64); en-US; rv:1.8.0.1) Gecko/20060124 Firefox/1.5.0.1"
208.115.111.245 - - [17/Mar/2010:08:03:52 -0700] "GET /robots.txt HTTP/1.1" 302 353 "-" "Mozilla/5.0 (compatible; DotBot/1.1; http://www.dotnetdotcom.org/, crawler@dotnetdotcom.org)"
208.115.111.245 - - [17/Mar/2010:08:03:52 -0700] "GET /robots.txt HTTP/1.1" 302 357 "-" "Mozilla/5.0 (compatible; DotBot/1.1; http://www.dotnetdotcom.org/, crawler@dotnetdotcom.org)"
208.115.111.245 - - [17/Mar/2010:08:03:53 -0700] "GET / HTTP/1.1" 200 151 "-" "Mozilla/5.0 (compatible; DotBot/1.1; http://www.dotnetdotcom.org/, crawler@dotnetdotcom.org)"
208.115.111.245 - - [17/Mar/2010:08:03:53 -0700] "GET / HTTP/1.1" 200 151 "-" "Mozilla/5.0 (compatible; DotBot/1.1; http://www.dotnetdotcom.org/, crawler@dotnetdotcom.org)"
65.55.107.182 - - [17/Mar/2010:08:28:14 -0700] "GET /robots.txt HTTP/1.1" 302 353 "-" "msnbot/2.0b (+http://search.msn.com/msnbot.htm)"
65.55.107.182 - - [17/Mar/2010:08:28:14 -0700] "GET / HTTP/1.1" 200 151 "-" "msnbot/2.0b (+http://search.msn.com/msnbot.htm)"
184.73.71.226 - - [17/Mar/2010:10:28:51 -0700] "GET /robots.txt HTTP/1.1" 302 353 "-" "Mozilla/5.0 [Internet Explorer]"
184.73.71.226 - - [17/Mar/2010:10:28:51 -0700] "GET / HTTP/1.1" 200 151 "-" "Mozilla/5.0 [Internet Explorer]"
184.73.71.226 - - [17/Mar/2010:10:29:21 -0700] "GET / HTTP/1.1" 200 151 "-" "Mozilla/5.0 [Internet Explorer]"
66.219.58.39 - - [17/Mar/2010:10:40:35 -0700] "GET /robots.txt HTTP/1.1" 302 353 "-" "MLBot (www.metadatalabs.com/mlbot)"
66.219.58.39 - - [17/Mar/2010:10:40:38 -0700] "GET / HTTP/1.1" 200 151 "-" "MLBot (www.metadatalabs.com/mlbot)"
66.219.58.39 - - [17/Mar/2010:10:40:39 -0700] "GET / HTTP/1.1" 200 151 "-" "MLBot (www.metadatalabs.com/mlbot)"
216.129.119.12 - - [17/Mar/2010:11:18:31 -0700] "GET /robots.txt HTTP/1.1" 302 353 "-" "Mozilla/5.0 (Twiceler-0.9 http://www.cuil.com/twiceler/robot.html)"
208.80.193.27 - - [17/Mar/2010:12:47:25 -0700] "GET / HTTP/1.0" 200 151 "-" "Mozilla/4.0 (compatible; MSIE 6.0; Windows NT 5.1; SV1; ga=MDBjMGE4OGUzNDE2; .NET CLR 1.0.3705; .NET CLR 1.1.4322; .NET CLR 2.0.50727)"
208.115.111.245 - - [17/Mar/2010:13:25:17 -0700] "GET / HTTP/1.1" 200 151 "-" "Mozilla/5.0 (compatible; DotBot/1.1; http://www.dotnetdotcom.org/, crawler@dotnetdotcom.org)"
208.115.111.245 - - [17/Mar/2010:13:25:23 -0700] "GET / HTTP/1.1" 200 151 "-" "Mozilla/5.0 (compatible; DotBot/1.1; http://www.dotnetdotcom.org/, crawler@dotnetdotcom.org)"
65.55.106.108 - - [17/Mar/2010:16:44:30 -0700] "GET /robots.txt HTTP/1.1" 302 353 "-" "msnbot/2.0b (+http://search.msn.com/msnbot.htm)"
65.55.106.108 - - [17/Mar/2010:16:44:30 -0700] "GET / HTTP/1.1" 200 151 "-" "msnbot/2.0b (+http://search.msn.com/msnbot.htm)"
95.108.150.235 - - [17/Mar/2010:17:34:15 -0700] "GET /robots.txt HTTP/1.1" 302 353 "-" "Yandex/1.01.001 (compatible; Win16; H)"
95.108.150.235 - - [17/Mar/2010:17:34:16 -0700] "GET /robots.txt HTTP/1.1" 302 357 "-" "Yandex/1.01.001 (compatible; Win16; H)"
95.108.150.235 - - [17/Mar/2010:17:34:17 -0700] "GET / HTTP/1.1" 200 151 "-" "Yandex/1.01.001 (compatible; Win16; H)"
95.108.150.235 - - [17/Mar/2010:17:34:18 -0700] "GET / HTTP/1.1" 200 151 "-" "Yandex/1.01.001 (compatible; Win16; H)"
95.108.150.235 - - [17/Mar/2010:17:34:19 -0700] "GET / HTTP/1.1" 200 151 "-" "Yandex/1.01.001 (compatible; Win16; H)"
95.108.150.235 - - [17/Mar/2010:17:34:20 -0700] "GET / HTTP/1.1" 200 151 "-" "Yandex/1.01.001 (compatible; Win16; H)"
208.80.193.27 - - [17/Mar/2010:18:34:49 -0700] "GET / HTTP/1.0" 200 151 "-" "Mozilla/4.0 (compatible; MSIE 6.0; Windows NT 5.1; .NET CLR 1.1.4322; MSN 9.0; MSNbVZ02; MSNmen-us; MSNcOTH; MPLUS)"
69.46.28.206 - - [17/Mar/2010:19:15:13 -0700] "GET /orb.jpg HTTP/1.0" 302 357 "-" "-"
69.46.28.206 - - [17/Mar/2010:19:15:13 -0700] "GET / HTTP/1.0" 200 151 "-" "-"
123.125.66.38 - - [18/Mar/2010:00:26:10 -0700] "GET /robots.txt HTTP/1.1" 302 353 "-" "Baiduspider+(+http://www.baidu.com/search/spider.htm)"
123.125.66.36 - - [18/Mar/2010:00:26:11 -0700] "GET / HTTP/1.1" 200 151 "-" "Baiduspider+(+http://www.baidu.com/search/spider.htm)"
207.46.199.46 - - [18/Mar/2010:03:56:19 -0700] "GET /robots.txt HTTP/1.1" 302 353 "-" "msnbot/2.0b (+http://search.msn.com/msnbot.htm)"
207.46.199.46 - - [18/Mar/2010:03:56:19 -0700] "GET / HTTP/1.1" 200 151 "-" "msnbot/2.0b (+http://search.msn.com/msnbot.htm)"
207.46.199.46 - - [18/Mar/2010:03:57:21 -0700] "GET /index.php/photos/album/1.html HTTP/1.1" 200 151 "-" "msnbot/2.0b (+http://search.msn.com/msnbot.htm)"
123.150.187.133 - - [18/Mar/2010:05:16:35 -0700] "GET / HTTP/1.1" 200 151 "-" "Mozilla/4.0 (compatible; MSIE 6.0; Windows NT 5.1; SV1; QQDownload 1.7; TencentTraveler 4.0; CIBA; InfoPath.2; .NET CLR 2.0.50727"
219.143.225.3 - - [18/Mar/2010:06:30:18 -0700] "HEAD / HTTP/1.0" 200 - "-" "Mozilla/4.0(compatible;MSIE 5.00;Windows 98)"
207.46.199.179 - - [18/Mar/2010:09:48:32 -0700] "GET /robots.txt HTTP/1.1" 302 353 "-" "msnbot/2.0b (+http://search.msn.com/msnbot.htm)"
207.46.199.179 - - [18/Mar/2010:09:48:32 -0700] "GET / HTTP/1.1" 200 151 "-" "msnbot/2.0b (+http://search.msn.com/msnbot.htm)"
216.129.119.12 - - [18/Mar/2010:10:43:02 -0700] "GET /robots.txt HTTP/1.1" 302 353 "-" "Mozilla/5.0 (Twiceler-0.9 http://www.cuil.com/twiceler/robot.html)"
66.249.67.196 - - [18/Mar/2010:17:55:19 -0700] "GET /robots.txt HTTP/1.1" 302 357 "-" "Mozilla/5.0 (compatible; Googlebot/2.1; +http://www.google.com/bot.html)"
66.249.67.196 - - [18/Mar/2010:17:55:19 -0700] "GET / HTTP/1.1" 200 151 "-" "Mozilla/5.0 (compatible; Googlebot/2.1; +http://www.google.com/bot.html)"
72.94.249.37 - - [18/Mar/2010:20:55:49 -0700] "GET / HTTP/1.1" 200 151 "-" "Mozilla/4.0 (compatible; MSIE 6.0; Windows NT 5.1; SV1; .NET CLR 1.1.4322)"
207.46.204.184 - - [18/Mar/2010:22:32:44 -0700] "GET /robots.txt HTTP/1.1" 302 353 "-" "msnbot/2.0b (+http://search.msn.com/msnbot.htm)"
207.46.204.184 - - [18/Mar/2010:22:32:44 -0700] "GET / HTTP/1.1" 200 151 "-" "msnbot/2.0b (+http://search.msn.com/msnbot.htm)"
207.46.204.184 - - [18/Mar/2010:22:33:40 -0700] "GET /index.php/photos/album/1.html HTTP/1.1" 200 151 "-" "msnbot/2.0b (+http://search.msn.com/msnbot.htm)"
64.56.65.218 - - [18/Mar/2010:22:57:10 -0700] "GET /robots.txt HTTP/1.0" 302 353 "http://evilfuckers.org/robots.txt" "Mozilla/4.0 (compatible; MSIE 6.0; Windows NT 5.1; SV1; .NET CLR 2.0.50727)"
64.56.65.218 - - [18/Mar/2010:22:57:13 -0700] "GET / HTTP/1.0" 200 151 "http://evilfuckers.org/" "Mozilla/4.0 (compatible; MSIE 6.0; Windows NT 5.1; SV1; .NET CLR 2.0.50727)"
203.98.50.27 - - [18/Mar/2010:23:53:56 -0700] "GET / HTTP/1.1" 200 151 "-" "Mozilla/4.0 (compatible;)"
203.98.50.27 - - [19/Mar/2010:00:09:58 -0700] "GET / HTTP/1.1" 200 151 "-" "Mozilla/4.0 (compatible;)"
203.98.50.27 - - [19/Mar/2010:00:41:40 -0700] "GET / HTTP/1.1" 200 151 "-" "Mozilla/4.0 (compatible;)"
123.125.66.45 - - [19/Mar/2010:01:24:23 -0700] "GET /robots.txt HTTP/1.1" 302 353 "-" "Baiduspider+(+http://www.baidu.com/search/spider.htm)"
123.125.66.22 - - [19/Mar/2010:01:24:23 -0700] "GET / HTTP/1.1" 200 151 "-" "Baiduspider+(+http://www.baidu.com/search/spider.htm)"
203.98.50.27 - - [19/Mar/2010:01:53:20 -0700] "GET / HTTP/1.1" 200 151 "-" "Mozilla/4.0 (compatible;)"
208.80.193.27 - - [19/Mar/2010:03:42:19 -0700] "GET / HTTP/1.0" 200 151 "-" "Mozilla/4.0 (compatible; MSIE 6.0; Windows NT 5.2; .NET CLR 1.1.4322; .NET CLR 2.0.50727; InfoPath.1)"
203.79.95.48 - - [19/Mar/2010:03:58:31 -0700] "GET /favicon.ico HTTP/1.1" 200 574 "-" "Mozilla/5.0 (Windows; U; Windows NT 6.1; en-GB; rv:1.9.2) Gecko/20100115 Firefox/3.6 (.NET CLR 3.5.30729)"
203.98.50.27 - - [19/Mar/2010:04:00:41 -0700] "GET / HTTP/1.1" 200 151 "-" "Mozilla/4.0 (compatible;)"
203.98.50.27 - - [19/Mar/2010:06:47:47 -0700] "GET / HTTP/1.1" 200 151 "-" "Mozilla/4.0 (compatible;)"
208.80.193.28 - - [19/Mar/2010:09:36:25 -0700] "GET / HTTP/1.0" 200 151 "-" "Mozilla/4.0 (compatible; MSIE 7.0; Windows NT 5.1; SIMBAR={945A59B1-0BD0-4deb-BF4A-19AF5ECE05F0}; .NET CLR 1.1.4322; InfoPath.1)"
207.46.13.43 - - [19/Mar/2010:09:41:59 -0700] "GET /robots.txt HTTP/1.1" 302 353 "-" "msnbot/2.0b (+http://search.msn.com/msnbot.htm)"
207.46.13.43 - - [19/Mar/2010:09:41:59 -0700] "GET / HTTP/1.1" 200 151 "-" "msnbot/2.0b (+http://search.msn.com/msnbot.htm)"
207.46.13.43 - - [19/Mar/2010:09:42:42 -0700] "GET / HTTP/1.1" 200 151 "-" "msnbot/2.0b (+http://search.msn.com/msnbot.htm)"
67.195.111.155 - - [19/Mar/2010:11:58:47 -0700] "GET /robots.txt HTTP/1.0" 302 353 "-" "Mozilla/5.0 (compatible; Yahoo! Slurp; http://help.yahoo.com/help/us/ysearch/slurp)"
67.195.111.155 - - [19/Mar/2010:11:58:48 -0700] "GET / HTTP/1.0" 200 151 "-" "Mozilla/5.0 (compatible; Yahoo! Slurp; http://help.yahoo.com/help/us/ysearch/slurp)"
67.195.111.155 - - [19/Mar/2010:11:58:48 -0700] "GET / HTTP/1.0" 200 151 "-" "Mozilla/5.0 (compatible; Yahoo! Slurp/3.0; http://help.yahoo.com/help/us/ysearch/slurp)"
203.98.50.27 - - [19/Mar/2010:12:34:00 -0700] "GET / HTTP/1.1" 200 151 "-" "Mozilla/4.0 (compatible;)"
207.46.199.182 - - [19/Mar/2010:16:34:45 -0700] "GET /robots.txt HTTP/1.1" 302 353 "-" "msnbot/2.0b (+http://search.msn.com/msnbot.htm)"
207.46.199.182 - - [19/Mar/2010:16:34:45 -0700] "GET / HTTP/1.1" 200 151 "-" "msnbot/2.0b (+http://search.msn.com/msnbot.htm)"
95.108.150.235 - - [19/Mar/2010:18:05:35 -0700] "GET /robots.txt HTTP/1.1" 302 353 "-" "Yandex/1.01.001 (compatible; Win16; H)"
95.108.150.235 - - [19/Mar/2010:18:05:36 -0700] "GET /robots.txt HTTP/1.1" 302 357 "-" "Yandex/1.01.001 (compatible; Win16; H)"
95.108.150.235 - - [19/Mar/2010:18:05:37 -0700] "GET / HTTP/1.1" 200 151 "-" "Yandex/1.01.001 (compatible; Win16; H)"
95.108.150.235 - - [19/Mar/2010:18:05:38 -0700] "GET / HTTP/1.1" 200 151 "-" "Yandex/1.01.001 (compatible; Win16; H)"
95.108.150.235 - - [19/Mar/2010:18:05:40 -0700] "GET / HTTP/1.1" 200 151 "-" "Yandex/1.01.001 (compatible; Win16; H)"
95.108.150.235 - - [19/Mar/2010:18:05:41 -0700] "GET / HTTP/1.1" 200 151 "-" "Yandex/1.01.001 (compatible; Win16; H)"
66.219.58.45 - - [19/Mar/2010:18:12:23 -0700] "GET /robots.txt HTTP/1.1" 302 353 "-" "MLBot (www.metadatalabs.com/mlbot)"
66.219.58.45 - - [19/Mar/2010:18:12:23 -0700] "GET / HTTP/1.1" 200 151 "-" "MLBot (www.metadatalabs.com/mlbot)"
66.219.58.45 - - [19/Mar/2010:18:12:23 -0700] "GET / HTTP/1.1" 200 151 "-" "MLBot (www.metadatalabs.com/mlbot)"
123.150.187.133 - - [19/Mar/2010:22:24:39 -0700] "GET / HTTP/1.1" 200 151 "-" "Mozilla/4.0 (compatible; MSIE 6.0; Windows NT 5.1; SV1; QQDownload 1.7; TencentTraveler 4.0; CIBA; InfoPath.2; .NET CLR 2.0.50727"
65.55.106.135 - - [19/Mar/2010:23:02:27 -0700] "GET /robots.txt HTTP/1.1" 302 353 "-" "msnbot/2.0b (+http://search.msn.com/msnbot.htm)"
65.55.106.135 - - [19/Mar/2010:23:02:27 -0700] "GET / HTTP/1.1" 200 151 "-" "msnbot/2.0b (+http://search.msn.com/msnbot.htm)"
123.125.66.29 - - [20/Mar/2010:01:13:01 -0700] "GET /robots.txt HTTP/1.1" 302 353 "-" "Baiduspider+(+http://www.baidu.com/search/spider.htm)"
