173.45.109.19 - - [05/May/2010:11:01:51 -0700] "GET /favicon.ico HTTP/1.1" 200 574 "-" "-"
207.182.138.99 - - [05/May/2010:11:01:51 -0700] "GET / HTTP/1.1" 200 151 "-" "MSIE 7.0"
207.182.138.99 - - [05/May/2010:11:01:52 -0700] "GET / HTTP/1.0" 200 151 "-" "Mozilla/4.0 (compatible; MSIE 7.0; Windows NT 6.0; WOW64; SLCC1; .NET CLR 2.0.50727; .NET CLR 3.5.21022; .NET CLR 3.5.30729; .NET CLR 3.0.30618)"
69.46.28.206 - - [05/May/2010:13:07:47 -0700] "GET /orb.jpg HTTP/1.0" 302 357 "-" "-"
69.46.28.206 - - [05/May/2010:13:07:48 -0700] "GET / HTTP/1.0" 200 151 "-" "-"
70.36.103.59 - - [05/May/2010:13:59:22 -0700] "GET /robots.txt HTTP/1.0" 302 353 "http://evilfuckers.org/robots.txt" "Mozilla/4.0 (compatible; MSIE 8.0; Windows NT 5.1; SV1; .NET CLR 2.0.50727)"
70.36.103.59 - - [05/May/2010:13:59:31 -0700] "GET / HTTP/1.0" 200 151 "http://evilfuckers.org/" "Mozilla/4.0 (compatible; MSIE 8.0; Windows NT 5.1; SV1; .NET CLR 2.0.50727)"
208.80.193.28 - - [05/May/2010:14:29:13 -0700] "GET / HTTP/1.0" 200 151 "-" "Mozilla/4.0 (compatible; MSIE 6.0; Windows NT 5.1; SV1; FunWebProducts; .NET CLR 1.0.3705; Media Center PC 2.8; Hotbar 4.6.1)"
93.158.148.31 - - [05/May/2010:15:46:27 -0700] "GET /robots.txt HTTP/1.1" 302 357 "-" "Yandex/1.01.001 (compatible; Win16; I)"
93.158.148.31 - - [05/May/2010:15:46:29 -0700] "GET / HTTP/1.1" 200 151 "-" "Yandex/1.01.001 (compatible; Win16; I)"
86.181.92.28 - - [05/May/2010:16:02:17 -0700] "GET / HTTP/1.1" 200 151 "http://www.google.co.uk/search?hl=en&safe=off&q=evilfucking.org&meta=&aq=f&aqi=&aql=&oq=&gs_rfai=" "Mozilla/5.0 (Macintosh; U; Intel Mac OS X 10_6_3; en-us) AppleWebKit/531.22.7 (KHTML, like Gecko) Version/4.0.5 Safari/531.22.7"
86.181.92.28 - - [05/May/2010:16:02:18 -0700] "GET /favicon.ico HTTP/1.1" 200 574 "http://www.evilfuckers.org/" "Mozilla/5.0 (Macintosh; U; Intel Mac OS X 10_6_3; en-us) AppleWebKit/531.22.7 (KHTML, like Gecko) Version/4.0.5 Safari/531.22.7"
204.68.97.130 - - [05/May/2010:17:26:19 -0700] "GET / HTTP/1.1" 200 151 "-" "Mozilla/5.0 (Windows; U; Windows NT 5.1; fr; rv:1.9b5) Gecko/2008032620 Firefox/3.0b5"
93.158.148.31 - - [05/May/2010:21:32:24 -0700] "GET /cgi-bin/gwcirc/irc.cgi HTTP/1.1" 302 357 "-" "Yandex/1.01.001 (compatible; Win16; I)"
38.101.148.126 - - [05/May/2010:22:24:54 -0700] "GET /robots.txt HTTP/1.1" 302 353 "-" "Mozilla/5.0 (compatible; discobot/1.1; +http://discoveryengine.com/discobot.html"
38.101.148.126 - - [05/May/2010:22:25:01 -0700] "GET / HTTP/1.1" 200 151 "-" "Mozilla/5.0 (compatible; discobot/1.1; +http://discoveryengine.com/discobot.html"
216.129.119.44 - - [05/May/2010:23:53:48 -0700] "GET /robots.txt HTTP/1.1" 302 357 "-" "Mozilla/5.0 (Twiceler-0.9 http://www.cuil.com/twiceler/robot.html)"
216.129.119.12 - - [05/May/2010:23:57:18 -0700] "GET /robots.txt HTTP/1.1" 302 357 "-" "Mozilla/5.0 (Twiceler-0.9 http://www.cuil.com/twiceler/robot.html)"
123.125.66.21 - - [06/May/2010:01:22:57 -0700] "GET /robots.txt HTTP/1.1" 302 353 "-" "Baiduspider+(+http://www.baidu.com/search/spider.htm)"
123.125.66.50 - - [06/May/2010:01:22:58 -0700] "GET / HTTP/1.1" 200 151 "-" "Baiduspider+(+http://www.baidu.com/search/spider.htm)"
219.143.225.3 - - [06/May/2010:07:04:42 -0700] "HEAD / HTTP/1.0" 200 - "-" "Mozilla/4.0(compatible;MSIE 5.00;Windows 98)"
174.129.76.203 - - [06/May/2010:10:05:39 -0700] "GET /robots.txt HTTP/1.1" 302 353 "-" "taptubot *** please read http://www.taptu.com/corp/taptubot ***"
174.129.76.203 - - [06/May/2010:10:05:39 -0700] "GET / HTTP/1.1" 200 151 "-" "taptubot *** please read http://www.taptu.com/corp/taptubot ***"
174.129.76.203 - - [06/May/2010:10:05:39 -0700] "GET / HTTP/1.1" 200 151 "-" "Mozilla/5.0 (Windows; U; Windows NT 5.1; en-GB; rv:1.8.1.6; taptu-downloader) Gecko/20070725 Firefox/2.0.0.6"
174.129.76.203 - - [06/May/2010:10:05:40 -0700] "GET / HTTP/1.1" 200 151 "-" "Mozilla/5.0 (iPhone; U; CPU iPhone OS 3_0 like Mac OS X; en) AppleWebKit/528.18 (KHTML, like Gecko) Version/4.0 Mobile/7A341 Safari/528.16"
174.129.76.203 - - [06/May/2010:10:05:40 -0700] "GET /apple-touch-icon.png HTTP/1.1" 302 353 "-" "Mozilla/5.0 (iPhone; U; CPU iPhone OS 3_0 like Mac OS X; en) AppleWebKit/528.18 (KHTML, like Gecko) Version/4.0 Mobile/7A341 Safari/528.16"
174.129.76.203 - - [06/May/2010:10:05:40 -0700] "GET / HTTP/1.1" 200 151 "-" "Mozilla/5.0 (iPhone; U; CPU iPhone OS 3_0 like Mac OS X; en) AppleWebKit/528.18 (KHTML, like Gecko) Version/4.0 Mobile/7A341 Safari/528.16"
174.129.76.203 - - [06/May/2010:10:05:40 -0700] "GET / HTTP/1.1" 200 151 "-" "Mozilla/5.0 (iPhone; U; CPU iPhone OS 3_0 like Mac OS X; en) AppleWebKit/528.18 (KHTML, like Gecko) Version/4.0 Mobile/7A341 Safari/528.16"
174.129.76.203 - - [06/May/2010:10:05:41 -0700] "GET /iphone/ HTTP/1.1" 302 357 "-" "Mozilla/5.0 (iPhone; U; CPU iPhone OS 3_0 like Mac OS X; en) AppleWebKit/528.18 (KHTML, like Gecko) Version/4.0 Mobile/7A341 Safari/528.16"
174.129.76.203 - - [06/May/2010:10:05:41 -0700] "GET / HTTP/1.1" 200 151 "-" "Mozilla/5.0 (iPhone; U; CPU iPhone OS 3_0 like Mac OS X; en) AppleWebKit/528.18 (KHTML, like Gecko) Version/4.0 Mobile/7A341 Safari/528.16"
174.129.76.203 - - [06/May/2010:10:05:41 -0700] "GET /mobile/ HTTP/1.1" 302 357 "-" "Mozilla/5.0 (iPhone; U; CPU iPhone OS 3_0 like Mac OS X; en) AppleWebKit/528.18 (KHTML, like Gecko) Version/4.0 Mobile/7A341 Safari/528.16"
174.129.76.203 - - [06/May/2010:10:05:41 -0700] "GET / HTTP/1.1" 200 151 "-" "Mozilla/5.0 (iPhone; U; CPU iPhone OS 3_0 like Mac OS X; en) AppleWebKit/528.18 (KHTML, like Gecko) Version/4.0 Mobile/7A341 Safari/528.16"
174.129.76.203 - - [06/May/2010:10:05:42 -0700] "GET /m/ HTTP/1.1" 302 357 "-" "Mozilla/5.0 (iPhone; U; CPU iPhone OS 3_0 like Mac OS X; en) AppleWebKit/528.18 (KHTML, like Gecko) Version/4.0 Mobile/7A341 Safari/528.16"
174.129.76.203 - - [06/May/2010:10:05:42 -0700] "GET / HTTP/1.1" 200 151 "-" "Mozilla/5.0 (iPhone; U; CPU iPhone OS 3_0 like Mac OS X; en) AppleWebKit/528.18 (KHTML, like Gecko) Version/4.0 Mobile/7A341 Safari/528.16"
174.129.76.203 - - [06/May/2010:10:05:42 -0700] "GET /mobi/ HTTP/1.1" 302 357 "-" "Mozilla/5.0 (iPhone; U; CPU iPhone OS 3_0 like Mac OS X; en) AppleWebKit/528.18 (KHTML, like Gecko) Version/4.0 Mobile/7A341 Safari/528.16"
174.129.76.203 - - [06/May/2010:10:05:42 -0700] "GET / HTTP/1.1" 200 151 "-" "Mozilla/5.0 (iPhone; U; CPU iPhone OS 3_0 like Mac OS X; en) AppleWebKit/528.18 (KHTML, like Gecko) Version/4.0 Mobile/7A341 Safari/528.16"
216.129.119.12 - - [06/May/2010:11:00:50 -0700] "GET /robots.txt HTTP/1.1" 302 353 "-" "Mozilla/5.0 (Twiceler-0.9 http://www.cuil.com/twiceler/robot.html)"
70.36.103.59 - - [06/May/2010:13:09:42 -0700] "GET /robots.txt HTTP/1.0" 302 353 "http://evilfuckers.org/robots.txt" "Mozilla/4.0 (compatible; MSIE 8.0; Windows NT 5.1; SV1; .NET CLR 2.0.50727)"
70.36.103.59 - - [06/May/2010:13:09:55 -0700] "GET / HTTP/1.0" 200 151 "http://evilfuckers.org/" "Mozilla/4.0 (compatible; MSIE 8.0; Windows NT 5.1; SV1; .NET CLR 2.0.50727)"
64.246.165.200 - - [06/May/2010:14:01:12 -0700] "GET /robots.txt HTTP/1.0" 302 357 "-" "Mozilla/5.0 (Windows; U; Windows NT 5.1; en; rv:1.9.0.13) Gecko/2009073022 Firefox/3.5.2 (.NET CLR 3.5.30729) SurveyBot/2.3 (DomainTools)"
64.246.165.200 - - [06/May/2010:14:01:12 -0700] "GET / HTTP/1.1" 200 151 "http://whois.domaintools.com/evilfuckers.org" "Mozilla/5.0 (Windows; U; Windows NT 5.1; en; rv:1.9.0.13) Gecko/2009073022 Firefox/3.5.2 (.NET CLR 3.5.30729) SurveyBot/2.3 (DomainTools)"
64.255.180.125 - - [06/May/2010:14:03:22 -0700] "GET / HTTP/1.1" 200 151 "http://www.google.com/m/search?site=universal&client=ms-opera-mini&channel=new&q=fuckers.org" "Opera/9.80 (J2ME/MIDP; Opera Mini/5.0.18741/856; U; en) Presto/2.4.15"
64.255.180.125 - - [06/May/2010:14:03:23 -0700] "GET /favicon.ico HTTP/1.1" 200 574 "http://www.evilfuckers.org/" "Opera/9.80 (J2ME/MIDP; Opera Mini/5.0.18741/856; U; en) Presto/2.4.15"
64.255.180.125 - - [06/May/2010:14:03:30 -0700] "GET / HTTP/1.1" 200 151 "http://www.google.com/m/search?site=universal&client=ms-opera-mini&channel=new&q=fuckers.org" "Opera/9.80 (J2ME/MIDP; Opera Mini/5.0.18741/856; U; en) Presto/2.4.15"
208.80.193.39 - - [06/May/2010:21:41:17 -0700] "GET / HTTP/1.0" 200 151 "-" "Mozilla/4.0 (compatible; MSIE 6.0; Windows 98; yie6_SBC; sbcydsl 3.12; YPC 3.2.0; FunWebProducts)"
123.125.66.50 - - [07/May/2010:01:49:51 -0700] "GET /robots.txt HTTP/1.1" 302 353 "-" "Baiduspider+(+http://www.baidu.com/search/spider.htm)"
123.125.66.19 - - [07/May/2010:01:49:51 -0700] "GET / HTTP/1.1" 200 151 "-" "Baiduspider+(+http://www.baidu.com/search/spider.htm)"
216.129.119.12 - - [07/May/2010:01:55:07 -0700] "GET /robots.txt HTTP/1.1" 302 357 "-" "Mozilla/5.0 (Twiceler-0.9 http://www.cuil.com/twiceler/robot.html)"
216.129.119.44 - - [07/May/2010:02:01:54 -0700] "GET /robots.txt HTTP/1.1" 302 357 "-" "Mozilla/5.0 (Twiceler-0.9 http://www.cuil.com/twiceler/robot.html)"
208.80.193.38 - - [07/May/2010:02:11:43 -0700] "GET / HTTP/1.0" 200 151 "-" "Mozilla/4.0 (compatible; MSIE 6.0; Windows NT 5.0; {14716646-6BE7-494E-9004-D73A65136838}; InfoPath.1; .NET CLR 1.0.3705)"
208.94.242.114 - - [07/May/2010:03:18:48 -0700] "GET / HTTP/1.0" 200 151 "-" "-"
95.211.132.73 - - [07/May/2010:03:28:42 -0700] "GET /administrator/index.php HTTP/1.1" 302 357 "-" "Mozilla/5.0 (compatible; Googlebot/2.1; +http://www.google.com/bot.html)"
95.211.132.72 - - [07/May/2010:03:28:44 -0700] "GET /joomla/administrator/index.php HTTP/1.1" 302 357 "-" "Mozilla/5.0 (compatible; Googlebot/2.1; +http://www.google.com/bot.html)"
95.211.132.74 - - [07/May/2010:03:28:45 -0700] "GET /site/administrator/index.php HTTP/1.1" 302 357 "-" "Mozilla/5.0 (compatible; Googlebot/2.1; +http://www.google.com/bot.html)"
95.211.132.72 - - [07/May/2010:03:28:45 -0700] "GET /cms/administrator/index.php HTTP/1.1" 302 357 "-" "Mozilla/5.0 (compatible; Googlebot/2.1; +http://www.google.com/bot.html)"
95.211.132.74 - - [07/May/2010:03:28:46 -0700] "GET /content/administrator/index.php HTTP/1.1" 302 357 "-" "Mozilla/5.0 (compatible; Googlebot/2.1; +http://www.google.com/bot.html)"
95.211.132.74 - - [07/May/2010:03:28:46 -0700] "GET /home/administrator/index.php HTTP/1.1" 302 357 "-" "Mozilla/5.0 (compatible; Googlebot/2.1; +http://www.google.com/bot.html)"
95.211.132.73 - - [07/May/2010:03:28:47 -0700] "GET /main/administrator/index.php HTTP/1.1" 302 357 "-" "Mozilla/5.0 (compatible; Googlebot/2.1; +http://www.google.com/bot.html)"
95.211.132.69 - - [07/May/2010:03:28:47 -0700] "GET /portal/administrator/index.php HTTP/1.1" 302 357 "-" "Mozilla/5.0 (compatible; Googlebot/2.1; +http://www.google.com/bot.html)"
95.211.132.73 - - [07/May/2010:03:28:48 -0700] "GET /web/administrator/index.php HTTP/1.1" 302 357 "-" "Mozilla/5.0 (compatible; Googlebot/2.1; +http://www.google.com/bot.html)"
95.211.132.74 - - [07/May/2010:03:28:48 -0700] "GET /v1/administrator/index.php HTTP/1.1" 302 357 "-" "Mozilla/5.0 (compatible; Googlebot/2.1; +http://www.google.com/bot.html)"
95.211.132.72 - - [07/May/2010:03:28:49 -0700] "GET /v2/administrator/index.php HTTP/1.1" 302 357 "-" "Mozilla/5.0 (compatible; Googlebot/2.1; +http://www.google.com/bot.html)"
95.211.132.74 - - [07/May/2010:03:28:49 -0700] "GET /j/administrator/index.php HTTP/1.1" 302 357 "-" "Mozilla/5.0 (compatible; Googlebot/2.1; +http://www.google.com/bot.html)"
95.211.132.72 - - [07/May/2010:03:28:50 -0700] "GET /en/administrator/index.php HTTP/1.1" 302 357 "-" "Mozilla/5.0 (compatible; Googlebot/2.1; +http://www.google.com/bot.html)"
95.211.132.74 - - [07/May/2010:03:28:50 -0700] "GET /joom/administrator/index.php HTTP/1.1" 302 357 "-" "Mozilla/5.0 (compatible; Googlebot/2.1; +http://www.google.com/bot.html)"
95.211.132.69 - - [07/May/2010:03:28:51 -0700] "GET /Joomla/administrator/index.php HTTP/1.1" 302 357 "-" "Mozilla/5.0 (compatible; Googlebot/2.1; +http://www.google.com/bot.html)"
95.211.132.73 - - [07/May/2010:03:28:51 -0700] "GET /joomla1.5/administrator/index.php HTTP/1.1" 302 357 "-" "Mozilla/5.0 (compatible; Googlebot/2.1; +http://www.google.com/bot.html)"
95.211.132.72 - - [07/May/2010:03:28:52 -0700] "GET /joomla15/administrator/index.php HTTP/1.1" 302 357 "-" "Mozilla/5.0 (compatible; Googlebot/2.1; +http://www.google.com/bot.html)"
95.211.132.71 - - [07/May/2010:03:28:52 -0700] "GET /joomla2/administrator/index.php HTTP/1.1" 302 357 "-" "Mozilla/5.0 (compatible; Googlebot/2.1; +http://www.google.com/bot.html)"
95.211.132.74 - - [07/May/2010:03:28:53 -0700] "GET /joomla1/administrator/index.php HTTP/1.1" 302 357 "-" "Mozilla/5.0 (compatible; Googlebot/2.1; +http://www.google.com/bot.html)"
95.211.132.69 - - [07/May/2010:03:28:53 -0700] "GET /Site/administrator/index.php HTTP/1.1" 302 357 "-" "Mozilla/5.0 (compatible; Googlebot/2.1; +http://www.google.com/bot.html)"
95.211.132.69 - - [07/May/2010:03:28:53 -0700] "GET /site_old/administrator/index.php HTTP/1.1" 302 357 "-" "Mozilla/5.0 (compatible; Googlebot/2.1; +http://www.google.com/bot.html)"
95.211.132.69 - - [07/May/2010:03:28:54 -0700] "GET /Site_old/administrator/index.php HTTP/1.1" 302 357 "-" "Mozilla/5.0 (compatible; Googlebot/2.1; +http://www.google.com/bot.html)"
95.211.132.71 - - [07/May/2010:03:28:54 -0700] "GET /cms_old/administrator/index.php HTTP/1.1" 302 357 "-" "Mozilla/5.0 (compatible; Googlebot/2.1; +http://www.google.com/bot.html)"
95.211.132.72 - - [07/May/2010:03:28:55 -0700] "GET /joomla_old/administrator/index.php HTTP/1.1" 302 357 "-" "Mozilla/5.0 (compatible; Googlebot/2.1; +http://www.google.com/bot.html)"
95.211.132.74 - - [07/May/2010:03:28:55 -0700] "GET /CMS/administrator/index.php HTTP/1.1" 302 357 "-" "Mozilla/5.0 (compatible; Googlebot/2.1; +http://www.google.com/bot.html)"
95.211.132.71 - - [07/May/2010:03:28:56 -0700] "GET /test/administrator/index.php HTTP/1.1" 302 357 "-" "Mozilla/5.0 (compatible; Googlebot/2.1; +http://www.google.com/bot.html)"
95.211.132.73 - - [07/May/2010:03:28:56 -0700] "GET /backup/administrator/index.php HTTP/1.1" 302 357 "-" "Mozilla/5.0 (compatible; Googlebot/2.1; +http://www.google.com/bot.html)"
207.46.13.91 - - [07/May/2010:05:38:51 -0700] "GET /robots.txt HTTP/1.1" 302 353 "-" "msnbot/2.0b (+http://search.msn.com/msnbot.htm)"
207.46.13.91 - - [07/May/2010:05:38:51 -0700] "GET / HTTP/1.1" 200 151 "-" "msnbot/2.0b (+http://search.msn.com/msnbot.htm)"
207.46.13.91 - - [07/May/2010:05:39:30 -0700] "GET / HTTP/1.1" 200 151 "-" "msnbot/2.0b (+http://search.msn.com/msnbot.htm)"
174.120.255.210 - - [07/May/2010:09:56:31 -0700] "GET / HTTP/1.1" 200 151 "-" "Mozilla/5.0 (Windows; U; Windows NT 5.1; en-US; rv:1.9.2) Gecko/20100115 Firefox/3.6 GTB6"
216.129.119.12 - - [07/May/2010:18:40:47 -0700] "GET /robots.txt HTTP/1.1" 302 353 "-" "Mozilla/5.0 (Twiceler-0.9 http://www.cuil.com/twiceler/robot.html)"
66.219.58.44 - - [07/May/2010:20:51:51 -0700] "GET /robots.txt HTTP/1.1" 302 353 "-" "MLBot (www.metadatalabs.com/mlbot)"
66.219.58.44 - - [07/May/2010:20:51:51 -0700] "GET / HTTP/1.1" 200 151 "-" "MLBot (www.metadatalabs.com/mlbot)"
66.219.58.44 - - [07/May/2010:20:51:51 -0700] "GET / HTTP/1.1" 200 151 "-" "MLBot (www.metadatalabs.com/mlbot)"
123.125.66.40 - - [08/May/2010:01:42:11 -0700] "GET /robots.txt HTTP/1.1" 302 353 "-" "Baiduspider+(+http://www.baidu.com/search/spider.htm)"
123.125.66.19 - - [08/May/2010:01:42:12 -0700] "GET / HTTP/1.1" 200 151 "-" "Baiduspider+(+http://www.baidu.com/search/spider.htm)"
95.108.150.235 - - [08/May/2010:01:56:41 -0700] "GET /robots.txt HTTP/1.1" 302 353 "-" "Yandex/1.01.001 (compatible; Win16; H)"
95.108.150.235 - - [08/May/2010:01:56:42 -0700] "GET /robots.txt HTTP/1.1" 302 357 "-" "Yandex/1.01.001 (compatible; Win16; H)"
95.108.150.235 - - [08/May/2010:01:56:43 -0700] "GET / HTTP/1.1" 200 151 "-" "Yandex/1.01.001 (compatible; Win16; H)"
95.108.150.235 - - [08/May/2010:01:56:44 -0700] "GET / HTTP/1.1" 200 151 "-" "Yandex/1.01.001 (compatible; Win16; H)"
95.108.150.235 - - [08/May/2010:01:56:45 -0700] "GET / HTTP/1.1" 200 151 "-" "Yandex/1.01.001 (compatible; Win16; H)"
95.108.150.235 - - [08/May/2010:01:56:46 -0700] "GET / HTTP/1.1" 200 151 "-" "Yandex/1.01.001 (compatible; Win16; H)"
115.132.116.192 - - [08/May/2010:02:08:32 -0700] "GET / HTTP/1.1" 200 151 "http://www.google.com.my/search?hl=en&source=hp&q=evil+fuckers&btnG=Google+Search&aq=f&aqi=&aql=&oq=&gs_rfai=" "Mozilla/5.0 (Windows; U; Windows NT 6.1; en-US) AppleWebKit/532.5 (KHTML, like Gecko) Chrome/4.1.249.1064 Safari/532.5"
115.132.116.192 - - [08/May/2010:02:08:33 -0700] "GET /favicon.ico HTTP/1.1" 200 574 "-" "Mozilla/5.0 (Windows; U; Windows NT 6.1; en-US) AppleWebKit/532.5 (KHTML, like Gecko) Chrome/4.1.249.1064 Safari/532.5"
208.80.193.43 - - [08/May/2010:04:58:26 -0700] "GET / HTTP/1.0" 200 151 "-" "Mozilla/4.0 (compatible; MSIE 7.0; Windows NT 5.1; IEMB3; .NET CLR 1.0.3705; .NET CLR 1.1.4322; Media Center PC 3.1)"
64.56.65.219 - - [08/May/2010:08:38:37 -0700] "GET /robots.txt HTTP/1.0" 302 353 "http://evilfuckers.org/robots.txt" "Mozilla/4.0 (compatible; MSIE 8.0; Windows NT 5.1; SV1; .NET CLR 2.0.50727)"
64.56.65.219 - - [08/May/2010:08:38:54 -0700] "GET / HTTP/1.0" 200 151 "http://evilfuckers.org/" "Mozilla/4.0 (compatible; MSIE 8.0; Windows NT 5.1; SV1; .NET CLR 2.0.50727)"
208.80.193.35 - - [08/May/2010:09:24:50 -0700] "GET / HTTP/1.0" 200 151 "-" "Mozilla/4.0 (compatible; MSIE 6.0; Windows NT 5.1; SV1; FunWebProducts; SpamBlockerUtility 4.8.4; yplus 5.1.04b)"
123.150.187.133 - - [08/May/2010:12:28:35 -0700] "GET / HTTP/1.1" 200 151 "-" "Mozilla/4.0 (compatible; MSIE 6.0; Windows NT 5.1; SV1; QQDownload 1.7; TencentTraveler 4.0; CIBA; InfoPath.2; .NET CLR 2.0.50727"
70.36.103.59 - - [08/May/2010:21:49:45 -0700] "GET /robots.txt HTTP/1.0" 302 353 "http://evilfuckers.org/robots.txt" "Mozilla/4.0 (compatible; MSIE 8.0; Windows NT 5.1; SV1; .NET CLR 2.0.50727)"
70.36.103.59 - - [08/May/2010:21:49:55 -0700] "GET / HTTP/1.0" 200 151 "http://evilfuckers.org/" "Mozilla/4.0 (compatible; MSIE 8.0; Windows NT 5.1; SV1; .NET CLR 2.0.50727)"
216.129.119.12 - - [08/May/2010:23:47:01 -0700] "GET /robots.txt HTTP/1.1" 302 357 "-" "Mozilla/5.0 (Twiceler-0.9 http://www.cuil.com/twiceler/robot.html)"
123.125.66.106 - - [09/May/2010:01:54:23 -0700] "GET /robots.txt HTTP/1.1" 302 353 "-" "Baiduspider+(+http://www.baidu.com/search/spider.htm)"
123.125.66.99 - - [09/May/2010:01:54:24 -0700] "GET / HTTP/1.1" 200 151 "-" "Baiduspider+(+http://www.baidu.com/search/spider.htm)"
66.249.68.240 - - [09/May/2010:03:13:48 -0700] "GET /robots.txt HTTP/1.1" 302 353 "-" "DoCoMo/2.0 N905i(c100;TB;W24H16) (compatible; Googlebot-Mobile/2.1; +http://www.google.com/bot.html)"
66.249.68.240 - - [09/May/2010:03:13:49 -0700] "GET / HTTP/1.1" 200 151 "-" "DoCoMo/2.0 N905i(c100;TB;W24H16) (compatible; Googlebot-Mobile/2.1; +http://www.google.com/bot.html)"
66.249.68.240 - - [09/May/2010:03:13:49 -0700] "GET / HTTP/1.1" 200 151 "-" "DoCoMo/2.0 N905i(c100;TB;W24H16) (compatible; Googlebot-Mobile/2.1; +http://www.google.com/bot.html)"
69.46.28.206 - - [09/May/2010:05:11:31 -0700] "GET /orb.jpg HTTP/1.0" 302 357 "-" "-"
69.46.28.206 - - [09/May/2010:05:11:32 -0700] "GET / HTTP/1.0" 200 151 "-" "-"
216.129.119.12 - - [09/May/2010:10:57:15 -0700] "GET /robots.txt HTTP/1.1" 302 353 "-" "Mozilla/5.0 (Twiceler-0.9 http://www.cuil.com/twiceler/robot.html)"
208.115.111.245 - - [09/May/2010:11:27:17 -0700] "GET /robots.txt HTTP/1.1" 302 357 "-" "Mozilla/5.0 (compatible; DotBot/1.1; http://www.dotnetdotcom.org/, crawler@dotnetdotcom.org)"
208.115.111.245 - - [09/May/2010:11:27:17 -0700] "GET / HTTP/1.1" 200 151 "-" "Mozilla/5.0 (compatible; DotBot/1.1; http://www.dotnetdotcom.org/, crawler@dotnetdotcom.org)"
208.80.193.36 - - [09/May/2010:12:03:24 -0700] "GET / HTTP/1.0" 200 151 "-" "Mozilla/4.0 (compatible; MSIE 6.0; Windows NT 5.1; SV1; SIMBAR={DD813EA3-6634-4f92-AD69-D7591D26B13E}; ImageShack Toolbar 3.0.3; ImageShack Toolbar 3.0.6; SpamBlockerUtility 4.8.4)"
208.115.111.245 - - [09/May/2010:15:00:54 -0700] "GET /robots.txt HTTP/1.1" 302 353 "-" "Mozilla/5.0 (compatible; DotBot/1.1; http://www.dotnetdotcom.org/, crawler@dotnetdotcom.org)"
208.115.111.245 - - [09/May/2010:15:00:54 -0700] "GET / HTTP/1.1" 200 151 "-" "Mozilla/5.0 (compatible; DotBot/1.1; http://www.dotnetdotcom.org/, crawler@dotnetdotcom.org)"
208.115.111.245 - - [09/May/2010:16:14:15 -0700] "GET / HTTP/1.1" 200 151 "-" "Mozilla/5.0 (compatible; DotBot/1.1; http://www.dotnetdotcom.org/, crawler@dotnetdotcom.org)"
208.80.193.28 - - [09/May/2010:16:24:03 -0700] "GET / HTTP/1.0" 200 151 "-" "Mozilla/4.0 (compatible; MSIE 6.0; Windows NT 5.1; FunWebProducts; SV1; .NET CLR 1.0.3705; yplus 5.6.04b)"
93.158.148.31 - - [09/May/2010:16:50:14 -0700] "GET /robots.txt HTTP/1.1" 302 357 "-" "Yandex/1.01.001 (compatible; Win16; I)"
66.249.68.240 - - [09/May/2010:18:47:45 -0700] "GET / HTTP/1.1" 200 151 "-" "Mozilla/5.0 (compatible; Googlebot/2.1; +http://www.google.com/bot.html)"
173.171.68.96 - - [09/May/2010:19:36:55 -0700] "GET / HTTP/1.1" 200 151 "" "Mozilla/5.0 (Windows; U; Windows NT 6.0; en-US; rv:1.9.0.5) Gecko/2008120122 Firefox/3.0.5"
173.171.68.96 - - [09/May/2010:19:36:56 -0700] "GET / HTTP/1.0" 200 151 "-" "-"
208.115.111.245 - - [09/May/2010:19:46:42 -0700] "GET / HTTP/1.1" 200 151 "-" "Mozilla/5.0 (compatible; DotBot/1.1; http://www.dotnetdotcom.org/, crawler@dotnetdotcom.org)"
216.129.119.12 - - [09/May/2010:23:34:35 -0700] "GET /robots.txt HTTP/1.1" 302 357 "-" "Mozilla/5.0 (Twiceler-0.9 http://www.cuil.com/twiceler/robot.html)"
123.125.66.48 - - [10/May/2010:01:52:10 -0700] "GET /robots.txt HTTP/1.1" 302 353 "-" "Baiduspider+(+http://www.baidu.com/search/spider.htm)"
123.125.66.25 - - [10/May/2010:01:52:11 -0700] "GET / HTTP/1.1" 200 151 "-" "Baiduspider+(+http://www.baidu.com/search/spider.htm)"
207.46.199.184 - - [10/May/2010:01:52:51 -0700] "GET /robots.txt HTTP/1.1" 302 353 "-" "msnbot/2.0b (+http://search.msn.com/msnbot.htm)"
207.46.199.184 - - [10/May/2010:01:52:52 -0700] "GET / HTTP/1.1" 200 151 "-" "msnbot/2.0b (+http://search.msn.com/msnbot.htm)"
219.143.225.3 - - [10/May/2010:04:23:14 -0700] "GET / HTTP/1.0" 200 151 "-" "Mozilla/4.0(compatible;MSIE 5.00;Windows 98)"
93.158.148.31 - - [10/May/2010:09:24:15 -0700] "GET / HTTP/1.1" 200 151 "-" "Yandex/1.01.001 (compatible; Win16; I)"
216.129.119.12 - - [10/May/2010:10:08:02 -0700] "GET /robots.txt HTTP/1.1" 302 353 "-" "Mozilla/5.0 (Twiceler-0.9 http://www.cuil.com/twiceler/robot.html)"
66.249.65.69 - - [10/May/2010:11:40:28 -0700] "GET /robots.txt HTTP/1.1" 302 353 "-" "Mozilla/5.0 (compatible; Googlebot/2.1; +http://www.google.com/bot.html)"
66.249.65.69 - - [10/May/2010:11:40:28 -0700] "GET / HTTP/1.1" 200 151 "-" "Mozilla/5.0 (compatible; Googlebot/2.1; +http://www.google.com/bot.html)"
66.249.65.69 - - [10/May/2010:11:40:28 -0700] "GET / HTTP/1.1" 200 151 "-" "Mozilla/5.0 (compatible; Googlebot/2.1; +http://www.google.com/bot.html)"
93.158.148.31 - - [10/May/2010:15:55:18 -0700] "GET /robots.txt HTTP/1.1" 302 357 "-" "Yandex/1.01.001 (compatible; Win16; I)"
208.80.193.41 - - [10/May/2010:19:11:07 -0700] "GET / HTTP/1.0" 200 151 "-" "Mozilla/4.0 (compatible; MSIE 6.0; Windows NT 5.1; .NET CLR 1.1.4322; Rabio Search Enhancer (1.0.0.22))"
93.158.148.31 - - [10/May/2010:19:14:07 -0700] "GET /cgi-bin/gwcirc/irc.cgi HTTP/1.1" 302 357 "-" "Yandex/1.01.001 (compatible; Win16; I)"
216.129.119.12 - - [10/May/2010:23:05:18 -0700] "GET /robots.txt HTTP/1.1" 302 357 "-" "Mozilla/5.0 (Twiceler-0.9 http://www.cuil.com/twiceler/robot.html)"
208.80.193.29 - - [10/May/2010:23:47:17 -0700] "GET / HTTP/1.0" 200 151 "-" "Mozilla/4.0 (compatible; MSIE 7.0; AOL 9.0; Windows NT 5.1; .NET CLR 1.0.3705; .NET CLR 1.1.4322; Media Center PC 4.0; InfoPath.1)"
64.79.89.138 - - [11/May/2010:00:09:34 -0700] "GET / HTTP/1.1" 200 151 "-" "MSIE 7.0"
64.79.89.138 - - [11/May/2010:00:09:43 -0700] "GET / HTTP/1.1" 200 151 "-" "Mozilla/4.0 (compatible; MSIE 7.0; Windows NT 6.0; WOW64; Trident/4.0; SLCC1; .NET CLR 2.0.50727; .NET CLR 3.0.30618; .NET CLR 3.5.30729)"
67.195.114.27 - - [11/May/2010:01:03:19 -0700] "GET /robots.txt HTTP/1.0" 302 357 "-" "Mozilla/5.0 (compatible; Yahoo! Slurp; http://help.yahoo.com/help/us/ysearch/slurp)"
67.195.114.27 - - [11/May/2010:01:03:19 -0700] "GET / HTTP/1.0" 200 151 "-" "Mozilla/5.0 (compatible; Yahoo! Slurp; http://help.yahoo.com/help/us/ysearch/slurp)"
67.195.114.27 - - [11/May/2010:01:03:20 -0700] "GET / HTTP/1.0" 200 151 "-" "Mozilla/5.0 (compatible; Yahoo! Slurp/3.0; http://help.yahoo.com/help/us/ysearch/slurp)"
123.125.66.108 - - [11/May/2010:02:04:12 -0700] "GET /robots.txt HTTP/1.1" 302 353 "-" "Baiduspider+(+http://www.baidu.com/search/spider.htm)"
123.125.66.105 - - [11/May/2010:02:04:13 -0700] "GET / HTTP/1.1" 200 151 "-" "Baiduspider+(+http://www.baidu.com/search/spider.htm)"
216.129.119.12 - - [11/May/2010:10:03:04 -0700] "GET /robots.txt HTTP/1.1" 302 353 "-" "Mozilla/5.0 (Twiceler-0.9 http://www.cuil.com/twiceler/robot.html)"
174.129.186.136 - - [11/May/2010:10:50:56 -0700] "GET / HTTP/1.0" 200 151 "-" "Mozilla/5.0 (compatible; NetcraftSurveyAgent/1.0; +info@netcraft.com)"
69.46.28.206 - - [11/May/2010:17:45:25 -0700] "GET /orb.jpg HTTP/1.0" 302 357 "-" "-"
69.46.28.206 - - [11/May/2010:17:45:25 -0700] "GET / HTTP/1.0" 200 151 "-" "-"
74.222.4.219 - - [11/May/2010:22:02:53 -0700] "GET /robots.txt HTTP/1.0" 302 353 "http://evilfuckers.org/robots.txt" "Mozilla/4.0 (compatible; MSIE 8.0; Windows NT 5.1; SV1; .NET CLR 2.0.50727)"
74.222.4.219 - - [11/May/2010:22:02:59 -0700] "GET / HTTP/1.0" 200 151 "http://evilfuckers.org/" "Mozilla/4.0 (compatible; MSIE 8.0; Windows NT 5.1; SV1; .NET CLR 2.0.50727)"
216.129.119.12 - - [11/May/2010:23:04:03 -0700] "GET /robots.txt HTTP/1.1" 302 357 "-" "Mozilla/5.0 (Twiceler-0.9 http://www.cuil.com/twiceler/robot.html)"
95.108.150.235 - - [11/May/2010:23:08:42 -0700] "GET /robots.txt HTTP/1.1" 302 357 "-" "Yandex/1.01.001 (compatible; Win16; H)"
95.108.150.235 - - [11/May/2010:23:08:43 -0700] "GET /robots.txt HTTP/1.1" 302 353 "-" "Yandex/1.01.001 (compatible; Win16; H)"
95.108.150.235 - - [11/May/2010:23:08:44 -0700] "GET / HTTP/1.1" 200 151 "-" "Yandex/1.01.001 (compatible; Win16; H)"
95.108.150.235 - - [11/May/2010:23:08:45 -0700] "GET / HTTP/1.1" 200 151 "-" "Yandex/1.01.001 (compatible; Win16; H)"
95.108.150.235 - - [11/May/2010:23:08:46 -0700] "GET / HTTP/1.1" 200 151 "-" "Yandex/1.01.001 (compatible; Win16; H)"
95.108.150.235 - - [11/May/2010:23:08:47 -0700] "GET / HTTP/1.1" 200 151 "-" "Yandex/1.01.001 (compatible; Win16; H)"
64.202.161.41 - - [12/May/2010:01:02:52 -0700] "GET / HTTP/1.1" 200 151 "-" "-"
79.232.28.108 - - [12/May/2010:01:41:59 -0700] "GET / HTTP/1.1" 200 151 "-" "Mozilla/5.0 (compatible; seexie.com_bot/4.1; +http://www.seexie.com)"
95.27.130.199 - - [12/May/2010:01:55:45 -0700] "GET / HTTP/1.0" 200 151 "http://yandex.ru/yandsearch?text=%e1%f3%f5%e3%e0%eb%f2%e5%f0%f1%ea%e0%ff+%ee%f2%f7%e5%f2%ed%ee%f1%f2%fc" "Mozilla/4.0 (compatible; MSIE 6.0; Windows 98)"
123.125.66.53 - - [12/May/2010:01:59:52 -0700] "GET /robots.txt HTTP/1.1" 302 353 "-" "Baiduspider+(+http://www.baidu.com/search/spider.htm)"
123.125.66.52 - - [12/May/2010:01:59:53 -0700] "GET / HTTP/1.1" 200 151 "-" "Baiduspider+(+http://www.baidu.com/search/spider.htm)"
208.80.193.27 - - [12/May/2010:02:55:20 -0700] "GET / HTTP/1.0" 200 151 "-" "Mozilla/4.0 (compatible; MSIE 7.0; Windows NT 5.1; FunWebProducts; .NET CLR 1.1.4322; InfoPath.1; Windows-Media-Player/10.00.00.3990)"
207.46.13.101 - - [12/May/2010:06:28:23 -0700] "GET /robots.txt HTTP/1.1" 302 353 "-" "msnbot/2.0b (+http://search.msn.com/msnbot.htm)"
207.46.13.101 - - [12/May/2010:06:28:24 -0700] "GET / HTTP/1.1" 200 151 "-" "msnbot/2.0b (+http://search.msn.com/msnbot.htm)"
207.46.13.101 - - [12/May/2010:06:33:53 -0700] "GET / HTTP/1.0" 200 151 "-" "msnbot/2.0b (+http://search.msn.com/msnbot.htm)"
208.80.193.39 - - [12/May/2010:07:38:53 -0700] "GET / HTTP/1.0" 200 151 "-" "Mozilla/4.0 (compatible; MSIE 7.0; Windows NT 5.1; {2E8B738A-52EE-122F-A066-5BB74272A6E8})"
216.129.119.12 - - [12/May/2010:09:32:01 -0700] "GET /robots.txt HTTP/1.1" 302 353 "-" "Mozilla/5.0 (Twiceler-0.9 http://www.cuil.com/twiceler/robot.html)"
66.219.58.38 - - [12/May/2010:18:57:11 -0700] "GET /robots.txt HTTP/1.1" 302 353 "-" "MLBot (www.metadatalabs.com/mlbot)"
66.219.58.38 - - [12/May/2010:18:57:14 -0700] "GET / HTTP/1.1" 200 151 "-" "MLBot (www.metadatalabs.com/mlbot)"
66.219.58.38 - - [12/May/2010:18:57:24 -0700] "GET / HTTP/1.1" 200 151 "-" "MLBot (www.metadatalabs.com/mlbot)"
64.56.66.211 - - [12/May/2010:21:21:13 -0700] "GET /robots.txt HTTP/1.0" 302 353 "http://evilfuckers.org/robots.txt" "Mozilla/4.0 (compatible; MSIE 8.0; Windows NT 5.1; SV1; .NET CLR 2.0.50727)"
64.56.66.211 - - [12/May/2010:21:21:17 -0700] "GET / HTTP/1.0" 200 151 "http://evilfuckers.org/" "Mozilla/4.0 (compatible; MSIE 8.0; Windows NT 5.1; SV1; .NET CLR 2.0.50727)"
70.36.103.59 - - [12/May/2010:21:39:24 -0700] "GET /robots.txt HTTP/1.0" 302 353 "http://evilfuckers.org/robots.txt" "Mozilla/4.0 (compatible; MSIE 8.0; Windows NT 5.1; SV1; .NET CLR 2.0.50727)"
70.36.103.59 - - [12/May/2010:21:39:27 -0700] "GET / HTTP/1.0" 200 151 "http://evilfuckers.org/" "Mozilla/4.0 (compatible; MSIE 8.0; Windows NT 5.1; SV1; .NET CLR 2.0.50727)"
216.129.119.12 - - [12/May/2010:23:03:03 -0700] "GET /robots.txt HTTP/1.1" 302 357 "-" "Mozilla/5.0 (Twiceler-0.9 http://www.cuil.com/twiceler/robot.html)"
123.125.66.45 - - [13/May/2010:02:03:56 -0700] "GET /robots.txt HTTP/1.1" 302 353 "-" "Baiduspider+(+http://www.baidu.com/search/spider.htm)"
123.125.66.24 - - [13/May/2010:02:03:56 -0700] "GET / HTTP/1.1" 200 151 "-" "Baiduspider+(+http://www.baidu.com/search/spider.htm)"
219.143.225.3 - - [13/May/2010:07:20:05 -0700] "HEAD / HTTP/1.0" 200 - "-" "Mozilla/4.0(compatible;MSIE 5.00;Windows 98)"
66.249.65.69 - - [13/May/2010:09:38:16 -0700] "GET /robots.txt HTTP/1.1" 302 353 "-" "SAMSUNG-SGH-E250/1.0 Profile/MIDP-2.0 Configuration/CLDC-1.1 UP.Browser/6.2.3.3.c.1.101 (GUI) MMP/2.0 (compatible; Googlebot-Mobile/2.1; +http://www.google.com/bot.html)"
66.249.65.69 - - [13/May/2010:09:38:16 -0700] "GET / HTTP/1.1" 200 151 "-" "SAMSUNG-SGH-E250/1.0 Profile/MIDP-2.0 Configuration/CLDC-1.1 UP.Browser/6.2.3.3.c.1.101 (GUI) MMP/2.0 (compatible; Googlebot-Mobile/2.1; +http://www.google.com/bot.html)"
66.249.65.69 - - [13/May/2010:09:38:16 -0700] "GET / HTTP/1.1" 200 151 "-" "SAMSUNG-SGH-E250/1.0 Profile/MIDP-2.0 Configuration/CLDC-1.1 UP.Browser/6.2.3.3.c.1.101 (GUI) MMP/2.0 (compatible; Googlebot-Mobile/2.1; +http://www.google.com/bot.html)"
184.73.68.54 - - [13/May/2010:09:42:39 -0700] "GET /robots.txt HTTP/1.1" 302 353 "-" "Mozilla/5.0 (compatible; spbot/2.0.2; +http://www.seoprofiler.com/bot/ )"
184.73.68.54 - - [13/May/2010:09:42:39 -0700] "GET / HTTP/1.1" 200 151 "-" "Mozilla/5.0 (compatible; spbot/2.0.2; +http://www.seoprofiler.com/bot/ )"
184.73.68.54 - - [13/May/2010:09:42:40 -0700] "GET / HTTP/1.1" 200 151 "-" "Mozilla/5.0 (compatible; spbot/2.0.2; +http://www.seoprofiler.com/bot/ )"
216.129.119.12 - - [13/May/2010:09:43:55 -0700] "GET /robots.txt HTTP/1.1" 302 353 "-" "Mozilla/5.0 (Twiceler-0.9 http://www.cuil.com/twiceler/robot.html)"
208.80.193.31 - - [13/May/2010:10:45:23 -0700] "GET / HTTP/1.0" 200 151 "-" "Mozilla/4.0 (compatible; MSIE 6.0; Windows NT 5.1; generic_01_01; .NET CLR 1.1.4322; .NET CLR 1.0.3705)"
95.108.150.235 - - [13/May/2010:12:28:38 -0700] "GET /robots.txt HTTP/1.1" 302 353 "-" "Yandex/1.01.001 (compatible; Win16; H)"
95.108.150.235 - - [13/May/2010:12:28:39 -0700] "GET /robots.txt HTTP/1.1" 302 357 "-" "Yandex/1.01.001 (compatible; Win16; H)"
95.108.150.235 - - [13/May/2010:12:28:40 -0700] "GET / HTTP/1.1" 200 151 "-" "Yandex/1.01.001 (compatible; Win16; H)"
95.108.150.235 - - [13/May/2010:12:28:41 -0700] "GET / HTTP/1.1" 200 151 "-" "Yandex/1.01.001 (compatible; Win16; H)"
95.108.150.235 - - [13/May/2010:12:28:42 -0700] "GET / HTTP/1.1" 200 151 "-" "Yandex/1.01.001 (compatible; Win16; H)"
95.108.150.235 - - [13/May/2010:12:28:43 -0700] "GET / HTTP/1.1" 200 151 "-" "Yandex/1.01.001 (compatible; Win16; H)"
78.109.160.70 - - [13/May/2010:13:53:19 -0700] "GET /administrator/index.php HTTP/1.1" 302 357 "-" "Mozilla/5.0 (compatible; Googlebot/2.1; +http://www.google.com/bot.html)"
78.109.160.70 - - [13/May/2010:13:53:21 -0700] "GET /joomla/administrator/index.php HTTP/1.1" 302 357 "-" "Mozilla/5.0 (compatible; Googlebot/2.1; +http://www.google.com/bot.html)"
78.109.160.70 - - [13/May/2010:13:53:21 -0700] "GET /site/administrator/index.php HTTP/1.1" 302 357 "-" "Mozilla/5.0 (compatible; Googlebot/2.1; +http://www.google.com/bot.html)"
78.109.160.70 - - [13/May/2010:13:53:22 -0700] "GET /cms/administrator/index.php HTTP/1.1" 302 357 "-" "Mozilla/5.0 (compatible; Googlebot/2.1; +http://www.google.com/bot.html)"
78.109.160.70 - - [13/May/2010:13:53:22 -0700] "GET /content/administrator/index.php HTTP/1.1" 302 357 "-" "Mozilla/5.0 (compatible; Googlebot/2.1; +http://www.google.com/bot.html)"
78.109.160.70 - - [13/May/2010:13:53:23 -0700] "GET /home/administrator/index.php HTTP/1.1" 302 357 "-" "Mozilla/5.0 (compatible; Googlebot/2.1; +http://www.google.com/bot.html)"
78.109.160.70 - - [13/May/2010:13:53:23 -0700] "GET /main/administrator/index.php HTTP/1.1" 302 357 "-" "Mozilla/5.0 (compatible; Googlebot/2.1; +http://www.google.com/bot.html)"
78.109.160.70 - - [13/May/2010:13:53:24 -0700] "GET /portal/administrator/index.php HTTP/1.1" 302 357 "-" "Mozilla/5.0 (compatible; Googlebot/2.1; +http://www.google.com/bot.html)"
78.109.160.70 - - [13/May/2010:13:53:24 -0700] "GET /web/administrator/index.php HTTP/1.1" 302 357 "-" "Mozilla/5.0 (compatible; Googlebot/2.1; +http://www.google.com/bot.html)"
78.109.160.70 - - [13/May/2010:13:53:25 -0700] "GET /v1/administrator/index.php HTTP/1.1" 302 357 "-" "Mozilla/5.0 (compatible; Googlebot/2.1; +http://www.google.com/bot.html)"
78.109.160.70 - - [13/May/2010:13:53:25 -0700] "GET /v2/administrator/index.php HTTP/1.1" 302 357 "-" "Mozilla/5.0 (compatible; Googlebot/2.1; +http://www.google.com/bot.html)"
78.109.160.70 - - [13/May/2010:13:53:26 -0700] "GET /j/administrator/index.php HTTP/1.1" 302 357 "-" "Mozilla/5.0 (compatible; Googlebot/2.1; +http://www.google.com/bot.html)"
78.109.160.70 - - [13/May/2010:13:53:26 -0700] "GET /en/administrator/index.php HTTP/1.1" 302 357 "-" "Mozilla/5.0 (compatible; Googlebot/2.1; +http://www.google.com/bot.html)"
78.109.160.70 - - [13/May/2010:13:53:27 -0700] "GET /joom/administrator/index.php HTTP/1.1" 302 357 "-" "Mozilla/5.0 (compatible; Googlebot/2.1; +http://www.google.com/bot.html)"
78.109.160.70 - - [13/May/2010:13:53:27 -0700] "GET /Joomla/administrator/index.php HTTP/1.1" 302 357 "-" "Mozilla/5.0 (compatible; Googlebot/2.1; +http://www.google.com/bot.html)"
78.109.160.70 - - [13/May/2010:13:53:28 -0700] "GET /joomla1.5/administrator/index.php HTTP/1.1" 302 357 "-" "Mozilla/5.0 (compatible; Googlebot/2.1; +http://www.google.com/bot.html)"
78.109.160.70 - - [13/May/2010:13:53:28 -0700] "GET /joomla15/administrator/index.php HTTP/1.1" 302 357 "-" "Mozilla/5.0 (compatible; Googlebot/2.1; +http://www.google.com/bot.html)"
78.109.160.70 - - [13/May/2010:13:53:28 -0700] "GET /joomla2/administrator/index.php HTTP/1.1" 302 357 "-" "Mozilla/5.0 (compatible; Googlebot/2.1; +http://www.google.com/bot.html)"
78.109.160.70 - - [13/May/2010:13:53:29 -0700] "GET /joomla1/administrator/index.php HTTP/1.1" 302 357 "-" "Mozilla/5.0 (compatible; Googlebot/2.1; +http://www.google.com/bot.html)"
78.109.160.70 - - [13/May/2010:13:53:30 -0700] "GET /Site/administrator/index.php HTTP/1.1" 302 357 "-" "Mozilla/5.0 (compatible; Googlebot/2.1; +http://www.google.com/bot.html)"
78.109.160.70 - - [13/May/2010:13:53:30 -0700] "GET /site_old/administrator/index.php HTTP/1.1" 302 357 "-" "Mozilla/5.0 (compatible; Googlebot/2.1; +http://www.google.com/bot.html)"
78.109.160.70 - - [13/May/2010:13:53:31 -0700] "GET /Site_old/administrator/index.php HTTP/1.1" 302 357 "-" "Mozilla/5.0 (compatible; Googlebot/2.1; +http://www.google.com/bot.html)"
78.109.160.70 - - [13/May/2010:13:53:32 -0700] "GET /cms_old/administrator/index.php HTTP/1.1" 302 357 "-" "Mozilla/5.0 (compatible; Googlebot/2.1; +http://www.google.com/bot.html)"
78.109.160.70 - - [13/May/2010:13:53:32 -0700] "GET /joomla_old/administrator/index.php HTTP/1.1" 302 357 "-" "Mozilla/5.0 (compatible; Googlebot/2.1; +http://www.google.com/bot.html)"
78.109.160.70 - - [13/May/2010:13:53:33 -0700] "GET /CMS/administrator/index.php HTTP/1.1" 302 357 "-" "Mozilla/5.0 (compatible; Googlebot/2.1; +http://www.google.com/bot.html)"
78.109.160.70 - - [13/May/2010:13:53:33 -0700] "GET /test/administrator/index.php HTTP/1.1" 302 357 "-" "Mozilla/5.0 (compatible; Googlebot/2.1; +http://www.google.com/bot.html)"
78.109.160.70 - - [13/May/2010:13:53:34 -0700] "GET /backup/administrator/index.php HTTP/1.1" 302 357 "-" "Mozilla/5.0 (compatible; Googlebot/2.1; +http://www.google.com/bot.html)"
93.158.148.31 - - [13/May/2010:14:58:24 -0700] "GET /robots.txt HTTP/1.1" 302 357 "-" "Yandex/1.01.001 (compatible; Win16; I)"
208.80.193.38 - - [13/May/2010:15:17:51 -0700] "GET / HTTP/1.0" 200 151 "-" "Mozilla/4.0 (compatible; MSIE 6.0; Windows NT 5.1; {F1C8C7CC-CBCB-09E9-7C16-21CB7254560D}; .NET CLR 1.1.4322)"
64.56.66.211 - - [13/May/2010:20:54:55 -0700] "GET /robots.txt HTTP/1.0" 302 353 "http://evilfuckers.org/robots.txt" "Mozilla/4.0 (compatible; MSIE 8.0; Windows NT 5.1; SV1; .NET CLR 2.0.50727)"
64.56.66.211 - - [13/May/2010:20:54:57 -0700] "GET / HTTP/1.0" 200 151 "http://evilfuckers.org/" "Mozilla/4.0 (compatible; MSIE 8.0; Windows NT 5.1; SV1; .NET CLR 2.0.50727)"
65.55.2.140 - - [13/May/2010:22:34:05 -0700] "GET /robots.txt HTTP/1.1" 302 353 "-" "msnbot/2.0b (+http://search.msn.com/msnbot.htm)"
65.55.2.140 - - [13/May/2010:22:34:05 -0700] "GET / HTTP/1.1" 200 151 "-" "msnbot/2.0b (+http://search.msn.com/msnbot.htm)"
65.55.2.140 - - [13/May/2010:22:34:57 -0700] "GET /index.php/photos/album/1/photo/3.html HTTP/1.1" 200 151 "-" "msnbot/2.0b (+http://search.msn.com/msnbot.htm)"
216.129.119.12 - - [13/May/2010:23:04:48 -0700] "GET /robots.txt HTTP/1.1" 302 357 "-" "Mozilla/5.0 (Twiceler-0.9 http://www.cuil.com/twiceler/robot.html)"
123.125.66.115 - - [14/May/2010:02:10:15 -0700] "GET /robots.txt HTTP/1.1" 302 353 "-" "Baiduspider+(+http://www.baidu.com/search/spider.htm)"
123.125.66.55 - - [14/May/2010:02:10:16 -0700] "GET / HTTP/1.1" 200 151 "-" "Baiduspider+(+http://www.baidu.com/search/spider.htm)"
66.249.65.69 - - [14/May/2010:02:41:21 -0700] "GET / HTTP/1.1" 200 151 "-" "Mozilla/5.0 (compatible; Googlebot/2.1; +http://www.google.com/bot.html)"
93.158.148.31 - - [14/May/2010:03:45:32 -0700] "GET /cgi-bin/gwcirc/irc.cgi HTTP/1.1" 302 357 "-" "Yandex/1.01.001 (compatible; Win16; I)"
216.129.119.12 - - [14/May/2010:09:46:00 -0700] "GET /robots.txt HTTP/1.1" 302 353 "-" "Mozilla/5.0 (Twiceler-0.9 http://www.cuil.com/twiceler/robot.html)"
208.80.193.42 - - [14/May/2010:18:05:20 -0700] "GET / HTTP/1.0" 200 151 "-" "Mozilla/4.0 (compatible; MSIE 6.0; America Online Browser 1.1; Windows NT 5.1; SV1; .NET CLR 1.0.3705; .NET CLR 1.1.4322; Media Center PC 3.1; ZangoToolbar 4.8.3)"
74.222.1.75 - - [14/May/2010:19:14:14 -0700] "GET /robots.txt HTTP/1.0" 302 353 "http://evilfuckers.org/robots.txt" "Mozilla/4.0 (compatible; MSIE 8.0; Windows NT 5.1; SV1; .NET CLR 2.0.50727)"
74.222.1.75 - - [14/May/2010:19:14:17 -0700] "GET / HTTP/1.0" 200 151 "http://evilfuckers.org/" "Mozilla/4.0 (compatible; MSIE 8.0; Windows NT 5.1; SV1; .NET CLR 2.0.50727)"
207.46.195.242 - - [14/May/2010:21:15:27 -0700] "GET /robots.txt HTTP/1.1" 302 353 "-" "msnbot/2.0b (+http://search.msn.com/msnbot.htm)"
207.46.195.242 - - [14/May/2010:21:15:27 -0700] "GET / HTTP/1.1" 200 151 "-" "msnbot/2.0b (+http://search.msn.com/msnbot.htm)"
207.46.195.242 - - [14/May/2010:21:16:54 -0700] "GET /index.php/photos/album/1/photo/5.html HTTP/1.1" 200 151 "-" "msnbot/2.0b (+http://search.msn.com/msnbot.htm)"
207.46.13.92 - - [14/May/2010:22:42:54 -0700] "GET /register.php HTTP/1.1" 302 353 "-" "msnbot/2.0b (+http://search.msn.com/msnbot.htm)"
208.80.193.40 - - [14/May/2010:22:43:37 -0700] "GET / HTTP/1.0" 200 151 "-" "Mozilla/4.0 (compatible; MSIE 7.0; Windows NT 5.1; YPC 3.2.0; FunWebProducts; IEMB3; .NET CLR 1.1.4322; IEMB3)"
64.255.180.153 - - [14/May/2010:23:11:59 -0700] "GET / HTTP/1.1" 200 151 "-" "Opera/9.80 (J2ME/MIDP; Opera Mini/4.2.14320/870; U; en) Presto/2.4.15"
64.255.180.153 - - [14/May/2010:23:12:00 -0700] "GET /favicon.ico HTTP/1.1" 200 574 "http://www.evilfuckers.org/" "Opera/9.80 (J2ME/MIDP; Opera Mini/4.2.14320/870; U; en) Presto/2.4.15"
216.129.119.44 - - [14/May/2010:23:12:28 -0700] "GET /robots.txt HTTP/1.1" 302 357 "-" "Mozilla/5.0 (Twiceler-0.9 http://www.cuil.com/twiceler/robot.html)"
216.129.119.12 - - [14/May/2010:23:18:58 -0700] "GET /robots.txt HTTP/1.1" 302 357 "-" "Mozilla/5.0 (Twiceler-0.9 http://www.cuil.com/twiceler/robot.html)"
67.195.111.155 - - [15/May/2010:01:56:05 -0700] "GET /robots.txt HTTP/1.0" 302 353 "-" "Mozilla/5.0 (compatible; Yahoo! Slurp; http://help.yahoo.com/help/us/ysearch/slurp)"
67.195.111.155 - - [15/May/2010:01:56:06 -0700] "GET / HTTP/1.0" 200 151 "-" "Mozilla/5.0 (compatible; Yahoo! Slurp; http://help.yahoo.com/help/us/ysearch/slurp)"
67.195.111.155 - - [15/May/2010:01:56:06 -0700] "GET / HTTP/1.0" 200 151 "-" "Mozilla/5.0 (compatible; Yahoo! Slurp/3.0; http://help.yahoo.com/help/us/ysearch/slurp)"
123.125.66.34 - - [15/May/2010:02:04:17 -0700] "GET /robots.txt HTTP/1.1" 302 353 "-" "Baiduspider+(+http://www.baidu.com/search/spider.htm)"
123.125.66.106 - - [15/May/2010:02:04:18 -0700] "GET / HTTP/1.1" 200 151 "-" "Baiduspider+(+http://www.baidu.com/search/spider.htm)"
93.158.148.31 - - [15/May/2010:03:27:16 -0700] "GET /robots.txt HTTP/1.1" 302 357 "-" "Yandex/1.01.001 (compatible; Win16; I)"
123.150.187.133 - - [15/May/2010:03:46:18 -0700] "GET / HTTP/1.1" 200 151 "-" "Mozilla/4.0 (compatible; MSIE 6.0; Windows NT 5.1; SV1; QQDownload 1.7; TencentTraveler 4.0; CIBA; InfoPath.2; .NET CLR 2.0.50727"
95.108.142.138 - - [15/May/2010:04:33:24 -0700] "GET /robots.txt HTTP/1.1" 302 353 "-" "Yandex/1.01.001 (compatible; Win16; H)"
95.108.142.138 - - [15/May/2010:04:33:25 -0700] "GET /robots.txt HTTP/1.1" 302 357 "-" "Yandex/1.01.001 (compatible; Win16; H)"
95.108.142.138 - - [15/May/2010:04:33:26 -0700] "GET / HTTP/1.1" 200 151 "-" "Yandex/1.01.001 (compatible; Win16; H)"
95.108.142.138 - - [15/May/2010:04:33:27 -0700] "GET / HTTP/1.1" 200 151 "-" "Yandex/1.01.001 (compatible; Win16; H)"
95.108.142.138 - - [15/May/2010:04:33:28 -0700] "GET / HTTP/1.1" 200 151 "-" "Yandex/1.01.001 (compatible; Win16; H)"
95.108.142.138 - - [15/May/2010:04:33:29 -0700] "GET / HTTP/1.1" 200 151 "-" "Yandex/1.01.001 (compatible; Win16; H)"
216.129.119.12 - - [15/May/2010:10:07:04 -0700] "GET /robots.txt HTTP/1.1" 302 353 "-" "Mozilla/5.0 (Twiceler-0.9 http://www.cuil.com/twiceler/robot.html)"
95.108.150.235 - - [15/May/2010:14:37:29 -0700] "GET /robots.txt HTTP/1.1" 302 353 "-" "Yandex/1.01.001 (compatible; Win16; H)"
95.108.150.235 - - [15/May/2010:14:37:30 -0700] "GET /robots.txt HTTP/1.1" 302 357 "-" "Yandex/1.01.001 (compatible; Win16; H)"
95.108.150.235 - - [15/May/2010:14:37:31 -0700] "GET / HTTP/1.1" 200 151 "-" "Yandex/1.01.001 (compatible; Win16; H)"
95.108.150.235 - - [15/May/2010:14:37:32 -0700] "GET / HTTP/1.1" 200 151 "-" "Yandex/1.01.001 (compatible; Win16; H)"
95.108.150.235 - - [15/May/2010:14:37:33 -0700] "GET / HTTP/1.1" 200 151 "-" "Yandex/1.01.001 (compatible; Win16; H)"
95.108.150.235 - - [15/May/2010:14:37:34 -0700] "GET / HTTP/1.1" 200 151 "-" "Yandex/1.01.001 (compatible; Win16; H)"
207.46.199.191 - - [15/May/2010:18:45:45 -0700] "GET /robots.txt HTTP/1.1" 302 353 "-" "msnbot/2.0b (+http://search.msn.com/msnbot.htm)"
207.46.199.191 - - [15/May/2010:18:45:45 -0700] "GET / HTTP/1.1" 200 151 "-" "msnbot/2.0b (+http://search.msn.com/msnbot.htm)"
64.34.174.70 - - [15/May/2010:19:22:43 -0700] "GET /administrator/index.php HTTP/1.1" 302 357 "-" "Mozilla/5.0 (compatible; Googlebot/2.1; +http://www.google.com/bot.html)"
64.34.174.70 - - [15/May/2010:19:22:44 -0700] "GET /joomla/administrator/index.php HTTP/1.1" 302 357 "-" "Mozilla/5.0 (compatible; Googlebot/2.1; +http://www.google.com/bot.html)"
64.34.174.70 - - [15/May/2010:19:22:44 -0700] "GET /site/administrator/index.php HTTP/1.1" 302 357 "-" "Mozilla/5.0 (compatible; Googlebot/2.1; +http://www.google.com/bot.html)"
64.34.174.70 - - [15/May/2010:19:22:44 -0700] "GET /cms/administrator/index.php HTTP/1.1" 302 357 "-" "Mozilla/5.0 (compatible; Googlebot/2.1; +http://www.google.com/bot.html)"
64.34.174.70 - - [15/May/2010:19:22:44 -0700] "GET /content/administrator/index.php HTTP/1.1" 302 357 "-" "Mozilla/5.0 (compatible; Googlebot/2.1; +http://www.google.com/bot.html)"
64.34.174.70 - - [15/May/2010:19:22:45 -0700] "GET /home/administrator/index.php HTTP/1.1" 302 357 "-" "Mozilla/5.0 (compatible; Googlebot/2.1; +http://www.google.com/bot.html)"
64.34.174.70 - - [15/May/2010:19:22:45 -0700] "GET /main/administrator/index.php HTTP/1.1" 302 357 "-" "Mozilla/5.0 (compatible; Googlebot/2.1; +http://www.google.com/bot.html)"
64.34.174.70 - - [15/May/2010:19:22:45 -0700] "GET /portal/administrator/index.php HTTP/1.1" 302 357 "-" "Mozilla/5.0 (compatible; Googlebot/2.1; +http://www.google.com/bot.html)"
64.34.174.70 - - [15/May/2010:19:22:45 -0700] "GET /web/administrator/index.php HTTP/1.1" 302 357 "-" "Mozilla/5.0 (compatible; Googlebot/2.1; +http://www.google.com/bot.html)"
64.34.174.70 - - [15/May/2010:19:22:46 -0700] "GET /v1/administrator/index.php HTTP/1.1" 302 357 "-" "Mozilla/5.0 (compatible; Googlebot/2.1; +http://www.google.com/bot.html)"
64.34.174.70 - - [15/May/2010:19:22:46 -0700] "GET /v2/administrator/index.php HTTP/1.1" 302 357 "-" "Mozilla/5.0 (compatible; Googlebot/2.1; +http://www.google.com/bot.html)"
64.34.174.70 - - [15/May/2010:19:22:46 -0700] "GET /j/administrator/index.php HTTP/1.1" 302 357 "-" "Mozilla/5.0 (compatible; Googlebot/2.1; +http://www.google.com/bot.html)"
64.34.174.70 - - [15/May/2010:19:22:46 -0700] "GET /en/administrator/index.php HTTP/1.1" 302 357 "-" "Mozilla/5.0 (compatible; Googlebot/2.1; +http://www.google.com/bot.html)"
64.34.174.70 - - [15/May/2010:19:22:46 -0700] "GET /joom/administrator/index.php HTTP/1.1" 302 357 "-" "Mozilla/5.0 (compatible; Googlebot/2.1; +http://www.google.com/bot.html)"
64.34.174.70 - - [15/May/2010:19:22:47 -0700] "GET /Joomla/administrator/index.php HTTP/1.1" 302 357 "-" "Mozilla/5.0 (compatible; Googlebot/2.1; +http://www.google.com/bot.html)"
64.34.174.70 - - [15/May/2010:19:22:47 -0700] "GET /joomla1.5/administrator/index.php HTTP/1.1" 302 357 "-" "Mozilla/5.0 (compatible; Googlebot/2.1; +http://www.google.com/bot.html)"
64.34.174.70 - - [15/May/2010:19:22:47 -0700] "GET /joomla15/administrator/index.php HTTP/1.1" 302 357 "-" "Mozilla/5.0 (compatible; Googlebot/2.1; +http://www.google.com/bot.html)"
64.34.174.70 - - [15/May/2010:19:22:47 -0700] "GET /joomla2/administrator/index.php HTTP/1.1" 302 357 "-" "Mozilla/5.0 (compatible; Googlebot/2.1; +http://www.google.com/bot.html)"
64.34.174.70 - - [15/May/2010:19:22:48 -0700] "GET /joomla1/administrator/index.php HTTP/1.1" 302 357 "-" "Mozilla/5.0 (compatible; Googlebot/2.1; +http://www.google.com/bot.html)"
64.34.174.70 - - [15/May/2010:19:22:48 -0700] "GET /Site/administrator/index.php HTTP/1.1" 302 357 "-" "Mozilla/5.0 (compatible; Googlebot/2.1; +http://www.google.com/bot.html)"
64.34.174.70 - - [15/May/2010:19:22:48 -0700] "GET /site_old/administrator/index.php HTTP/1.1" 302 357 "-" "Mozilla/5.0 (compatible; Googlebot/2.1; +http://www.google.com/bot.html)"
64.34.174.70 - - [15/May/2010:19:22:48 -0700] "GET /Site_old/administrator/index.php HTTP/1.1" 302 357 "-" "Mozilla/5.0 (compatible; Googlebot/2.1; +http://www.google.com/bot.html)"
64.34.174.70 - - [15/May/2010:19:22:48 -0700] "GET /cms_old/administrator/index.php HTTP/1.1" 302 357 "-" "Mozilla/5.0 (compatible; Googlebot/2.1; +http://www.google.com/bot.html)"
64.34.174.70 - - [15/May/2010:19:22:49 -0700] "GET /joomla_old/administrator/index.php HTTP/1.1" 302 357 "-" "Mozilla/5.0 (compatible; Googlebot/2.1; +http://www.google.com/bot.html)"
64.34.174.70 - - [15/May/2010:19:22:49 -0700] "GET /CMS/administrator/index.php HTTP/1.1" 302 357 "-" "Mozilla/5.0 (compatible; Googlebot/2.1; +http://www.google.com/bot.html)"
64.34.174.70 - - [15/May/2010:19:22:49 -0700] "GET /test/administrator/index.php HTTP/1.1" 302 357 "-" "Mozilla/5.0 (compatible; Googlebot/2.1; +http://www.google.com/bot.html)"
64.34.174.70 - - [15/May/2010:19:22:51 -0700] "GET /backup/administrator/index.php HTTP/1.1" 302 357 "-" "Mozilla/5.0 (compatible; Googlebot/2.1; +http://www.google.com/bot.html)"
216.129.119.12 - - [15/May/2010:23:06:09 -0700] "GET /robots.txt HTTP/1.1" 302 357 "-" "Mozilla/5.0 (Twiceler-0.9 http://www.cuil.com/twiceler/robot.html)"
88.131.106.31 - - [16/May/2010:00:09:52 -0700] "GET /robots.txt HTTP/1.0" 302 353 "-" "Mozilla/5.0 (Windows; U; Windows NT 5.1; en-US) Speedy Spider (http://www.entireweb.com/about/search_tech/speedy_spider/)"
88.131.106.31 - - [16/May/2010:00:09:53 -0700] "GET / HTTP/1.0" 200 151 "-" "Mozilla/5.0 (Windows; U; Windows NT 5.1; en-US) Speedy Spider (http://www.entireweb.com/about/search_tech/speedy_spider/)"
208.80.193.29 - - [16/May/2010:01:20:27 -0700] "GET / HTTP/1.0" 200 151 "-" "Mozilla/4.0 (compatible; MSIE 7.0; AOL 9.0; Windows NT 5.1; .NET CLR 1.0.3705; .NET CLR 1.1.4322; Media Center PC 4.0; Creative ZENcast v1.02.10)"
72.14.193.3 - - [16/May/2010:01:40:41 -0700] "GET / HTTP/1.1" 200 151 "-" "Mozilla/5.0 (en-us) AppleWebKit/525.13 (KHTML, like Gecko; Google Wireless Transcoder) Version/3.1 Safari/525.13"
123.125.66.26 - - [16/May/2010:01:56:05 -0700] "GET /robots.txt HTTP/1.1" 302 353 "-" "Baiduspider+(+http://www.baidu.com/search/spider.htm)"
123.125.66.41 - - [16/May/2010:01:56:06 -0700] "GET / HTTP/1.1" 200 151 "-" "Baiduspider+(+http://www.baidu.com/search/spider.htm)"
