207.46.199.38 - - [09/Apr/2010:01:03:18 -0700] "GET / HTTP/1.1" 200 151 "-" "msnbot/2.0b (+http://search.msn.com/msnbot.htm)"
207.46.199.38 - - [09/Apr/2010:01:04:01 -0700] "GET / HTTP/1.1" 200 151 "-" "msnbot/2.0b (+http://search.msn.com/msnbot.htm)"
93.158.148.31 - - [09/Apr/2010:04:53:26 -0700] "GET / HTTP/1.1" 200 151 "-" "Yandex/1.01.001 (compatible; Win16; I)"
123.125.66.28 - - [09/Apr/2010:05:19:48 -0700] "GET /robots.txt HTTP/1.1" 302 353 "-" "Baiduspider+(+http://www.baidu.com/search/spider.htm)"
123.125.66.24 - - [09/Apr/2010:05:19:49 -0700] "GET / HTTP/1.1" 200 151 "-" "Baiduspider+(+http://www.baidu.com/search/spider.htm)"
216.129.119.12 - - [09/Apr/2010:09:55:32 -0700] "GET /robots.txt HTTP/1.1" 302 353 "-" "Mozilla/5.0 (Twiceler-0.9 http://www.cuil.com/twiceler/robot.html)"
67.195.111.155 - - [09/Apr/2010:12:43:19 -0700] "GET /robots.txt HTTP/1.0" 302 353 "-" "Mozilla/5.0 (compatible; Yahoo! Slurp; http://help.yahoo.com/help/us/ysearch/slurp)"
67.195.111.155 - - [09/Apr/2010:12:43:20 -0700] "GET / HTTP/1.0" 200 151 "-" "Mozilla/5.0 (compatible; Yahoo! Slurp; http://help.yahoo.com/help/us/ysearch/slurp)"
67.195.111.155 - - [09/Apr/2010:12:43:20 -0700] "GET / HTTP/1.0" 200 151 "-" "Mozilla/5.0 (compatible; Yahoo! Slurp/3.0; http://help.yahoo.com/help/us/ysearch/slurp)"
69.46.28.206 - - [09/Apr/2010:12:51:38 -0700] "GET /orb.jpg HTTP/1.0" 302 357 "-" "-"
69.46.28.206 - - [09/Apr/2010:12:51:38 -0700] "GET / HTTP/1.0" 200 151 "-" "-"
74.222.4.219 - - [09/Apr/2010:13:08:01 -0700] "GET /robots.txt HTTP/1.0" 302 353 "http://evilfuckers.org/robots.txt" "Mozilla/4.0 (compatible; MSIE 8.0; Windows NT 5.1; SV1; .NET CLR 2.0.50727)"
74.222.4.219 - - [09/Apr/2010:13:08:01 -0700] "GET / HTTP/1.0" 200 151 "http://evilfuckers.org/" "Mozilla/4.0 (compatible; MSIE 8.0; Windows NT 5.1; SV1; .NET CLR 2.0.50727)"
123.150.187.133 - - [09/Apr/2010:13:29:57 -0700] "GET / HTTP/1.1" 200 151 "-" "Mozilla/4.0 (compatible; MSIE 6.0; Windows NT 5.1; SV1; QQDownload 1.7; TencentTraveler 4.0; CIBA; InfoPath.2; .NET CLR 2.0.50727"
69.46.28.206 - - [09/Apr/2010:13:34:06 -0700] "GET /orb.jpg HTTP/1.0" 302 357 "-" "-"
69.46.28.206 - - [09/Apr/2010:13:34:07 -0700] "GET / HTTP/1.0" 200 151 "-" "-"
189.38.90.58 - - [09/Apr/2010:18:22:21 -0700] "PUT /index.htm HTTP/1.1" 405 381 "-" "Microsoft Data Access Internet Publishing Provider DAV 1.1"
189.38.90.58 - - [09/Apr/2010:18:22:21 -0700] "PUT /index.html HTTP/1.1" 405 382 "-" "Microsoft Data Access Internet Publishing Provider DAV 1.1"
189.38.90.58 - - [09/Apr/2010:18:22:21 -0700] "PUT /welcome.htm HTTP/1.1" 405 383 "-" "Microsoft Data Access Internet Publishing Provider DAV 1.1"
189.38.90.58 - - [09/Apr/2010:18:22:22 -0700] "PUT /welcome.html HTTP/1.1" 405 384 "-" "Microsoft Data Access Internet Publishing Provider DAV 1.1"
189.38.90.58 - - [09/Apr/2010:18:22:22 -0700] "PUT /home.htm HTTP/1.1" 405 380 "-" "Microsoft Data Access Internet Publishing Provider DAV 1.1"
189.38.90.58 - - [09/Apr/2010:18:22:22 -0700] "PUT /home.html HTTP/1.1" 405 381 "-" "Microsoft Data Access Internet Publishing Provider DAV 1.1"
189.38.90.58 - - [09/Apr/2010:18:22:23 -0700] "PUT /index.aspx HTTP/1.1" 405 382 "-" "Microsoft Data Access Internet Publishing Provider DAV 1.1"
189.38.90.58 - - [09/Apr/2010:18:22:23 -0700] "PUT /defaut.aspx HTTP/1.1" 405 383 "-" "Microsoft Data Access Internet Publishing Provider DAV 1.1"
189.38.90.58 - - [09/Apr/2010:18:22:23 -0700] "PUT /home.aspx HTTP/1.1" 405 381 "-" "Microsoft Data Access Internet Publishing Provider DAV 1.1"
189.38.90.58 - - [09/Apr/2010:18:22:23 -0700] "PUT /default.htm HTTP/1.1" 405 383 "-" "Microsoft Data Access Internet Publishing Provider DAV 1.1"
189.38.90.58 - - [09/Apr/2010:18:22:24 -0700] "PUT /default.html HTTP/1.1" 405 384 "-" "Microsoft Data Access Internet Publishing Provider DAV 1.1"
189.38.90.58 - - [09/Apr/2010:18:22:24 -0700] "PUT /index.asp HTTP/1.1" 405 381 "-" "Microsoft Data Access Internet Publishing Provider DAV 1.1"
189.38.90.58 - - [09/Apr/2010:18:22:24 -0700] "PUT /main.htm HTTP/1.1" 405 380 "-" "Microsoft Data Access Internet Publishing Provider DAV 1.1"
189.38.90.58 - - [09/Apr/2010:18:22:25 -0700] "PUT /iisstart.asp HTTP/1.1" 405 384 "-" "Microsoft Data Access Internet Publishing Provider DAV 1.1"
189.38.90.58 - - [09/Apr/2010:18:22:25 -0700] "PUT /main.html HTTP/1.1" 405 381 "-" "Microsoft Data Access Internet Publishing Provider DAV 1.1"
189.38.90.58 - - [09/Apr/2010:18:22:25 -0700] "PUT /main.asp HTTP/1.1" 405 380 "-" "Microsoft Data Access Internet Publishing Provider DAV 1.1"
189.38.90.58 - - [09/Apr/2010:18:22:25 -0700] "PUT /main.aspx HTTP/1.1" 405 381 "-" "Microsoft Data Access Internet Publishing Provider DAV 1.1"
189.38.90.58 - - [09/Apr/2010:18:22:26 -0700] "PUT /default.asp HTTP/1.1" 405 383 "-" "Microsoft Data Access Internet Publishing Provider DAV 1.1"
189.38.90.58 - - [09/Apr/2010:18:22:26 -0700] "PUT /index.php HTTP/1.1" 200 151 "-" "Microsoft Data Access Internet Publishing Provider DAV 1.1"
189.38.90.58 - - [09/Apr/2010:18:22:27 -0700] "PUT /default.php HTTP/1.1" 302 357 "-" "Microsoft Data Access Internet Publishing Provider DAV 1.1"
189.38.90.58 - - [09/Apr/2010:18:22:27 -0700] "PUT /home.php HTTP/1.1" 302 357 "-" "Microsoft Data Access Internet Publishing Provider DAV 1.1"
189.38.90.58 - - [09/Apr/2010:18:22:27 -0700] "PUT /iisstart.asp HTTP/1.1" 405 384 "-" "Microsoft Data Access Internet Publishing Provider DAV 1.1"
189.38.90.58 - - [09/Apr/2010:18:22:28 -0700] "PUT /localstart.asp HTTP/1.1" 405 386 "-" "Microsoft Data Access Internet Publishing Provider DAV 1.1"
189.38.90.58 - - [09/Apr/2010:18:22:28 -0700] "PUT /Entrada.asp HTTP/1.1" 405 383 "-" "Microsoft Data Access Internet Publishing Provider DAV 1.1"
189.38.90.58 - - [09/Apr/2010:18:22:28 -0700] "GET / HTTP/1.1" 200 151 "-" "libwww-perl/5.808"
189.38.90.58 - - [09/Apr/2010:18:22:29 -0700] "PUT /home.asp HTTP/1.1" 405 380 "-" "Microsoft Data Access Internet Publishing Provider DAV 1.1"
207.46.13.44 - - [09/Apr/2010:21:46:16 -0700] "GET /robots.txt HTTP/1.1" 302 353 "-" "msnbot/2.0b (+http://search.msn.com/msnbot.htm)"
207.46.13.44 - - [09/Apr/2010:21:46:16 -0700] "GET / HTTP/1.1" 200 151 "-" "msnbot/2.0b (+http://search.msn.com/msnbot.htm)"
207.46.13.44 - - [09/Apr/2010:21:50:24 -0700] "GET / HTTP/1.1" 200 151 "-" "msnbot/2.0b (+http://search.msn.com/msnbot.htm)"
66.249.65.210 - - [09/Apr/2010:22:21:15 -0700] "GET /robots.txt HTTP/1.1" 302 357 "-" "Mozilla/5.0 (compatible; Googlebot/2.1; +http://www.google.com/bot.html)"
66.249.65.210 - - [09/Apr/2010:22:21:15 -0700] "GET / HTTP/1.1" 200 151 "-" "Mozilla/5.0 (compatible; Googlebot/2.1; +http://www.google.com/bot.html)"
216.129.119.12 - - [09/Apr/2010:22:57:21 -0700] "GET /robots.txt HTTP/1.1" 302 357 "-" "Mozilla/5.0 (Twiceler-0.9 http://www.cuil.com/twiceler/robot.html)"
208.80.193.31 - - [10/Apr/2010:00:30:06 -0700] "GET / HTTP/1.0" 200 151 "-" "Mozilla/4.0 (compatible; MSIE 6.0; Windows NT 5.1; {3966D9A4-5D46-3898-EDCA-78F9B072CA0A}; FunWebProducts; .NET CLR 1.1.4322; SpamBlockerUtility 4.8.4)"
95.108.150.235 - - [10/Apr/2010:02:43:12 -0700] "GET /robots.txt HTTP/1.1" 302 353 "-" "Yandex/1.01.001 (compatible; Win16; H)"
95.108.150.235 - - [10/Apr/2010:02:43:13 -0700] "GET /robots.txt HTTP/1.1" 302 357 "-" "Yandex/1.01.001 (compatible; Win16; H)"
95.108.150.235 - - [10/Apr/2010:02:43:14 -0700] "GET / HTTP/1.1" 200 151 "-" "Yandex/1.01.001 (compatible; Win16; H)"
95.108.150.235 - - [10/Apr/2010:02:43:15 -0700] "GET / HTTP/1.1" 200 151 "-" "Yandex/1.01.001 (compatible; Win16; H)"
95.108.150.235 - - [10/Apr/2010:02:43:16 -0700] "GET / HTTP/1.1" 200 151 "-" "Yandex/1.01.001 (compatible; Win16; H)"
95.108.150.235 - - [10/Apr/2010:02:43:17 -0700] "GET / HTTP/1.1" 200 151 "-" "Yandex/1.01.001 (compatible; Win16; H)"
123.125.66.26 - - [10/Apr/2010:05:26:48 -0700] "GET /robots.txt HTTP/1.1" 302 353 "-" "Baiduspider+(+http://www.baidu.com/search/spider.htm)"
123.125.66.100 - - [10/Apr/2010:05:26:58 -0700] "GET / HTTP/1.1" 200 151 "-" "Baiduspider+(+http://www.baidu.com/search/spider.htm)"
208.80.193.27 - - [10/Apr/2010:06:16:26 -0700] "GET / HTTP/1.0" 200 151 "-" "Mozilla/4.0 (compatible; MSIE 7.0; Windows NT 5.1; YPC 3.2.0; .NET CLR 1.0.3705; .NET CLR 1.1.4322; Media Center PC 2.8; .NET CLR 2.0.50727; yplus 5.1.04b)"
216.129.119.12 - - [10/Apr/2010:09:29:58 -0700] "GET /robots.txt HTTP/1.1" 302 353 "-" "Mozilla/5.0 (Twiceler-0.9 http://www.cuil.com/twiceler/robot.html)"
65.55.106.179 - - [10/Apr/2010:10:56:27 -0700] "GET /robots.txt HTTP/1.1" 302 353 "-" "msnbot/2.0b (+http://search.msn.com/msnbot.htm)"
65.55.106.179 - - [10/Apr/2010:10:56:27 -0700] "GET / HTTP/1.1" 200 151 "-" "msnbot/2.0b (+http://search.msn.com/msnbot.htm)"
216.129.119.12 - - [10/Apr/2010:23:02:46 -0700] "GET /robots.txt HTTP/1.1" 302 357 "-" "Mozilla/5.0 (Twiceler-0.9 http://www.cuil.com/twiceler/robot.html)"
65.55.106.180 - - [10/Apr/2010:23:52:37 -0700] "GET /robots.txt HTTP/1.1" 302 353 "-" "msnbot/2.0b (+http://search.msn.com/msnbot.htm)"
65.55.106.180 - - [10/Apr/2010:23:52:38 -0700] "GET / HTTP/1.1" 200 151 "-" "msnbot/2.0b (+http://search.msn.com/msnbot.htm)"
216.129.119.12 - - [11/Apr/2010:03:17:04 -0700] "GET / HTTP/1.1" 200 151 "-" "Mozilla/5.0 (Twiceler-0.9 http://www.cuil.com/twiceler/robot.html)"
65.55.216.11 - - [11/Apr/2010:05:15:06 -0700] "GET /robots.txt HTTP/1.1" 302 353 "-" "msnbot/2.0b (+http://search.msn.com/msnbot.htm)"
65.55.216.11 - - [11/Apr/2010:05:15:06 -0700] "GET / HTTP/1.1" 200 151 "-" "msnbot/2.0b (+http://search.msn.com/msnbot.htm)"
123.125.66.36 - - [11/Apr/2010:05:36:39 -0700] "GET /robots.txt HTTP/1.1" 302 353 "-" "Baiduspider+(+http://www.baidu.com/search/spider.htm)"
123.125.66.47 - - [11/Apr/2010:05:36:40 -0700] "GET / HTTP/1.1" 200 151 "-" "Baiduspider+(+http://www.baidu.com/search/spider.htm)"
207.46.13.136 - - [11/Apr/2010:06:40:07 -0700] "GET /robots.txt HTTP/1.1" 302 353 "-" "msnbot/2.0b (+http://search.msn.com/msnbot.htm)"
207.46.13.136 - - [11/Apr/2010:06:40:07 -0700] "GET / HTTP/1.1" 200 151 "-" "msnbot/2.0b (+http://search.msn.com/msnbot.htm)"
207.46.13.136 - - [11/Apr/2010:06:40:58 -0700] "GET /index.php/photos/album/1/photo/5.html HTTP/1.1" 200 151 "-" "msnbot/2.0b (+http://search.msn.com/msnbot.htm)"
204.236.254.130 - - [11/Apr/2010:07:01:55 -0700] "GET /robots.txt HTTP/1.1" 302 357 "-" "Mozilla/5.0 (compatible; spbot/2.0.2; +http://www.seoprofiler.com/bot/ )"
204.236.254.130 - - [11/Apr/2010:07:01:57 -0700] "GET / HTTP/1.1" 200 151 "-" "Mozilla/5.0 (compatible; spbot/2.0.2; +http://www.seoprofiler.com/bot/ )"
204.236.254.130 - - [11/Apr/2010:07:01:57 -0700] "GET / HTTP/1.1" 200 151 "-" "Mozilla/5.0 (compatible; spbot/2.0.2; +http://www.seoprofiler.com/bot/ )"
216.129.119.12 - - [11/Apr/2010:09:56:50 -0700] "GET /robots.txt HTTP/1.1" 302 353 "-" "Mozilla/5.0 (Twiceler-0.9 http://www.cuil.com/twiceler/robot.html)"
208.80.193.40 - - [11/Apr/2010:13:45:58 -0700] "GET / HTTP/1.0" 200 151 "-" "Mozilla/4.0 (compatible; MSIE 7.0; Windows NT 5.1; SIMBAR Enabled; SIMBAR={8F36CAE7-A501-4364-B134-16BBEFBC3A06}; .NET CLR 2.0.50727)"
64.56.66.211 - - [11/Apr/2010:15:40:37 -0700] "GET /robots.txt HTTP/1.0" 302 353 "http://evilfuckers.org/robots.txt" "Mozilla/4.0 (compatible; MSIE 8.0; Windows NT 5.1; SV1; .NET CLR 2.0.50727)"
64.56.66.211 - - [11/Apr/2010:15:40:38 -0700] "GET / HTTP/1.0" 200 151 "http://evilfuckers.org/" "Mozilla/4.0 (compatible; MSIE 8.0; Windows NT 5.1; SV1; .NET CLR 2.0.50727)"
208.80.193.37 - - [11/Apr/2010:19:41:05 -0700] "GET / HTTP/1.0" 200 151 "-" "Mozilla/4.0 (compatible; MSIE 7.0; Windows NT 5.1; YPC 3.2.0; FunWebProducts; .NET CLR 2.0.50727; ZangoToolbar 4.8.3; yplus 5.1.04b)"
95.108.150.235 - - [11/Apr/2010:22:54:04 -0700] "GET /robots.txt HTTP/1.1" 302 353 "-" "Yandex/1.01.001 (compatible; Win16; H)"
95.108.150.235 - - [11/Apr/2010:22:54:05 -0700] "GET /robots.txt HTTP/1.1" 302 357 "-" "Yandex/1.01.001 (compatible; Win16; H)"
95.108.150.235 - - [11/Apr/2010:22:54:06 -0700] "GET / HTTP/1.1" 200 151 "-" "Yandex/1.01.001 (compatible; Win16; H)"
95.108.150.235 - - [11/Apr/2010:22:54:07 -0700] "GET / HTTP/1.1" 200 151 "-" "Yandex/1.01.001 (compatible; Win16; H)"
95.108.150.235 - - [11/Apr/2010:22:54:08 -0700] "GET / HTTP/1.1" 200 151 "-" "Yandex/1.01.001 (compatible; Win16; H)"
95.108.150.235 - - [11/Apr/2010:22:54:09 -0700] "GET / HTTP/1.1" 200 151 "-" "Yandex/1.01.001 (compatible; Win16; H)"
216.129.119.12 - - [11/Apr/2010:22:59:26 -0700] "GET /robots.txt HTTP/1.1" 302 357 "-" "Mozilla/5.0 (Twiceler-0.9 http://www.cuil.com/twiceler/robot.html)"
66.219.58.38 - - [12/Apr/2010:01:34:27 -0700] "GET /robots.txt HTTP/1.1" 302 353 "-" "MLBot (www.metadatalabs.com/mlbot)"
66.219.58.38 - - [12/Apr/2010:01:34:28 -0700] "GET / HTTP/1.1" 200 151 "-" "MLBot (www.metadatalabs.com/mlbot)"
66.219.58.38 - - [12/Apr/2010:01:34:28 -0700] "GET / HTTP/1.1" 200 151 "-" "MLBot (www.metadatalabs.com/mlbot)"
207.46.204.237 - - [12/Apr/2010:03:48:06 -0700] "GET /robots.txt HTTP/1.1" 302 353 "-" "msnbot/2.0b (+http://search.msn.com/msnbot.htm)"
207.46.204.237 - - [12/Apr/2010:03:48:06 -0700] "GET / HTTP/1.1" 200 151 "-" "msnbot/2.0b (+http://search.msn.com/msnbot.htm)"
207.46.204.237 - - [12/Apr/2010:03:48:53 -0700] "GET /register.php HTTP/1.1" 302 353 "-" "msnbot/2.0b (+http://search.msn.com/msnbot.htm)"
219.143.225.3 - - [12/Apr/2010:04:23:03 -0700] "GET / HTTP/1.0" 200 151 "-" "Mozilla/4.0(compatible;MSIE 5.00;Windows 98)"
79.232.59.53 - - [12/Apr/2010:05:33:46 -0700] "GET / HTTP/1.1" 200 151 "-" "Mozilla/5.0 (compatible; seexie.com_bot/4.1; +http://www.seexie.com)"
123.125.66.38 - - [12/Apr/2010:05:37:44 -0700] "GET /robots.txt HTTP/1.1" 302 353 "-" "Baiduspider+(+http://www.baidu.com/search/spider.htm)"
123.125.66.45 - - [12/Apr/2010:05:37:45 -0700] "GET / HTTP/1.1" 200 151 "-" "Baiduspider+(+http://www.baidu.com/search/spider.htm)"
216.129.119.12 - - [12/Apr/2010:09:32:52 -0700] "GET /robots.txt HTTP/1.1" 302 353 "-" "Mozilla/5.0 (Twiceler-0.9 http://www.cuil.com/twiceler/robot.html)"
184.73.15.113 - - [12/Apr/2010:11:36:32 -0700] "GET /robots.txt HTTP/1.0" 302 353 "-" "taptubot *** please read http://www.taptu.com/corp/taptubot ***"
184.73.15.113 - - [12/Apr/2010:11:36:34 -0700] "GET / HTTP/1.0" 200 151 "-" "taptubot *** please read http://www.taptu.com/corp/taptubot ***"
184.73.15.113 - - [12/Apr/2010:11:36:35 -0700] "GET / HTTP/1.0" 200 151 "-" "Mozilla/5.0 (iPhone; U; CPU iPhone OS 3_0 like Mac OS X; en) AppleWebKit/528.18 (KHTML, like Gecko) Version/4.0 Mobile/7A341 Safari/528.16"
184.73.15.113 - - [12/Apr/2010:11:36:36 -0700] "GET /apple-touch-icon.png HTTP/1.0" 302 353 "-" "Mozilla/5.0 (iPhone; U; CPU iPhone OS 3_0 like Mac OS X; en) AppleWebKit/528.18 (KHTML, like Gecko) Version/4.0 Mobile/7A341 Safari/528.16"
184.73.15.113 - - [12/Apr/2010:11:36:36 -0700] "GET / HTTP/1.0" 200 151 "-" "Mozilla/5.0 (iPhone; U; CPU iPhone OS 3_0 like Mac OS X; en) AppleWebKit/528.18 (KHTML, like Gecko) Version/4.0 Mobile/7A341 Safari/528.16"
184.73.15.113 - - [12/Apr/2010:11:36:38 -0700] "GET / HTTP/1.0" 200 151 "-" "Mozilla/5.0 (iPhone; U; CPU iPhone OS 3_0 like Mac OS X; en) AppleWebKit/528.18 (KHTML, like Gecko) Version/4.0 Mobile/7A341 Safari/528.16"
184.73.15.113 - - [12/Apr/2010:11:36:40 -0700] "GET /iphone/ HTTP/1.0" 302 357 "-" "Mozilla/5.0 (iPhone; U; CPU iPhone OS 3_0 like Mac OS X; en) AppleWebKit/528.18 (KHTML, like Gecko) Version/4.0 Mobile/7A341 Safari/528.16"
184.73.15.113 - - [12/Apr/2010:11:36:41 -0700] "GET / HTTP/1.0" 200 151 "-" "Mozilla/5.0 (iPhone; U; CPU iPhone OS 3_0 like Mac OS X; en) AppleWebKit/528.18 (KHTML, like Gecko) Version/4.0 Mobile/7A341 Safari/528.16"
184.73.15.113 - - [12/Apr/2010:11:36:42 -0700] "GET /mobile/ HTTP/1.0" 302 357 "-" "Mozilla/5.0 (iPhone; U; CPU iPhone OS 3_0 like Mac OS X; en) AppleWebKit/528.18 (KHTML, like Gecko) Version/4.0 Mobile/7A341 Safari/528.16"
184.73.15.113 - - [12/Apr/2010:11:36:43 -0700] "GET / HTTP/1.0" 200 151 "-" "Mozilla/5.0 (iPhone; U; CPU iPhone OS 3_0 like Mac OS X; en) AppleWebKit/528.18 (KHTML, like Gecko) Version/4.0 Mobile/7A341 Safari/528.16"
184.73.15.113 - - [12/Apr/2010:11:36:44 -0700] "GET /m/ HTTP/1.0" 302 357 "-" "Mozilla/5.0 (iPhone; U; CPU iPhone OS 3_0 like Mac OS X; en) AppleWebKit/528.18 (KHTML, like Gecko) Version/4.0 Mobile/7A341 Safari/528.16"
184.73.15.113 - - [12/Apr/2010:11:36:44 -0700] "GET / HTTP/1.0" 200 151 "-" "Mozilla/5.0 (iPhone; U; CPU iPhone OS 3_0 like Mac OS X; en) AppleWebKit/528.18 (KHTML, like Gecko) Version/4.0 Mobile/7A341 Safari/528.16"
184.73.15.113 - - [12/Apr/2010:11:36:46 -0700] "GET /mobi/ HTTP/1.0" 302 357 "-" "Mozilla/5.0 (iPhone; U; CPU iPhone OS 3_0 like Mac OS X; en) AppleWebKit/528.18 (KHTML, like Gecko) Version/4.0 Mobile/7A341 Safari/528.16"
184.73.15.113 - - [12/Apr/2010:11:36:47 -0700] "GET / HTTP/1.0" 200 151 "-" "Mozilla/5.0 (iPhone; U; CPU iPhone OS 3_0 like Mac OS X; en) AppleWebKit/528.18 (KHTML, like Gecko) Version/4.0 Mobile/7A341 Safari/528.16"
184.73.15.113 - - [12/Apr/2010:11:36:51 -0700] "GET / HTTP/1.0" 200 151 "-" "Mozilla/5.0 (Windows; U; Windows NT 5.1; en-GB; rv:1.8.1.6; taptu-downloader) Gecko/20070725 Firefox/2.0.0.6"
80.130.44.240 - - [12/Apr/2010:20:35:18 -0700] "GET / HTTP/1.1" 200 151 "http://www.askpeter.info/gosearch.php?q=site:evilfuckers.org" "Mozilla/5.0 (compatible; askpeter_bot/5.1; +http://www.askpeter.info)"
93.158.148.31 - - [12/Apr/2010:20:53:11 -0700] "GET /robots.txt HTTP/1.1" 302 357 "-" "Yandex/1.01.001 (compatible; Win16; I)"
216.129.119.12 - - [12/Apr/2010:22:55:04 -0700] "GET /robots.txt HTTP/1.1" 302 357 "-" "Mozilla/5.0 (Twiceler-0.9 http://www.cuil.com/twiceler/robot.html)"
38.111.147.84 - - [13/Apr/2010:00:00:50 -0700] "GET /robots.txt HTTP/1.0" 302 353 "-" "TurnitinBot/2.1 (http://www.turnitin.com/robot/crawlerinfo.html)"
38.111.147.84 - - [13/Apr/2010:00:01:30 -0700] "GET / HTTP/1.0" 200 151 "-" "TurnitinBot/2.1 (http://www.turnitin.com/robot/crawlerinfo.html)"
38.111.147.84 - - [13/Apr/2010:00:02:05 -0700] "GET /index.php/photos/album/1/photo/3.html HTTP/1.0" 200 151 "-" "TurnitinBot/2.1 (http://www.turnitin.com/robot/crawlerinfo.html)"
38.111.147.84 - - [13/Apr/2010:00:02:42 -0700] "GET /index.php/photos/album/1/photo/5.html HTTP/1.0" 200 151 "-" "TurnitinBot/2.1 (http://www.turnitin.com/robot/crawlerinfo.html)"
38.111.147.84 - - [13/Apr/2010:00:03:17 -0700] "GET /index.php/photos/album/1/photo/4.html HTTP/1.0" 200 151 "-" "TurnitinBot/2.1 (http://www.turnitin.com/robot/crawlerinfo.html)"
38.111.147.84 - - [13/Apr/2010:00:03:50 -0700] "GET /index.php/photos/album/1/photo/2.html HTTP/1.0" 200 151 "-" "TurnitinBot/2.1 (http://www.turnitin.com/robot/crawlerinfo.html)"
38.111.147.84 - - [13/Apr/2010:00:04:19 -0700] "GET /index.php/photos/album/1/photo/1.html HTTP/1.0" 200 151 "-" "TurnitinBot/2.1 (http://www.turnitin.com/robot/crawlerinfo.html)"
208.80.193.27 - - [13/Apr/2010:00:49:31 -0700] "GET / HTTP/1.0" 200 151 "-" "Mozilla/4.0 (compatible; MSIE 6.0; Windows NT 5.1; SU 3.005; FunWebProducts; .NET CLR 1.1.4322)"
207.46.204.227 - - [13/Apr/2010:01:56:20 -0700] "GET /robots.txt HTTP/1.1" 302 353 "-" "msnbot/2.0b (+http://search.msn.com/msnbot.htm)"
207.46.204.227 - - [13/Apr/2010:01:56:20 -0700] "GET / HTTP/1.1" 200 151 "-" "msnbot/2.0b (+http://search.msn.com/msnbot.htm)"
207.46.204.227 - - [13/Apr/2010:01:57:14 -0700] "GET /register.php HTTP/1.1" 302 353 "-" "msnbot/2.0b (+http://search.msn.com/msnbot.htm)"
66.219.58.41 - - [13/Apr/2010:03:47:36 -0700] "GET /robots.txt HTTP/1.1" 302 353 "-" "MLBot (www.metadatalabs.com/mlbot)"
66.219.58.41 - - [13/Apr/2010:03:47:40 -0700] "GET / HTTP/1.1" 200 151 "-" "MLBot (www.metadatalabs.com/mlbot)"
66.219.58.41 - - [13/Apr/2010:03:47:46 -0700] "GET / HTTP/1.1" 200 151 "-" "MLBot (www.metadatalabs.com/mlbot)"
65.55.207.95 - - [13/Apr/2010:04:15:59 -0700] "GET /robots.txt HTTP/1.1" 302 353 "-" "msnbot/2.0b (+http://search.msn.com/msnbot.htm)"
65.55.207.95 - - [13/Apr/2010:04:15:59 -0700] "GET / HTTP/1.1" 200 151 "-" "msnbot/2.0b (+http://search.msn.com/msnbot.htm)"
159.226.43.99 - - [13/Apr/2010:04:30:38 -0700] "HEAD / HTTP/1.1" 200 - "-" "Mozilla/4.0 (compatible; MSIE 5.5; Windows NT 5.0)"
123.125.66.34 - - [13/Apr/2010:05:43:10 -0700] "GET /robots.txt HTTP/1.1" 302 353 "-" "Baiduspider+(+http://www.baidu.com/search/spider.htm)"
123.125.66.103 - - [13/Apr/2010:05:43:11 -0700] "GET / HTTP/1.1" 200 151 "-" "Baiduspider+(+http://www.baidu.com/search/spider.htm)"
208.80.193.42 - - [13/Apr/2010:05:43:37 -0700] "GET / HTTP/1.0" 200 151 "-" "Mozilla/4.0 (compatible; MSIE 7.0; Windows NT 5.1; (R1 1.5); .NET CLR 1.0.3705; .NET CLR 1.1.4322; .NET CLR 2.0.50727; Media Center PC 4.0)"
208.115.111.245 - - [13/Apr/2010:05:49:28 -0700] "GET /robots.txt HTTP/1.1" 302 353 "-" "Mozilla/5.0 (compatible; DotBot/1.1; http://www.dotnetdotcom.org/, crawler@dotnetdotcom.org)"
208.115.111.245 - - [13/Apr/2010:05:49:28 -0700] "GET /robots.txt HTTP/1.1" 302 357 "-" "Mozilla/5.0 (compatible; DotBot/1.1; http://www.dotnetdotcom.org/, crawler@dotnetdotcom.org)"
208.115.111.245 - - [13/Apr/2010:05:49:28 -0700] "GET / HTTP/1.1" 200 151 "-" "Mozilla/5.0 (compatible; DotBot/1.1; http://www.dotnetdotcom.org/, crawler@dotnetdotcom.org)"
208.115.111.245 - - [13/Apr/2010:05:49:28 -0700] "GET / HTTP/1.1" 200 151 "-" "Mozilla/5.0 (compatible; DotBot/1.1; http://www.dotnetdotcom.org/, crawler@dotnetdotcom.org)"
74.52.245.146 - - [13/Apr/2010:05:59:43 -0700] "GET / HTTP/1.0" 200 151 "-" "Mozilla/5.0 (X11; U; Linux i686; en-US; rv:1.7.5) Gecko/20041107 Firefox/1.0"
208.115.111.245 - - [13/Apr/2010:10:54:55 -0700] "GET / HTTP/1.1" 200 151 "-" "Mozilla/5.0 (compatible; DotBot/1.1; http://www.dotnetdotcom.org/, crawler@dotnetdotcom.org)"
208.115.111.245 - - [13/Apr/2010:10:55:00 -0700] "GET / HTTP/1.1" 200 151 "-" "Mozilla/5.0 (compatible; DotBot/1.1; http://www.dotnetdotcom.org/, crawler@dotnetdotcom.org)"
207.46.204.243 - - [13/Apr/2010:12:48:02 -0700] "GET /robots.txt HTTP/1.1" 302 353 "-" "msnbot/2.0b (+http://search.msn.com/msnbot.htm)"
207.46.204.243 - - [13/Apr/2010:12:48:02 -0700] "GET / HTTP/1.1" 200 151 "-" "msnbot/2.0b (+http://search.msn.com/msnbot.htm)"
207.46.204.243 - - [13/Apr/2010:12:48:51 -0700] "GET /user.php HTTP/1.1" 302 353 "-" "msnbot/2.0b (+http://search.msn.com/msnbot.htm)"
93.158.148.31 - - [13/Apr/2010:16:51:32 -0700] "GET / HTTP/1.1" 200 151 "-" "Yandex/1.01.001 (compatible; Win16; I)"
66.249.71.214 - - [13/Apr/2010:17:11:07 -0700] "GET /robots.txt HTTP/1.1" 302 353 "-" "Mozilla/5.0 (compatible; Googlebot/2.1; +http://www.google.com/bot.html)"
66.249.71.214 - - [13/Apr/2010:17:11:07 -0700] "GET / HTTP/1.1" 200 151 "-" "Mozilla/5.0 (compatible; Googlebot/2.1; +http://www.google.com/bot.html)"
66.249.71.214 - - [13/Apr/2010:17:11:07 -0700] "GET / HTTP/1.1" 200 151 "-" "Mozilla/5.0 (compatible; Googlebot/2.1; +http://www.google.com/bot.html)"
65.55.106.185 - - [13/Apr/2010:19:12:30 -0700] "GET /robots.txt HTTP/1.1" 302 353 "-" "msnbot/2.0b (+http://search.msn.com/msnbot.htm)"
65.55.106.185 - - [13/Apr/2010:19:12:31 -0700] "GET / HTTP/1.1" 200 151 "-" "msnbot/2.0b (+http://search.msn.com/msnbot.htm)"
66.249.71.173 - - [13/Apr/2010:20:53:04 -0700] "GET /robots.txt HTTP/1.1" 302 353 "-" "Mozilla/5.0 (compatible; Googlebot/2.1; +http://www.google.com/bot.html)"
66.249.71.173 - - [13/Apr/2010:20:53:04 -0700] "GET / HTTP/1.1" 200 151 "-" "Mozilla/5.0 (compatible; Googlebot/2.1; +http://www.google.com/bot.html)"
66.249.71.173 - - [13/Apr/2010:20:53:05 -0700] "GET /index.php/photos/album/1/photo/1.html HTTP/1.1" 200 151 "-" "Mozilla/5.0 (compatible; Googlebot/2.1; +http://www.google.com/bot.html)"
65.55.106.112 - - [13/Apr/2010:20:58:10 -0700] "GET /robots.txt HTTP/1.1" 302 353 "-" "msnbot/2.0b (+http://search.msn.com/msnbot.htm)"
65.55.106.112 - - [13/Apr/2010:20:58:10 -0700] "GET / HTTP/1.1" 200 151 "-" "msnbot/2.0b (+http://search.msn.com/msnbot.htm)"
69.46.28.206 - - [13/Apr/2010:21:44:21 -0700] "GET /orb.jpg HTTP/1.0" 302 357 "-" "-"
69.46.28.206 - - [13/Apr/2010:21:44:21 -0700] "GET / HTTP/1.0" 200 151 "-" "-"
95.108.150.235 - - [14/Apr/2010:00:28:46 -0700] "GET /robots.txt HTTP/1.1" 302 353 "-" "Yandex/1.01.001 (compatible; Win16; H)"
95.108.150.235 - - [14/Apr/2010:00:28:47 -0700] "GET /robots.txt HTTP/1.1" 302 357 "-" "Yandex/1.01.001 (compatible; Win16; H)"
95.108.150.235 - - [14/Apr/2010:00:28:48 -0700] "GET / HTTP/1.1" 200 151 "-" "Yandex/1.01.001 (compatible; Win16; H)"
95.108.150.235 - - [14/Apr/2010:00:28:49 -0700] "GET / HTTP/1.1" 200 151 "-" "Yandex/1.01.001 (compatible; Win16; H)"
95.108.150.235 - - [14/Apr/2010:00:28:50 -0700] "GET / HTTP/1.1" 200 151 "-" "Yandex/1.01.001 (compatible; Win16; H)"
95.108.150.235 - - [14/Apr/2010:00:28:51 -0700] "GET / HTTP/1.1" 200 151 "-" "Yandex/1.01.001 (compatible; Win16; H)"
64.202.161.41 - - [14/Apr/2010:01:30:41 -0700] "GET / HTTP/1.1" 200 151 "-" "-"
207.46.13.101 - - [14/Apr/2010:05:22:10 -0700] "GET /robots.txt HTTP/1.1" 302 353 "-" "msnbot/2.0b (+http://search.msn.com/msnbot.htm)"
207.46.13.101 - - [14/Apr/2010:05:22:11 -0700] "GET / HTTP/1.1" 200 151 "-" "msnbot/2.0b (+http://search.msn.com/msnbot.htm)"
207.46.13.101 - - [14/Apr/2010:05:23:39 -0700] "GET /user.php HTTP/1.1" 302 353 "-" "msnbot/2.0b (+http://search.msn.com/msnbot.htm)"
123.125.66.38 - - [14/Apr/2010:05:53:24 -0700] "GET /robots.txt HTTP/1.1" 302 353 "-" "Baiduspider+(+http://www.baidu.com/search/spider.htm)"
123.125.66.26 - - [14/Apr/2010:05:53:25 -0700] "GET / HTTP/1.1" 200 151 "-" "Baiduspider+(+http://www.baidu.com/search/spider.htm)"
208.80.193.39 - - [14/Apr/2010:07:26:30 -0700] "GET / HTTP/1.0" 200 151 "-" "Mozilla/4.0 (compatible; MSIE 6.0; Windows 98; Win 9x 4.90; CMS Music Store2 v1.00.12 (Music Store,1033))"
208.80.193.39 - - [14/Apr/2010:12:05:22 -0700] "GET / HTTP/1.0" 200 151 "-" "Mozilla/4.0 (compatible; MSIE 7.0; Windows NT 5.1; .NET CLR 1.1.4322; .NET CLR 2.0.50727; CNPVersion2 - Congoo NetPass)"
70.36.103.59 - - [14/Apr/2010:14:33:45 -0700] "GET /robots.txt HTTP/1.0" 302 353 "http://evilfuckers.org/robots.txt" "Mozilla/4.0 (compatible; MSIE 8.0; Windows NT 5.1; SV1; .NET CLR 2.0.50727)"
70.36.103.59 - - [14/Apr/2010:14:33:45 -0700] "GET / HTTP/1.0" 200 151 "http://evilfuckers.org/" "Mozilla/4.0 (compatible; MSIE 8.0; Windows NT 5.1; SV1; .NET CLR 2.0.50727)"
207.46.204.236 - - [14/Apr/2010:19:20:57 -0700] "GET /robots.txt HTTP/1.1" 302 353 "-" "msnbot/2.0b (+http://search.msn.com/msnbot.htm)"
207.46.204.236 - - [14/Apr/2010:19:20:57 -0700] "GET / HTTP/1.1" 200 151 "-" "msnbot/2.0b (+http://search.msn.com/msnbot.htm)"
207.46.204.236 - - [14/Apr/2010:19:21:34 -0700] "GET /?C=N;O=D HTTP/1.1" 200 151 "-" "msnbot/2.0b (+http://search.msn.com/msnbot.htm)"
216.145.14.142 - - [14/Apr/2010:20:31:57 -0700] "GET /robots.txt HTTP/1.0" 302 357 "-" "Mozilla/5.0 (Windows; U; Windows NT 5.1; en; rv:1.9.0.13) Gecko/2009073022 Firefox/3.5.2 (.NET CLR 3.5.30729) SurveyBot/2.3 (DomainTools)"
216.145.14.142 - - [14/Apr/2010:20:31:58 -0700] "GET / HTTP/1.1" 200 151 "http://whois.domaintools.com/evilfuckers.org" "Mozilla/5.0 (Windows; U; Windows NT 5.1; en; rv:1.9.0.13) Gecko/2009073022 Firefox/3.5.2 (.NET CLR 3.5.30729) SurveyBot/2.3 (DomainTools)"
216.129.119.12 - - [14/Apr/2010:20:33:24 -0700] "GET /robots.txt HTTP/1.1" 302 353 "-" "Mozilla/5.0 (Twiceler-0.9 http://www.cuil.com/twiceler/robot.html)"
123.125.66.19 - - [15/Apr/2010:05:31:26 -0700] "GET /robots.txt HTTP/1.1" 302 353 "-" "Baiduspider+(+http://www.baidu.com/search/spider.htm)"
123.125.66.110 - - [15/Apr/2010:05:31:26 -0700] "GET / HTTP/1.1" 200 151 "-" "Baiduspider+(+http://www.baidu.com/search/spider.htm)"
80.130.108.254 - - [15/Apr/2010:06:24:04 -0700] "GET / HTTP/1.1" 200 151 "http://www.askpeter.info/gosearch.php?q=site:evilfuckers.org" "Mozilla/5.0 (compatible; askpeter_bot/5.1; +http://www.askpeter.info)"
123.150.187.133 - - [15/Apr/2010:06:38:29 -0700] "GET / HTTP/1.1" 200 151 "-" "Mozilla/4.0 (compatible; MSIE 6.0; Windows NT 5.1; SV1; QQDownload 1.7; TencentTraveler 4.0; CIBA; InfoPath.2; .NET CLR 2.0.50727"
219.143.225.3 - - [15/Apr/2010:06:43:11 -0700] "HEAD / HTTP/1.0" 200 - "-" "Mozilla/4.0(compatible;MSIE 5.00;Windows 98)"
93.158.148.31 - - [15/Apr/2010:10:50:10 -0700] "GET /robots.txt HTTP/1.1" 302 357 "-" "Yandex/1.01.001 (compatible; Win16; I)"
93.158.148.31 - - [15/Apr/2010:10:50:13 -0700] "GET / HTTP/1.1" 200 151 "-" "Yandex/1.01.001 (compatible; Win16; I)"
159.226.43.99 - - [15/Apr/2010:11:43:52 -0700] "HEAD / HTTP/1.1" 200 - "-" "Mozilla/4.0 (compatible; MSIE 5.5; Windows NT 5.0)"
208.80.193.39 - - [15/Apr/2010:14:21:42 -0700] "GET / HTTP/1.0" 200 151 "-" "Mozilla/4.0 (compatible; MSIE 7.0; Windows NT 5.1; TrustyHound IE-TB(4.6); .NET CLR 1.1.4322)"
207.46.204.190 - - [15/Apr/2010:14:38:56 -0700] "GET /robots.txt HTTP/1.1" 302 353 "-" "msnbot/2.0b (+http://search.msn.com/msnbot.htm)"
207.46.204.190 - - [15/Apr/2010:14:38:56 -0700] "GET / HTTP/1.1" 200 151 "-" "msnbot/2.0b (+http://search.msn.com/msnbot.htm)"
207.46.204.190 - - [15/Apr/2010:14:39:39 -0700] "GET /index.php/photos/album/1/photo/1.html HTTP/1.1" 200 151 "-" "msnbot/2.0b (+http://search.msn.com/msnbot.htm)"
207.46.199.191 - - [15/Apr/2010:16:13:42 -0700] "GET /robots.txt HTTP/1.1" 302 353 "-" "msnbot/2.0b (+http://search.msn.com/msnbot.htm)"
207.46.199.191 - - [15/Apr/2010:16:13:42 -0700] "GET / HTTP/1.1" 200 151 "-" "msnbot/2.0b (+http://search.msn.com/msnbot.htm)"
65.55.106.182 - - [15/Apr/2010:16:26:24 -0700] "GET /robots.txt HTTP/1.1" 302 353 "-" "msnbot/2.0b (+http://search.msn.com/msnbot.htm)"
65.55.106.182 - - [15/Apr/2010:16:26:24 -0700] "GET / HTTP/1.1" 200 151 "-" "msnbot/2.0b (+http://search.msn.com/msnbot.htm)"
208.80.193.27 - - [15/Apr/2010:18:57:27 -0700] "GET / HTTP/1.0" 200 151 "-" "Mozilla/4.0 (compatible; MSIE 6.0; Windows NT 5.1; YPC 3.2.0; .NET CLR 1.1.4322; yplus 5.1.03b)"
159.226.43.99 - - [15/Apr/2010:22:09:23 -0700] "HEAD / HTTP/1.1" 200 - "-" "Mozilla/4.0 (compatible; MSIE 5.5; Windows NT 5.0)"
95.108.150.235 - - [15/Apr/2010:23:13:48 -0700] "GET /robots.txt HTTP/1.1" 302 357 "-" "Yandex/1.01.001 (compatible; Win16; H)"
95.108.150.235 - - [15/Apr/2010:23:13:49 -0700] "GET /robots.txt HTTP/1.1" 302 353 "-" "Yandex/1.01.001 (compatible; Win16; H)"
95.108.150.235 - - [15/Apr/2010:23:13:50 -0700] "GET / HTTP/1.1" 200 151 "-" "Yandex/1.01.001 (compatible; Win16; H)"
95.108.150.235 - - [15/Apr/2010:23:13:51 -0700] "GET / HTTP/1.1" 200 151 "-" "Yandex/1.01.001 (compatible; Win16; H)"
95.108.150.235 - - [15/Apr/2010:23:13:52 -0700] "GET / HTTP/1.1" 200 151 "-" "Yandex/1.01.001 (compatible; Win16; H)"
95.108.150.235 - - [15/Apr/2010:23:13:53 -0700] "GET / HTTP/1.1" 200 151 "-" "Yandex/1.01.001 (compatible; Win16; H)"
216.129.119.12 - - [16/Apr/2010:03:23:10 -0700] "GET /robots.txt HTTP/1.1" 302 357 "-" "Mozilla/5.0 (Twiceler-0.9 http://www.cuil.com/twiceler/robot.html)"
193.47.80.50 - - [16/Apr/2010:03:51:26 -0700] "GET /robots.txt HTTP/1.1" 302 353 "-" "Mozilla/5.0 (compatible; Exabot/3.0; +http://www.exabot.com/go/robot)"
193.47.80.50 - - [16/Apr/2010:03:51:27 -0700] "GET / HTTP/1.1" 200 151 "-" "Mozilla/5.0 (compatible; Exabot/3.0; +http://www.exabot.com/go/robot)"
193.47.80.50 - - [16/Apr/2010:03:51:27 -0700] "GET / HTTP/1.1" 200 151 "-" "Mozilla/5.0 (compatible; Exabot/3.0; +http://www.exabot.com/go/robot)"
65.55.207.131 - - [16/Apr/2010:05:17:44 -0700] "GET /robots.txt HTTP/1.1" 302 353 "-" "msnbot/2.0b (+http://search.msn.com/msnbot.htm)"
65.55.207.131 - - [16/Apr/2010:05:17:44 -0700] "GET / HTTP/1.1" 200 151 "-" "msnbot/2.0b (+http://search.msn.com/msnbot.htm)"
123.125.66.32 - - [16/Apr/2010:05:34:53 -0700] "GET /robots.txt HTTP/1.1" 302 353 "-" "Baiduspider+(+http://www.baidu.com/search/spider.htm)"
123.125.66.44 - - [16/Apr/2010:05:34:54 -0700] "GET / HTTP/1.1" 200 151 "-" "Baiduspider+(+http://www.baidu.com/search/spider.htm)"
38.105.83.6 - - [16/Apr/2010:08:03:57 -0700] "GET / HTTP/1.1" 200 151 "-" "Mozilla/4.0 (compatible; MSIE 7.0; Windows NT 5.2)"
217.212.224.183 - - [16/Apr/2010:08:31:18 -0700] "GET /robots.txt HTTP/1.0" 302 357 "-" "psbot/0.1 (+http://www.picsearch.com/bot.html)"
217.212.224.183 - - [16/Apr/2010:08:31:19 -0700] "GET / HTTP/1.0" 200 151 "-" "psbot/0.1 (+http://www.picsearch.com/bot.html)"
217.212.224.180 - - [16/Apr/2010:08:31:19 -0700] "GET /orb.jpg HTTP/1.0" 302 357 "-" "psbot/0.1 (+http://www.picsearch.com/bot.html)"
217.212.224.183 - - [16/Apr/2010:08:31:20 -0700] "GET /robots.txt HTTP/1.0" 302 353 "-" "psbot/0.1 (+http://www.picsearch.com/bot.html)"
217.212.224.183 - - [16/Apr/2010:08:31:20 -0700] "GET / HTTP/1.0" 200 151 "-" "psbot/0.1 (+http://www.picsearch.com/bot.html)"
217.212.224.180 - - [16/Apr/2010:08:31:21 -0700] "GET / HTTP/1.0" 200 151 "-" "psbot/0.1 (+http://www.picsearch.com/bot.html)"
118.122.178.66 - - [16/Apr/2010:12:32:31 -0700] "GET / HTTP/1.1" 200 151 "-" "Mozilla/4.0 (compatible; MSIE 6.0; Windows NT 5.1; SV1; .NET CLR 1.1.4322)"
209.222.195.187 - - [16/Apr/2010:13:08:30 -0700] "GET / HTTP/1.1" 200 151 "-" "Mozilla/5.0 (Windows; U; Windows NT 5.1; en-US; rv:1.9.2.3) Gecko/20100401 Firefox/3.6.3 GTB6"
209.222.195.187 - - [16/Apr/2010:13:08:30 -0700] "GET /favicon.ico HTTP/1.1" 200 574 "-" "Mozilla/5.0 (Windows; U; Windows NT 5.1; en-US; rv:1.9.2.3) Gecko/20100401 Firefox/3.6.3 GTB6"
209.222.195.187 - - [16/Apr/2010:13:08:33 -0700] "GET /favicon.ico HTTP/1.1" 200 574 "-" "Mozilla/5.0 (Windows; U; Windows NT 5.1; en-US; rv:1.9.2.3) Gecko/20100401 Firefox/3.6.3 GTB6"
216.129.119.12 - - [16/Apr/2010:14:46:16 -0700] "GET /robots.txt HTTP/1.1" 302 353 "-" "Mozilla/5.0 (Twiceler-0.9 http://www.cuil.com/twiceler/robot.html)"
65.55.215.76 - - [16/Apr/2010:20:18:42 -0700] "GET /robots.txt HTTP/1.1" 302 353 "-" "msnbot/2.0b (+http://search.msn.com/msnbot.htm)"
65.55.215.76 - - [16/Apr/2010:20:18:42 -0700] "GET / HTTP/1.1" 200 151 "-" "msnbot/2.0b (+http://search.msn.com/msnbot.htm)"
208.80.193.40 - - [16/Apr/2010:21:12:22 -0700] "GET / HTTP/1.0" 200 151 "-" "Mozilla/4.0 (compatible; MSIE 6.0; Windows NT 5.1; SV1; .NET CLR 1.1.4322; MSN 9.0;MSN 9.1; MSNbMSNI; MSNmen-us; MSNcIA; MPLUS)"
207.46.199.194 - - [16/Apr/2010:23:17:56 -0700] "GET /robots.txt HTTP/1.1" 302 353 "-" "msnbot/2.0b (+http://search.msn.com/msnbot.htm)"
207.46.199.194 - - [16/Apr/2010:23:17:56 -0700] "GET / HTTP/1.1" 200 151 "-" "msnbot/2.0b (+http://search.msn.com/msnbot.htm)"
208.80.193.28 - - [17/Apr/2010:01:43:24 -0700] "GET / HTTP/1.0" 200 151 "-" "Mozilla/4.0 (compatible; MSIE 6.0; Windows NT 5.1; {965F2B26-CF79-BC37-C0DA-E2FE4641CFFD}; .NET CLR 1.1.4322)"
65.55.106.109 - - [17/Apr/2010:02:40:26 -0700] "GET /robots.txt HTTP/1.1" 302 353 "-" "msnbot/2.0b (+http://search.msn.com/msnbot.htm)"
65.55.106.109 - - [17/Apr/2010:02:40:26 -0700] "GET / HTTP/1.1" 200 151 "-" "msnbot/2.0b (+http://search.msn.com/msnbot.htm)"
123.125.66.45 - - [17/Apr/2010:05:42:02 -0700] "GET /robots.txt HTTP/1.1" 302 353 "-" "Baiduspider+(+http://www.baidu.com/search/spider.htm)"
123.125.66.48 - - [17/Apr/2010:05:42:03 -0700] "GET / HTTP/1.1" 200 151 "-" "Baiduspider+(+http://www.baidu.com/search/spider.htm)"
95.211.132.69 - - [17/Apr/2010:11:03:05 -0700] "GET /get_orders_list.php HTTP/1.1" 302 357 "-" "Mozilla/4.0 (compatible; MSIE 6.0; Windows NT 5.1; SV1; MRA 4.3 (build 01218))"
207.241.227.85 - - [17/Apr/2010:11:23:07 -0700] "GET /robots.txt HTTP/1.1" 302 353 "-" "ia_archiver-web.archive.org"
207.241.227.85 - - [17/Apr/2010:11:23:07 -0700] "GET / HTTP/1.1" 200 151 "-" "ia_archiver-web.archive.org"
216.129.119.12 - - [17/Apr/2010:14:12:33 -0700] "GET /robots.txt HTTP/1.1" 302 353 "-" "Mozilla/5.0 (Twiceler-0.9 http://www.cuil.com/twiceler/robot.html)"
67.195.111.155 - - [17/Apr/2010:16:43:26 -0700] "GET /robots.txt HTTP/1.0" 302 353 "-" "Mozilla/5.0 (compatible; Yahoo! Slurp; http://help.yahoo.com/help/us/ysearch/slurp)"
67.195.111.155 - - [17/Apr/2010:16:43:26 -0700] "GET / HTTP/1.0" 200 151 "-" "Mozilla/5.0 (compatible; Yahoo! Slurp; http://help.yahoo.com/help/us/ysearch/slurp)"
67.195.111.155 - - [17/Apr/2010:16:43:27 -0700] "GET / HTTP/1.0" 200 151 "-" "Mozilla/5.0 (compatible; Yahoo! Slurp/3.0; http://help.yahoo.com/help/us/ysearch/slurp)"
93.158.148.31 - - [17/Apr/2010:19:03:27 -0700] "GET /robots.txt HTTP/1.1" 302 357 "-" "Yandex/1.01.001 (compatible; Win16; I)"
108.3.17.20 - - [17/Apr/2010:20:43:40 -0700] "GET /misc/thingy.gif HTTP/1.1" 302 353 "http://www.myspace.com/JWVoakes" "Mozilla/4.0 (compatible; MSIE 8.0; Windows NT 6.1; WOW64; Trident/4.0; GTB6.4; SLCC2; .NET CLR 2.0.50727; .NET CLR 3.5.30729; .NET CLR 3.0.30729; Media Center PC 6.0; eSobiSubscriber 2.0.4.16)"
108.3.17.20 - - [17/Apr/2010:20:43:40 -0700] "GET / HTTP/1.1" 200 151 "http://www.myspace.com/JWVoakes" "Mozilla/4.0 (compatible; MSIE 8.0; Windows NT 6.1; WOW64; Trident/4.0; GTB6.4; SLCC2; .NET CLR 2.0.50727; .NET CLR 3.5.30729; .NET CLR 3.0.30729; Media Center PC 6.0; eSobiSubscriber 2.0.4.16)"
76.232.151.104 - - [17/Apr/2010:23:17:52 -0700] "GET / HTTP/1.1" 200 151 "-" "Mozilla/4.0 (compatible; MSIE 8.0; Windows NT 6.0; WOW64; Trident/4.0; Mozilla/4.0 (compatible; MSIE 6.0; Windows NT 5.1; SV1) ; SLCC1; .NET CLR 2.0.50727; Media Center PC 5.0; InfoPath.2; .NET CLR 3.5.21022; .NET CLR 3.5.30729; .NET CLR 3.0.30729; OfficeLiveConnector.1.4; OfficeLivePatch.1.3)"
76.232.151.104 - - [17/Apr/2010:23:17:52 -0700] "GET /favicon.ico HTTP/1.1" 200 574 "-" "Mozilla/4.0 (compatible; MSIE 8.0; Windows NT 6.0; WOW64; Trident/4.0; Mozilla/4.0 (compatible; MSIE 6.0; Windows NT 5.1; SV1) ; SLCC1; .NET CLR 2.0.50727; Media Center PC 5.0; InfoPath.2; .NET CLR 3.5.21022; .NET CLR 3.5.30729; .NET CLR 3.0.30729; OfficeLiveConnector.1.4; OfficeLivePatch.1.3)"
95.108.150.235 - - [17/Apr/2010:23:28:55 -0700] "GET /robots.txt HTTP/1.1" 302 353 "-" "Yandex/1.01.001 (compatible; Win16; H)"
95.108.150.235 - - [17/Apr/2010:23:28:56 -0700] "GET /robots.txt HTTP/1.1" 302 357 "-" "Yandex/1.01.001 (compatible; Win16; H)"
95.108.150.235 - - [17/Apr/2010:23:28:57 -0700] "GET / HTTP/1.1" 200 151 "-" "Yandex/1.01.001 (compatible; Win16; H)"
95.108.150.235 - - [17/Apr/2010:23:28:58 -0700] "GET / HTTP/1.1" 200 151 "-" "Yandex/1.01.001 (compatible; Win16; H)"
95.108.150.235 - - [17/Apr/2010:23:28:59 -0700] "GET / HTTP/1.1" 200 151 "-" "Yandex/1.01.001 (compatible; Win16; H)"
95.108.150.235 - - [17/Apr/2010:23:29:00 -0700] "GET / HTTP/1.1" 200 151 "-" "Yandex/1.01.001 (compatible; Win16; H)"
208.80.193.40 - - [18/Apr/2010:04:00:36 -0700] "GET / HTTP/1.0" 200 151 "-" "Mozilla/4.0 (compatible; MSIE 6.0; Windows NT 5.1; SV1; FunWebProducts; .NET CLR 1.1.4322; .NET CLR 2.0.50727; InfoPath.1; .NET CLR 3.0.04506.30)"
123.125.66.44 - - [18/Apr/2010:05:41:24 -0700] "GET /robots.txt HTTP/1.1" 302 353 "-" "Baiduspider+(+http://www.baidu.com/search/spider.htm)"
123.125.66.37 - - [18/Apr/2010:05:41:25 -0700] "GET / HTTP/1.1" 200 151 "-" "Baiduspider+(+http://www.baidu.com/search/spider.htm)"
123.150.187.133 - - [18/Apr/2010:07:00:33 -0700] "GET / HTTP/1.1" 200 151 "-" "Mozilla/4.0 (compatible; MSIE 6.0; Windows NT 5.1; SV1; QQDownload 1.7; TencentTraveler 4.0; CIBA; InfoPath.2; .NET CLR 2.0.50727"
208.80.193.43 - - [18/Apr/2010:08:39:59 -0700] "GET / HTTP/1.0" 200 151 "-" "Mozilla/4.0 (compatible; MSIE 6.0; Windows 98; Win 9x 4.90; Compaq; YComp 5.0.0.0)"
93.158.148.31 - - [18/Apr/2010:13:50:38 -0700] "GET / HTTP/1.1" 200 151 "-" "Yandex/1.01.001 (compatible; Win16; I)"
216.129.119.12 - - [18/Apr/2010:13:59:40 -0700] "GET /robots.txt HTTP/1.1" 302 353 "-" "Mozilla/5.0 (Twiceler-0.9 http://www.cuil.com/twiceler/robot.html)"
66.249.65.215 - - [18/Apr/2010:15:44:00 -0700] "GET /robots.txt HTTP/1.1" 302 353 "-" "Mozilla/5.0 (compatible; Googlebot/2.1; +http://www.google.com/bot.html)"
66.249.65.215 - - [18/Apr/2010:15:44:00 -0700] "GET / HTTP/1.1" 200 151 "-" "Mozilla/5.0 (compatible; Googlebot/2.1; +http://www.google.com/bot.html)"
66.249.65.215 - - [18/Apr/2010:15:44:00 -0700] "GET / HTTP/1.1" 200 151 "-" "Mozilla/5.0 (compatible; Googlebot/2.1; +http://www.google.com/bot.html)"
65.55.106.211 - - [18/Apr/2010:17:34:40 -0700] "GET /robots.txt HTTP/1.1" 302 353 "-" "msnbot/2.0b (+http://search.msn.com/msnbot.htm)"
65.55.106.211 - - [18/Apr/2010:17:34:40 -0700] "GET / HTTP/1.1" 200 151 "-" "msnbot/2.0b (+http://search.msn.com/msnbot.htm)"
193.47.80.50 - - [18/Apr/2010:23:09:49 -0700] "GET /robots.txt HTTP/1.1" 302 353 "-" "Mozilla/5.0 (compatible; Exabot/3.0; +http://www.exabot.com/go/robot)"
193.47.80.50 - - [18/Apr/2010:23:09:50 -0700] "GET / HTTP/1.1" 200 151 "-" "Mozilla/5.0 (compatible; Exabot/3.0; +http://www.exabot.com/go/robot)"
193.47.80.50 - - [18/Apr/2010:23:09:50 -0700] "GET / HTTP/1.1" 200 151 "-" "Mozilla/5.0 (compatible; Exabot/3.0; +http://www.exabot.com/go/robot)"
216.129.119.12 - - [19/Apr/2010:00:56:38 -0700] "GET /robots.txt HTTP/1.1" 302 357 "-" "Mozilla/5.0 (Twiceler-0.9 http://www.cuil.com/twiceler/robot.html)"
174.129.101.75 - - [19/Apr/2010:01:16:41 -0700] "GET / HTTP/1.1" 200 151 "-" "Mozilla/5.0 (X11; U; Linux x86_64; pt-BR; rv:1.9.1.8) Gecko/20100214 Ubuntu/9.10 (karmic) Firefox/3.5.8"
174.129.101.75 - - [19/Apr/2010:01:16:47 -0700] "GET / HTTP/1.1" 200 151 "-" "Mozilla/5.0 (X11; U; Linux x86_64; pt-BR; rv:1.9.1.8) Gecko/20100214 Ubuntu/9.10 (karmic) Firefox/3.5.8"
219.143.225.3 - - [19/Apr/2010:04:23:10 -0700] "GET / HTTP/1.0" 200 151 "-" "Mozilla/4.0(compatible;MSIE 5.00;Windows 98)"
123.125.66.35 - - [19/Apr/2010:04:47:57 -0700] "GET /robots.txt HTTP/1.1" 302 353 "-" "Baiduspider+(+http://www.baidu.com/search/spider.htm)"
123.125.66.114 - - [19/Apr/2010:04:47:58 -0700] "GET / HTTP/1.1" 200 151 "-" "Baiduspider+(+http://www.baidu.com/search/spider.htm)"
207.46.204.238 - - [19/Apr/2010:04:50:54 -0700] "GET /robots.txt HTTP/1.1" 302 353 "-" "msnbot/2.0b (+http://search.msn.com/msnbot.htm)"
207.46.204.238 - - [19/Apr/2010:04:50:55 -0700] "GET / HTTP/1.1" 200 151 "-" "msnbot/2.0b (+http://search.msn.com/msnbot.htm)"
207.46.204.238 - - [19/Apr/2010:04:51:32 -0700] "GET / HTTP/1.1" 200 151 "-" "msnbot/2.0b (+http://search.msn.com/msnbot.htm)"
65.55.106.180 - - [19/Apr/2010:07:37:04 -0700] "GET /robots.txt HTTP/1.1" 302 353 "-" "msnbot/2.0b (+http://search.msn.com/msnbot.htm)"
65.55.106.180 - - [19/Apr/2010:07:37:04 -0700] "GET / HTTP/1.1" 200 151 "-" "msnbot/2.0b (+http://search.msn.com/msnbot.htm)"
66.249.65.215 - - [19/Apr/2010:07:57:22 -0700] "GET /robots.txt HTTP/1.1" 302 353 "-" "DoCoMo/2.0 N905i(c100;TB;W24H16) (compatible; Googlebot-Mobile/2.1; +http://www.google.com/bot.html)"
66.249.65.215 - - [19/Apr/2010:07:57:22 -0700] "GET / HTTP/1.1" 200 151 "-" "DoCoMo/2.0 N905i(c100;TB;W24H16) (compatible; Googlebot-Mobile/2.1; +http://www.google.com/bot.html)"
66.249.65.215 - - [19/Apr/2010:07:57:23 -0700] "GET / HTTP/1.1" 200 151 "-" "DoCoMo/2.0 N905i(c100;TB;W24H16) (compatible; Googlebot-Mobile/2.1; +http://www.google.com/bot.html)"
208.80.193.29 - - [19/Apr/2010:10:44:28 -0700] "GET / HTTP/1.0" 200 151 "-" "Mozilla/4.0 (compatible; MSIE 6.0; Windows NT 5.1; {597450A9-C7D2-4697-A640-49F861E2DFDC}; SV1; .NET CLR 1.1.4322)"
216.129.119.12 - - [19/Apr/2010:12:39:30 -0700] "GET /robots.txt HTTP/1.1" 302 353 "-" "Mozilla/5.0 (Twiceler-0.9 http://www.cuil.com/twiceler/robot.html)"
208.80.193.29 - - [19/Apr/2010:15:28:08 -0700] "GET / HTTP/1.0" 200 151 "-" "Mozilla/4.0 (compatible; MSIE 7.0; Windows NT 5.1; .NET CLR 1.1.4322; .NET CLR 2.0.50727; WinuE v6; Alexa Toolbar; MEGAUPLOAD 1.0; WinuE v6)"
38.111.147.84 - - [19/Apr/2010:15:39:51 -0700] "GET /robots.txt HTTP/1.0" 302 353 "-" "TurnitinBot/2.1 (http://www.turnitin.com/robot/crawlerinfo.html)"
38.111.147.86 - - [19/Apr/2010:15:40:20 -0700] "GET /robots.txt HTTP/1.0" 302 353 "-" "TurnitinBot/2.1 (http://www.turnitin.com/robot/crawlerinfo.html)"
38.111.147.84 - - [19/Apr/2010:15:40:37 -0700] "GET / HTTP/1.0" 200 151 "-" "TurnitinBot/2.1 (http://www.turnitin.com/robot/crawlerinfo.html)"
38.111.147.84 - - [19/Apr/2010:15:41:06 -0700] "GET /index.php/photos/album/1/photo/3.html HTTP/1.0" 200 151 "-" "TurnitinBot/2.1 (http://www.turnitin.com/robot/crawlerinfo.html)"
38.111.147.86 - - [19/Apr/2010:15:41:06 -0700] "GET / HTTP/1.0" 200 151 "-" "TurnitinBot/2.1 (http://www.turnitin.com/robot/crawlerinfo.html)"
38.111.147.86 - - [19/Apr/2010:15:41:38 -0700] "GET /index.php/photos/album/1/photo/3.html HTTP/1.0" 200 151 "-" "TurnitinBot/2.1 (http://www.turnitin.com/robot/crawlerinfo.html)"
38.111.147.84 - - [19/Apr/2010:15:41:45 -0700] "GET /index.php/photos/album/1/photo/5.html HTTP/1.0" 200 151 "-" "TurnitinBot/2.1 (http://www.turnitin.com/robot/crawlerinfo.html)"
38.111.147.84 - - [19/Apr/2010:15:42:07 -0700] "GET /index.php/photos/album/1/photo/4.html HTTP/1.0" 200 151 "-" "TurnitinBot/2.1 (http://www.turnitin.com/robot/crawlerinfo.html)"
38.111.147.86 - - [19/Apr/2010:15:42:07 -0700] "GET /index.php/photos/album/1/photo/5.html HTTP/1.0" 200 151 "-" "TurnitinBot/2.1 (http://www.turnitin.com/robot/crawlerinfo.html)"
38.111.147.84 - - [19/Apr/2010:15:42:36 -0700] "GET /index.php/photos/album/1/photo/2.html HTTP/1.0" 200 151 "-" "TurnitinBot/2.1 (http://www.turnitin.com/robot/crawlerinfo.html)"
38.111.147.86 - - [19/Apr/2010:15:42:38 -0700] "GET /index.php/photos/album/1/photo/4.html HTTP/1.0" 200 151 "-" "TurnitinBot/2.1 (http://www.turnitin.com/robot/crawlerinfo.html)"
38.111.147.84 - - [19/Apr/2010:15:43:06 -0700] "GET /index.php/photos/album/1/photo/1.html HTTP/1.0" 200 151 "-" "TurnitinBot/2.1 (http://www.turnitin.com/robot/crawlerinfo.html)"
38.111.147.86 - - [19/Apr/2010:15:43:07 -0700] "GET /index.php/photos/album/1/photo/2.html HTTP/1.0" 200 151 "-" "TurnitinBot/2.1 (http://www.turnitin.com/robot/crawlerinfo.html)"
38.111.147.86 - - [19/Apr/2010:15:43:37 -0700] "GET /index.php/photos/album/1/photo/1.html HTTP/1.0" 200 151 "-" "TurnitinBot/2.1 (http://www.turnitin.com/robot/crawlerinfo.html)"
159.226.43.99 - - [19/Apr/2010:20:00:51 -0700] "HEAD / HTTP/1.1" 200 - "-" "-"
207.46.204.183 - - [19/Apr/2010:22:52:54 -0700] "GET /robots.txt HTTP/1.1" 302 353 "-" "msnbot/2.0b (+http://search.msn.com/msnbot.htm)"
207.46.204.183 - - [19/Apr/2010:22:52:54 -0700] "GET / HTTP/1.1" 200 151 "-" "msnbot/2.0b (+http://search.msn.com/msnbot.htm)"
75.125.229.138 - - [19/Apr/2010:23:00:59 -0700] "GET / HTTP/1.1" 200 151 "-" "Mozilla/4.0 (compatible; MSIE 6.0; Windows NT 5.0; .NET CLR 1.0.3705)"
207.46.204.183 - - [19/Apr/2010:23:09:33 -0700] "GET /index.php/photos/album/1.html HTTP/1.1" 200 151 "-" "msnbot/2.0b (+http://search.msn.com/msnbot.htm)"
159.226.43.99 - - [19/Apr/2010:23:22:52 -0700] "HEAD / HTTP/1.1" 200 - "-" "-"
159.226.43.99 - - [19/Apr/2010:23:42:46 -0700] "HEAD / HTTP/1.1" 200 - "-" "-"
159.226.43.99 - - [19/Apr/2010:23:53:05 -0700] "HEAD / HTTP/1.1" 200 - "-" "-"
207.46.204.244 - - [20/Apr/2010:00:21:37 -0700] "GET / HTTP/1.1" 200 151 "-" "msnbot/2.0b (+http://search.msn.com/msnbot.htm)"
95.108.150.235 - - [20/Apr/2010:00:27:25 -0700] "GET /robots.txt HTTP/1.1" 302 353 "-" "Yandex/1.01.001 (compatible; Win16; H)"
95.108.150.235 - - [20/Apr/2010:00:27:26 -0700] "GET /robots.txt HTTP/1.1" 302 357 "-" "Yandex/1.01.001 (compatible; Win16; H)"
95.108.150.235 - - [20/Apr/2010:00:27:27 -0700] "GET / HTTP/1.1" 200 151 "-" "Yandex/1.01.001 (compatible; Win16; H)"
95.108.150.235 - - [20/Apr/2010:00:27:28 -0700] "GET / HTTP/1.1" 200 151 "-" "Yandex/1.01.001 (compatible; Win16; H)"
95.108.150.235 - - [20/Apr/2010:00:27:29 -0700] "GET / HTTP/1.1" 200 151 "-" "Yandex/1.01.001 (compatible; Win16; H)"
95.108.150.235 - - [20/Apr/2010:00:27:30 -0700] "GET / HTTP/1.1" 200 151 "-" "Yandex/1.01.001 (compatible; Win16; H)"
67.195.115.52 - - [20/Apr/2010:00:48:14 -0700] "GET /robots.txt HTTP/1.0" 302 357 "-" "Mozilla/5.0 (compatible; Yahoo! Slurp; http://help.yahoo.com/help/us/ysearch/slurp)"
67.195.115.52 - - [20/Apr/2010:00:48:14 -0700] "GET / HTTP/1.0" 200 151 "-" "Mozilla/5.0 (compatible; Yahoo! Slurp; http://help.yahoo.com/help/us/ysearch/slurp)"
67.195.115.52 - - [20/Apr/2010:00:48:15 -0700] "GET / HTTP/1.0" 200 151 "-" "Mozilla/5.0 (compatible; Yahoo! Slurp/3.0; http://help.yahoo.com/help/us/ysearch/slurp)"
216.129.119.12 - - [20/Apr/2010:00:48:41 -0700] "GET /robots.txt HTTP/1.1" 302 357 "-" "Mozilla/5.0 (Twiceler-0.9 http://www.cuil.com/twiceler/robot.html)"
207.46.204.235 - - [20/Apr/2010:02:32:52 -0700] "GET /robots.txt HTTP/1.1" 302 353 "-" "msnbot/2.0b (+http://search.msn.com/msnbot.htm)"
207.46.204.235 - - [20/Apr/2010:02:32:52 -0700] "GET / HTTP/1.1" 200 151 "-" "msnbot/2.0b (+http://search.msn.com/msnbot.htm)"
123.125.66.19 - - [20/Apr/2010:04:39:08 -0700] "GET /robots.txt HTTP/1.1" 302 353 "-" "Baiduspider+(+http://www.baidu.com/search/spider.htm)"
123.125.66.51 - - [20/Apr/2010:04:39:11 -0700] "GET / HTTP/1.1" 200 151 "-" "Baiduspider+(+http://www.baidu.com/search/spider.htm)"
64.56.65.219 - - [20/Apr/2010:12:02:17 -0700] "GET /robots.txt HTTP/1.0" 302 353 "http://evilfuckers.org/robots.txt" "Mozilla/4.0 (compatible; MSIE 8.0; Windows NT 5.1; SV1; .NET CLR 2.0.50727)"
64.56.65.219 - - [20/Apr/2010:12:02:17 -0700] "GET / HTTP/1.0" 200 151 "http://evilfuckers.org/" "Mozilla/4.0 (compatible; MSIE 8.0; Windows NT 5.1; SV1; .NET CLR 2.0.50727)"
216.129.119.12 - - [20/Apr/2010:12:18:43 -0700] "GET /robots.txt HTTP/1.1" 302 353 "-" "Mozilla/5.0 (Twiceler-0.9 http://www.cuil.com/twiceler/robot.html)"
65.55.207.93 - - [20/Apr/2010:12:27:01 -0700] "GET /robots.txt HTTP/1.1" 302 353 "-" "msnbot/2.0b (+http://search.msn.com/msnbot.htm)"
65.55.207.93 - - [20/Apr/2010:12:27:01 -0700] "GET / HTTP/1.1" 200 151 "-" "msnbot/2.0b (+http://search.msn.com/msnbot.htm)"
66.249.71.205 - - [20/Apr/2010:13:45:52 -0700] "GET /robots.txt HTTP/1.1" 302 353 "-" "Mozilla/5.0 (compatible; Googlebot/2.1; +http://www.google.com/bot.html)"
66.249.71.205 - - [20/Apr/2010:13:45:52 -0700] "GET / HTTP/1.1" 200 151 "-" "Mozilla/5.0 (compatible; Googlebot/2.1; +http://www.google.com/bot.html)"
66.249.71.205 - - [20/Apr/2010:13:45:53 -0700] "GET / HTTP/1.1" 200 151 "-" "Mozilla/5.0 (compatible; Googlebot/2.1; +http://www.google.com/bot.html)"
207.46.195.225 - - [20/Apr/2010:14:17:47 -0700] "GET /robots.txt HTTP/1.1" 302 353 "-" "msnbot/2.0b (+http://search.msn.com/msnbot.htm)"
