207.46.195.225 - - [20/Apr/2010:14:17:47 -0700] "GET / HTTP/1.1" 200 151 "-" "msnbot/2.0b (+http://search.msn.com/msnbot.htm)"
207.46.195.225 - - [20/Apr/2010:14:34:34 -0700] "GET /index.php/photos/album/1.html HTTP/1.1" 200 151 "-" "msnbot/2.0b (+http://search.msn.com/msnbot.htm)"
208.80.193.32 - - [20/Apr/2010:18:41:05 -0700] "GET / HTTP/1.0" 200 151 "-" "Mozilla/4.0 (compatible; MSIE 6.0; Windows NT 5.1; {080957D8-AB99-D40B-8467-1B6B9F549C44})"
69.46.28.206 - - [20/Apr/2010:21:48:59 -0700] "GET /orb.jpg HTTP/1.0" 302 357 "-" "-"
69.46.28.206 - - [20/Apr/2010:21:49:00 -0700] "GET / HTTP/1.0" 200 151 "-" "-"
207.46.199.191 - - [20/Apr/2010:21:56:56 -0700] "GET /robots.txt HTTP/1.1" 302 353 "-" "msnbot/2.0b (+http://search.msn.com/msnbot.htm)"
207.46.199.191 - - [20/Apr/2010:21:56:56 -0700] "GET / HTTP/1.1" 200 151 "-" "msnbot/2.0b (+http://search.msn.com/msnbot.htm)"
208.80.193.29 - - [20/Apr/2010:23:19:53 -0700] "GET / HTTP/1.0" 200 151 "-" "Mozilla/4.0 (compatible; MSIE 7.0; Windows NT 5.1; FunWebProducts; Comcast Install 1.0; .NET CLR 1.1.4322; .NET CLR 2.0.50727; .NET CLR 3.0.04506.30)"
123.125.66.52 - - [21/Apr/2010:05:02:27 -0700] "GET /robots.txt HTTP/1.1" 302 353 "-" "Baiduspider+(+http://www.baidu.com/search/spider.htm)"
123.125.66.42 - - [21/Apr/2010:05:02:28 -0700] "GET / HTTP/1.1" 200 151 "-" "Baiduspider+(+http://www.baidu.com/search/spider.htm)"
65.55.106.113 - - [21/Apr/2010:05:25:56 -0700] "GET /robots.txt HTTP/1.1" 302 353 "-" "msnbot/2.0b (+http://search.msn.com/msnbot.htm)"
65.55.106.113 - - [21/Apr/2010:05:25:56 -0700] "GET / HTTP/1.1" 200 151 "-" "msnbot/2.0b (+http://search.msn.com/msnbot.htm)"
64.56.66.211 - - [21/Apr/2010:12:24:02 -0700] "GET /robots.txt HTTP/1.0" 302 353 "http://evilfuckers.org/robots.txt" "Mozilla/4.0 (compatible; MSIE 8.0; Windows NT 5.1; SV1; .NET CLR 2.0.50727)"
64.56.66.211 - - [21/Apr/2010:12:24:03 -0700] "GET / HTTP/1.0" 200 151 "http://evilfuckers.org/" "Mozilla/4.0 (compatible; MSIE 8.0; Windows NT 5.1; SV1; .NET CLR 2.0.50727)"
65.55.106.207 - - [21/Apr/2010:13:27:00 -0700] "GET /robots.txt HTTP/1.1" 302 353 "-" "msnbot/2.0b (+http://search.msn.com/msnbot.htm)"
65.55.106.207 - - [21/Apr/2010:13:27:00 -0700] "GET / HTTP/1.1" 200 151 "-" "msnbot/2.0b (+http://search.msn.com/msnbot.htm)"
80.130.43.36 - - [21/Apr/2010:17:50:48 -0700] "GET / HTTP/1.1" 200 151 "http://www.askpeter.info/gosearch.php?q=site:evilfuckers.org" "Mozilla/5.0 (compatible; askpeter_bot/5.1; +http://www.askpeter.info)"
65.55.107.181 - - [21/Apr/2010:23:28:36 -0700] "GET /robots.txt HTTP/1.1" 302 353 "-" "msnbot/2.0b (+http://search.msn.com/msnbot.htm)"
65.55.107.181 - - [21/Apr/2010:23:28:36 -0700] "GET / HTTP/1.1" 200 151 "-" "msnbot/2.0b (+http://search.msn.com/msnbot.htm)"
207.46.195.223 - - [22/Apr/2010:01:40:11 -0700] "GET /robots.txt HTTP/1.1" 302 353 "-" "msnbot/2.0b (+http://search.msn.com/msnbot.htm)"
207.46.195.223 - - [22/Apr/2010:01:40:11 -0700] "GET / HTTP/1.1" 200 151 "-" "msnbot/2.0b (+http://search.msn.com/msnbot.htm)"
207.46.195.223 - - [22/Apr/2010:01:41:31 -0700] "GET / HTTP/1.1" 200 151 "-" "msnbot/2.0b (+http://search.msn.com/msnbot.htm)"
208.80.193.34 - - [22/Apr/2010:02:48:28 -0700] "GET / HTTP/1.0" 200 151 "-" "Mozilla/4.0 (compatible; MSIE 7.0; Windows NT 5.1; CMS Music Store2 v1.00.12 (Music Store,1033); .NET CLR 1.1.4322)"
95.108.150.235 - - [22/Apr/2010:04:48:01 -0700] "GET /robots.txt HTTP/1.1" 302 353 "-" "Yandex/1.01.001 (compatible; Win16; H)"
95.108.150.235 - - [22/Apr/2010:04:48:01 -0700] "GET /robots.txt HTTP/1.1" 302 357 "-" "Yandex/1.01.001 (compatible; Win16; H)"
95.108.150.235 - - [22/Apr/2010:04:48:03 -0700] "GET / HTTP/1.1" 200 151 "-" "Yandex/1.01.001 (compatible; Win16; H)"
95.108.150.235 - - [22/Apr/2010:04:48:03 -0700] "GET / HTTP/1.1" 200 151 "-" "Yandex/1.01.001 (compatible; Win16; H)"
95.108.150.235 - - [22/Apr/2010:04:48:05 -0700] "GET / HTTP/1.1" 200 151 "-" "Yandex/1.01.001 (compatible; Win16; H)"
95.108.150.235 - - [22/Apr/2010:04:48:06 -0700] "GET / HTTP/1.1" 200 151 "-" "Yandex/1.01.001 (compatible; Win16; H)"
123.125.66.28 - - [22/Apr/2010:04:54:22 -0700] "GET /robots.txt HTTP/1.1" 302 353 "-" "Baiduspider+(+http://www.baidu.com/search/spider.htm)"
123.125.66.36 - - [22/Apr/2010:04:54:22 -0700] "GET / HTTP/1.1" 200 151 "-" "Baiduspider+(+http://www.baidu.com/search/spider.htm)"
219.143.225.3 - - [22/Apr/2010:07:04:54 -0700] "HEAD / HTTP/1.0" 200 - "-" "Mozilla/4.0(compatible;MSIE 5.00;Windows 98)"
208.80.193.39 - - [22/Apr/2010:07:32:38 -0700] "GET / HTTP/1.0" 200 151 "-" "Mozilla/4.0 (compatible; MSIE 6.0; Windows NT 5.1; SV1; CoxIE55; .NET CLR 1.1.4322; .NET CLR 2.0.50727; InfoPath.1)"
123.150.187.133 - - [22/Apr/2010:07:33:41 -0700] "GET / HTTP/1.1" 200 151 "-" "Mozilla/4.0 (compatible; MSIE 6.0; Windows NT 5.1; SV1; QQDownload 1.7; TencentTraveler 4.0; CIBA; InfoPath.2; .NET CLR 2.0.50727"
98.26.101.43 - - [22/Apr/2010:07:49:19 -0700] "GET / HTTP/1.1" 200 151 "-" "Mozilla/5.0 (X11; U; Linux x86_64; en-US; rv:1.9.1.9) Gecko/20100402 Ubuntu/9.10 (karmic) Firefox/3.5.9"
98.26.101.43 - - [22/Apr/2010:07:49:20 -0700] "GET /favicon.ico HTTP/1.1" 200 574 "-" "Mozilla/5.0 (X11; U; Linux x86_64; en-US; rv:1.9.1.9) Gecko/20100402 Ubuntu/9.10 (karmic) Firefox/3.5.9"
66.249.65.246 - - [22/Apr/2010:13:06:08 -0700] "GET /robots.txt HTTP/1.1" 302 353 "-" "SAMSUNG-SGH-E250/1.0 Profile/MIDP-2.0 Configuration/CLDC-1.1 UP.Browser/6.2.3.3.c.1.101 (GUI) MMP/2.0 (compatible; Googlebot-Mobile/2.1; +http://www.google.com/bot.html)"
66.249.65.246 - - [22/Apr/2010:13:06:08 -0700] "GET / HTTP/1.1" 200 151 "-" "SAMSUNG-SGH-E250/1.0 Profile/MIDP-2.0 Configuration/CLDC-1.1 UP.Browser/6.2.3.3.c.1.101 (GUI) MMP/2.0 (compatible; Googlebot-Mobile/2.1; +http://www.google.com/bot.html)"
66.249.65.246 - - [22/Apr/2010:13:06:09 -0700] "GET / HTTP/1.1" 200 151 "-" "SAMSUNG-SGH-E250/1.0 Profile/MIDP-2.0 Configuration/CLDC-1.1 UP.Browser/6.2.3.3.c.1.101 (GUI) MMP/2.0 (compatible; Googlebot-Mobile/2.1; +http://www.google.com/bot.html)"
159.226.43.99 - - [22/Apr/2010:13:32:51 -0700] "HEAD / HTTP/1.1" 200 - "-" "Mozilla/4.0 (compatible; MSIE 5.5; Windows NT 5.0)"
216.129.119.12 - - [22/Apr/2010:14:16:33 -0700] "GET /robots.txt HTTP/1.1" 302 353 "-" "Mozilla/5.0 (Twiceler-0.9 http://www.cuil.com/twiceler/robot.html)"
216.129.119.12 - - [22/Apr/2010:23:17:08 -0700] "GET /robots.txt HTTP/1.1" 302 357 "-" "Mozilla/5.0 (Twiceler-0.9 http://www.cuil.com/twiceler/robot.html)"
207.210.118.165 - - [23/Apr/2010:00:24:33 -0700] "GET / HTTP/1.0" 200 151 "-" "User-Agent: Mozilla/5.0 (Windows; U; Windows NT 5.1; en-US; rv:1.8.1.4) Gecko/20070515 Firefox/2.0.0.4"
207.46.195.235 - - [23/Apr/2010:00:26:54 -0700] "GET /robots.txt HTTP/1.1" 302 353 "-" "msnbot/2.0b (+http://search.msn.com/msnbot.htm)"
207.46.195.235 - - [23/Apr/2010:00:26:55 -0700] "GET / HTTP/1.1" 200 151 "-" "msnbot/2.0b (+http://search.msn.com/msnbot.htm)"
207.46.195.235 - - [23/Apr/2010:00:27:55 -0700] "GET / HTTP/1.1" 200 151 "-" "msnbot/2.0b (+http://search.msn.com/msnbot.htm)"
123.125.66.16 - - [23/Apr/2010:04:57:08 -0700] "GET /robots.txt HTTP/1.1" 302 353 "-" "Baiduspider+(+http://www.baidu.com/search/spider.htm)"
123.125.66.51 - - [23/Apr/2010:04:57:08 -0700] "GET / HTTP/1.1" 200 151 "-" "Baiduspider+(+http://www.baidu.com/search/spider.htm)"
173.212.245.98 - - [23/Apr/2010:05:44:54 -0700] "GET /robots.txt HTTP/1.1" 302 353 "-" "Mozilla/5.0 (compatible; Googlebot/2.1; +http://www.google.com/bot.html)"
173.212.245.98 - - [23/Apr/2010:05:44:54 -0700] "GET / HTTP/1.1" 200 151 "-" "Mozilla/5.0 (compatible; Googlebot/2.1; +http://www.google.com/bot.html)"
216.129.119.12 - - [23/Apr/2010:09:43:21 -0700] "GET /robots.txt HTTP/1.1" 302 353 "-" "Mozilla/5.0 (Twiceler-0.9 http://www.cuil.com/twiceler/robot.html)"
208.80.193.29 - - [23/Apr/2010:10:21:15 -0700] "GET / HTTP/1.0" 200 151 "-" "Mozilla/4.0 (compatible; MSIE 7.0; Windows NT 5.1; .NET CLR 1.0.3705; .NET CLR 1.1.4322; Media Center PC 4.0; ZangoToolbar 4.8.2; IEMB3; IEMB3)"
204.236.241.141 - - [23/Apr/2010:11:13:27 -0700] "GET /robots.txt HTTP/1.1" 302 353 "-" "Mozilla/5.0 (compatible; spbot/2.0.2; +http://www.seoprofiler.com/bot/ )"
204.236.241.141 - - [23/Apr/2010:11:13:28 -0700] "GET / HTTP/1.1" 200 151 "-" "Mozilla/5.0 (compatible; spbot/2.0.2; +http://www.seoprofiler.com/bot/ )"
204.236.241.141 - - [23/Apr/2010:11:13:29 -0700] "GET / HTTP/1.1" 200 151 "-" "Mozilla/5.0 (compatible; spbot/2.0.2; +http://www.seoprofiler.com/bot/ )"
208.80.193.29 - - [23/Apr/2010:15:26:03 -0700] "GET / HTTP/1.0" 200 151 "-" "Mozilla/4.0 (compatible; MSIE 6.0; Windows NT 5.1; SV1; SIMBAR Enabled; SIMBAR={19F46198-7DAA-4d89-AF9A-DC5721AAC355}; SIMBAR=0; FunWebProducts; .NET CLR 1.1.4322; InfoPath.1)"
66.249.71.54 - - [23/Apr/2010:22:14:23 -0700] "GET /robots.txt HTTP/1.1" 302 353 "-" "Mozilla/5.0 (compatible; Googlebot/2.1; +http://www.google.com/bot.html)"
66.249.71.54 - - [23/Apr/2010:22:14:23 -0700] "GET / HTTP/1.1" 200 151 "-" "Mozilla/5.0 (compatible; Googlebot/2.1; +http://www.google.com/bot.html)"
66.249.71.54 - - [23/Apr/2010:22:14:24 -0700] "GET / HTTP/1.1" 200 151 "-" "Mozilla/5.0 (compatible; Googlebot/2.1; +http://www.google.com/bot.html)"
216.129.119.12 - - [23/Apr/2010:23:03:31 -0700] "GET /robots.txt HTTP/1.1" 302 357 "-" "Mozilla/5.0 (Twiceler-0.9 http://www.cuil.com/twiceler/robot.html)"
123.125.66.34 - - [24/Apr/2010:02:29:34 -0700] "GET /robots.txt HTTP/1.1" 302 353 "-" "Baiduspider+(+http://www.baidu.com/search/spider.htm)"
123.125.66.43 - - [24/Apr/2010:02:29:35 -0700] "GET / HTTP/1.1" 200 151 "-" "Baiduspider+(+http://www.baidu.com/search/spider.htm)"
98.118.208.230 - - [24/Apr/2010:02:44:29 -0700] "GET / HTTP/1.0" 200 151 "-" "Mnogosearch-3.1.21"
95.108.150.235 - - [24/Apr/2010:04:33:21 -0700] "GET /robots.txt HTTP/1.1" 302 353 "-" "Yandex/1.01.001 (compatible; Win16; H)"
95.108.150.235 - - [24/Apr/2010:04:33:22 -0700] "GET /robots.txt HTTP/1.1" 302 357 "-" "Yandex/1.01.001 (compatible; Win16; H)"
95.108.150.235 - - [24/Apr/2010:04:33:23 -0700] "GET / HTTP/1.1" 200 151 "-" "Yandex/1.01.001 (compatible; Win16; H)"
95.108.150.235 - - [24/Apr/2010:04:33:24 -0700] "GET / HTTP/1.1" 200 151 "-" "Yandex/1.01.001 (compatible; Win16; H)"
95.108.150.235 - - [24/Apr/2010:04:33:25 -0700] "GET / HTTP/1.1" 200 151 "-" "Yandex/1.01.001 (compatible; Win16; H)"
95.108.150.235 - - [24/Apr/2010:04:33:29 -0700] "GET / HTTP/1.1" 200 151 "-" "Yandex/1.01.001 (compatible; Win16; H)"
95.27.228.232 - - [24/Apr/2010:05:04:30 -0700] "GET / HTTP/1.1" 200 151 "-" "Mozilla/4.0 (compatible; MSIE 7.0; Windows NT 5.1; GTB6.4; .NET CLR 1.1.4322; .NET CLR 2.0.50727)"
95.27.228.232 - - [24/Apr/2010:05:04:31 -0700] "GET /favicon.ico HTTP/1.1" 200 574 "-" "Mozilla/4.0 (compatible; MSIE 7.0; Windows NT 5.1; GTB6.4; .NET CLR 1.1.4322; .NET CLR 2.0.50727)"
207.46.199.39 - - [24/Apr/2010:05:21:20 -0700] "GET /robots.txt HTTP/1.1" 302 353 "-" "msnbot/2.0b (+http://search.msn.com/msnbot.htm)"
207.46.199.39 - - [24/Apr/2010:05:21:20 -0700] "GET / HTTP/1.1" 200 151 "-" "msnbot/2.0b (+http://search.msn.com/msnbot.htm)"
207.46.199.39 - - [24/Apr/2010:05:21:58 -0700] "GET /?C=S;O=A HTTP/1.1" 200 151 "-" "msnbot/2.0b (+http://search.msn.com/msnbot.htm)"
195.128.18.19 - - [24/Apr/2010:05:53:52 -0700] "GET /robots.txt HTTP/1.0" 302 357 "-" "Mozilla/5.0 (compatible; aiHitBot/1.0; +http://www.aihit.com/)"
195.128.18.19 - - [24/Apr/2010:05:54:06 -0700] "GET / HTTP/1.0" 200 151 "-" "Mozilla/5.0 (compatible; aiHitBot/1.0; +http://www.aihit.com/)"
195.128.18.19 - - [24/Apr/2010:05:54:11 -0700] "GET / HTTP/1.0" 200 151 "-" "Mozilla/5.0 (compatible; aiHitBot/1.0; +http://www.aihit.com/)"
195.128.18.19 - - [24/Apr/2010:05:54:14 -0700] "GET /sitemap/ HTTP/1.0" 302 357 "-" "Mozilla/5.0 (compatible; aiHitBot/1.0; +http://www.aihit.com/)"
195.128.18.19 - - [24/Apr/2010:05:54:21 -0700] "GET /robots.txt HTTP/1.0" 302 353 "-" "Mozilla/5.0 (compatible; aiHitBot/1.0; +http://www.aihit.com/)"
195.128.18.19 - - [24/Apr/2010:05:54:25 -0700] "GET /sitemap.xml HTTP/1.0" 302 357 "-" "Mozilla/5.0 (compatible; aiHitBot/1.0; +http://www.aihit.com/)"
195.128.18.19 - - [24/Apr/2010:05:54:34 -0700] "GET /sitemap.xml.gz HTTP/1.0" 302 357 "-" "Mozilla/5.0 (compatible; aiHitBot/1.0; +http://www.aihit.com/)"
195.128.18.19 - - [24/Apr/2010:05:54:36 -0700] "GET /google_sitemap.xml HTTP/1.0" 302 357 "-" "Mozilla/5.0 (compatible; aiHitBot/1.0; +http://www.aihit.com/)"
195.128.18.19 - - [24/Apr/2010:05:54:39 -0700] "GET /google_sitemap.xml.gz HTTP/1.0" 302 357 "-" "Mozilla/5.0 (compatible; aiHitBot/1.0; +http://www.aihit.com/)"
207.46.204.230 - - [24/Apr/2010:07:54:40 -0700] "GET /robots.txt HTTP/1.1" 302 353 "-" "msnbot/2.0b (+http://search.msn.com/msnbot.htm)"
207.46.204.230 - - [24/Apr/2010:07:54:40 -0700] "GET / HTTP/1.1" 200 151 "-" "msnbot/2.0b (+http://search.msn.com/msnbot.htm)"
207.46.204.230 - - [24/Apr/2010:07:55:30 -0700] "GET /index.php/photos/album/1/photo/2.html HTTP/1.1" 200 151 "-" "msnbot/2.0b (+http://search.msn.com/msnbot.htm)"
216.129.119.12 - - [24/Apr/2010:10:19:16 -0700] "GET /robots.txt HTTP/1.1" 302 353 "-" "Mozilla/5.0 (Twiceler-0.9 http://www.cuil.com/twiceler/robot.html)"
66.249.71.54 - - [24/Apr/2010:12:27:14 -0700] "GET /index.php/photos/album/1.html HTTP/1.1" 200 151 "-" "Mozilla/5.0 (compatible; Googlebot/2.1; +http://www.google.com/bot.html)"
66.249.71.54 - - [24/Apr/2010:15:17:23 -0700] "GET /index.php/photos/album/1/photo/2.html HTTP/1.1" 200 151 "-" "Mozilla/5.0 (compatible; Googlebot/2.1; +http://www.google.com/bot.html)"
208.80.193.28 - - [24/Apr/2010:18:31:05 -0700] "GET / HTTP/1.0" 200 151 "-" "Mozilla/4.0 (compatible; MSIE 7.0; Windows NT 5.1; elertz 2.4.022; .NET CLR 1.1.4322)"
70.36.103.59 - - [24/Apr/2010:18:53:32 -0700] "GET /robots.txt HTTP/1.0" 302 353 "http://evilfuckers.org/robots.txt" "Mozilla/4.0 (compatible; MSIE 8.0; Windows NT 5.1; SV1; .NET CLR 2.0.50727)"
70.36.103.59 - - [24/Apr/2010:18:53:32 -0700] "GET / HTTP/1.0" 200 151 "http://evilfuckers.org/" "Mozilla/4.0 (compatible; MSIE 8.0; Windows NT 5.1; SV1; .NET CLR 2.0.50727)"
93.158.148.31 - - [24/Apr/2010:20:48:57 -0700] "GET /robots.txt HTTP/1.1" 302 357 "-" "Yandex/1.01.001 (compatible; Win16; I)"
208.80.193.34 - - [24/Apr/2010:23:06:32 -0700] "GET / HTTP/1.0" 200 151 "-" "Mozilla/4.0 (compatible; MSIE 6.0; Windows NT 5.1; SV1; SU 2.011; .NET CLR 1.1.4322)"
123.125.66.46 - - [25/Apr/2010:03:00:56 -0700] "GET /robots.txt HTTP/1.1" 302 353 "-" "Baiduspider+(+http://www.baidu.com/search/spider.htm)"
123.125.66.32 - - [25/Apr/2010:03:00:57 -0700] "GET / HTTP/1.1" 200 151 "-" "Baiduspider+(+http://www.baidu.com/search/spider.htm)"
93.158.148.31 - - [25/Apr/2010:06:52:19 -0700] "GET / HTTP/1.1" 200 151 "-" "Yandex/1.01.001 (compatible; Win16; I)"
122.161.35.49 - - [25/Apr/2010:11:25:09 -0700] "GET / HTTP/1.1" 200 151 "http://www.google.com/search?sourceid=navclient&ie=UTF-8&rls=HPAB,HPAB:2010-14,HPAB:en&q=evilfuckers" "Mozilla/4.0 (compatible; MSIE 7.0; Windows NT 5.1; .NET CLR 1.0.3705; .NET CLR 1.1.4322; Media Center PC 4.0; InfoPath.2; .NET CLR 2.0.50727; .NET CLR 3.0.04506.30; .NET CLR 3.0.4506.2152; .NET CLR 3.5.30729)"
122.161.35.49 - - [25/Apr/2010:11:25:12 -0700] "GET /favicon.ico HTTP/1.1" 200 574 "-" "Mozilla/4.0 (compatible; MSIE 7.0; Windows NT 5.1; .NET CLR 1.0.3705; .NET CLR 1.1.4322; Media Center PC 4.0; InfoPath.2; .NET CLR 2.0.50727; .NET CLR 3.0.04506.30; .NET CLR 3.0.4506.2152; .NET CLR 3.5.30729)"
122.161.35.49 - - [25/Apr/2010:11:25:28 -0700] "GET / HTTP/1.1" 200 151 "http://www.google.com/search?sourceid=navclient&ie=UTF-8&rls=HPAB,HPAB:2010-14,HPAB:en&q=evilfuckers" "Mozilla/4.0 (compatible; MSIE 7.0; Windows NT 5.1; .NET CLR 1.0.3705; .NET CLR 1.1.4322; Media Center PC 4.0; InfoPath.2; .NET CLR 2.0.50727; .NET CLR 3.0.04506.30; .NET CLR 3.0.4506.2152; .NET CLR 3.5.30729)"
38.111.147.84 - - [25/Apr/2010:12:07:17 -0700] "GET /robots.txt HTTP/1.0" 302 353 "-" "TurnitinBot/2.1 (http://www.turnitin.com/robot/crawlerinfo.html)"
38.111.147.84 - - [25/Apr/2010:12:08:07 -0700] "GET / HTTP/1.0" 200 151 "-" "TurnitinBot/2.1 (http://www.turnitin.com/robot/crawlerinfo.html)"
38.111.147.84 - - [25/Apr/2010:12:08:43 -0700] "GET /index.php/photos/album/1/photo/3.html HTTP/1.0" 200 151 "-" "TurnitinBot/2.1 (http://www.turnitin.com/robot/crawlerinfo.html)"
38.111.147.84 - - [25/Apr/2010:12:09:18 -0700] "GET /index.php/photos/album/1/photo/5.html HTTP/1.0" 200 151 "-" "TurnitinBot/2.1 (http://www.turnitin.com/robot/crawlerinfo.html)"
38.111.147.84 - - [25/Apr/2010:12:09:57 -0700] "GET /index.php/photos/album/1/photo/4.html HTTP/1.0" 200 151 "-" "TurnitinBot/2.1 (http://www.turnitin.com/robot/crawlerinfo.html)"
38.111.147.84 - - [25/Apr/2010:12:10:30 -0700] "GET /index.php/photos/album/1/photo/2.html HTTP/1.0" 200 151 "-" "TurnitinBot/2.1 (http://www.turnitin.com/robot/crawlerinfo.html)"
38.111.147.84 - - [25/Apr/2010:12:11:01 -0700] "GET /index.php/photos/album/1/photo/1.html HTTP/1.0" 200 151 "-" "TurnitinBot/2.1 (http://www.turnitin.com/robot/crawlerinfo.html)"
216.129.119.12 - - [25/Apr/2010:13:07:11 -0700] "GET /robots.txt HTTP/1.1" 302 353 "-" "Mozilla/5.0 (Twiceler-0.9 http://www.cuil.com/twiceler/robot.html)"
193.47.80.50 - - [25/Apr/2010:13:44:44 -0700] "GET /robots.txt HTTP/1.1" 302 353 "-" "Mozilla/5.0 (compatible; Exabot/3.0; +http://www.exabot.com/go/robot)"
193.47.80.50 - - [25/Apr/2010:13:44:45 -0700] "GET / HTTP/1.1" 200 151 "-" "Mozilla/5.0 (compatible; Exabot/3.0; +http://www.exabot.com/go/robot)"
193.47.80.50 - - [25/Apr/2010:13:44:45 -0700] "GET / HTTP/1.1" 200 151 "-" "Mozilla/5.0 (compatible; Exabot/3.0; +http://www.exabot.com/go/robot)"
216.129.119.12 - - [25/Apr/2010:23:25:50 -0700] "GET /robots.txt HTTP/1.1" 302 357 "-" "Mozilla/5.0 (Twiceler-0.9 http://www.cuil.com/twiceler/robot.html)"
95.108.150.235 - - [26/Apr/2010:00:20:02 -0700] "GET /robots.txt HTTP/1.1" 302 357 "-" "Yandex/1.01.001 (compatible; Win16; H)"
95.108.150.235 - - [26/Apr/2010:00:20:03 -0700] "GET /robots.txt HTTP/1.1" 302 353 "-" "Yandex/1.01.001 (compatible; Win16; H)"
95.108.150.235 - - [26/Apr/2010:00:20:04 -0700] "GET / HTTP/1.1" 200 151 "-" "Yandex/1.01.001 (compatible; Win16; H)"
95.108.150.235 - - [26/Apr/2010:00:20:05 -0700] "GET / HTTP/1.1" 200 151 "-" "Yandex/1.01.001 (compatible; Win16; H)"
95.108.150.235 - - [26/Apr/2010:00:20:06 -0700] "GET / HTTP/1.1" 200 151 "-" "Yandex/1.01.001 (compatible; Win16; H)"
95.108.150.235 - - [26/Apr/2010:00:20:07 -0700] "GET / HTTP/1.1" 200 151 "-" "Yandex/1.01.001 (compatible; Win16; H)"
207.46.199.189 - - [26/Apr/2010:00:38:47 -0700] "GET /robots.txt HTTP/1.1" 302 353 "-" "msnbot/2.0b (+http://search.msn.com/msnbot.htm)"
207.46.199.189 - - [26/Apr/2010:00:38:48 -0700] "GET / HTTP/1.1" 200 151 "-" "msnbot/2.0b (+http://search.msn.com/msnbot.htm)"
208.80.193.39 - - [26/Apr/2010:01:49:29 -0700] "GET / HTTP/1.0" 200 151 "-" "Mozilla/4.0 (compatible; MSIE 6.0; Windows NT 5.1; SV1; .NET CLR 1.1.4322; InfoPath.1; MEGAUPLOAD 1.0)"
123.125.66.29 - - [26/Apr/2010:03:26:15 -0700] "GET /robots.txt HTTP/1.1" 302 353 "-" "Baiduspider+(+http://www.baidu.com/search/spider.htm)"
123.125.66.29 - - [26/Apr/2010:03:26:17 -0700] "GET / HTTP/1.1" 200 151 "-" "Baiduspider+(+http://www.baidu.com/search/spider.htm)"
219.143.225.3 - - [26/Apr/2010:04:24:47 -0700] "GET / HTTP/1.0" 200 151 "-" "Mozilla/4.0(compatible;MSIE 5.00;Windows 98)"
69.64.155.29 - - [26/Apr/2010:05:33:02 -0700] "GET / HTTP/1.1" 200 151 "-" "libwww-perl/5.834"
208.80.193.28 - - [26/Apr/2010:06:26:56 -0700] "GET / HTTP/1.0" 200 151 "-" "Mozilla/4.0 (compatible; MSIE 7.0; Windows NT 6.0; Mailinfo [867753]; SLCC1; .NET CLR 2.0.50727; Media Center PC 5.0; .NET CLR 3.0.04506; .NET CLR 1.1.4322)"
216.129.119.12 - - [26/Apr/2010:10:21:14 -0700] "GET /robots.txt HTTP/1.1" 302 353 "-" "Mozilla/5.0 (Twiceler-0.9 http://www.cuil.com/twiceler/robot.html)"
207.46.195.225 - - [26/Apr/2010:10:30:34 -0700] "GET /robots.txt HTTP/1.1" 302 353 "-" "msnbot/2.0b (+http://search.msn.com/msnbot.htm)"
207.46.195.225 - - [26/Apr/2010:10:30:34 -0700] "GET / HTTP/1.1" 200 151 "-" "msnbot/2.0b (+http://search.msn.com/msnbot.htm)"
207.46.195.225 - - [26/Apr/2010:10:31:30 -0700] "GET / HTTP/1.1" 200 151 "-" "msnbot/2.0b (+http://search.msn.com/msnbot.htm)"
65.55.106.135 - - [26/Apr/2010:16:53:56 -0700] "GET /robots.txt HTTP/1.1" 302 353 "-" "msnbot/2.0b (+http://search.msn.com/msnbot.htm)"
65.55.106.135 - - [26/Apr/2010:16:53:56 -0700] "GET / HTTP/1.1" 200 151 "-" "msnbot/2.0b (+http://search.msn.com/msnbot.htm)"
65.55.106.136 - - [26/Apr/2010:23:06:45 -0700] "GET /robots.txt HTTP/1.1" 302 353 "-" "msnbot/2.0b (+http://search.msn.com/msnbot.htm)"
65.55.106.136 - - [26/Apr/2010:23:06:45 -0700] "GET / HTTP/1.1" 200 151 "-" "msnbot/2.0b (+http://search.msn.com/msnbot.htm)"
216.129.119.12 - - [27/Apr/2010:00:00:55 -0700] "GET /robots.txt HTTP/1.1" 302 357 "-" "Mozilla/5.0 (Twiceler-0.9 http://www.cuil.com/twiceler/robot.html)"
76.226.128.157 - - [27/Apr/2010:02:21:52 -0700] "GET / HTTP/1.1" 200 151 "-" "Mozilla/4.0 (compatible; MSIE 6.0; Windows NT 5.1; SV1; InfoPath.2)"
64.246.165.50 - - [27/Apr/2010:02:32:19 -0700] "GET /robots.txt HTTP/1.0" 302 357 "-" "Mozilla/5.0 (Windows; U; Windows NT 5.1; en; rv:1.9.0.13) Gecko/2009073022 Firefox/3.5.2 (.NET CLR 3.5.30729) SurveyBot/2.3 (DomainTools)"
64.246.165.50 - - [27/Apr/2010:02:32:19 -0700] "GET / HTTP/1.1" 200 151 "http://whois.domaintools.com/evilfuckers.org" "Mozilla/5.0 (Windows; U; Windows NT 5.1; en; rv:1.9.0.13) Gecko/2009073022 Firefox/3.5.2 (.NET CLR 3.5.30729) SurveyBot/2.3 (DomainTools)"
123.125.66.116 - - [27/Apr/2010:03:27:44 -0700] "GET /robots.txt HTTP/1.1" 302 353 "-" "Baiduspider+(+http://www.baidu.com/search/spider.htm)"
123.125.66.113 - - [27/Apr/2010:03:27:45 -0700] "GET / HTTP/1.1" 200 151 "-" "Baiduspider+(+http://www.baidu.com/search/spider.htm)"
69.46.28.206 - - [27/Apr/2010:07:52:06 -0700] "GET /orb.jpg HTTP/1.0" 302 357 "-" "-"
69.46.28.206 - - [27/Apr/2010:07:52:07 -0700] "GET / HTTP/1.0" 200 151 "-" "-"
208.80.193.29 - - [27/Apr/2010:09:05:03 -0700] "GET / HTTP/1.0" 200 151 "-" "Mozilla/4.0 (compatible; MSIE 7.0; Windows NT 5.1; Hotbar4.5.2.0; .NET CLR 1.1.4322; .NET CLR 2.0.50727)"
216.129.119.12 - - [27/Apr/2010:10:40:03 -0700] "GET /robots.txt HTTP/1.1" 302 353 "-" "Mozilla/5.0 (Twiceler-0.9 http://www.cuil.com/twiceler/robot.html)"
208.80.193.39 - - [27/Apr/2010:13:47:47 -0700] "GET / HTTP/1.0" 200 151 "-" "Mozilla/4.0 (compatible; MSIE 7.0; Windows NT 5.1; {814126B0-2773-F9C6-FE73-EFC01A455C27}; .NET CLR 1.1.4322)"
207.46.195.226 - - [27/Apr/2010:16:56:25 -0700] "GET /robots.txt HTTP/1.1" 302 353 "-" "msnbot/2.0b (+http://search.msn.com/msnbot.htm)"
207.46.195.226 - - [27/Apr/2010:16:56:25 -0700] "GET / HTTP/1.1" 200 151 "-" "msnbot/2.0b (+http://search.msn.com/msnbot.htm)"
207.46.195.226 - - [27/Apr/2010:16:57:26 -0700] "GET /index.php/photos/album/1/photo/4.html HTTP/1.1" 200 151 "-" "msnbot/2.0b (+http://search.msn.com/msnbot.htm)"
69.46.28.206 - - [27/Apr/2010:21:50:57 -0700] "GET /orb.jpg HTTP/1.0" 302 357 "-" "-"
69.46.28.206 - - [27/Apr/2010:21:50:57 -0700] "GET / HTTP/1.0" 200 151 "-" "-"
123.150.187.133 - - [27/Apr/2010:22:43:46 -0700] "GET / HTTP/1.1" 200 151 "-" "Mozilla/4.0 (compatible; MSIE 6.0; Windows NT 5.1; SV1; QQDownload 1.7; TencentTraveler 4.0; CIBA; InfoPath.2; .NET CLR 2.0.50727"
216.129.119.12 - - [27/Apr/2010:23:16:01 -0700] "GET /robots.txt HTTP/1.1" 302 357 "-" "Mozilla/5.0 (Twiceler-0.9 http://www.cuil.com/twiceler/robot.html)"
216.129.119.12 - - [28/Apr/2010:00:33:39 -0700] "GET / HTTP/1.1" 200 151 "-" "Mozilla/5.0 (Twiceler-0.9 http://www.cuil.com/twiceler/robot.html)"
95.108.150.235 - - [28/Apr/2010:00:37:36 -0700] "GET /robots.txt HTTP/1.1" 302 353 "-" "Yandex/1.01.001 (compatible; Win16; H)"
95.108.150.235 - - [28/Apr/2010:00:37:37 -0700] "GET /robots.txt HTTP/1.1" 302 357 "-" "Yandex/1.01.001 (compatible; Win16; H)"
95.108.150.235 - - [28/Apr/2010:00:37:38 -0700] "GET / HTTP/1.1" 200 151 "-" "Yandex/1.01.001 (compatible; Win16; H)"
95.108.150.235 - - [28/Apr/2010:00:37:39 -0700] "GET / HTTP/1.1" 200 151 "-" "Yandex/1.01.001 (compatible; Win16; H)"
95.108.150.235 - - [28/Apr/2010:00:37:40 -0700] "GET / HTTP/1.1" 200 151 "-" "Yandex/1.01.001 (compatible; Win16; H)"
95.108.150.235 - - [28/Apr/2010:00:37:41 -0700] "GET / HTTP/1.1" 200 151 "-" "Yandex/1.01.001 (compatible; Win16; H)"
65.55.207.74 - - [28/Apr/2010:03:57:48 -0700] "GET /robots.txt HTTP/1.1" 302 353 "-" "msnbot/2.0b (+http://search.msn.com/msnbot.htm)"
65.55.207.74 - - [28/Apr/2010:03:57:48 -0700] "GET / HTTP/1.1" 200 151 "-" "msnbot/2.0b (+http://search.msn.com/msnbot.htm)"
123.125.66.28 - - [28/Apr/2010:03:58:48 -0700] "GET /robots.txt HTTP/1.1" 302 353 "-" "Baiduspider+(+http://www.baidu.com/search/spider.htm)"
123.125.66.111 - - [28/Apr/2010:03:58:48 -0700] "GET / HTTP/1.1" 200 151 "-" "Baiduspider+(+http://www.baidu.com/search/spider.htm)"
207.46.199.195 - - [28/Apr/2010:04:32:15 -0700] "GET /robots.txt HTTP/1.1" 302 353 "-" "msnbot/2.0b (+http://search.msn.com/msnbot.htm)"
207.46.199.195 - - [28/Apr/2010:04:32:16 -0700] "GET / HTTP/1.1" 200 151 "-" "msnbot/2.0b (+http://search.msn.com/msnbot.htm)"
72.11.87.44 - - [28/Apr/2010:05:57:39 -0700] "GET / HTTP/1.0" 200 151 "-" "Mozilla/5.0 (X11; U; Linux i686 (x86_64); en-US; rv:1.8.0.1) Gecko/20060124 Firefox/1.5.0.1"
216.129.119.12 - - [28/Apr/2010:09:54:22 -0700] "GET /robots.txt HTTP/1.1" 302 353 "-" "Mozilla/5.0 (Twiceler-0.9 http://www.cuil.com/twiceler/robot.html)"
193.47.80.50 - - [28/Apr/2010:12:23:05 -0700] "GET /robots.txt HTTP/1.1" 302 353 "-" "Mozilla/5.0 (compatible; Exabot/3.0; +http://www.exabot.com/go/robot)"
193.47.80.50 - - [28/Apr/2010:12:23:05 -0700] "GET / HTTP/1.1" 200 151 "-" "Mozilla/5.0 (compatible; Exabot/3.0; +http://www.exabot.com/go/robot)"
193.47.80.50 - - [28/Apr/2010:12:23:06 -0700] "GET / HTTP/1.1" 200 151 "-" "Mozilla/5.0 (compatible; Exabot/3.0; +http://www.exabot.com/go/robot)"
207.46.13.99 - - [28/Apr/2010:13:34:37 -0700] "GET /robots.txt HTTP/1.1" 302 353 "-" "msnbot/2.0b (+http://search.msn.com/msnbot.htm)"
207.46.13.99 - - [28/Apr/2010:13:34:37 -0700] "GET / HTTP/1.1" 200 151 "-" "msnbot/2.0b (+http://search.msn.com/msnbot.htm)"
207.46.13.99 - - [28/Apr/2010:13:35:28 -0700] "GET /register.php HTTP/1.1" 302 353 "-" "msnbot/2.0b (+http://search.msn.com/msnbot.htm)"
208.80.193.40 - - [28/Apr/2010:16:39:08 -0700] "GET / HTTP/1.0" 200 151 "-" "Mozilla/4.0 (compatible; MSIE 6.0; Windows NT 5.1; SV1; YPC 3.0.0; Media Center PC 3.0; .NET CLR 1.0.3705; .NET CLR 1.1.4322)"
65.55.207.97 - - [28/Apr/2010:20:05:51 -0700] "GET /robots.txt HTTP/1.1" 302 353 "-" "msnbot/2.0b (+http://search.msn.com/msnbot.htm)"
65.55.207.97 - - [28/Apr/2010:20:05:51 -0700] "GET / HTTP/1.1" 200 151 "-" "msnbot/2.0b (+http://search.msn.com/msnbot.htm)"
208.80.193.35 - - [28/Apr/2010:21:15:24 -0700] "GET / HTTP/1.0" 200 151 "-" "Mozilla/4.0 (compatible; MSIE 7.0; Windows NT 5.1; Hotbar 4.5.1.0; .NET CLR 1.0.3705; .NET CLR 1.1.4322; .NET CLR 2.0.50727; .NET CLR 3.0.04506.30)"
122.163.9.96 - - [28/Apr/2010:22:31:00 -0700] "GET / HTTP/1.1" 200 151 "-" "-"
216.129.119.12 - - [28/Apr/2010:23:05:36 -0700] "GET /robots.txt HTTP/1.1" 302 357 "-" "Mozilla/5.0 (Twiceler-0.9 http://www.cuil.com/twiceler/robot.html)"
91.78.244.82 - - [29/Apr/2010:01:25:06 -0700] "GET / HTTP/1.0" 200 151 "http://yandex.ru/yandsearch?text=%f4%ee%f2%ea%e8" "Mozilla/4.0 (compatible; MSIE 6.0; Windows NT 5.1; SV1; .NET CLR 1.1.4322)"
123.125.66.19 - - [29/Apr/2010:03:54:38 -0700] "GET /robots.txt HTTP/1.1" 302 353 "-" "Baiduspider+(+http://www.baidu.com/search/spider.htm)"
123.125.66.33 - - [29/Apr/2010:03:54:39 -0700] "GET / HTTP/1.1" 200 151 "-" "Baiduspider+(+http://www.baidu.com/search/spider.htm)"
65.55.106.185 - - [29/Apr/2010:04:47:52 -0700] "GET /robots.txt HTTP/1.1" 302 353 "-" "msnbot/2.0b (+http://search.msn.com/msnbot.htm)"
65.55.106.185 - - [29/Apr/2010:04:47:53 -0700] "GET / HTTP/1.1" 200 151 "-" "msnbot/2.0b (+http://search.msn.com/msnbot.htm)"
123.150.187.133 - - [29/Apr/2010:05:20:56 -0700] "GET / HTTP/1.1" 200 151 "-" "Mozilla/4.0 (compatible; MSIE 6.0; Windows NT 5.1; SV1; QQDownload 1.7; TencentTraveler 4.0; CIBA; InfoPath.2; .NET CLR 2.0.50727"
219.143.225.3 - - [29/Apr/2010:07:06:09 -0700] "HEAD / HTTP/1.0" 200 - "-" "Mozilla/4.0(compatible;MSIE 5.00;Windows 98)"
216.129.119.12 - - [29/Apr/2010:09:24:57 -0700] "GET /robots.txt HTTP/1.1" 302 353 "-" "Mozilla/5.0 (Twiceler-0.9 http://www.cuil.com/twiceler/robot.html)"
66.219.58.44 - - [29/Apr/2010:12:42:09 -0700] "GET /robots.txt HTTP/1.1" 302 353 "-" "MLBot (www.metadatalabs.com/mlbot)"
66.219.58.44 - - [29/Apr/2010:12:42:09 -0700] "GET / HTTP/1.1" 200 151 "-" "MLBot (www.metadatalabs.com/mlbot)"
66.219.58.44 - - [29/Apr/2010:12:42:09 -0700] "GET / HTTP/1.1" 200 151 "-" "MLBot (www.metadatalabs.com/mlbot)"
66.249.71.54 - - [29/Apr/2010:15:19:38 -0700] "GET /robots.txt HTTP/1.1" 302 353 "-" "Mozilla/5.0 (compatible; Googlebot/2.1; +http://www.google.com/bot.html)"
66.249.71.54 - - [29/Apr/2010:15:19:38 -0700] "GET / HTTP/1.1" 200 151 "-" "Mozilla/5.0 (compatible; Googlebot/2.1; +http://www.google.com/bot.html)"
66.249.71.54 - - [29/Apr/2010:15:19:39 -0700] "GET / HTTP/1.1" 200 151 "-" "Mozilla/5.0 (compatible; Googlebot/2.1; +http://www.google.com/bot.html)"
93.158.148.31 - - [29/Apr/2010:15:36:58 -0700] "GET /robots.txt HTTP/1.1" 302 357 "-" "Yandex/1.01.001 (compatible; Win16; I)"
91.205.96.19 - - [29/Apr/2010:18:18:50 -0700] "GET / HTTP/1.1" 200 151 "-" "Mozilla/5.0 (compatible; Purebot/1.1; +http://www.puritysearch.net/)"
91.205.96.19 - - [29/Apr/2010:18:18:51 -0700] "GET / HTTP/1.1" 200 151 "-" "Mozilla/5.0 (compatible; Purebot/1.1; +http://www.puritysearch.net/)"
91.205.96.19 - - [29/Apr/2010:18:18:51 -0700] "GET / HTTP/1.1" 200 151 "-" "Mozilla/5.0 (compatible; Purebot/1.1; +http://www.puritysearch.net/)"
91.205.96.19 - - [29/Apr/2010:18:18:52 -0700] "GET / HTTP/1.1" 200 151 "-" "Mozilla/5.0 (compatible; Purebot/1.1; +http://www.puritysearch.net/)"
216.129.119.12 - - [29/Apr/2010:22:47:15 -0700] "GET /robots.txt HTTP/1.1" 302 357 "-" "Mozilla/5.0 (Twiceler-0.9 http://www.cuil.com/twiceler/robot.html)"
208.80.193.31 - - [30/Apr/2010:00:17:24 -0700] "GET / HTTP/1.0" 200 151 "-" "Mozilla/4.0 (compatible; MSIE 6.0; Windows NT 5.1; SV1; F-6.0SP2-20041109; InfoPath.1; .NET CLR 1.1.4322; .NET CLR 2.0.50727; .NET CLR 3.0.04506.30)"
95.108.150.235 - - [30/Apr/2010:00:55:37 -0700] "GET /robots.txt HTTP/1.1" 302 353 "-" "Yandex/1.01.001 (compatible; Win16; H)"
95.108.150.235 - - [30/Apr/2010:00:55:38 -0700] "GET /robots.txt HTTP/1.1" 302 357 "-" "Yandex/1.01.001 (compatible; Win16; H)"
95.108.150.235 - - [30/Apr/2010:00:55:39 -0700] "GET / HTTP/1.1" 200 151 "-" "Yandex/1.01.001 (compatible; Win16; H)"
95.108.150.235 - - [30/Apr/2010:00:55:40 -0700] "GET / HTTP/1.1" 200 151 "-" "Yandex/1.01.001 (compatible; Win16; H)"
95.108.150.235 - - [30/Apr/2010:00:55:41 -0700] "GET / HTTP/1.1" 200 151 "-" "Yandex/1.01.001 (compatible; Win16; H)"
95.108.150.235 - - [30/Apr/2010:00:55:42 -0700] "GET / HTTP/1.1" 200 151 "-" "Yandex/1.01.001 (compatible; Win16; H)"
123.125.66.46 - - [30/Apr/2010:04:02:45 -0700] "GET /robots.txt HTTP/1.1" 302 353 "-" "Baiduspider+(+http://www.baidu.com/search/spider.htm)"
123.125.66.106 - - [30/Apr/2010:04:02:45 -0700] "GET / HTTP/1.1" 200 151 "-" "Baiduspider+(+http://www.baidu.com/search/spider.htm)"
208.80.193.31 - - [30/Apr/2010:05:04:23 -0700] "GET / HTTP/1.0" 200 151 "-" "Mozilla/4.0 (compatible; MSIE 7.0; Windows NT 5.1; YPC 3.2.0; IEMB3; .NET CLR 1.1.4322; .NET CLR 2.0.50727; IEMB3; yplus 5.1.04b)"
123.150.187.133 - - [30/Apr/2010:05:27:19 -0700] "GET / HTTP/1.1" 200 151 "-" "Mozilla/4.0 (compatible; MSIE 6.0; Windows NT 5.1; SV1; QQDownload 1.7; TencentTraveler 4.0; CIBA; InfoPath.2; .NET CLR 2.0.50727"
95.108.142.138 - - [30/Apr/2010:05:32:15 -0700] "GET /robots.txt HTTP/1.1" 302 353 "-" "Yandex/1.01.001 (compatible; Win16; H)"
95.108.142.138 - - [30/Apr/2010:05:32:16 -0700] "GET /robots.txt HTTP/1.1" 302 357 "-" "Yandex/1.01.001 (compatible; Win16; H)"
95.108.142.138 - - [30/Apr/2010:05:32:17 -0700] "GET / HTTP/1.1" 200 151 "-" "Yandex/1.01.001 (compatible; Win16; H)"
95.108.142.138 - - [30/Apr/2010:05:32:18 -0700] "GET / HTTP/1.1" 200 151 "-" "Yandex/1.01.001 (compatible; Win16; H)"
95.108.142.138 - - [30/Apr/2010:05:32:19 -0700] "GET / HTTP/1.1" 200 151 "-" "Yandex/1.01.001 (compatible; Win16; H)"
95.108.142.138 - - [30/Apr/2010:05:32:20 -0700] "GET / HTTP/1.1" 200 151 "-" "Yandex/1.01.001 (compatible; Win16; H)"
93.158.148.31 - - [30/Apr/2010:06:15:18 -0700] "GET / HTTP/1.1" 200 151 "-" "Yandex/1.01.001 (compatible; Win16; I)"
207.46.13.100 - - [30/Apr/2010:07:57:57 -0700] "GET /robots.txt HTTP/1.1" 302 353 "-" "msnbot/2.0b (+http://search.msn.com/msnbot.htm)"
207.46.13.100 - - [30/Apr/2010:07:57:57 -0700] "GET / HTTP/1.1" 200 151 "-" "msnbot/2.0b (+http://search.msn.com/msnbot.htm)"
207.46.13.100 - - [30/Apr/2010:07:58:57 -0700] "GET /user.php HTTP/1.1" 302 353 "-" "msnbot/2.0b (+http://search.msn.com/msnbot.htm)"
64.56.66.211 - - [30/Apr/2010:09:23:21 -0700] "GET /robots.txt HTTP/1.0" 302 353 "http://evilfuckers.org/robots.txt" "Mozilla/4.0 (compatible; MSIE 8.0; Windows NT 5.1; SV1; .NET CLR 2.0.50727)"
64.56.66.211 - - [30/Apr/2010:09:23:32 -0700] "GET / HTTP/1.0" 200 151 "http://evilfuckers.org/" "Mozilla/4.0 (compatible; MSIE 8.0; Windows NT 5.1; SV1; .NET CLR 2.0.50727)"
216.129.119.12 - - [30/Apr/2010:09:29:51 -0700] "GET /robots.txt HTTP/1.1" 302 353 "-" "Mozilla/5.0 (Twiceler-0.9 http://www.cuil.com/twiceler/robot.html)"
207.46.199.194 - - [30/Apr/2010:17:02:06 -0700] "GET /robots.txt HTTP/1.1" 302 353 "-" "msnbot/2.0b (+http://search.msn.com/msnbot.htm)"
207.46.199.194 - - [30/Apr/2010:17:02:06 -0700] "GET / HTTP/1.1" 200 151 "-" "msnbot/2.0b (+http://search.msn.com/msnbot.htm)"
65.55.106.203 - - [30/Apr/2010:17:09:31 -0700] "GET /robots.txt HTTP/1.1" 302 353 "-" "msnbot/2.0b (+http://search.msn.com/msnbot.htm)"
65.55.106.203 - - [30/Apr/2010:17:09:31 -0700] "GET / HTTP/1.1" 200 151 "-" "msnbot/2.0b (+http://search.msn.com/msnbot.htm)"
216.129.119.12 - - [01/May/2010:00:24:41 -0700] "GET /robots.txt HTTP/1.1" 302 357 "-" "Mozilla/5.0 (Twiceler-0.9 http://www.cuil.com/twiceler/robot.html)"
69.46.28.206 - - [01/May/2010:01:15:45 -0700] "GET /orb.jpg HTTP/1.0" 302 357 "-" "-"
69.46.28.206 - - [01/May/2010:01:15:46 -0700] "GET / HTTP/1.0" 200 151 "-" "-"
123.125.66.104 - - [01/May/2010:02:10:57 -0700] "GET /robots.txt HTTP/1.1" 302 353 "-" "Baiduspider+(+http://www.baidu.com/search/spider.htm)"
123.125.66.39 - - [01/May/2010:02:10:58 -0700] "GET / HTTP/1.1" 200 151 "-" "Baiduspider+(+http://www.baidu.com/search/spider.htm)"
207.46.195.242 - - [01/May/2010:04:30:28 -0700] "GET /robots.txt HTTP/1.1" 302 353 "-" "msnbot/2.0b (+http://search.msn.com/msnbot.htm)"
207.46.195.242 - - [01/May/2010:04:30:29 -0700] "GET / HTTP/1.1" 200 151 "-" "msnbot/2.0b (+http://search.msn.com/msnbot.htm)"
207.46.195.242 - - [01/May/2010:04:31:29 -0700] "GET /?C=N;O=D HTTP/1.1" 200 151 "-" "msnbot/2.0b (+http://search.msn.com/msnbot.htm)"
69.46.28.206 - - [01/May/2010:06:13:41 -0700] "GET /orb.jpg HTTP/1.0" 302 357 "-" "-"
69.46.28.206 - - [01/May/2010:06:13:41 -0700] "GET / HTTP/1.0" 200 151 "-" "-"
70.36.103.59 - - [01/May/2010:09:29:19 -0700] "GET /robots.txt HTTP/1.0" 302 353 "http://evilfuckers.org/robots.txt" "Mozilla/4.0 (compatible; MSIE 8.0; Windows NT 5.1; SV1; .NET CLR 2.0.50727)"
70.36.103.59 - - [01/May/2010:09:29:21 -0700] "GET / HTTP/1.0" 200 151 "http://evilfuckers.org/" "Mozilla/4.0 (compatible; MSIE 8.0; Windows NT 5.1; SV1; .NET CLR 2.0.50727)"
66.249.71.58 - - [01/May/2010:10:15:53 -0700] "GET /robots.txt HTTP/1.1" 302 357 "-" "Mozilla/5.0 (compatible; Googlebot/2.1; +http://www.google.com/bot.html)"
66.249.71.58 - - [01/May/2010:10:15:53 -0700] "GET / HTTP/1.1" 200 151 "-" "Mozilla/5.0 (compatible; Googlebot/2.1; +http://www.google.com/bot.html)"
208.80.193.42 - - [01/May/2010:10:46:24 -0700] "GET / HTTP/1.0" 200 151 "-" "Mozilla/4.0 (compatible; MSIE 6.0; Windows NT 5.0; yie6_SBC; .NET CLR 1.1.4322; yplus 5.1.04b)"
216.129.119.12 - - [01/May/2010:11:50:57 -0700] "GET /robots.txt HTTP/1.1" 302 353 "-" "Mozilla/5.0 (Twiceler-0.9 http://www.cuil.com/twiceler/robot.html)"
208.80.193.42 - - [01/May/2010:15:15:49 -0700] "GET / HTTP/1.0" 200 151 "-" "Mozilla/4.0 (compatible; MSIE 6.0; Windows NT 5.1; SV1; .NET CLR 1.1.4322; .NET CLR 2.0.50727; InfoPath.1; InfoPath.2)"
66.249.71.58 - - [01/May/2010:16:21:38 -0700] "GET /robots.txt HTTP/1.1" 302 357 "-" "Mozilla/5.0 (compatible; Googlebot/2.1; +http://www.google.com/bot.html)"
95.108.151.244 - - [01/May/2010:17:02:01 -0700] "GET /robots.txt HTTP/1.1" 302 353 "-" "Yandex/1.01.001 (compatible; Win16; H)"
95.108.151.244 - - [01/May/2010:17:02:01 -0700] "GET /robots.txt HTTP/1.1" 302 357 "-" "Yandex/1.01.001 (compatible; Win16; H)"
95.108.151.244 - - [01/May/2010:17:02:03 -0700] "GET / HTTP/1.1" 200 151 "-" "Yandex/1.01.001 (compatible; Win16; H)"
95.108.151.244 - - [01/May/2010:17:02:04 -0700] "GET / HTTP/1.1" 200 151 "-" "Yandex/1.01.001 (compatible; Win16; H)"
95.108.151.244 - - [01/May/2010:17:02:04 -0700] "GET / HTTP/1.1" 200 151 "-" "Yandex/1.01.001 (compatible; Win16; H)"
95.108.151.244 - - [01/May/2010:17:02:07 -0700] "GET / HTTP/1.1" 200 151 "-" "Yandex/1.01.001 (compatible; Win16; H)"
67.195.111.155 - - [01/May/2010:17:37:19 -0700] "GET /robots.txt HTTP/1.0" 302 353 "-" "Mozilla/5.0 (compatible; Yahoo! Slurp; http://help.yahoo.com/help/us/ysearch/slurp)"
67.195.111.155 - - [01/May/2010:17:37:19 -0700] "GET / HTTP/1.0" 200 151 "-" "Mozilla/5.0 (compatible; Yahoo! Slurp; http://help.yahoo.com/help/us/ysearch/slurp)"
67.195.111.155 - - [01/May/2010:17:37:20 -0700] "GET / HTTP/1.0" 200 151 "-" "Mozilla/5.0 (compatible; Yahoo! Slurp/3.0; http://help.yahoo.com/help/us/ysearch/slurp)"
207.46.204.233 - - [01/May/2010:17:45:24 -0700] "GET /robots.txt HTTP/1.1" 302 353 "-" "msnbot/2.0b (+http://search.msn.com/msnbot.htm)"
207.46.204.233 - - [01/May/2010:17:45:24 -0700] "GET / HTTP/1.1" 200 151 "-" "msnbot/2.0b (+http://search.msn.com/msnbot.htm)"
207.46.204.233 - - [01/May/2010:17:46:26 -0700] "GET / HTTP/1.1" 200 151 "-" "msnbot/2.0b (+http://search.msn.com/msnbot.htm)"
184.73.61.159 - - [01/May/2010:21:38:21 -0700] "GET /robots.txt HTTP/1.1" 302 353 "-" "Mozilla/5.0 (compatible; spbot/2.0.2; +http://www.seoprofiler.com/bot/ )"
184.73.61.159 - - [01/May/2010:21:38:21 -0700] "GET / HTTP/1.1" 200 151 "-" "Mozilla/5.0 (compatible; spbot/2.0.2; +http://www.seoprofiler.com/bot/ )"
184.73.61.159 - - [01/May/2010:21:38:22 -0700] "GET / HTTP/1.1" 200 151 "-" "Mozilla/5.0 (compatible; spbot/2.0.2; +http://www.seoprofiler.com/bot/ )"
216.129.119.12 - - [01/May/2010:23:38:38 -0700] "GET /robots.txt HTTP/1.1" 302 357 "-" "Mozilla/5.0 (Twiceler-0.9 http://www.cuil.com/twiceler/robot.html)"
95.108.150.235 - - [02/May/2010:02:42:46 -0700] "GET /robots.txt HTTP/1.1" 302 353 "-" "Yandex/1.01.001 (compatible; Win16; H)"
95.108.150.235 - - [02/May/2010:02:42:47 -0700] "GET /robots.txt HTTP/1.1" 302 357 "-" "Yandex/1.01.001 (compatible; Win16; H)"
95.108.150.235 - - [02/May/2010:02:42:48 -0700] "GET / HTTP/1.1" 200 151 "-" "Yandex/1.01.001 (compatible; Win16; H)"
95.108.150.235 - - [02/May/2010:02:42:49 -0700] "GET / HTTP/1.1" 200 151 "-" "Yandex/1.01.001 (compatible; Win16; H)"
95.108.150.235 - - [02/May/2010:02:42:50 -0700] "GET / HTTP/1.1" 200 151 "-" "Yandex/1.01.001 (compatible; Win16; H)"
95.108.150.235 - - [02/May/2010:02:42:51 -0700] "GET / HTTP/1.1" 200 151 "-" "Yandex/1.01.001 (compatible; Win16; H)"
123.125.66.101 - - [02/May/2010:03:49:18 -0700] "GET /robots.txt HTTP/1.1" 302 353 "-" "Baiduspider+(+http://www.baidu.com/search/spider.htm)"
123.125.66.53 - - [02/May/2010:03:49:19 -0700] "GET / HTTP/1.1" 200 151 "-" "Baiduspider+(+http://www.baidu.com/search/spider.htm)"
194.72.238.61 - - [02/May/2010:09:07:34 -0700] "HEAD / HTTP/1.1" 200 - "http://www.netcraft.com/survey/" "Mozilla/4.0 (compatible; Netcraft Web Server Survey)"
194.72.238.61 - - [02/May/2010:09:07:34 -0700] "HEAD / HTTP/1.1" 200 - "http://www.netcraft.com/survey/" "Mozilla/4.0 (compatible; Netcraft Web Server Survey)"
216.129.119.12 - - [02/May/2010:10:15:00 -0700] "GET /robots.txt HTTP/1.1" 302 353 "-" "Mozilla/5.0 (Twiceler-0.9 http://www.cuil.com/twiceler/robot.html)"
208.115.111.245 - - [02/May/2010:13:39:59 -0700] "GET /robots.txt HTTP/1.1" 302 357 "-" "Mozilla/5.0 (compatible; DotBot/1.1; http://www.dotnetdotcom.org/, crawler@dotnetdotcom.org)"
208.115.111.245 - - [02/May/2010:13:39:59 -0700] "GET /robots.txt HTTP/1.1" 302 353 "-" "Mozilla/5.0 (compatible; DotBot/1.1; http://www.dotnetdotcom.org/, crawler@dotnetdotcom.org)"
208.115.111.245 - - [02/May/2010:13:39:59 -0700] "GET / HTTP/1.1" 200 151 "-" "Mozilla/5.0 (compatible; DotBot/1.1; http://www.dotnetdotcom.org/, crawler@dotnetdotcom.org)"
208.115.111.245 - - [02/May/2010:13:39:59 -0700] "GET / HTTP/1.1" 200 151 "-" "Mozilla/5.0 (compatible; DotBot/1.1; http://www.dotnetdotcom.org/, crawler@dotnetdotcom.org)"
208.80.193.37 - - [02/May/2010:17:54:38 -0700] "GET / HTTP/1.0" 200 151 "-" "Mozilla/4.0 (compatible; MSIE 6.0; Windows NT 5.1; SV1; OptusNetDSL6; .NET CLR 1.1.4322; InfoPath.1)"
208.115.111.245 - - [02/May/2010:18:20:30 -0700] "GET / HTTP/1.1" 200 151 "-" "Mozilla/5.0 (compatible; DotBot/1.1; http://www.dotnetdotcom.org/, crawler@dotnetdotcom.org)"
208.115.111.245 - - [02/May/2010:18:20:35 -0700] "GET / HTTP/1.1" 200 151 "-" "Mozilla/5.0 (compatible; DotBot/1.1; http://www.dotnetdotcom.org/, crawler@dotnetdotcom.org)"
80.191.29.3 - - [02/May/2010:21:39:33 -0700] "GET / HTTP/1.1" 200 151 "-" "Mozilla/5.0 (Windows; U; Windows NT 5.1; en-US; rv:1.8.1.14) Gecko/20080404 Firefox/2.0.0.14"
208.80.193.39 - - [02/May/2010:22:17:50 -0700] "GET / HTTP/1.0" 200 151 "-" "Mozilla/4.0 (compatible; MSIE 6.0; Windows NT 5.1; SV1; snprtz|T29627910800077#296|isdn)"
216.129.119.12 - - [02/May/2010:23:24:05 -0700] "GET /robots.txt HTTP/1.1" 302 357 "-" "Mozilla/5.0 (Twiceler-0.9 http://www.cuil.com/twiceler/robot.html)"
123.125.66.36 - - [03/May/2010:01:57:45 -0700] "GET /robots.txt HTTP/1.1" 302 353 "-" "Baiduspider+(+http://www.baidu.com/search/spider.htm)"
123.125.66.35 - - [03/May/2010:01:57:46 -0700] "GET / HTTP/1.1" 200 151 "-" "Baiduspider+(+http://www.baidu.com/search/spider.htm)"
219.143.225.3 - - [03/May/2010:04:27:35 -0700] "GET / HTTP/1.0" 200 151 "-" "Mozilla/4.0(compatible;MSIE 5.00;Windows 98)"
216.129.119.12 - - [03/May/2010:10:26:38 -0700] "GET /robots.txt HTTP/1.1" 302 353 "-" "Mozilla/5.0 (Twiceler-0.9 http://www.cuil.com/twiceler/robot.html)"
159.226.43.99 - - [03/May/2010:20:51:30 -0700] "HEAD / HTTP/1.1" 200 - "-" "-"
159.226.43.99 - - [03/May/2010:21:49:18 -0700] "HEAD / HTTP/1.1" 200 - "-" "-"
159.226.43.99 - - [03/May/2010:22:12:51 -0700] "HEAD / HTTP/1.1" 200 - "-" "-"
159.226.43.99 - - [03/May/2010:23:14:37 -0700] "HEAD / HTTP/1.1" 200 - "-" "-"
159.226.43.99 - - [03/May/2010:23:25:23 -0700] "HEAD / HTTP/1.1" 200 - "-" "-"
159.226.43.99 - - [03/May/2010:23:33:41 -0700] "HEAD / HTTP/1.1" 200 - "-" "-"
216.129.119.44 - - [03/May/2010:23:40:24 -0700] "GET /robots.txt HTTP/1.1" 302 357 "-" "Mozilla/5.0 (Twiceler-0.9 http://www.cuil.com/twiceler/robot.html)"
159.226.43.99 - - [03/May/2010:23:41:59 -0700] "HEAD / HTTP/1.1" 200 - "-" "-"
216.129.119.12 - - [03/May/2010:23:48:20 -0700] "GET /robots.txt HTTP/1.1" 302 357 "-" "Mozilla/5.0 (Twiceler-0.9 http://www.cuil.com/twiceler/robot.html)"
159.226.43.99 - - [03/May/2010:23:50:53 -0700] "HEAD / HTTP/1.1" 200 - "-" "-"
159.226.43.99 - - [04/May/2010:01:08:39 -0700] "HEAD / HTTP/1.1" 200 - "-" "-"
123.125.66.29 - - [04/May/2010:01:18:45 -0700] "GET /robots.txt HTTP/1.1" 302 353 "-" "Baiduspider+(+http://www.baidu.com/search/spider.htm)"
123.125.66.26 - - [04/May/2010:01:18:46 -0700] "GET / HTTP/1.1" 200 151 "-" "Baiduspider+(+http://www.baidu.com/search/spider.htm)"
208.80.193.40 - - [04/May/2010:01:49:39 -0700] "GET / HTTP/1.0" 200 151 "-" "Mozilla/4.0 (compatible; MSIE 6.0; Windows NT 5.1; sbcydsl 3.11; FunWebProducts; SV1; YPC 3.2.0; .NET CLR 1.1.4322; yplus 5.1.02b)"
95.108.150.235 - - [04/May/2010:02:07:10 -0700] "GET /robots.txt HTTP/1.1" 302 353 "-" "Yandex/1.01.001 (compatible; Win16; H)"
95.108.150.235 - - [04/May/2010:02:07:11 -0700] "GET /robots.txt HTTP/1.1" 302 357 "-" "Yandex/1.01.001 (compatible; Win16; H)"
95.108.150.235 - - [04/May/2010:02:07:12 -0700] "GET / HTTP/1.1" 200 151 "-" "Yandex/1.01.001 (compatible; Win16; H)"
95.108.150.235 - - [04/May/2010:02:07:13 -0700] "GET / HTTP/1.1" 200 151 "-" "Yandex/1.01.001 (compatible; Win16; H)"
95.108.150.235 - - [04/May/2010:02:07:14 -0700] "GET / HTTP/1.1" 200 151 "-" "Yandex/1.01.001 (compatible; Win16; H)"
95.108.150.235 - - [04/May/2010:02:07:15 -0700] "GET / HTTP/1.1" 200 151 "-" "Yandex/1.01.001 (compatible; Win16; H)"
159.226.43.99 - - [04/May/2010:02:09:11 -0700] "HEAD / HTTP/1.1" 200 - "-" "-"
159.226.43.99 - - [04/May/2010:02:35:15 -0700] "HEAD / HTTP/1.1" 200 - "-" "-"
66.249.65.107 - - [04/May/2010:02:43:01 -0700] "GET /robots.txt HTTP/1.1" 302 353 "-" "Mozilla/5.0 (compatible; Googlebot/2.1; +http://www.google.com/bot.html)"
66.249.65.107 - - [04/May/2010:02:43:01 -0700] "GET / HTTP/1.1" 200 151 "-" "Mozilla/5.0 (compatible; Googlebot/2.1; +http://www.google.com/bot.html)"
66.249.65.107 - - [04/May/2010:02:43:01 -0700] "GET / HTTP/1.1" 200 151 "-" "Mozilla/5.0 (compatible; Googlebot/2.1; +http://www.google.com/bot.html)"
66.249.65.107 - - [04/May/2010:04:54:07 -0700] "GET /index.php/photos/album/1/photo/1.html HTTP/1.1" 200 151 "-" "Mozilla/5.0 (compatible; Googlebot/2.1; +http://www.google.com/bot.html)"
208.80.193.35 - - [04/May/2010:06:20:39 -0700] "GET / HTTP/1.0" 200 151 "-" "Mozilla/4.0 (compatible; MSIE 6.0; AOL 9.0; Windows NT 5.1; SV1; YPC 3.2.0)"
198.145.116.13 - - [04/May/2010:06:56:47 -0700] "GET / HTTP/1.0" 200 151 "-" "Mozilla/4.0 (compatible; MSIE 6.0; Windows NT 5.0)"
123.150.187.133 - - [04/May/2010:09:47:04 -0700] "GET / HTTP/1.1" 200 151 "-" "Mozilla/4.0 (compatible; MSIE 6.0; Windows NT 5.1; SV1; QQDownload 1.7; TencentTraveler 4.0; CIBA; InfoPath.2; .NET CLR 2.0.50727"
65.55.51.114 - - [04/May/2010:10:56:30 -0700] "GET /robots.txt HTTP/1.1" 302 353 "-" "msnbot/2.0b (+http://search.msn.com/msnbot.htm)"
65.55.51.114 - - [04/May/2010:10:56:30 -0700] "GET / HTTP/1.1" 200 151 "-" "msnbot/2.0b (+http://search.msn.com/msnbot.htm)"
65.55.51.114 - - [04/May/2010:10:57:23 -0700] "GET /index.php/photos/album/1/photo/3.html HTTP/1.1" 200 151 "-" "msnbot/2.0b (+http://search.msn.com/msnbot.htm)"
207.46.199.190 - - [04/May/2010:10:59:21 -0700] "GET /robots.txt HTTP/1.1" 302 353 "-" "msnbot/2.0b (+http://search.msn.com/msnbot.htm)"
207.46.199.190 - - [04/May/2010:10:59:22 -0700] "GET / HTTP/1.1" 200 151 "-" "msnbot/2.0b (+http://search.msn.com/msnbot.htm)"
216.129.119.12 - - [04/May/2010:11:05:06 -0700] "GET /robots.txt HTTP/1.1" 302 353 "-" "Mozilla/5.0 (Twiceler-0.9 http://www.cuil.com/twiceler/robot.html)"
70.36.103.59 - - [04/May/2010:12:00:20 -0700] "GET /robots.txt HTTP/1.0" 302 353 "http://evilfuckers.org/robots.txt" "Mozilla/4.0 (compatible; MSIE 8.0; Windows NT 5.1; SV1; .NET CLR 2.0.50727)"
70.36.103.59 - - [04/May/2010:12:00:33 -0700] "GET / HTTP/1.0" 200 151 "http://evilfuckers.org/" "Mozilla/4.0 (compatible; MSIE 8.0; Windows NT 5.1; SV1; .NET CLR 2.0.50727)"
93.158.148.31 - - [04/May/2010:13:44:51 -0700] "GET /robots.txt HTTP/1.1" 302 357 "-" "Yandex/1.01.001 (compatible; Win16; I)"
207.46.12.112 - - [04/May/2010:18:29:43 -0700] "GET / HTTP/1.1" 200 151 "-" "Mozilla/4.0 (compatible; MSIE 6.0; Windows NT 5.1; SLCC1; .NET CLR 1.1.4322; .NET CLR 2.0.50727; .NET CLR 3.0.04506.648)"
159.226.43.99 - - [04/May/2010:20:53:26 -0700] "HEAD / HTTP/1.1" 200 - "-" "-"
216.129.119.12 - - [04/May/2010:23:43:12 -0700] "GET /robots.txt HTTP/1.1" 302 357 "-" "Mozilla/5.0 (Twiceler-0.9 http://www.cuil.com/twiceler/robot.html)"
216.129.119.44 - - [04/May/2010:23:45:46 -0700] "GET /robots.txt HTTP/1.1" 302 357 "-" "Mozilla/5.0 (Twiceler-0.9 http://www.cuil.com/twiceler/robot.html)"
79.232.57.6 - - [05/May/2010:00:01:41 -0700] "GET / HTTP/1.1" 200 151 "-" "Mozilla/5.0 (compatible; seexie.com_bot/4.1; +http://www.seexie.com)"
159.226.43.99 - - [05/May/2010:00:48:57 -0700] "HEAD / HTTP/1.1" 200 - "-" "-"
123.125.66.53 - - [05/May/2010:01:25:05 -0700] "GET /robots.txt HTTP/1.1" 302 353 "-" "Baiduspider+(+http://www.baidu.com/search/spider.htm)"
123.125.66.102 - - [05/May/2010:01:25:06 -0700] "GET / HTTP/1.1" 200 151 "-" "Baiduspider+(+http://www.baidu.com/search/spider.htm)"
95.108.142.138 - - [05/May/2010:04:43:15 -0700] "GET /robots.txt HTTP/1.1" 302 353 "-" "Yandex/1.01.001 (compatible; Win16; H)"
95.108.142.138 - - [05/May/2010:04:43:16 -0700] "GET /robots.txt HTTP/1.1" 302 357 "-" "Yandex/1.01.001 (compatible; Win16; H)"
95.108.142.138 - - [05/May/2010:04:43:17 -0700] "GET / HTTP/1.1" 200 151 "-" "Yandex/1.01.001 (compatible; Win16; H)"
95.108.142.138 - - [05/May/2010:04:43:18 -0700] "GET / HTTP/1.1" 200 151 "-" "Yandex/1.01.001 (compatible; Win16; H)"
95.108.142.138 - - [05/May/2010:04:43:19 -0700] "GET / HTTP/1.1" 200 151 "-" "Yandex/1.01.001 (compatible; Win16; H)"
95.108.142.138 - - [05/May/2010:04:43:20 -0700] "GET / HTTP/1.1" 200 151 "-" "Yandex/1.01.001 (compatible; Win16; H)"
174.129.139.97 - - [05/May/2010:05:13:53 -0700] "GET /robots.txt HTTP/1.0" 302 353 "-" "research-scan-bot/Nutch-1.0"
174.129.139.97 - - [05/May/2010:05:13:53 -0700] "GET / HTTP/1.0" 200 151 "-" "research-scan-bot/Nutch-1.0"
208.80.193.28 - - [05/May/2010:09:34:07 -0700] "GET / HTTP/1.0" 200 151 "-" "Mozilla/4.0 (compatible; MSIE 6.0; Windows NT 5.1; Creative; SV1; .NET CLR 1.1.4322)"
216.129.119.12 - - [05/May/2010:10:34:38 -0700] "GET /robots.txt HTTP/1.1" 302 353 "-" "Mozilla/5.0 (Twiceler-0.9 http://www.cuil.com/twiceler/robot.html)"
173.45.109.19 - - [05/May/2010:11:01:50 -0700] "GET / HTTP/1.1" 200 151 "-" "Mozilla/5.0 (Windows; U; Windows NT 6.0; en-US; rv:1.9.2) Gecko/20100115 Firefox/3.6 (.NET CLR 3.5.30729)"
