123.150.187.133 - - [18/Feb/2010:17:38:28 -0800] "GET / HTTP/1.1" 200 151 "-" "Mozilla/4.0 (compatible; MSIE 6.0; Windows NT 5.1; SV1; QQDownload 1.7; TencentTraveler 4.0; CIBA; InfoPath.2; .NET CLR 2.0.50727"
65.55.109.238 - - [18/Feb/2010:18:31:53 -0800] "GET / HTTP/1.1" 200 151 "-" "Mozilla/4.0 (compatible; MSIE 7.0; Windows NT 5.2; SV1; .NET CLR 1.1.4322; .NET CLR 2.0.40607; .NET CLR 3.0.04506.648)"
193.47.80.50 - - [18/Feb/2010:19:00:16 -0800] "GET /robots.txt HTTP/1.1" 302 353 "-" "Mozilla/5.0 (compatible; Exabot/3.0; +http://www.exabot.com/go/robot)"
193.47.80.50 - - [18/Feb/2010:19:00:16 -0800] "GET / HTTP/1.1" 200 151 "-" "Mozilla/5.0 (compatible; Exabot/3.0; +http://www.exabot.com/go/robot)"
193.47.80.50 - - [18/Feb/2010:19:00:17 -0800] "GET / HTTP/1.1" 200 151 "-" "Mozilla/5.0 (compatible; Exabot/3.0; +http://www.exabot.com/go/robot)"
208.80.193.32 - - [18/Feb/2010:19:20:03 -0800] "GET / HTTP/1.0" 200 151 "-" "Mozilla/4.0 (compatible; MSIE 7.0; Windows NT 5.1; {50BDF09F-4946-44D8-A37A-CB44F162BF4C})"
207.46.204.227 - - [18/Feb/2010:19:50:01 -0800] "GET /robots.txt HTTP/1.1" 302 353 "-" "msnbot/2.0b (+http://search.msn.com/msnbot.htm)"
207.46.204.227 - - [18/Feb/2010:19:50:01 -0800] "GET / HTTP/1.1" 200 151 "-" "msnbot/2.0b (+http://search.msn.com/msnbot.htm)"
216.129.119.12 - - [19/Feb/2010:00:40:46 -0800] "GET /robots.txt HTTP/1.1" 302 357 "-" "Mozilla/5.0 (Twiceler-0.9 http://www.cuil.com/twiceler/robot.html)"
123.125.66.49 - - [19/Feb/2010:00:43:02 -0800] "GET /robots.txt HTTP/1.1" 302 353 "-" "Baiduspider+(+http://www.baidu.com/search/spider.htm)"
123.125.66.15 - - [19/Feb/2010:00:43:03 -0800] "GET / HTTP/1.1" 200 151 "-" "Baiduspider+(+http://www.baidu.com/search/spider.htm)"
208.80.193.40 - - [19/Feb/2010:00:50:24 -0800] "GET / HTTP/1.0" 200 151 "-" "Mozilla/4.0 (compatible; MSIE 7.0; Windows NT 6.0; SLCC1; .NET CLR 2.0.50727; .NET CLR 3.0.04506; InfoPath.1; Zune 2.0)"
216.129.119.12 - - [19/Feb/2010:07:21:58 -0800] "GET /robots.txt HTTP/1.1" 302 353 "-" "Mozilla/5.0 (Twiceler-0.9 http://www.cuil.com/twiceler/robot.html)"
86.121.29.137 - - [19/Feb/2010:07:32:20 -0800] "GET / HTTP/1.1" 200 151 "-" "Mozilla/5.0 (compatible; DNSInspect/3.1; http://www.dnsinspect.com/)"
69.46.28.206 - - [19/Feb/2010:15:11:14 -0800] "GET /orb.jpg HTTP/1.0" 302 357 "-" "-"
69.46.28.206 - - [19/Feb/2010:15:11:14 -0800] "GET / HTTP/1.0" 200 151 "-" "-"
66.249.71.186 - - [19/Feb/2010:16:24:29 -0800] "GET /robots.txt HTTP/1.1" 302 357 "-" "Mozilla/5.0 (compatible; Googlebot/2.1; +http://www.google.com/bot.html)"
66.249.71.186 - - [19/Feb/2010:16:24:29 -0800] "GET / HTTP/1.1" 200 151 "-" "Mozilla/5.0 (compatible; Googlebot/2.1; +http://www.google.com/bot.html)"
95.108.150.235 - - [19/Feb/2010:17:28:35 -0800] "GET /robots.txt HTTP/1.1" 302 353 "-" "Yandex/1.01.001 (compatible; Win16; H)"
95.108.150.235 - - [19/Feb/2010:17:28:36 -0800] "GET /robots.txt HTTP/1.1" 302 357 "-" "Yandex/1.01.001 (compatible; Win16; H)"
95.108.150.235 - - [19/Feb/2010:17:28:37 -0800] "GET / HTTP/1.1" 200 151 "-" "Yandex/1.01.001 (compatible; Win16; H)"
95.108.150.235 - - [19/Feb/2010:17:28:38 -0800] "GET / HTTP/1.1" 200 151 "-" "Yandex/1.01.001 (compatible; Win16; H)"
95.108.150.235 - - [19/Feb/2010:17:28:39 -0800] "GET / HTTP/1.1" 200 151 "-" "Yandex/1.01.001 (compatible; Win16; H)"
95.108.150.235 - - [19/Feb/2010:17:28:40 -0800] "GET / HTTP/1.1" 200 151 "-" "Yandex/1.01.001 (compatible; Win16; H)"
66.219.58.34 - - [19/Feb/2010:19:31:56 -0800] "GET /robots.txt HTTP/1.1" 302 353 "-" "MLBot (www.metadatalabs.com/mlbot)"
66.219.58.34 - - [19/Feb/2010:19:31:59 -0800] "GET / HTTP/1.1" 200 151 "-" "MLBot (www.metadatalabs.com/mlbot)"
66.219.58.34 - - [19/Feb/2010:19:32:03 -0800] "GET / HTTP/1.1" 200 151 "-" "MLBot (www.metadatalabs.com/mlbot)"
207.46.204.227 - - [19/Feb/2010:19:55:21 -0800] "GET /robots.txt HTTP/1.1" 302 353 "-" "msnbot/2.0b (+http://search.msn.com/msnbot.htm)"
207.46.204.227 - - [19/Feb/2010:19:55:21 -0800] "GET / HTTP/1.1" 200 151 "-" "msnbot/2.0b (+http://search.msn.com/msnbot.htm)"
123.125.66.46 - - [20/Feb/2010:00:36:27 -0800] "GET /robots.txt HTTP/1.1" 302 353 "-" "Baiduspider+(+http://www.baidu.com/search/spider.htm)"
123.125.66.49 - - [20/Feb/2010:00:36:34 -0800] "GET / HTTP/1.1" 200 151 "-" "Baiduspider+(+http://www.baidu.com/search/spider.htm)"
74.222.4.82 - - [20/Feb/2010:00:40:26 -0800] "GET /robots.txt HTTP/1.0" 302 353 "http://evilfuckers.org/robots.txt" "Mozilla/4.0 (compatible; MSIE 6.0; Windows NT 5.1; SV1; .NET CLR 2.0.50727)"
74.222.4.82 - - [20/Feb/2010:00:40:26 -0800] "GET / HTTP/1.0" 200 151 "http://evilfuckers.org/" "Mozilla/4.0 (compatible; MSIE 6.0; Windows NT 5.1; SV1; .NET CLR 2.0.50727)"
216.129.119.12 - - [20/Feb/2010:00:55:30 -0800] "GET /robots.txt HTTP/1.1" 302 357 "-" "Mozilla/5.0 (Twiceler-0.9 http://www.cuil.com/twiceler/robot.html)"
207.46.199.182 - - [20/Feb/2010:02:46:48 -0800] "GET /robots.txt HTTP/1.1" 302 353 "-" "msnbot/2.0b (+http://search.msn.com/msnbot.htm)"
207.46.199.182 - - [20/Feb/2010:02:46:48 -0800] "GET / HTTP/1.1" 200 151 "-" "msnbot/2.0b (+http://search.msn.com/msnbot.htm)"
207.46.199.182 - - [20/Feb/2010:02:47:25 -0800] "GET /index.php/photos/album/1/photo/3.html HTTP/1.1" 200 151 "-" "msnbot/2.0b (+http://search.msn.com/msnbot.htm)"
123.150.187.133 - - [20/Feb/2010:03:23:26 -0800] "GET / HTTP/1.1" 200 151 "-" "Mozilla/4.0 (compatible; MSIE 6.0; Windows NT 5.1; SV1; QQDownload 1.7; TencentTraveler 4.0; CIBA; InfoPath.2; .NET CLR 2.0.50727"
77.88.50.35 - - [20/Feb/2010:03:44:40 -0800] "GET / HTTP/1.1" 200 151 "-" "Yandex/1.01.001 (compatible; Win16; H)"
77.88.50.35 - - [20/Feb/2010:03:44:40 -0800] "GET /robots.txt HTTP/1.1" 302 357 "-" "Yandex/1.01.001 (compatible; Win16; H)"
77.88.50.35 - - [20/Feb/2010:03:44:40 -0800] "GET / HTTP/1.1" 200 151 "-" "Yandex/1.01.001 (compatible; Win16; H)"
77.88.50.35 - - [20/Feb/2010:03:44:41 -0800] "GET / HTTP/1.1" 200 151 "-" "Yandex/1.01.001 (compatible; Win16; H)"
77.88.50.35 - - [20/Feb/2010:03:44:41 -0800] "GET /robots.txt HTTP/1.1" 302 353 "-" "Yandex/1.01.001 (compatible; Win16; H)"
77.88.50.35 - - [20/Feb/2010:03:44:41 -0800] "GET / HTTP/1.1" 200 151 "-" "Yandex/1.01.001 (compatible; Win16; H)"
65.55.106.131 - - [20/Feb/2010:07:38:08 -0800] "GET /robots.txt HTTP/1.1" 302 353 "-" "msnbot/2.0b (+http://search.msn.com/msnbot.htm)"
65.55.106.131 - - [20/Feb/2010:07:38:08 -0800] "GET / HTTP/1.1" 200 151 "-" "msnbot/2.0b (+http://search.msn.com/msnbot.htm)"
65.55.106.131 - - [20/Feb/2010:07:38:58 -0800] "GET / HTTP/1.1" 200 151 "-" "msnbot/2.0b (+http://search.msn.com/msnbot.htm)"
208.80.193.42 - - [20/Feb/2010:08:33:51 -0800] "GET / HTTP/1.0" 200 151 "-" "Mozilla/4.0 (compatible; MSIE 6.0; Windows NT 5.0; Tucows)"
65.55.106.234 - - [20/Feb/2010:13:28:35 -0800] "GET /robots.txt HTTP/1.1" 302 353 "-" "msnbot/2.0b (+http://search.msn.com/msnbot.htm)"
65.55.106.234 - - [20/Feb/2010:13:28:36 -0800] "GET / HTTP/1.1" 200 151 "-" "msnbot/2.0b (+http://search.msn.com/msnbot.htm)"
65.55.106.234 - - [20/Feb/2010:13:29:28 -0800] "GET /index.php/photos/album/1/photo/4.html HTTP/1.1" 200 151 "-" "msnbot/2.0b (+http://search.msn.com/msnbot.htm)"
208.80.193.27 - - [20/Feb/2010:14:10:11 -0800] "GET / HTTP/1.0" 200 151 "-" "Mozilla/4.0 (compatible; MSIE 6.0; Windows NT 5.1; SV1; LN; .NET CLR 1.1.4322; InfoPath.1)"
65.55.207.74 - - [20/Feb/2010:20:23:45 -0800] "GET /robots.txt HTTP/1.1" 302 353 "-" "msnbot/2.0b (+http://search.msn.com/msnbot.htm)"
65.55.207.74 - - [20/Feb/2010:20:23:45 -0800] "GET / HTTP/1.1" 200 151 "-" "msnbot/2.0b (+http://search.msn.com/msnbot.htm)"
65.55.207.74 - - [20/Feb/2010:20:24:28 -0800] "GET /index.php/photos/album/1/photo/5.html HTTP/1.1" 200 151 "-" "msnbot/2.0b (+http://search.msn.com/msnbot.htm)"
207.46.199.42 - - [20/Feb/2010:21:09:23 -0800] "GET /robots.txt HTTP/1.1" 302 353 "-" "msnbot/2.0b (+http://search.msn.com/msnbot.htm)"
207.46.199.42 - - [20/Feb/2010:21:09:23 -0800] "GET / HTTP/1.1" 200 151 "-" "msnbot/2.0b (+http://search.msn.com/msnbot.htm)"
217.29.32.152 - - [21/Feb/2010:00:01:43 -0800] "GET / HTTP/1.1" 200 151 "-" "CMS Survey"
216.129.119.12 - - [21/Feb/2010:00:16:43 -0800] "GET /robots.txt HTTP/1.1" 302 357 "-" "Mozilla/5.0 (Twiceler-0.9 http://www.cuil.com/twiceler/robot.html)"
123.125.66.20 - - [21/Feb/2010:00:58:07 -0800] "GET /robots.txt HTTP/1.1" 302 353 "-" "Baiduspider+(+http://www.baidu.com/search/spider.htm)"
123.125.66.52 - - [21/Feb/2010:00:58:08 -0800] "GET / HTTP/1.1" 200 151 "-" "Baiduspider+(+http://www.baidu.com/search/spider.htm)"
70.36.103.59 - - [21/Feb/2010:01:48:03 -0800] "GET /robots.txt HTTP/1.0" 302 353 "http://evilfuckers.org/robots.txt" "Mozilla/4.0 (compatible; MSIE 6.0; Windows NT 5.1; SV1; .NET CLR 2.0.50727)"
70.36.103.59 - - [21/Feb/2010:01:48:03 -0800] "GET / HTTP/1.0" 200 151 "http://evilfuckers.org/" "Mozilla/4.0 (compatible; MSIE 6.0; Windows NT 5.1; SV1; .NET CLR 2.0.50727)"
66.249.71.186 - - [21/Feb/2010:02:06:03 -0800] "GET /robots.txt HTTP/1.1" 302 357 "-" "Mozilla/5.0 (compatible; Googlebot/2.1; +http://www.google.com/bot.html)"
66.249.71.186 - - [21/Feb/2010:02:06:03 -0800] "GET / HTTP/1.1" 200 151 "-" "Mozilla/5.0 (compatible; Googlebot/2.1; +http://www.google.com/bot.html)"
67.195.114.235 - - [21/Feb/2010:10:58:05 -0800] "GET /robots.txt HTTP/1.0" 302 357 "-" "Mozilla/5.0 (compatible; Yahoo! Slurp; http://help.yahoo.com/help/us/ysearch/slurp)"
67.195.114.235 - - [21/Feb/2010:10:58:06 -0800] "GET / HTTP/1.0" 200 151 "-" "Mozilla/5.0 (compatible; Yahoo! Slurp; http://help.yahoo.com/help/us/ysearch/slurp)"
67.195.114.235 - - [21/Feb/2010:10:58:06 -0800] "GET / HTTP/1.0" 200 151 "-" "Mozilla/5.0 (compatible; Yahoo! Slurp/3.0; http://help.yahoo.com/help/us/ysearch/slurp)"
95.108.150.235 - - [21/Feb/2010:16:48:04 -0800] "GET /robots.txt HTTP/1.1" 302 353 "-" "Yandex/1.01.001 (compatible; Win16; H)"
95.108.150.235 - - [21/Feb/2010:16:48:05 -0800] "GET /robots.txt HTTP/1.1" 302 357 "-" "Yandex/1.01.001 (compatible; Win16; H)"
95.108.150.235 - - [21/Feb/2010:16:48:06 -0800] "GET / HTTP/1.1" 200 151 "-" "Yandex/1.01.001 (compatible; Win16; H)"
95.108.150.235 - - [21/Feb/2010:16:48:07 -0800] "GET / HTTP/1.1" 200 151 "-" "Yandex/1.01.001 (compatible; Win16; H)"
95.108.150.235 - - [21/Feb/2010:16:48:08 -0800] "GET / HTTP/1.1" 200 151 "-" "Yandex/1.01.001 (compatible; Win16; H)"
95.108.150.235 - - [21/Feb/2010:16:48:09 -0800] "GET / HTTP/1.1" 200 151 "-" "Yandex/1.01.001 (compatible; Win16; H)"
208.80.193.42 - - [21/Feb/2010:21:52:56 -0800] "GET / HTTP/1.0" 200 151 "-" "Mozilla/4.0 (compatible; MSIE 7.0; Windows NT 5.1; MSOCD; .NET CLR 1.1.4322; .NET CLR 2.0.50727; InfoPath.2)"
65.55.106.109 - - [21/Feb/2010:23:22:59 -0800] "GET /robots.txt HTTP/1.1" 302 353 "-" "msnbot/2.0b (+http://search.msn.com/msnbot.htm)"
65.55.106.109 - - [21/Feb/2010:23:22:59 -0800] "GET / HTTP/1.1" 200 151 "-" "msnbot/2.0b (+http://search.msn.com/msnbot.htm)"
65.55.106.109 - - [21/Feb/2010:23:23:53 -0800] "GET /register.php HTTP/1.1" 302 353 "-" "msnbot/2.0b (+http://search.msn.com/msnbot.htm)"
207.46.199.44 - - [21/Feb/2010:23:47:35 -0800] "GET /robots.txt HTTP/1.1" 302 353 "-" "msnbot/2.0b (+http://search.msn.com/msnbot.htm)"
207.46.199.44 - - [21/Feb/2010:23:47:35 -0800] "GET / HTTP/1.1" 200 151 "-" "msnbot/2.0b (+http://search.msn.com/msnbot.htm)"
216.129.119.12 - - [22/Feb/2010:00:10:23 -0800] "GET /robots.txt HTTP/1.1" 302 357 "-" "Mozilla/5.0 (Twiceler-0.9 http://www.cuil.com/twiceler/robot.html)"
123.125.66.114 - - [22/Feb/2010:01:09:41 -0800] "GET /robots.txt HTTP/1.1" 302 353 "-" "Baiduspider+(+http://www.baidu.com/search/spider.htm)"
123.125.66.42 - - [22/Feb/2010:01:09:42 -0800] "GET / HTTP/1.1" 200 151 "-" "Baiduspider+(+http://www.baidu.com/search/spider.htm)"
208.80.193.34 - - [22/Feb/2010:03:29:38 -0800] "GET / HTTP/1.0" 200 151 "-" "Mozilla/4.0 (compatible; MSIE 6.0; Windows NT 5.1; SV1; SIMBAR={A2B9A18F-E323-4c2b-B3E1-5DFBC662797E}; .NET CLR 1.1.4322)"
216.129.119.12 - - [22/Feb/2010:06:51:07 -0800] "GET /robots.txt HTTP/1.1" 302 353 "-" "Mozilla/5.0 (Twiceler-0.9 http://www.cuil.com/twiceler/robot.html)"
65.55.207.93 - - [22/Feb/2010:07:55:05 -0800] "GET /robots.txt HTTP/1.1" 302 353 "-" "msnbot/2.0b (+http://search.msn.com/msnbot.htm)"
65.55.207.93 - - [22/Feb/2010:07:55:05 -0800] "GET / HTTP/1.1" 200 151 "-" "msnbot/2.0b (+http://search.msn.com/msnbot.htm)"
65.55.207.93 - - [22/Feb/2010:07:55:55 -0800] "GET / HTTP/1.1" 200 151 "-" "msnbot/2.0b (+http://search.msn.com/msnbot.htm)"
66.219.58.34 - - [22/Feb/2010:08:22:05 -0800] "GET /robots.txt HTTP/1.1" 302 353 "-" "MLBot (www.metadatalabs.com/mlbot)"
66.219.58.34 - - [22/Feb/2010:08:22:05 -0800] "GET / HTTP/1.1" 200 151 "-" "MLBot (www.metadatalabs.com/mlbot)"
66.219.58.34 - - [22/Feb/2010:08:22:09 -0800] "GET / HTTP/1.1" 200 151 "-" "MLBot (www.metadatalabs.com/mlbot)"
66.249.71.186 - - [22/Feb/2010:10:15:14 -0800] "GET /robots.txt HTTP/1.1" 302 357 "-" "Mozilla/5.0 (compatible; Googlebot/2.1; +http://www.google.com/bot.html)"
66.249.71.186 - - [22/Feb/2010:10:15:14 -0800] "GET / HTTP/1.1" 200 151 "-" "Mozilla/5.0 (compatible; Googlebot/2.1; +http://www.google.com/bot.html)"
123.150.187.133 - - [22/Feb/2010:17:21:28 -0800] "GET / HTTP/1.1" 200 151 "-" "Mozilla/4.0 (compatible; MSIE 6.0; Windows NT 5.1; SV1; QQDownload 1.7; TencentTraveler 4.0; CIBA; InfoPath.2; .NET CLR 2.0.50727"
66.249.67.206 - - [22/Feb/2010:17:53:55 -0800] "GET /robots.txt HTTP/1.1" 302 353 "-" "Mozilla/5.0 (compatible; Googlebot/2.1; +http://www.google.com/bot.html)"
66.249.67.206 - - [22/Feb/2010:17:53:55 -0800] "GET / HTTP/1.1" 200 151 "-" "Mozilla/5.0 (compatible; Googlebot/2.1; +http://www.google.com/bot.html)"
66.249.67.206 - - [22/Feb/2010:17:53:55 -0800] "GET / HTTP/1.1" 200 151 "-" "Mozilla/5.0 (compatible; Googlebot/2.1; +http://www.google.com/bot.html)"
67.195.111.235 - - [22/Feb/2010:21:17:44 -0800] "GET /robots.txt HTTP/1.0" 302 353 "-" "Mozilla/5.0 (compatible; Yahoo! Slurp; http://help.yahoo.com/help/us/ysearch/slurp)"
67.195.111.235 - - [22/Feb/2010:21:17:45 -0800] "GET / HTTP/1.0" 200 151 "-" "Mozilla/5.0 (compatible; Yahoo! Slurp; http://help.yahoo.com/help/us/ysearch/slurp)"
67.195.111.235 - - [22/Feb/2010:21:17:45 -0800] "GET / HTTP/1.0" 200 151 "-" "Mozilla/5.0 (compatible; Yahoo! Slurp/3.0; http://help.yahoo.com/help/us/ysearch/slurp)"
66.249.67.206 - - [23/Feb/2010:00:01:58 -0800] "GET /index.php/photos/album/1/photo/1.html HTTP/1.1" 200 151 "-" "Mozilla/5.0 (compatible; Googlebot/2.1; +http://www.google.com/bot.html)"
216.129.119.12 - - [23/Feb/2010:00:04:06 -0800] "GET /robots.txt HTTP/1.1" 302 357 "-" "Mozilla/5.0 (Twiceler-0.9 http://www.cuil.com/twiceler/robot.html)"
74.222.4.82 - - [23/Feb/2010:01:47:54 -0800] "GET /robots.txt HTTP/1.0" 302 353 "http://evilfuckers.org/robots.txt" "Mozilla/4.0 (compatible; MSIE 6.0; Windows NT 5.1; SV1; .NET CLR 2.0.50727)"
74.222.4.82 - - [23/Feb/2010:01:47:54 -0800] "GET / HTTP/1.0" 200 151 "http://evilfuckers.org/" "Mozilla/4.0 (compatible; MSIE 6.0; Windows NT 5.1; SV1; .NET CLR 2.0.50727)"
65.55.207.30 - - [23/Feb/2010:05:32:15 -0800] "GET /robots.txt HTTP/1.1" 302 353 "-" "msnbot/2.0b (+http://search.msn.com/msnbot.htm)"
65.55.207.30 - - [23/Feb/2010:05:32:16 -0800] "GET / HTTP/1.1" 200 151 "-" "msnbot/2.0b (+http://search.msn.com/msnbot.htm)"
65.55.207.30 - - [23/Feb/2010:05:32:51 -0800] "GET /user.php HTTP/1.1" 302 353 "-" "msnbot/2.0b (+http://search.msn.com/msnbot.htm)"
216.129.119.12 - - [23/Feb/2010:06:55:46 -0800] "GET /robots.txt HTTP/1.1" 302 353 "-" "Mozilla/5.0 (Twiceler-0.9 http://www.cuil.com/twiceler/robot.html)"
207.46.199.48 - - [23/Feb/2010:07:11:30 -0800] "GET /robots.txt HTTP/1.1" 302 353 "-" "msnbot/2.0b (+http://search.msn.com/msnbot.htm)"
207.46.199.48 - - [23/Feb/2010:07:11:30 -0800] "GET / HTTP/1.1" 200 151 "-" "msnbot/2.0b (+http://search.msn.com/msnbot.htm)"
207.46.204.193 - - [23/Feb/2010:11:06:04 -0800] "GET /robots.txt HTTP/1.1" 302 353 "-" "msnbot/2.0b (+http://search.msn.com/msnbot.htm)"
207.46.204.193 - - [23/Feb/2010:11:06:04 -0800] "GET / HTTP/1.1" 200 151 "-" "msnbot/2.0b (+http://search.msn.com/msnbot.htm)"
208.80.193.42 - - [23/Feb/2010:11:31:28 -0800] "GET / HTTP/1.0" 200 151 "-" "Mozilla/4.0 (compatible; MSIE 7.0; Windows NT 5.1; FunWebProducts; TB Newsbar; .NET CLR 1.0.3705; .NET CLR 1.1.4322; Media Center PC 4.0; .NET CLR 2.0.50727; PeoplePal 3.0)"
66.249.67.206 - - [23/Feb/2010:15:10:26 -0800] "GET /index.php/photos/album/1/photo/2.html HTTP/1.1" 200 151 "-" "Mozilla/5.0 (compatible; Googlebot/2.1; +http://www.google.com/bot.html)"
95.108.150.235 - - [23/Feb/2010:16:37:37 -0800] "GET /robots.txt HTTP/1.1" 302 353 "-" "Yandex/1.01.001 (compatible; Win16; H)"
95.108.150.235 - - [23/Feb/2010:16:37:38 -0800] "GET /robots.txt HTTP/1.1" 302 357 "-" "Yandex/1.01.001 (compatible; Win16; H)"
95.108.150.235 - - [23/Feb/2010:16:37:39 -0800] "GET / HTTP/1.1" 200 151 "-" "Yandex/1.01.001 (compatible; Win16; H)"
95.108.150.235 - - [23/Feb/2010:16:37:40 -0800] "GET / HTTP/1.1" 200 151 "-" "Yandex/1.01.001 (compatible; Win16; H)"
95.108.150.235 - - [23/Feb/2010:16:37:41 -0800] "GET / HTTP/1.1" 200 151 "-" "Yandex/1.01.001 (compatible; Win16; H)"
95.108.150.235 - - [23/Feb/2010:16:37:42 -0800] "GET / HTTP/1.1" 200 151 "-" "Yandex/1.01.001 (compatible; Win16; H)"
208.80.193.43 - - [23/Feb/2010:17:25:25 -0800] "GET / HTTP/1.0" 200 151 "-" "Mozilla/4.0 (compatible; MSIE 6.0; Windows NT 5.1; YPC 3.2.0; .NET CLR 1.1.4322; yplus 5.1.03b)"
66.249.67.197 - - [23/Feb/2010:19:05:31 -0800] "GET /robots.txt HTTP/1.1" 302 353 "-" "Mozilla/5.0 (compatible; Googlebot/2.1; +http://www.google.com/bot.html)"
66.249.67.197 - - [23/Feb/2010:19:05:31 -0800] "GET / HTTP/1.1" 200 151 "-" "Mozilla/5.0 (compatible; Googlebot/2.1; +http://www.google.com/bot.html)"
66.249.67.197 - - [23/Feb/2010:19:05:31 -0800] "GET /index.php/photos/album/1.html HTTP/1.1" 200 151 "-" "Mozilla/5.0 (compatible; Googlebot/2.1; +http://www.google.com/bot.html)"
65.55.207.49 - - [23/Feb/2010:20:22:53 -0800] "GET /robots.txt HTTP/1.1" 302 353 "-" "msnbot/2.0b (+http://search.msn.com/msnbot.htm)"
65.55.207.49 - - [23/Feb/2010:20:22:53 -0800] "GET / HTTP/1.1" 200 151 "-" "msnbot/2.0b (+http://search.msn.com/msnbot.htm)"
65.55.207.49 - - [23/Feb/2010:20:23:53 -0800] "GET /?C=N;O=D HTTP/1.1" 200 151 "-" "msnbot/2.0b (+http://search.msn.com/msnbot.htm)"
123.125.66.16 - - [23/Feb/2010:21:43:47 -0800] "GET /robots.txt HTTP/1.1" 302 353 "-" "Baiduspider+(+http://www.baidu.com/search/spider.htm)"
123.125.66.38 - - [23/Feb/2010:21:43:47 -0800] "GET / HTTP/1.1" 200 151 "-" "Baiduspider+(+http://www.baidu.com/search/spider.htm)"
71.41.201.37 - - [23/Feb/2010:22:51:55 -0800] "GET /robots.txt HTTP/1.1" 302 353 "-" "MLBot (www.metadatalabs.com/mlbot)"
71.41.201.37 - - [23/Feb/2010:22:51:56 -0800] "GET / HTTP/1.1" 200 151 "-" "MLBot (www.metadatalabs.com/mlbot)"
71.41.201.37 - - [23/Feb/2010:22:51:56 -0800] "GET / HTTP/1.1" 200 151 "-" "MLBot (www.metadatalabs.com/mlbot)"
188.40.251.156 - - [24/Feb/2010:06:51:07 -0800] "GET / HTTP/1.1" 200 151 "-" "Mozilla/5.0 (compatible; orgtheweb.org/1.0; http://www.orgtheweb.org)"
216.129.119.12 - - [24/Feb/2010:07:25:52 -0800] "GET /robots.txt HTTP/1.1" 302 353 "-" "Mozilla/5.0 (Twiceler-0.9 http://www.cuil.com/twiceler/robot.html)"
66.7.243.146 - - [24/Feb/2010:08:12:18 -0800] "GET /misc/thingy.gif HTTP/1.1" 302 353 "http://comment.myspace.com/index.cfm?fuseaction=user.viewComments&friendID=55085965" "Mozilla/5.0 (Windows; U; Windows NT 5.1; en-US; rv:1.9.0.18) Gecko/2010020220 Firefox/3.0.18 (.NET CLR 3.5.30729)"
66.7.243.146 - - [24/Feb/2010:08:12:18 -0800] "GET / HTTP/1.1" 200 151 "http://comment.myspace.com/index.cfm?fuseaction=user.viewComments&friendID=55085965" "Mozilla/5.0 (Windows; U; Windows NT 5.1; en-US; rv:1.9.0.18) Gecko/2010020220 Firefox/3.0.18 (.NET CLR 3.5.30729)"
65.55.216.32 - - [24/Feb/2010:08:12:30 -0800] "GET /robots.txt HTTP/1.1" 302 353 "-" "msnbot/2.0b (+http://search.msn.com/msnbot.htm)"
65.55.216.32 - - [24/Feb/2010:08:12:30 -0800] "GET / HTTP/1.1" 200 151 "-" "msnbot/2.0b (+http://search.msn.com/msnbot.htm)"
66.7.243.146 - - [24/Feb/2010:08:13:21 -0800] "GET /misc/thingy.gif HTTP/1.1" 302 353 "http://comment.myspace.com/index.cfm?fuseaction=user.viewComments&friendID=55085965" "Mozilla/5.0 (Windows; U; Windows NT 5.1; en-US; rv:1.9.0.18) Gecko/2010020220 Firefox/3.0.18 (.NET CLR 3.5.30729)"
66.7.243.146 - - [24/Feb/2010:08:13:21 -0800] "GET / HTTP/1.1" 200 151 "http://comment.myspace.com/index.cfm?fuseaction=user.viewComments&friendID=55085965" "Mozilla/5.0 (Windows; U; Windows NT 5.1; en-US; rv:1.9.0.18) Gecko/2010020220 Firefox/3.0.18 (.NET CLR 3.5.30729)"
65.55.216.32 - - [24/Feb/2010:08:13:25 -0800] "GET / HTTP/1.1" 200 151 "-" "msnbot/2.0b (+http://search.msn.com/msnbot.htm)"
207.46.199.37 - - [24/Feb/2010:14:07:09 -0800] "GET /robots.txt HTTP/1.1" 302 353 "-" "msnbot/2.0b (+http://search.msn.com/msnbot.htm)"
207.46.199.37 - - [24/Feb/2010:14:07:09 -0800] "GET / HTTP/1.1" 200 151 "-" "msnbot/2.0b (+http://search.msn.com/msnbot.htm)"
204.236.242.141 - - [24/Feb/2010:16:07:12 -0800] "GET /robots.txt HTTP/1.1" 302 353 "-" "Mozilla/5.0 (compatible; spbot/2.0; +http://www.seoprofiler.com/bot/ )"
204.236.242.141 - - [24/Feb/2010:16:07:13 -0800] "GET / HTTP/1.1" 200 151 "-" "Mozilla/5.0 (compatible; spbot/2.0; +http://www.seoprofiler.com/bot/ )"
204.236.242.141 - - [24/Feb/2010:16:07:13 -0800] "GET / HTTP/1.1" 200 151 "-" "Mozilla/5.0 (compatible; spbot/2.0; +http://www.seoprofiler.com/bot/ )"
65.55.109.110 - - [24/Feb/2010:21:43:03 -0800] "GET /index.php/photos/album/1/photo/2.html HTTP/1.1" 200 151 "-" "Mozilla/4.0 (compatible; MSIE 6.0; Windows NT 5.2; SLCC1; .NET CLR 1.1.4325; .NET CLR 2.0.50727; .NET CLR 3.0.30729; .NET CLR 3.5.30729; InfoPath.2)"
123.125.66.46 - - [24/Feb/2010:21:51:39 -0800] "GET /robots.txt HTTP/1.1" 302 353 "-" "Baiduspider+(+http://www.baidu.com/search/spider.htm)"
123.125.66.24 - - [24/Feb/2010:21:51:39 -0800] "GET / HTTP/1.1" 200 151 "-" "Baiduspider+(+http://www.baidu.com/search/spider.htm)"
208.80.193.27 - - [25/Feb/2010:01:19:00 -0800] "GET / HTTP/1.0" 200 151 "-" "Mozilla/4.0 (compatible; MSIE 6.0; Windows NT 5.1; SV1; EmbeddedWB 14,52 from: http://www.bsalsa.com/ EmbeddedWB 14.52; .NET CLR 1.1.4322; .NET CLR 2.0.50727)"
216.129.119.12 - - [25/Feb/2010:02:19:56 -0800] "GET /robots.txt HTTP/1.1" 302 357 "-" "Mozilla/5.0 (Twiceler-0.9 http://www.cuil.com/twiceler/robot.html)"
38.100.8.50 - - [25/Feb/2010:03:02:12 -0800] "GET /robots.txt HTTP/1.1" 302 357 "-" "panscient.com"
38.100.8.50 - - [25/Feb/2010:03:02:13 -0800] "GET / HTTP/1.1" 200 151 "-" "panscient.com"
38.100.8.50 - - [25/Feb/2010:03:02:13 -0800] "GET / HTTP/1.1" 200 151 "-" "panscient.com"
207.46.204.196 - - [25/Feb/2010:03:41:00 -0800] "GET /robots.txt HTTP/1.1" 302 353 "-" "msnbot/2.0b (+http://search.msn.com/msnbot.htm)"
207.46.204.196 - - [25/Feb/2010:03:41:00 -0800] "GET / HTTP/1.1" 200 151 "-" "msnbot/2.0b (+http://search.msn.com/msnbot.htm)"
207.46.204.196 - - [25/Feb/2010:03:41:46 -0800] "GET /index.php/photos/album/1/photo/1.html HTTP/1.1" 200 151 "-" "msnbot/2.0b (+http://search.msn.com/msnbot.htm)"
219.143.225.3 - - [25/Feb/2010:05:16:26 -0800] "HEAD / HTTP/1.0" 200 - "-" "Mozilla/4.0(compatible;MSIE 5.00;Windows 98)"
208.80.193.35 - - [25/Feb/2010:07:00:19 -0800] "GET / HTTP/1.0" 200 151 "-" "Mozilla/4.0 (compatible; MSIE 6.0; Windows NT 5.1; {134C31DE-2E69-31AD-2FD0-899430054282}; .NET CLR 1.0.3705; .NET CLR 1.1.4322)"
93.158.148.31 - - [25/Feb/2010:11:09:33 -0800] "GET /robots.txt HTTP/1.1" 302 357 "-" "Yandex/1.01.001 (compatible; Win16; I)"
66.249.67.170 - - [25/Feb/2010:11:39:31 -0800] "GET /robots.txt HTTP/1.1" 302 357 "-" "Mozilla/5.0 (compatible; Googlebot/2.1; +http://www.google.com/bot.html)"
66.249.67.170 - - [25/Feb/2010:11:39:31 -0800] "GET / HTTP/1.1" 200 151 "-" "Mozilla/5.0 (compatible; Googlebot/2.1; +http://www.google.com/bot.html)"
216.129.119.12 - - [25/Feb/2010:12:50:20 -0800] "GET /robots.txt HTTP/1.1" 302 353 "-" "Mozilla/5.0 (Twiceler-0.9 http://www.cuil.com/twiceler/robot.html)"
95.108.150.235 - - [25/Feb/2010:16:43:59 -0800] "GET /robots.txt HTTP/1.1" 302 353 "-" "Yandex/1.01.001 (compatible; Win16; H)"
95.108.150.235 - - [25/Feb/2010:16:44:00 -0800] "GET /robots.txt HTTP/1.1" 302 357 "-" "Yandex/1.01.001 (compatible; Win16; H)"
95.108.150.235 - - [25/Feb/2010:16:44:01 -0800] "GET / HTTP/1.1" 200 151 "-" "Yandex/1.01.001 (compatible; Win16; H)"
95.108.150.235 - - [25/Feb/2010:16:44:02 -0800] "GET / HTTP/1.1" 200 151 "-" "Yandex/1.01.001 (compatible; Win16; H)"
95.108.150.235 - - [25/Feb/2010:16:44:03 -0800] "GET / HTTP/1.1" 200 151 "-" "Yandex/1.01.001 (compatible; Win16; H)"
95.108.150.235 - - [25/Feb/2010:16:44:04 -0800] "GET / HTTP/1.1" 200 151 "-" "Yandex/1.01.001 (compatible; Win16; H)"
123.125.66.16 - - [25/Feb/2010:21:53:56 -0800] "GET /robots.txt HTTP/1.1" 302 353 "-" "Baiduspider+(+http://www.baidu.com/search/spider.htm)"
123.125.66.43 - - [25/Feb/2010:21:53:57 -0800] "GET / HTTP/1.1" 200 151 "-" "Baiduspider+(+http://www.baidu.com/search/spider.htm)"
93.158.148.31 - - [25/Feb/2010:22:09:23 -0800] "GET / HTTP/1.1" 200 151 "-" "Yandex/1.01.001 (compatible; Win16; I)"
216.129.119.12 - - [26/Feb/2010:01:03:30 -0800] "GET /robots.txt HTTP/1.1" 302 357 "-" "Mozilla/5.0 (Twiceler-0.9 http://www.cuil.com/twiceler/robot.html)"
123.150.187.133 - - [26/Feb/2010:01:35:42 -0800] "GET / HTTP/1.1" 200 151 "-" "Mozilla/4.0 (compatible; MSIE 6.0; Windows NT 5.1; SV1; QQDownload 1.7; TencentTraveler 4.0; CIBA; InfoPath.2; .NET CLR 2.0.50727"
74.222.4.218 - - [26/Feb/2010:04:28:45 -0800] "GET /robots.txt HTTP/1.0" 302 353 "http://evilfuckers.org/robots.txt" "Mozilla/4.0 (compatible; MSIE 6.0; Windows NT 5.1; SV1; .NET CLR 2.0.50727)"
74.222.4.218 - - [26/Feb/2010:04:28:45 -0800] "GET / HTTP/1.0" 200 151 "http://evilfuckers.org/" "Mozilla/4.0 (compatible; MSIE 6.0; Windows NT 5.1; SV1; .NET CLR 2.0.50727)"
207.46.199.51 - - [26/Feb/2010:08:23:42 -0800] "GET /robots.txt HTTP/1.1" 302 353 "-" "msnbot/2.0b (+http://search.msn.com/msnbot.htm)"
207.46.199.51 - - [26/Feb/2010:08:23:42 -0800] "GET / HTTP/1.1" 200 151 "-" "msnbot/2.0b (+http://search.msn.com/msnbot.htm)"
207.46.199.51 - - [26/Feb/2010:08:24:47 -0800] "GET / HTTP/1.1" 200 151 "-" "msnbot/2.0b (+http://search.msn.com/msnbot.htm)"
66.219.58.43 - - [26/Feb/2010:08:56:38 -0800] "GET /robots.txt HTTP/1.1" 302 353 "-" "MLBot (www.metadatalabs.com/mlbot)"
66.219.58.43 - - [26/Feb/2010:08:56:38 -0800] "GET / HTTP/1.1" 200 151 "-" "MLBot (www.metadatalabs.com/mlbot)"
66.219.58.43 - - [26/Feb/2010:08:56:39 -0800] "GET / HTTP/1.1" 200 151 "-" "MLBot (www.metadatalabs.com/mlbot)"
216.129.119.12 - - [26/Feb/2010:11:36:12 -0800] "GET /robots.txt HTTP/1.1" 302 353 "-" "Mozilla/5.0 (Twiceler-0.9 http://www.cuil.com/twiceler/robot.html)"
208.80.193.29 - - [26/Feb/2010:13:50:55 -0800] "GET / HTTP/1.0" 200 151 "-" "Mozilla/4.0 (compatible; MSIE 7.0; Windows NT 5.1; isp 1706; FunWebProducts)"
65.55.51.69 - - [26/Feb/2010:18:56:31 -0800] "GET /robots.txt HTTP/1.1" 302 353 "-" "msnbot/2.0b (+http://search.msn.com/msnbot.htm)"
65.55.51.69 - - [26/Feb/2010:18:56:31 -0800] "GET / HTTP/1.1" 200 151 "-" "msnbot/2.0b (+http://search.msn.com/msnbot.htm)"
208.115.111.245 - - [26/Feb/2010:19:24:51 -0800] "GET /robots.txt HTTP/1.1" 302 353 "-" "Mozilla/5.0 (compatible; DotBot/1.1; http://www.dotnetdotcom.org/, crawler@dotnetdotcom.org)"
208.115.111.245 - - [26/Feb/2010:19:24:51 -0800] "GET /robots.txt HTTP/1.1" 302 357 "-" "Mozilla/5.0 (compatible; DotBot/1.1; http://www.dotnetdotcom.org/, crawler@dotnetdotcom.org)"
208.115.111.245 - - [26/Feb/2010:19:24:51 -0800] "GET / HTTP/1.1" 200 151 "-" "Mozilla/5.0 (compatible; DotBot/1.1; http://www.dotnetdotcom.org/, crawler@dotnetdotcom.org)"
208.115.111.245 - - [26/Feb/2010:19:24:51 -0800] "GET / HTTP/1.1" 200 151 "-" "Mozilla/5.0 (compatible; DotBot/1.1; http://www.dotnetdotcom.org/, crawler@dotnetdotcom.org)"
208.80.193.34 - - [26/Feb/2010:19:41:48 -0800] "GET / HTTP/1.0" 200 151 "-" "Mozilla/4.0 (compatible; MSIE 6.0; Windows NT 5.1; {4CE7C260-A37B-83AD-6322-585078CE070D}; .NET CLR 1.1.4322; .NET CLR 2.0.50727)"
123.125.66.19 - - [26/Feb/2010:21:56:15 -0800] "GET /robots.txt HTTP/1.1" 302 353 "-" "Baiduspider+(+http://www.baidu.com/search/spider.htm)"
123.125.66.44 - - [26/Feb/2010:21:56:16 -0800] "GET / HTTP/1.1" 200 151 "-" "Baiduspider+(+http://www.baidu.com/search/spider.htm)"
216.129.119.12 - - [27/Feb/2010:00:34:56 -0800] "GET /robots.txt HTTP/1.1" 302 357 "-" "Mozilla/5.0 (Twiceler-0.9 http://www.cuil.com/twiceler/robot.html)"
208.115.111.245 - - [27/Feb/2010:00:39:49 -0800] "GET / HTTP/1.1" 200 151 "-" "Mozilla/5.0 (compatible; DotBot/1.1; http://www.dotnetdotcom.org/, crawler@dotnetdotcom.org)"
208.115.111.245 - - [27/Feb/2010:00:39:55 -0800] "GET / HTTP/1.1" 200 151 "-" "Mozilla/5.0 (compatible; DotBot/1.1; http://www.dotnetdotcom.org/, crawler@dotnetdotcom.org)"
69.46.28.206 - - [27/Feb/2010:06:51:22 -0800] "GET /orb.jpg HTTP/1.0" 302 357 "-" "-"
69.46.28.206 - - [27/Feb/2010:06:51:23 -0800] "GET / HTTP/1.0" 200 151 "-" "-"
216.129.119.12 - - [27/Feb/2010:11:44:59 -0800] "GET /robots.txt HTTP/1.1" 302 353 "-" "Mozilla/5.0 (Twiceler-0.9 http://www.cuil.com/twiceler/robot.html)"
64.246.165.200 - - [27/Feb/2010:15:00:25 -0800] "GET /robots.txt HTTP/1.0" 302 357 "-" "Mozilla/5.0 (Windows; U; Windows NT 5.1; en; rv:1.9.0.13) Gecko/2009073022 Firefox/3.5.2 (.NET CLR 3.5.30729) SurveyBot/2.3 (DomainTools)"
64.246.165.200 - - [27/Feb/2010:15:00:25 -0800] "GET / HTTP/1.1" 200 151 "http://whois.domaintools.com/evilfuckers.org" "Mozilla/5.0 (Windows; U; Windows NT 5.1; en; rv:1.9.0.13) Gecko/2009073022 Firefox/3.5.2 (.NET CLR 3.5.30729) SurveyBot/2.3 (DomainTools)"
95.108.150.235 - - [27/Feb/2010:17:08:03 -0800] "GET /robots.txt HTTP/1.1" 302 357 "-" "Yandex/1.01.001 (compatible; Win16; H)"
95.108.150.235 - - [27/Feb/2010:17:08:04 -0800] "GET /robots.txt HTTP/1.1" 302 353 "-" "Yandex/1.01.001 (compatible; Win16; H)"
95.108.150.235 - - [27/Feb/2010:17:08:05 -0800] "GET / HTTP/1.1" 200 151 "-" "Yandex/1.01.001 (compatible; Win16; H)"
95.108.150.235 - - [27/Feb/2010:17:08:06 -0800] "GET / HTTP/1.1" 200 151 "-" "Yandex/1.01.001 (compatible; Win16; H)"
95.108.150.235 - - [27/Feb/2010:17:08:07 -0800] "GET / HTTP/1.1" 200 151 "-" "Yandex/1.01.001 (compatible; Win16; H)"
95.108.150.235 - - [27/Feb/2010:17:08:08 -0800] "GET / HTTP/1.1" 200 151 "-" "Yandex/1.01.001 (compatible; Win16; H)"
123.150.187.133 - - [27/Feb/2010:19:50:24 -0800] "GET / HTTP/1.1" 200 151 "-" "Mozilla/4.0 (compatible; MSIE 6.0; Windows NT 5.1; SV1; QQDownload 1.7; TencentTraveler 4.0; CIBA; InfoPath.2; .NET CLR 2.0.50727"
123.125.66.104 - - [27/Feb/2010:22:03:49 -0800] "GET /robots.txt HTTP/1.1" 302 353 "-" "Baiduspider+(+http://www.baidu.com/search/spider.htm)"
123.125.66.116 - - [27/Feb/2010:22:03:50 -0800] "GET / HTTP/1.1" 200 151 "-" "Baiduspider+(+http://www.baidu.com/search/spider.htm)"
216.129.119.12 - - [28/Feb/2010:00:35:27 -0800] "GET /robots.txt HTTP/1.1" 302 357 "-" "Mozilla/5.0 (Twiceler-0.9 http://www.cuil.com/twiceler/robot.html)"
75.101.197.161 - - [28/Feb/2010:03:02:16 -0800] "GET /robots.txt HTTP/1.1" 302 353 "-" "Mozilla/5.0 (compatible; spbot/2.0; +http://www.seoprofiler.com/bot/ )"
75.101.197.161 - - [28/Feb/2010:03:02:16 -0800] "GET / HTTP/1.1" 200 151 "-" "Mozilla/5.0 (compatible; spbot/2.0; +http://www.seoprofiler.com/bot/ )"
75.101.197.161 - - [28/Feb/2010:03:02:17 -0800] "GET / HTTP/1.1" 200 151 "-" "Mozilla/5.0 (compatible; spbot/2.0; +http://www.seoprofiler.com/bot/ )"
208.80.193.29 - - [28/Feb/2010:03:18:08 -0800] "GET / HTTP/1.0" 200 151 "-" "Mozilla/4.0 (compatible; MSIE 7.0; Windows NT 5.1; iebar; acc=ventura5; .NET CLR 1.0.3705; .NET CLR 1.1.4322; .NET CLR 2.0.50727)"
72.94.249.38 - - [28/Feb/2010:03:42:25 -0800] "GET / HTTP/1.1" 200 151 "-" "Mozilla/4.0 (compatible; MSIE 6.0; Windows NT 5.1; SV1; .NET CLR 1.1.4322)"
75.101.203.73 - - [28/Feb/2010:04:05:03 -0800] "GET / HTTP/1.0" 200 151 "-" "Mozilla/4.0 (compatible; MSIE 6.0; Windows NT 5.1; SV1; .NET CLR 1.1.4322; .NET CLR 2.0.50728)"
64.255.180.124 - - [28/Feb/2010:07:26:03 -0800] "GET / HTTP/1.1" 200 151 "http://www.google.com/xhtml?client=ms-opera_mb_no&channel=bh&q=http%3A%2F%2Fevilfuckers.org&resnum=1&ei=4YqKS5DuH5CIrgPb7PNX&sa=X&oi=revisions_inline&ct=revision&cd=1" "Opera/9.80 (J2ME/MIDP; Opera Mini/4.1.13907/922; U; en) Presto/2.4.15"
64.255.180.124 - - [28/Feb/2010:07:26:03 -0800] "GET /favicon.ico HTTP/1.1" 200 574 "http://evilfuckers.org/" "Opera/9.80 (J2ME/MIDP; Opera Mini/4.1.13907/922; U; en) Presto/2.4.15"
208.80.193.28 - - [28/Feb/2010:09:04:07 -0800] "GET / HTTP/1.0" 200 151 "-" "Mozilla/4.0 (compatible; MSIE 7.0; Windows NT 5.1; YPC 3.0.1; FunWebProducts; .NET CLR 1.1.4322; SpamBlockerUtility 4.8.4)"
208.96.10.201 - - [28/Feb/2010:09:10:42 -0800] "GET /robots.txt HTTP/1.1" 302 353 "-" "robotgenius (http://robotgenius.net)"
208.96.10.201 - - [28/Feb/2010:10:04:41 -0800] "GET / HTTP/1.1" 200 151 "-" "robotgenius (http://robotgenius.net)"
216.129.119.12 - - [28/Feb/2010:11:04:58 -0800] "GET /robots.txt HTTP/1.1" 302 353 "-" "Mozilla/5.0 (Twiceler-0.9 http://www.cuil.com/twiceler/robot.html)"
207.46.195.242 - - [28/Feb/2010:14:45:00 -0800] "GET /robots.txt HTTP/1.1" 302 353 "-" "msnbot/2.0b (+http://search.msn.com/msnbot.htm)"
207.46.195.242 - - [28/Feb/2010:14:45:00 -0800] "GET / HTTP/1.1" 200 151 "-" "msnbot/2.0b (+http://search.msn.com/msnbot.htm)"
207.46.195.242 - - [28/Feb/2010:14:46:00 -0800] "GET / HTTP/1.1" 200 151 "-" "msnbot/2.0b (+http://search.msn.com/msnbot.htm)"
66.249.67.218 - - [28/Feb/2010:16:01:46 -0800] "GET /robots.txt HTTP/1.1" 302 353 "-" "Mozilla/5.0 (compatible; Googlebot/2.1; +http://www.google.com/bot.html)"
66.249.67.218 - - [28/Feb/2010:16:01:46 -0800] "GET / HTTP/1.1" 200 151 "-" "Mozilla/5.0 (compatible; Googlebot/2.1; +http://www.google.com/bot.html)"
66.249.67.218 - - [28/Feb/2010:16:01:46 -0800] "GET / HTTP/1.1" 200 151 "-" "Mozilla/5.0 (compatible; Googlebot/2.1; +http://www.google.com/bot.html)"
123.125.66.54 - - [28/Feb/2010:22:21:59 -0800] "GET /robots.txt HTTP/1.1" 302 353 "-" "Baiduspider+(+http://www.baidu.com/search/spider.htm)"
123.125.66.33 - - [28/Feb/2010:22:21:59 -0800] "GET / HTTP/1.1" 200 151 "-" "Baiduspider+(+http://www.baidu.com/search/spider.htm)"
212.5.89.13 - - [01/Mar/2010:00:49:08 -0800] "GET / HTTP/1.0" 200 151 "-" "Mozilla/5.0"
65.55.107.194 - - [01/Mar/2010:03:49:41 -0800] "GET /index.php/photos/album/1/photo/4.html HTTP/1.1" 200 151 "-" "Mozilla/4.0 (compatible; MSIE 6.0; Windows NT 5.2; SV1; .NET CLR 1.1.4325; .NET CLR 2.0.40607; .NET CLR 3.0.04506.648)"
64.56.65.218 - - [01/Mar/2010:04:44:41 -0800] "GET /robots.txt HTTP/1.0" 302 353 "http://evilfuckers.org/robots.txt" "Mozilla/4.0 (compatible; MSIE 6.0; Windows NT 5.1; SV1; .NET CLR 2.0.50727)"
64.56.65.218 - - [01/Mar/2010:04:44:42 -0800] "GET / HTTP/1.0" 200 151 "http://evilfuckers.org/" "Mozilla/4.0 (compatible; MSIE 6.0; Windows NT 5.1; SV1; .NET CLR 2.0.50727)"
207.46.204.162 - - [01/Mar/2010:04:54:59 -0800] "GET /index.php/photos/album/1/photo/4.html HTTP/1.1" 200 151 "-" "Mozilla/4.0 (compatible; MSIE 6.0; Windows NT 5.1; SV1; .NET CLR 1.1.4325; .NET CLR 2.0.50727; .NET CLR 3.0.04506.648)"
69.46.28.206 - - [01/Mar/2010:05:26:26 -0800] "GET /orb.jpg HTTP/1.0" 302 357 "-" "-"
69.46.28.206 - - [01/Mar/2010:05:26:26 -0800] "GET / HTTP/1.0" 200 151 "-" "-"
216.129.119.12 - - [01/Mar/2010:11:00:59 -0800] "GET /robots.txt HTTP/1.1" 302 353 "-" "Mozilla/5.0 (Twiceler-0.9 http://www.cuil.com/twiceler/robot.html)"
207.46.204.182 - - [01/Mar/2010:12:08:06 -0800] "GET /robots.txt HTTP/1.1" 302 353 "-" "msnbot/2.0b (+http://search.msn.com/msnbot.htm)"
207.46.204.182 - - [01/Mar/2010:12:08:06 -0800] "GET / HTTP/1.1" 200 151 "-" "msnbot/2.0b (+http://search.msn.com/msnbot.htm)"
207.46.204.182 - - [01/Mar/2010:12:09:00 -0800] "GET /index.php/photos/album/1.html HTTP/1.1" 200 151 "-" "msnbot/2.0b (+http://search.msn.com/msnbot.htm)"
193.47.80.50 - - [01/Mar/2010:13:27:07 -0800] "GET /robots.txt HTTP/1.1" 302 353 "-" "Mozilla/5.0 (compatible; Exabot/3.0; +http://www.exabot.com/go/robot)"
193.47.80.50 - - [01/Mar/2010:13:27:07 -0800] "GET / HTTP/1.1" 200 151 "-" "Mozilla/5.0 (compatible; Exabot/3.0; +http://www.exabot.com/go/robot)"
193.47.80.50 - - [01/Mar/2010:13:27:08 -0800] "GET / HTTP/1.1" 200 151 "-" "Mozilla/5.0 (compatible; Exabot/3.0; +http://www.exabot.com/go/robot)"
208.80.193.40 - - [01/Mar/2010:16:42:14 -0800] "GET / HTTP/1.0" 200 151 "-" "Mozilla/4.0 (compatible; MSIE 6.0; Windows NT 5.1) Opera 7.54 [de]"
95.108.150.235 - - [01/Mar/2010:21:26:41 -0800] "GET /robots.txt HTTP/1.1" 302 357 "-" "Yandex/1.01.001 (compatible; Win16; H)"
95.108.150.235 - - [01/Mar/2010:21:26:42 -0800] "GET /robots.txt HTTP/1.1" 302 353 "-" "Yandex/1.01.001 (compatible; Win16; H)"
95.108.150.235 - - [01/Mar/2010:21:26:43 -0800] "GET / HTTP/1.1" 200 151 "-" "Yandex/1.01.001 (compatible; Win16; H)"
95.108.150.235 - - [01/Mar/2010:21:26:44 -0800] "GET / HTTP/1.1" 200 151 "-" "Yandex/1.01.001 (compatible; Win16; H)"
95.108.150.235 - - [01/Mar/2010:21:26:45 -0800] "GET / HTTP/1.1" 200 151 "-" "Yandex/1.01.001 (compatible; Win16; H)"
95.108.150.235 - - [01/Mar/2010:21:26:46 -0800] "GET / HTTP/1.1" 200 151 "-" "Yandex/1.01.001 (compatible; Win16; H)"
123.125.66.22 - - [01/Mar/2010:22:09:05 -0800] "GET /robots.txt HTTP/1.1" 302 353 "-" "Baiduspider+(+http://www.baidu.com/search/spider.htm)"
123.125.66.54 - - [01/Mar/2010:22:09:06 -0800] "GET / HTTP/1.1" 200 151 "-" "Baiduspider+(+http://www.baidu.com/search/spider.htm)"
208.80.193.38 - - [01/Mar/2010:22:23:30 -0800] "GET / HTTP/1.0" 200 151 "-" "Mozilla/4.0 (compatible; MSIE 6.0; Windows NT 5.0; MyIE2; Maxthon)"
216.129.119.12 - - [01/Mar/2010:22:38:36 -0800] "GET /robots.txt HTTP/1.1" 302 357 "-" "Mozilla/5.0 (Twiceler-0.9 http://www.cuil.com/twiceler/robot.html)"
123.150.187.133 - - [02/Mar/2010:04:26:21 -0800] "GET / HTTP/1.1" 200 151 "-" "Mozilla/4.0 (compatible; MSIE 6.0; Windows NT 5.1; SV1; QQDownload 1.7; TencentTraveler 4.0; CIBA; InfoPath.2; .NET CLR 2.0.50727"
216.129.119.12 - - [02/Mar/2010:08:53:46 -0800] "GET /robots.txt HTTP/1.1" 302 353 "-" "Mozilla/5.0 (Twiceler-0.9 http://www.cuil.com/twiceler/robot.html)"
207.46.204.191 - - [02/Mar/2010:15:22:46 -0800] "GET /robots.txt HTTP/1.1" 302 353 "-" "msnbot/2.0b (+http://search.msn.com/msnbot.htm)"
207.46.204.191 - - [02/Mar/2010:15:22:46 -0800] "GET / HTTP/1.1" 200 151 "-" "msnbot/2.0b (+http://search.msn.com/msnbot.htm)"
207.46.204.191 - - [02/Mar/2010:15:24:06 -0800] "GET / HTTP/1.1" 200 151 "-" "msnbot/2.0b (+http://search.msn.com/msnbot.htm)"
93.158.148.31 - - [02/Mar/2010:16:02:39 -0800] "GET /robots.txt HTTP/1.1" 302 357 "-" "Yandex/1.01.001 (compatible; Win16; I)"
74.222.3.90 - - [02/Mar/2010:20:26:03 -0800] "GET /robots.txt HTTP/1.0" 302 353 "-" "es_com_viewer (larbin2.6.3@unspecified.mail)"
74.222.3.90 - - [02/Mar/2010:20:26:03 -0800] "GET / HTTP/1.0" 200 151 "-" "es_com_viewer larbin2.6.3@unspecified.mail"
216.129.119.12 - - [02/Mar/2010:22:31:30 -0800] "GET /robots.txt HTTP/1.1" 302 357 "-" "Mozilla/5.0 (Twiceler-0.9 http://www.cuil.com/twiceler/robot.html)"
66.219.58.39 - - [02/Mar/2010:22:45:32 -0800] "GET /robots.txt HTTP/1.1" 302 353 "-" "MLBot (www.metadatalabs.com/mlbot)"
66.219.58.39 - - [02/Mar/2010:22:45:35 -0800] "GET / HTTP/1.1" 200 151 "-" "MLBot (www.metadatalabs.com/mlbot)"
66.219.58.39 - - [02/Mar/2010:22:45:36 -0800] "GET / HTTP/1.1" 200 151 "-" "MLBot (www.metadatalabs.com/mlbot)"
208.80.193.34 - - [03/Mar/2010:06:43:55 -0800] "GET / HTTP/1.0" 200 151 "-" "Mozilla/4.0 (compatible; MSIE 7.0; Windows NT 5.1; TrustyHound IE-TB(4.5); .NET CLR 1.1.4322; IEMB3; IEMB3)"
93.158.148.31 - - [03/Mar/2010:07:18:29 -0800] "GET / HTTP/1.1" 200 151 "-" "Yandex/1.01.001 (compatible; Win16; I)"
216.129.119.12 - - [03/Mar/2010:08:47:36 -0800] "GET /robots.txt HTTP/1.1" 302 353 "-" "Mozilla/5.0 (Twiceler-0.9 http://www.cuil.com/twiceler/robot.html)"
208.80.193.42 - - [03/Mar/2010:13:15:21 -0800] "GET / HTTP/1.0" 200 151 "-" "Mozilla/4.0 (compatible; MSIE 7.0; Windows NT 5.1; elertz 2.4.022; .NET CLR 1.1.4322)"
69.46.28.206 - - [03/Mar/2010:13:28:10 -0800] "GET /orb.jpg HTTP/1.0" 302 357 "-" "-"
69.46.28.206 - - [03/Mar/2010:13:28:10 -0800] "GET / HTTP/1.0" 200 151 "-" "-"
194.72.238.61 - - [03/Mar/2010:14:34:49 -0800] "HEAD / HTTP/1.1" 200 - "http://www.netcraft.com/survey/" "Mozilla/4.0 (compatible; Netcraft Web Server Survey)"
194.72.238.61 - - [03/Mar/2010:14:34:50 -0800] "HEAD / HTTP/1.1" 200 - "http://www.netcraft.com/survey/" "Mozilla/4.0 (compatible; Netcraft Web Server Survey)"
95.108.150.235 - - [03/Mar/2010:17:35:23 -0800] "GET /robots.txt HTTP/1.1" 302 357 "-" "Yandex/1.01.001 (compatible; Win16; H)"
95.108.150.235 - - [03/Mar/2010:17:35:26 -0800] "GET / HTTP/1.1" 200 151 "-" "Yandex/1.01.001 (compatible; Win16; H)"
95.108.150.235 - - [03/Mar/2010:17:35:27 -0800] "GET /robots.txt HTTP/1.1" 302 353 "-" "Yandex/1.01.001 (compatible; Win16; H)"
95.108.150.235 - - [03/Mar/2010:17:35:28 -0800] "GET / HTTP/1.1" 200 151 "-" "Yandex/1.01.001 (compatible; Win16; H)"
95.108.150.235 - - [03/Mar/2010:17:35:33 -0800] "GET / HTTP/1.1" 200 151 "-" "Yandex/1.01.001 (compatible; Win16; H)"
95.108.150.235 - - [03/Mar/2010:17:35:37 -0800] "GET / HTTP/1.1" 200 151 "-" "Yandex/1.01.001 (compatible; Win16; H)"
96.31.166.228 - - [03/Mar/2010:17:45:10 -0800] "GET / HTTP/1.1" 200 151 "-" "Mozilla/4.0 (compatible; MSIE 7.0; Windows NT 5.1)"
216.129.119.12 - - [03/Mar/2010:22:07:12 -0800] "GET / HTTP/1.1" 200 151 "-" "Mozilla/5.0 (Twiceler-0.9 http://www.cuil.com/twiceler/robot.html)"
216.129.119.12 - - [03/Mar/2010:22:53:40 -0800] "GET /robots.txt HTTP/1.1" 302 357 "-" "Mozilla/5.0 (Twiceler-0.9 http://www.cuil.com/twiceler/robot.html)"
65.55.109.99 - - [03/Mar/2010:23:29:38 -0800] "GET /?C=S;O=A HTTP/1.1" 200 151 "-" "Mozilla/4.0 (compatible; MSIE 6.0; Windows NT 5.1; SLCC1; .NET CLR 1.1.4322; .NET CLR 2.0.50727; .NET CLR 3.0.30729; .NET CLR 3.5.30729; MS-RTC LM 8)"
207.46.12.155 - - [04/Mar/2010:00:04:56 -0800] "GET /?C=S;O=A HTTP/1.1" 200 151 "-" "Mozilla/4.0 (compatible; MSIE 6.0; Windows NT 5.2; SV1; .NET CLR 1.1.4325; .NET CLR 2.0.40607; .NET CLR 3.0.30729; .NET CLR 3.5.30729; MS-RTC LM 8)"
123.125.66.24 - - [04/Mar/2010:00:12:00 -0800] "GET /robots.txt HTTP/1.1" 302 353 "-" "Baiduspider+(+http://www.baidu.com/search/spider.htm)"
123.125.66.18 - - [04/Mar/2010:00:12:01 -0800] "GET / HTTP/1.1" 200 151 "-" "Baiduspider+(+http://www.baidu.com/search/spider.htm)"
66.249.17.140 - - [04/Mar/2010:00:45:59 -0800] "GET / HTTP/1.1" 200 151 "-" "Mozilla/4.0 (compatible; MSIE 7.0; Windows NT 5.2; GTB5; .NET CLR 1.1.4322)"
69.46.28.206 - - [04/Mar/2010:05:40:58 -0800] "GET /orb.jpg HTTP/1.0" 302 357 "-" "-"
69.46.28.206 - - [04/Mar/2010:05:40:58 -0800] "GET / HTTP/1.0" 200 151 "-" "-"
67.202.63.25 - - [04/Mar/2010:07:57:01 -0800] "GET /robots.txt HTTP/1.0" 302 353 "-" "taptubot *** please read http://www.taptu.com/corp/taptubot ***"
67.202.63.25 - - [04/Mar/2010:07:57:02 -0800] "GET / HTTP/1.0" 200 151 "-" "taptubot *** please read http://www.taptu.com/corp/taptubot ***"
67.202.63.25 - - [04/Mar/2010:07:57:02 -0800] "GET / HTTP/1.0" 200 151 "-" "Mozilla/5.0 (iPhone; U; CPU iPhone OS 3_0 like Mac OS X; en) AppleWebKit/528.18 (KHTML, like Gecko) Version/4.0 Mobile/7A341 Safari/528.16"
67.202.63.25 - - [04/Mar/2010:07:57:03 -0800] "GET /apple-touch-icon.png HTTP/1.0" 302 353 "-" "Mozilla/5.0 (iPhone; U; CPU iPhone OS 3_0 like Mac OS X; en) AppleWebKit/528.18 (KHTML, like Gecko) Version/4.0 Mobile/7A341 Safari/528.16"
67.202.63.25 - - [04/Mar/2010:07:57:03 -0800] "GET / HTTP/1.0" 200 151 "-" "Mozilla/5.0 (iPhone; U; CPU iPhone OS 3_0 like Mac OS X; en) AppleWebKit/528.18 (KHTML, like Gecko) Version/4.0 Mobile/7A341 Safari/528.16"
67.202.63.25 - - [04/Mar/2010:07:57:05 -0800] "GET / HTTP/1.0" 200 151 "-" "Mozilla/5.0 (iPhone; U; CPU iPhone OS 3_0 like Mac OS X; en) AppleWebKit/528.18 (KHTML, like Gecko) Version/4.0 Mobile/7A341 Safari/528.16"
67.202.63.25 - - [04/Mar/2010:07:57:06 -0800] "GET /iphone/ HTTP/1.0" 302 357 "-" "Mozilla/5.0 (iPhone; U; CPU iPhone OS 3_0 like Mac OS X; en) AppleWebKit/528.18 (KHTML, like Gecko) Version/4.0 Mobile/7A341 Safari/528.16"
67.202.63.25 - - [04/Mar/2010:07:57:06 -0800] "GET / HTTP/1.0" 200 151 "-" "Mozilla/5.0 (iPhone; U; CPU iPhone OS 3_0 like Mac OS X; en) AppleWebKit/528.18 (KHTML, like Gecko) Version/4.0 Mobile/7A341 Safari/528.16"
67.202.63.25 - - [04/Mar/2010:07:57:07 -0800] "GET /mobile/ HTTP/1.0" 302 357 "-" "Mozilla/5.0 (iPhone; U; CPU iPhone OS 3_0 like Mac OS X; en) AppleWebKit/528.18 (KHTML, like Gecko) Version/4.0 Mobile/7A341 Safari/528.16"
67.202.63.25 - - [04/Mar/2010:07:57:08 -0800] "GET / HTTP/1.0" 200 151 "-" "Mozilla/5.0 (iPhone; U; CPU iPhone OS 3_0 like Mac OS X; en) AppleWebKit/528.18 (KHTML, like Gecko) Version/4.0 Mobile/7A341 Safari/528.16"
67.202.63.25 - - [04/Mar/2010:07:57:22 -0800] "GET /m/ HTTP/1.0" 302 357 "-" "Mozilla/5.0 (iPhone; U; CPU iPhone OS 3_0 like Mac OS X; en) AppleWebKit/528.18 (KHTML, like Gecko) Version/4.0 Mobile/7A341 Safari/528.16"
67.202.63.25 - - [04/Mar/2010:07:57:23 -0800] "GET / HTTP/1.0" 200 151 "-" "Mozilla/5.0 (iPhone; U; CPU iPhone OS 3_0 like Mac OS X; en) AppleWebKit/528.18 (KHTML, like Gecko) Version/4.0 Mobile/7A341 Safari/528.16"
67.202.63.25 - - [04/Mar/2010:07:57:24 -0800] "GET /mobi/ HTTP/1.0" 302 357 "-" "Mozilla/5.0 (iPhone; U; CPU iPhone OS 3_0 like Mac OS X; en) AppleWebKit/528.18 (KHTML, like Gecko) Version/4.0 Mobile/7A341 Safari/528.16"
67.202.63.25 - - [04/Mar/2010:07:57:25 -0800] "GET / HTTP/1.0" 200 151 "-" "Mozilla/5.0 (iPhone; U; CPU iPhone OS 3_0 like Mac OS X; en) AppleWebKit/528.18 (KHTML, like Gecko) Version/4.0 Mobile/7A341 Safari/528.16"
67.202.63.25 - - [04/Mar/2010:07:57:26 -0800] "GET / HTTP/1.0" 200 151 "-" "Mozilla/5.0 (Windows; U; Windows NT 5.1; en-GB; rv:1.8.1.6; taptu-downloader) Gecko/20070725 Firefox/2.0.0.6"
216.129.119.12 - - [04/Mar/2010:09:17:01 -0800] "GET /robots.txt HTTP/1.1" 302 353 "-" "Mozilla/5.0 (Twiceler-0.9 http://www.cuil.com/twiceler/robot.html)"
70.36.103.59 - - [04/Mar/2010:11:13:23 -0800] "GET /robots.txt HTTP/1.0" 302 353 "http://evilfuckers.org/robots.txt" "Mozilla/4.0 (compatible; MSIE 6.0; Windows NT 5.1; SV1; .NET CLR 2.0.50727)"
70.36.103.59 - - [04/Mar/2010:11:13:23 -0800] "GET / HTTP/1.0" 200 151 "http://evilfuckers.org/" "Mozilla/4.0 (compatible; MSIE 6.0; Windows NT 5.1; SV1; .NET CLR 2.0.50727)"
207.46.199.52 - - [04/Mar/2010:16:01:59 -0800] "GET /robots.txt HTTP/1.1" 302 353 "-" "msnbot/2.0b (+http://search.msn.com/msnbot.htm)"
207.46.199.52 - - [04/Mar/2010:16:02:00 -0800] "GET / HTTP/1.1" 200 151 "-" "msnbot/2.0b (+http://search.msn.com/msnbot.htm)"
207.46.199.52 - - [04/Mar/2010:16:02:35 -0800] "GET / HTTP/1.1" 200 151 "-" "msnbot/2.0b (+http://search.msn.com/msnbot.htm)"
207.46.199.191 - - [04/Mar/2010:17:23:05 -0800] "GET /robots.txt HTTP/1.1" 302 353 "-" "msnbot/2.0b (+http://search.msn.com/msnbot.htm)"
207.46.199.191 - - [04/Mar/2010:17:23:05 -0800] "GET / HTTP/1.1" 200 151 "-" "msnbot/2.0b (+http://search.msn.com/msnbot.htm)"
123.150.187.133 - - [04/Mar/2010:20:07:17 -0800] "GET / HTTP/1.1" 200 151 "-" "Mozilla/4.0 (compatible; MSIE 6.0; Windows NT 5.1; SV1; QQDownload 1.7; TencentTraveler 4.0; CIBA; InfoPath.2; .NET CLR 2.0.50727"
184.73.23.37 - - [04/Mar/2010:21:47:18 -0800] "GET / HTTP/1.0" 200 151 "-" "Mozilla/4.0 (compatible; MSIE 6.0; Windows NT 5.1; SV1; .NET CLR 1.1.4322; .NET CLR 2.0.50728)"
207.46.199.194 - - [04/Mar/2010:21:48:16 -0800] "GET /robots.txt HTTP/1.1" 302 353 "-" "msnbot/2.0b (+http://search.msn.com/msnbot.htm)"
207.46.199.194 - - [04/Mar/2010:21:48:16 -0800] "GET / HTTP/1.1" 200 151 "-" "msnbot/2.0b (+http://search.msn.com/msnbot.htm)"
216.129.119.12 - - [04/Mar/2010:22:35:09 -0800] "GET /robots.txt HTTP/1.1" 302 357 "-" "Mozilla/5.0 (Twiceler-0.9 http://www.cuil.com/twiceler/robot.html)"
123.125.66.45 - - [04/Mar/2010:23:30:23 -0800] "GET /robots.txt HTTP/1.1" 302 353 "-" "Baiduspider+(+http://www.baidu.com/search/spider.htm)"
123.125.66.49 - - [04/Mar/2010:23:30:24 -0800] "GET / HTTP/1.1" 200 151 "-" "Baiduspider+(+http://www.baidu.com/search/spider.htm)"
208.80.193.40 - - [05/Mar/2010:00:28:46 -0800] "GET / HTTP/1.0" 200 151 "-" "Mozilla/4.0 (compatible; MSIE 7.0; Windows NT 5.1; sbcydsl 3.12; YPC 3.0.3; .NET CLR 1.1.4322; .NET CLR 2.0.50727)"
193.47.80.50 - - [05/Mar/2010:01:56:47 -0800] "GET /robots.txt HTTP/1.1" 302 353 "-" "Mozilla/5.0 (compatible; Exabot/3.0; +http://www.exabot.com/go/robot)"
193.47.80.50 - - [05/Mar/2010:01:56:48 -0800] "GET / HTTP/1.1" 200 151 "-" "Mozilla/5.0 (compatible; Exabot/3.0; +http://www.exabot.com/go/robot)"
193.47.80.50 - - [05/Mar/2010:01:56:48 -0800] "GET / HTTP/1.1" 200 151 "-" "Mozilla/5.0 (compatible; Exabot/3.0; +http://www.exabot.com/go/robot)"
208.80.193.31 - - [05/Mar/2010:06:12:18 -0800] "GET / HTTP/1.0" 200 151 "-" "Mozilla/4.0 (compatible; MSIE 7.0; Windows NT 5.1; YPC 3.2.0; iebar; .NET CLR 1.1.4322; yplus 4.1.00b)"
216.129.119.12 - - [05/Mar/2010:08:55:36 -0800] "GET /robots.txt HTTP/1.1" 302 353 "-" "Mozilla/5.0 (Twiceler-0.9 http://www.cuil.com/twiceler/robot.html)"
64.202.161.41 - - [05/Mar/2010:15:51:34 -0800] "GET / HTTP/1.1" 200 151 "-" "-"
71.41.201.34 - - [05/Mar/2010:16:36:44 -0800] "GET /robots.txt HTTP/1.1" 302 353 "-" "MLBot (www.metadatalabs.com/mlbot)"
71.41.201.34 - - [05/Mar/2010:16:36:44 -0800] "GET / HTTP/1.1" 200 151 "-" "MLBot (www.metadatalabs.com/mlbot)"
71.41.201.34 - - [05/Mar/2010:16:36:44 -0800] "GET / HTTP/1.1" 200 151 "-" "MLBot (www.metadatalabs.com/mlbot)"
66.219.58.45 - - [05/Mar/2010:17:05:02 -0800] "GET /robots.txt HTTP/1.1" 302 353 "-" "MLBot (www.metadatalabs.com/mlbot)"
66.219.58.45 - - [05/Mar/2010:17:05:03 -0800] "GET / HTTP/1.1" 200 151 "-" "MLBot (www.metadatalabs.com/mlbot)"
66.219.58.45 - - [05/Mar/2010:17:05:03 -0800] "GET / HTTP/1.1" 200 151 "-" "MLBot (www.metadatalabs.com/mlbot)"
